Jun 27 00:21:19.367568 np0000003809 nova-scheduler[93294]: DEBUG cotyledon.oslo_config_glue [-] oslo_limit.cafile = None {{(pid=93294) log_opt_values /opt/stack/data/venv/lib/python3.12/site-packages/oslo_config/cfg.py:3253}}
Jun 27 00:21:19.367568 np0000003809 nova-scheduler[93294]: DEBUG cotyledon.oslo_config_glue [-] oslo_limit.certfile = None {{(pid=93294) log_opt_values /opt/stack/data/venv/lib/python3.12/site-packages/oslo_config/cfg.py:3253}}
Jun 27 00:21:19.367568 np0000003809 nova-scheduler[93294]: DEBUG cotyledon.oslo_config_glue [-] oslo_limit.collect_timing = False {{(pid=93294) log_opt_values /opt/stack/data/venv/lib/python3.12/site-packages/oslo_config/cfg.py:3253}}
Jun 27 00:21:19.367568 np0000003809 nova-scheduler[93294]: DEBUG cotyledon.oslo_config_glue [-] oslo_limit.connect_retries = None {{(pid=93294) log_opt_values /opt/stack/data/venv/lib/python3.12/site-packages/oslo_config/cfg.py:3253}}
Jun 27 00:21:19.367568 np0000003809 nova-scheduler[93294]: DEBUG cotyledon.oslo_config_glue [-] oslo_limit.connect_retry_delay = None {{(pid=93294) log_opt_values /opt/stack/data/venv/lib/python3.12/site-packages/oslo_config/cfg.py:3253}}
Jun 27 00:21:19.367568 np0000003809 nova-scheduler[93294]: DEBUG cotyledon.oslo_config_glue [-] oslo_limit.endpoint_id = None {{(pid=93294) log_opt_values /opt/stack/data/venv/lib/python3.12/site-packages/oslo_config/cfg.py:3253}}
Jun 27 00:21:19.367568 np0000003809 nova-scheduler[93294]: DEBUG cotyledon.oslo_config_glue [-] oslo_limit.endpoint_interface = public {{(pid=93294) log_opt_values /opt/stack/data/venv/lib/python3.12/site-packages/oslo_config/cfg.py:3253}}
Jun 27 00:21:19.367568 np0000003809 nova-scheduler[93294]: DEBUG cotyledon.oslo_config_glue [-] oslo_limit.endpoint_override = None {{(pid=93294) log_opt_values /opt/stack/data/venv/lib/python3.12/site-packages/oslo_config/cfg.py:3253}}
Jun 27 00:21:19.367568 np0000003809 nova-scheduler[93294]: DEBUG cotyledon.oslo_config_glue [-] oslo_limit.endpoint_region_name = None {{(pid=93294) log_opt_values /opt/stack/data/venv/lib/python3.12/site-packages/oslo_config/cfg.py:3253}}
Jun 27 00:21:19.367844 np0000003809 nova-scheduler[93294]: DEBUG cotyledon.oslo_config_glue [-] oslo_limit.endpoint_service_name = None {{(pid=93294) log_opt_values /opt/stack/data/venv/lib/python3.12/site-packages/oslo_config/cfg.py:3253}}
Jun 27 00:21:19.367844 np0000003809 nova-scheduler[93294]: DEBUG cotyledon.oslo_config_glue [-] oslo_limit.endpoint_service_type = None {{(pid=93294) log_opt_values /opt/stack/data/venv/lib/python3.12/site-packages/oslo_config/cfg.py:3253}}
Jun 27 00:21:19.367844 np0000003809 nova-scheduler[93294]: DEBUG cotyledon.oslo_config_glue [-] oslo_limit.insecure = False {{(pid=93294) log_opt_values /opt/stack/data/venv/lib/python3.12/site-packages/oslo_config/cfg.py:3253}}
Jun 27 00:21:19.367967 np0000003809 nova-scheduler[93296]: INFO nova.service [-] Starting scheduler node (version 33.1.0)
Jun 27 00:21:19.368010 np0000003809 nova-scheduler[93294]: DEBUG cotyledon.oslo_config_glue [-] oslo_limit.keyfile = None {{(pid=93294) log_opt_values /opt/stack/data/venv/lib/python3.12/site-packages/oslo_config/cfg.py:3253}}
Jun 27 00:21:19.368010 np0000003809 nova-scheduler[93294]: DEBUG cotyledon.oslo_config_glue [-] oslo_limit.max_version = None {{(pid=93294) log_opt_values /opt/stack/data/venv/lib/python3.12/site-packages/oslo_config/cfg.py:3253}}
Jun 27 00:21:19.368010 np0000003809 nova-scheduler[93294]: DEBUG cotyledon.oslo_config_glue [-] oslo_limit.min_version = None {{(pid=93294) log_opt_values /opt/stack/data/venv/lib/python3.12/site-packages/oslo_config/cfg.py:3253}}
Jun 27 00:21:19.368010 np0000003809 nova-scheduler[93294]: DEBUG cotyledon.oslo_config_glue [-] oslo_limit.region_name = None {{(pid=93294) log_opt_values /opt/stack/data/venv/lib/python3.12/site-packages/oslo_config/cfg.py:3253}}
Jun 27 00:21:19.368010 np0000003809 nova-scheduler[93294]: DEBUG cotyledon.oslo_config_glue [-] oslo_limit.retriable_status_codes = None {{(pid=93294) log_opt_values /opt/stack/data/venv/lib/python3.12/site-packages/oslo_config/cfg.py:3253}}
Jun 27 00:21:19.368010 np0000003809 nova-scheduler[93294]: DEBUG cotyledon.oslo_config_glue [-] oslo_limit.service_name = None {{(pid=93294) log_opt_values /opt/stack/data/venv/lib/python3.12/site-packages/oslo_config/cfg.py:3253}}
Jun 27 00:21:19.368010 np0000003809 nova-scheduler[93294]: DEBUG cotyledon.oslo_config_glue [-] oslo_limit.service_type = None {{(pid=93294) log_opt_values /opt/stack/data/venv/lib/python3.12/site-packages/oslo_config/cfg.py:3253}}
Jun 27 00:21:19.368010 np0000003809 nova-scheduler[93294]: DEBUG cotyledon.oslo_config_glue [-] oslo_limit.split_loggers = False {{(pid=93294) log_opt_values /opt/stack/data/venv/lib/python3.12/site-packages/oslo_config/cfg.py:3253}}
Jun 27 00:21:19.368010 np0000003809 nova-scheduler[93294]: DEBUG cotyledon.oslo_config_glue [-] oslo_limit.status_code_retries = None {{(pid=93294) log_opt_values /opt/stack/data/venv/lib/python3.12/site-packages/oslo_config/cfg.py:3253}}
Jun 27 00:21:19.368324 np0000003809 nova-scheduler[93294]: DEBUG cotyledon.oslo_config_glue [-] oslo_limit.status_code_retry_delay = None {{(pid=93294) log_opt_values /opt/stack/data/venv/lib/python3.12/site-packages/oslo_config/cfg.py:3253}}
Jun 27 00:21:19.368324 np0000003809 nova-scheduler[93294]: DEBUG cotyledon.oslo_config_glue [-] oslo_limit.timeout = None {{(pid=93294) log_opt_values /opt/stack/data/venv/lib/python3.12/site-packages/oslo_config/cfg.py:3253}}
Jun 27 00:21:19.368324 np0000003809 nova-scheduler[93294]: DEBUG cotyledon.oslo_config_glue [-] oslo_limit.valid_interfaces = None {{(pid=93294) log_opt_values /opt/stack/data/venv/lib/python3.12/site-packages/oslo_config/cfg.py:3253}}
Jun 27 00:21:19.368324 np0000003809 nova-scheduler[93294]: DEBUG cotyledon.oslo_config_glue [-] oslo_limit.version = None {{(pid=93294) log_opt_values /opt/stack/data/venv/lib/python3.12/site-packages/oslo_config/cfg.py:3253}}
Jun 27 00:21:19.368324 np0000003809 nova-scheduler[93294]: DEBUG cotyledon.oslo_config_glue [-] oslo_reports.file_event_handler = None {{(pid=93294) log_opt_values /opt/stack/data/venv/lib/python3.12/site-packages/oslo_config/cfg.py:3253}}
Jun 27 00:21:19.368324 np0000003809 nova-scheduler[93294]: DEBUG cotyledon.oslo_config_glue [-] oslo_reports.file_event_handler_interval = 1 {{(pid=93294) log_opt_values /opt/stack/data/venv/lib/python3.12/site-packages/oslo_config/cfg.py:3253}}
Jun 27 00:21:19.368324 np0000003809 nova-scheduler[93294]: DEBUG cotyledon.oslo_config_glue [-] oslo_reports.log_dir = None {{(pid=93294) log_opt_values /opt/stack/data/venv/lib/python3.12/site-packages/oslo_config/cfg.py:3253}}
Jun 27 00:21:19.368324 np0000003809 nova-scheduler[93294]: DEBUG cotyledon.oslo_config_glue [-] ******************************************************************************** {{(pid=93294) log_opt_values /opt/stack/data/venv/lib/python3.12/site-packages/oslo_config/cfg.py:3260}}
Jun 27 00:21:19.368324 np0000003809 nova-scheduler[93294]: DEBUG cotyledon._service_worker [-] Run service ServiceWrapper(1) [93294] {{(pid=93294) wait_forever /opt/stack/data/venv/lib/python3.12/site-packages/cotyledon/_service_worker.py:218}}
Jun 27 00:21:19.368719 np0000003809 nova-scheduler[93294]: INFO nova.service [-] Starting scheduler node (version 33.1.0)
Jun 27 00:21:19.368756 np0000003809 nova-scheduler[93296]: INFO dbcounter [None req-1d43d143-c581-46fe-a17a-63d625b16706 None None] Registered counter for database nova_cell0
Jun 27 00:21:19.368795 np0000003809 nova-scheduler[93292]: DEBUG oslo_db.sqlalchemy.engines [None req-7813a8a8-b662-4066-bbcf-6feb0cee76ce None None] MySQL server mode set to STRICT_TRANS_TABLES,STRICT_ALL_TABLES,NO_ZERO_IN_DATE,NO_ZERO_DATE,ERROR_FOR_DIVISION_BY_ZERO,TRADITIONAL,NO_ENGINE_SUBSTITUTION {{(pid=93292) _check_effective_sql_mode /opt/stack/data/venv/lib/python3.12/site-packages/oslo_db/sqlalchemy/engines.py:325}}
Jun 27 00:21:19.368844 np0000003809 nova-scheduler[93294]: INFO dbcounter [None req-faaac0b4-6593-477e-9e00-a22e18547c22 None None] Registered counter for database nova_cell0
Jun 27 00:21:19.368887 np0000003809 nova-scheduler[93292]: DEBUG dbcounter [-] [93292] Writer thread running {{(pid=93292) stat_writer /opt/stack/data/venv/lib/python3.12/site-packages/dbcounter.py:102}}
Jun 27 00:21:19.380934 np0000003809 nova-scheduler[93292]: DEBUG nova.service [None req-7813a8a8-b662-4066-bbcf-6feb0cee76ce None None] Creating RPC server for service: nova-scheduler on topic: scheduler {{(pid=93292) start /opt/stack/nova/nova/service.py:196}}
Jun 27 00:21:19.395442 np0000003809 nova-scheduler[93296]: DEBUG oslo_db.sqlalchemy.engines [None req-1d43d143-c581-46fe-a17a-63d625b16706 None None] MySQL server mode set to STRICT_TRANS_TABLES,STRICT_ALL_TABLES,NO_ZERO_IN_DATE,NO_ZERO_DATE,ERROR_FOR_DIVISION_BY_ZERO,TRADITIONAL,NO_ENGINE_SUBSTITUTION {{(pid=93296) _check_effective_sql_mode /opt/stack/data/venv/lib/python3.12/site-packages/oslo_db/sqlalchemy/engines.py:325}}
Jun 27 00:21:19.404188 np0000003809 nova-scheduler[93296]: DEBUG dbcounter [-] [93296] Writer thread running {{(pid=93296) stat_writer /opt/stack/data/venv/lib/python3.12/site-packages/dbcounter.py:102}}
Jun 27 00:21:19.404661 np0000003809 nova-scheduler[93294]: DEBUG oslo_db.sqlalchemy.engines [None req-faaac0b4-6593-477e-9e00-a22e18547c22 None None] MySQL server mode set to STRICT_TRANS_TABLES,STRICT_ALL_TABLES,NO_ZERO_IN_DATE,NO_ZERO_DATE,ERROR_FOR_DIVISION_BY_ZERO,TRADITIONAL,NO_ENGINE_SUBSTITUTION {{(pid=93294) _check_effective_sql_mode /opt/stack/data/venv/lib/python3.12/site-packages/oslo_db/sqlalchemy/engines.py:325}}
Jun 27 00:21:19.406477 np0000003809 nova-scheduler[93292]: DEBUG nova.service [None req-7813a8a8-b662-4066-bbcf-6feb0cee76ce None None] Join ServiceGroup membership for this service scheduler {{(pid=93292) start /opt/stack/nova/nova/service.py:222}}
Jun 27 00:21:19.406667 np0000003809 nova-scheduler[93292]: DEBUG nova.servicegroup.drivers.db [None req-7813a8a8-b662-4066-bbcf-6feb0cee76ce None None] DB_Driver: join new ServiceGroup member np0000003809 to the scheduler group, service = {{(pid=93292) join /opt/stack/nova/nova/servicegroup/drivers/db.py:44}}
Jun 27 00:21:19.407281 np0000003809 nova-scheduler[93296]: DEBUG nova.service [None req-1d43d143-c581-46fe-a17a-63d625b16706 None None] Creating RPC server for service: nova-scheduler on topic: scheduler {{(pid=93296) start /opt/stack/nova/nova/service.py:196}}
Jun 27 00:21:19.415033 np0000003809 nova-scheduler[93294]: DEBUG dbcounter [-] [93294] Writer thread running {{(pid=93294) stat_writer /opt/stack/data/venv/lib/python3.12/site-packages/dbcounter.py:102}}
Jun 27 00:21:19.418205 np0000003809 nova-scheduler[93294]: DEBUG nova.service [None req-faaac0b4-6593-477e-9e00-a22e18547c22 None None] Creating RPC server for service: nova-scheduler on topic: scheduler {{(pid=93294) start /opt/stack/nova/nova/service.py:196}}
Jun 27 00:21:19.423075 np0000003809 nova-scheduler[93296]: DEBUG nova.service [None req-1d43d143-c581-46fe-a17a-63d625b16706 None None] Join ServiceGroup membership for this service scheduler {{(pid=93296) start /opt/stack/nova/nova/service.py:222}}
Jun 27 00:21:19.423435 np0000003809 nova-scheduler[93296]: DEBUG nova.servicegroup.drivers.db [None req-1d43d143-c581-46fe-a17a-63d625b16706 None None] DB_Driver: join new ServiceGroup member np0000003809 to the scheduler group, service = {{(pid=93296) join /opt/stack/nova/nova/servicegroup/drivers/db.py:44}}
Jun 27 00:21:19.436284 np0000003809 nova-scheduler[93294]: DEBUG nova.service [None req-faaac0b4-6593-477e-9e00-a22e18547c22 None None] Join ServiceGroup membership for this service scheduler {{(pid=93294) start /opt/stack/nova/nova/service.py:222}}
Jun 27 00:21:19.436457 np0000003809 nova-scheduler[93294]: DEBUG nova.servicegroup.drivers.db [None req-faaac0b4-6593-477e-9e00-a22e18547c22 None None] DB_Driver: join new ServiceGroup member np0000003809 to the scheduler group, service = {{(pid=93294) join /opt/stack/nova/nova/servicegroup/drivers/db.py:44}}
Jun 27 00:21:24.420808 np0000003809 nova-scheduler[93292]: DEBUG oslo.service.backend._threading.loopingcall [-] Fixed interval looping call 'nova.servicegroup.drivers.db.DbDriver._report_state' sleeping for 119.99 seconds {{(pid=93292) _run_loop /opt/stack/data/venv/lib/python3.12/site-packages/oslo_service/backend/_threading/loopingcall.py:125}}
Jun 27 00:21:24.434971 np0000003809 nova-scheduler[93296]: DEBUG oslo.service.backend._threading.loopingcall [-] Fixed interval looping call 'nova.servicegroup.drivers.db.DbDriver._report_state' sleeping for 119.99 seconds {{(pid=93296) _run_loop /opt/stack/data/venv/lib/python3.12/site-packages/oslo_service/backend/_threading/loopingcall.py:125}}
Jun 27 00:21:24.450336 np0000003809 nova-scheduler[93294]: DEBUG oslo.service.backend._threading.loopingcall [-] Fixed interval looping call 'nova.servicegroup.drivers.db.DbDriver._report_state' sleeping for 119.99 seconds {{(pid=93294) _run_loop /opt/stack/data/venv/lib/python3.12/site-packages/oslo_service/backend/_threading/loopingcall.py:125}}
Jun 27 00:21:27.994799 np0000003809 nova-scheduler[92010]: DEBUG dbcounter [-] [92010] Writing DB stats nova_api:SELECT=3 {{(pid=92010) stat_writer /opt/stack/data/venv/lib/python3.12/site-packages/dbcounter.py:115}}
Jun 27 00:21:28.124094 np0000003809 nova-scheduler[92010]: DEBUG dbcounter [-] [92010] Writing DB stats nova_cell0:SELECT=1 {{(pid=92010) stat_writer /opt/stack/data/venv/lib/python3.12/site-packages/dbcounter.py:115}}
Jun 27 00:21:28.128311 np0000003809 nova-scheduler[92010]: DEBUG dbcounter [-] [92010] Writing DB stats nova_cell1:SELECT=1 {{(pid=92010) stat_writer /opt/stack/data/venv/lib/python3.12/site-packages/dbcounter.py:115}}
Jun 27 00:21:34.415842 np0000003809 nova-scheduler[93292]: DEBUG dbcounter [-] [93292] Writing DB stats nova_cell0:SELECT=4,nova_cell0:INSERT=1,nova_cell0:UPDATE=1 {{(pid=93292) stat_writer /opt/stack/data/venv/lib/python3.12/site-packages/dbcounter.py:115}}
Jun 27 00:21:34.434927 np0000003809 nova-scheduler[93296]: DEBUG dbcounter [-] [93296] Writing DB stats nova_cell0:SELECT=3 {{(pid=93296) stat_writer /opt/stack/data/venv/lib/python3.12/site-packages/dbcounter.py:115}}
Jun 27 00:21:34.447269 np0000003809 nova-scheduler[93294]: DEBUG dbcounter [-] [93294] Writing DB stats nova_cell0:SELECT=3 {{(pid=93294) stat_writer /opt/stack/data/venv/lib/python3.12/site-packages/dbcounter.py:115}}
Jun 27 00:21:43.408552 np0000003809 nova-scheduler[93292]: DEBUG oslo.service.backend._threading.loopingcall [None req-4ed3c60a-3b3d-4c23-b463-e4be6aee9e7a None None] Dynamic interval looping call 'nova.service.Service.periodic_tasks' sleeping for 60.00 seconds {{(pid=93292) _run_loop /opt/stack/data/venv/lib/python3.12/site-packages/oslo_service/backend/_threading/loopingcall.py:125}}
Jun 27 00:22:15.438363 np0000003809 nova-scheduler[93294]: DEBUG oslo.service.backend._threading.loopingcall [None req-c2865e62-a930-40a6-8748-6858a7e01f36 None None] Dynamic interval looping call 'nova.service.Service.periodic_tasks' sleeping for 60.00 seconds {{(pid=93294) _run_loop /opt/stack/data/venv/lib/python3.12/site-packages/oslo_service/backend/_threading/loopingcall.py:125}}
Jun 27 00:22:16.426322 np0000003809 nova-scheduler[93296]: DEBUG oslo.service.backend._threading.loopingcall [None req-41950c1a-6f48-4378-b4ee-644ebaa8713b None None] Dynamic interval looping call 'nova.service.Service.periodic_tasks' sleeping for 60.00 seconds {{(pid=93296) _run_loop /opt/stack/data/venv/lib/python3.12/site-packages/oslo_service/backend/_threading/loopingcall.py:125}}
Jun 27 00:22:43.409102 np0000003809 nova-scheduler[93292]: DEBUG oslo.service.backend._threading.loopingcall [None req-4ed3c60a-3b3d-4c23-b463-e4be6aee9e7a None None] Dynamic interval looping call 'nova.service.Service.periodic_tasks' sleeping for 60.00 seconds {{(pid=93292) _run_loop /opt/stack/data/venv/lib/python3.12/site-packages/oslo_service/backend/_threading/loopingcall.py:125}}
Jun 27 00:23:15.438849 np0000003809 nova-scheduler[93294]: DEBUG oslo.service.backend._threading.loopingcall [None req-c2865e62-a930-40a6-8748-6858a7e01f36 None None] Dynamic interval looping call 'nova.service.Service.periodic_tasks' sleeping for 60.00 seconds {{(pid=93294) _run_loop /opt/stack/data/venv/lib/python3.12/site-packages/oslo_service/backend/_threading/loopingcall.py:125}}
Jun 27 00:23:16.426777 np0000003809 nova-scheduler[93296]: DEBUG oslo.service.backend._threading.loopingcall [None req-41950c1a-6f48-4378-b4ee-644ebaa8713b None None] Dynamic interval looping call 'nova.service.Service.periodic_tasks' sleeping for 60.00 seconds {{(pid=93296) _run_loop /opt/stack/data/venv/lib/python3.12/site-packages/oslo_service/backend/_threading/loopingcall.py:125}}
Jun 27 00:23:24.419849 np0000003809 nova-scheduler[93292]: DEBUG oslo.service.backend._threading.loopingcall [-] Fixed interval looping call 'nova.servicegroup.drivers.db.DbDriver._report_state' sleeping for 119.99 seconds {{(pid=93292) _run_loop /opt/stack/data/venv/lib/python3.12/site-packages/oslo_service/backend/_threading/loopingcall.py:125}}
Jun 27 00:23:24.428036 np0000003809 nova-scheduler[93296]: DEBUG oslo.service.backend._threading.loopingcall [-] Fixed interval looping call 'nova.servicegroup.drivers.db.DbDriver._report_state' sleeping for 120.00 seconds {{(pid=93296) _run_loop /opt/stack/data/venv/lib/python3.12/site-packages/oslo_service/backend/_threading/loopingcall.py:125}}
Jun 27 00:23:24.443317 np0000003809 nova-scheduler[93294]: DEBUG oslo.service.backend._threading.loopingcall [-] Fixed interval looping call 'nova.servicegroup.drivers.db.DbDriver._report_state' sleeping for 120.00 seconds {{(pid=93294) _run_loop /opt/stack/data/venv/lib/python3.12/site-packages/oslo_service/backend/_threading/loopingcall.py:125}}
Jun 27 00:23:34.414342 np0000003809 nova-scheduler[93292]: DEBUG dbcounter [-] [93292] Writing DB stats nova_cell0:SELECT=1,nova_cell0:UPDATE=1 {{(pid=93292) stat_writer /opt/stack/data/venv/lib/python3.12/site-packages/dbcounter.py:115}}
Jun 27 00:23:34.426488 np0000003809 nova-scheduler[93296]: DEBUG dbcounter [-] [93296] Writing DB stats nova_cell0:SELECT=1 {{(pid=93296) stat_writer /opt/stack/data/venv/lib/python3.12/site-packages/dbcounter.py:115}}
Jun 27 00:23:34.441897 np0000003809 nova-scheduler[93294]: DEBUG dbcounter [-] [93294] Writing DB stats nova_cell0:SELECT=1 {{(pid=93294) stat_writer /opt/stack/data/venv/lib/python3.12/site-packages/dbcounter.py:115}}
Jun 27 00:23:43.409559 np0000003809 nova-scheduler[93292]: DEBUG oslo.service.backend._threading.loopingcall [None req-4ed3c60a-3b3d-4c23-b463-e4be6aee9e7a None None] Dynamic interval looping call 'nova.service.Service.periodic_tasks' sleeping for 60.00 seconds {{(pid=93292) _run_loop /opt/stack/data/venv/lib/python3.12/site-packages/oslo_service/backend/_threading/loopingcall.py:125}}
Jun 27 00:24:05.905029 np0000003809 nova-scheduler[93292]: DEBUG nova.scheduler.manager [None req-57c66058-feaf-4673-926d-0a93a8d7ed41 tempest-ServerRescueNegativeTestJSON-1190892932 tempest-ServerRescueNegativeTestJSON-1190892932-project-member] Starting to schedule for instances: ['2bd95586-638b-404e-85fa-b95f2e35c3e9'] {{(pid=93292) select_destinations /opt/stack/nova/nova/scheduler/manager.py:210}}
Jun 27 00:24:05.905613 np0000003809 nova-scheduler[93292]: DEBUG nova.scheduler.request_filter [None req-57c66058-feaf-4673-926d-0a93a8d7ed41 tempest-ServerRescueNegativeTestJSON-1190892932 tempest-ServerRescueNegativeTestJSON-1190892932-project-member] compute_status_filter request filter added forbidden trait COMPUTE_STATUS_DISABLED {{(pid=93292) compute_status_filter /opt/stack/nova/nova/scheduler/request_filter.py:253}}
Jun 27 00:24:05.905613 np0000003809 nova-scheduler[93292]: DEBUG nova.scheduler.request_filter [None req-57c66058-feaf-4673-926d-0a93a8d7ed41 tempest-ServerRescueNegativeTestJSON-1190892932 tempest-ServerRescueNegativeTestJSON-1190892932-project-member] Request filter 'compute_status_filter' took 0.0 seconds {{(pid=93292) wrapper /opt/stack/nova/nova/scheduler/request_filter.py:46}}
Jun 27 00:24:05.905873 np0000003809 nova-scheduler[93292]: DEBUG nova.scheduler.request_filter [None req-57c66058-feaf-4673-926d-0a93a8d7ed41 tempest-ServerRescueNegativeTestJSON-1190892932 tempest-ServerRescueNegativeTestJSON-1190892932-project-member] Request filter 'accelerators_filter' took 0.0 seconds {{(pid=93292) wrapper /opt/stack/nova/nova/scheduler/request_filter.py:46}}
Jun 27 00:24:05.906505 np0000003809 nova-scheduler[93292]: DEBUG nova.scheduler.request_filter [None req-57c66058-feaf-4673-926d-0a93a8d7ed41 tempest-ServerRescueNegativeTestJSON-1190892932 tempest-ServerRescueNegativeTestJSON-1190892932-project-member] Request filter 'packed_virtqueue_filter' took 0.0 seconds {{(pid=93292) wrapper /opt/stack/nova/nova/scheduler/request_filter.py:46}}
Jun 27 00:24:05.907502 np0000003809 nova-scheduler[93292]: DEBUG nova.scheduler.request_filter [None req-57c66058-feaf-4673-926d-0a93a8d7ed41 tempest-ServerRescueNegativeTestJSON-1190892932 tempest-ServerRescueNegativeTestJSON-1190892932-project-member] Request filter 'remote_managed_ports_filter' took 0.0 seconds {{(pid=93292) wrapper /opt/stack/nova/nova/scheduler/request_filter.py:46}}
Jun 27 00:24:05.907502 np0000003809 nova-scheduler[93292]: DEBUG nova.scheduler.request_filter [None req-57c66058-feaf-4673-926d-0a93a8d7ed41 tempest-ServerRescueNegativeTestJSON-1190892932 tempest-ServerRescueNegativeTestJSON-1190892932-project-member] ephemeral_encryption_filter skipped {{(pid=93292) ephemeral_encryption_filter /opt/stack/nova/nova/scheduler/request_filter.py:426}}
Jun 27 00:24:05.908384 np0000003809 nova-scheduler[93292]: DEBUG nova.scheduler.request_filter [None req-57c66058-feaf-4673-926d-0a93a8d7ed41 tempest-ServerRescueNegativeTestJSON-1190892932 tempest-ServerRescueNegativeTestJSON-1190892932-project-member] virtio_sound_filter skipped {{(pid=93292) virtio_sound_filter /opt/stack/nova/nova/scheduler/request_filter.py:460}}
Jun 27 00:24:05.908384 np0000003809 nova-scheduler[93292]: DEBUG nova.scheduler.request_filter [None req-57c66058-feaf-4673-926d-0a93a8d7ed41 tempest-ServerRescueNegativeTestJSON-1190892932 tempest-ServerRescueNegativeTestJSON-1190892932-project-member] tpm_secret_security_filter skipped {{(pid=93292) tpm_secret_security_filter /opt/stack/nova/nova/scheduler/request_filter.py:477}}
Jun 27 00:24:06.527411 np0000003809 nova-scheduler[93292]: INFO nova.utils [None req-57c66058-feaf-4673-926d-0a93a8d7ed41 tempest-ServerRescueNegativeTestJSON-1190892932 tempest-ServerRescueNegativeTestJSON-1190892932-project-member] The cell worker thread pool ForkProcess-1.cell_worker is initialized
Jun 27 00:24:06.527764 np0000003809 nova-scheduler[93292]: DEBUG oslo_concurrency.lockutils [None req-57c66058-feaf-4673-926d-0a93a8d7ed41 tempest-ServerRescueNegativeTestJSON-1190892932 tempest-ServerRescueNegativeTestJSON-1190892932-project-member] Acquiring lock "3eb2991a-b492-48d0-8743-62a02345c01c" by "nova.context.set_target_cell..get_or_set_cached_cell_and_set_connections" {{(pid=93292) inner /opt/stack/data/venv/lib/python3.12/site-packages/oslo_concurrency/lockutils.py:511}}
Jun 27 00:24:06.530808 np0000003809 nova-scheduler[93292]: DEBUG oslo_concurrency.lockutils [None req-57c66058-feaf-4673-926d-0a93a8d7ed41 tempest-ServerRescueNegativeTestJSON-1190892932 tempest-ServerRescueNegativeTestJSON-1190892932-project-member] Lock "3eb2991a-b492-48d0-8743-62a02345c01c" acquired by "nova.context.set_target_cell..get_or_set_cached_cell_and_set_connections" :: waited 0.000s {{(pid=93292) inner /opt/stack/data/venv/lib/python3.12/site-packages/oslo_concurrency/lockutils.py:524}}
Jun 27 00:24:06.530808 np0000003809 nova-scheduler[93292]: DEBUG oslo_concurrency.lockutils [None req-57c66058-feaf-4673-926d-0a93a8d7ed41 tempest-ServerRescueNegativeTestJSON-1190892932 tempest-ServerRescueNegativeTestJSON-1190892932-project-member] Lock "3eb2991a-b492-48d0-8743-62a02345c01c" "released" by "nova.context.set_target_cell..get_or_set_cached_cell_and_set_connections" :: held 0.002s {{(pid=93292) inner /opt/stack/data/venv/lib/python3.12/site-packages/oslo_concurrency/lockutils.py:543}}
Jun 27 00:24:06.533625 np0000003809 nova-scheduler[93292]: INFO dbcounter [None req-57c66058-feaf-4673-926d-0a93a8d7ed41 tempest-ServerRescueNegativeTestJSON-1190892932 tempest-ServerRescueNegativeTestJSON-1190892932-project-member] Registered counter for database nova_cell1
Jun 27 00:24:06.586329 np0000003809 nova-scheduler[93292]: DEBUG oslo_db.sqlalchemy.engines [None req-57c66058-feaf-4673-926d-0a93a8d7ed41 tempest-ServerRescueNegativeTestJSON-1190892932 tempest-ServerRescueNegativeTestJSON-1190892932-project-member] MySQL server mode set to STRICT_TRANS_TABLES,STRICT_ALL_TABLES,NO_ZERO_IN_DATE,NO_ZERO_DATE,ERROR_FOR_DIVISION_BY_ZERO,TRADITIONAL,NO_ENGINE_SUBSTITUTION {{(pid=93292) _check_effective_sql_mode /opt/stack/data/venv/lib/python3.12/site-packages/oslo_db/sqlalchemy/engines.py:325}}
Jun 27 00:24:06.594715 np0000003809 nova-scheduler[93292]: DEBUG dbcounter [-] [93292] Writer thread running {{(pid=93292) stat_writer /opt/stack/data/venv/lib/python3.12/site-packages/dbcounter.py:102}}
Jun 27 00:24:06.616697 np0000003809 nova-scheduler[93292]: DEBUG oslo_db.sqlalchemy.engines [None req-57c66058-feaf-4673-926d-0a93a8d7ed41 tempest-ServerRescueNegativeTestJSON-1190892932 tempest-ServerRescueNegativeTestJSON-1190892932-project-member] Parent process 92010 forked (93292) with an open database connection, which is being discarded and recreated. {{(pid=93292) checkout /opt/stack/data/venv/lib/python3.12/site-packages/oslo_db/sqlalchemy/engines.py:402}}
Jun 27 00:24:06.648823 np0000003809 nova-scheduler[93296]: DEBUG nova.scheduler.manager [None req-f281ec6f-65d8-426c-b8fa-769acdd21b73 tempest-DeleteServersTestJSON-1816747184 tempest-DeleteServersTestJSON-1816747184-project-member] Starting to schedule for instances: ['0331969c-b8f3-49f9-ae71-f48f89d3efce'] {{(pid=93296) select_destinations /opt/stack/nova/nova/scheduler/manager.py:210}}
Jun 27 00:24:06.649969 np0000003809 nova-scheduler[93296]: DEBUG nova.scheduler.request_filter [None req-f281ec6f-65d8-426c-b8fa-769acdd21b73 tempest-DeleteServersTestJSON-1816747184 tempest-DeleteServersTestJSON-1816747184-project-member] compute_status_filter request filter added forbidden trait COMPUTE_STATUS_DISABLED {{(pid=93296) compute_status_filter /opt/stack/nova/nova/scheduler/request_filter.py:253}}
Jun 27 00:24:06.649969 np0000003809 nova-scheduler[93296]: DEBUG nova.scheduler.request_filter [None req-f281ec6f-65d8-426c-b8fa-769acdd21b73 tempest-DeleteServersTestJSON-1816747184 tempest-DeleteServersTestJSON-1816747184-project-member] Request filter 'compute_status_filter' took 0.0 seconds {{(pid=93296) wrapper /opt/stack/nova/nova/scheduler/request_filter.py:46}}
Jun 27 00:24:06.649969 np0000003809 nova-scheduler[93296]: DEBUG nova.scheduler.request_filter [None req-f281ec6f-65d8-426c-b8fa-769acdd21b73 tempest-DeleteServersTestJSON-1816747184 tempest-DeleteServersTestJSON-1816747184-project-member] Request filter 'accelerators_filter' took 0.0 seconds {{(pid=93296) wrapper /opt/stack/nova/nova/scheduler/request_filter.py:46}}
Jun 27 00:24:06.649969 np0000003809 nova-scheduler[93296]: DEBUG nova.scheduler.request_filter [None req-f281ec6f-65d8-426c-b8fa-769acdd21b73 tempest-DeleteServersTestJSON-1816747184 tempest-DeleteServersTestJSON-1816747184-project-member] Request filter 'packed_virtqueue_filter' took 0.0 seconds {{(pid=93296) wrapper /opt/stack/nova/nova/scheduler/request_filter.py:46}}
Jun 27 00:24:06.650357 np0000003809 nova-scheduler[93296]: DEBUG nova.scheduler.request_filter [None req-f281ec6f-65d8-426c-b8fa-769acdd21b73 tempest-DeleteServersTestJSON-1816747184 tempest-DeleteServersTestJSON-1816747184-project-member] Request filter 'remote_managed_ports_filter' took 0.0 seconds {{(pid=93296) wrapper /opt/stack/nova/nova/scheduler/request_filter.py:46}}
Jun 27 00:24:06.650474 np0000003809 nova-scheduler[93296]: DEBUG nova.scheduler.request_filter [None req-f281ec6f-65d8-426c-b8fa-769acdd21b73 tempest-DeleteServersTestJSON-1816747184 tempest-DeleteServersTestJSON-1816747184-project-member] ephemeral_encryption_filter skipped {{(pid=93296) ephemeral_encryption_filter /opt/stack/nova/nova/scheduler/request_filter.py:426}}
Jun 27 00:24:06.650686 np0000003809 nova-scheduler[93296]: DEBUG nova.scheduler.request_filter [None req-f281ec6f-65d8-426c-b8fa-769acdd21b73 tempest-DeleteServersTestJSON-1816747184 tempest-DeleteServersTestJSON-1816747184-project-member] virtio_sound_filter skipped {{(pid=93296) virtio_sound_filter /opt/stack/nova/nova/scheduler/request_filter.py:460}}
Jun 27 00:24:06.650871 np0000003809 nova-scheduler[93296]: DEBUG nova.scheduler.request_filter [None req-f281ec6f-65d8-426c-b8fa-769acdd21b73 tempest-DeleteServersTestJSON-1816747184 tempest-DeleteServersTestJSON-1816747184-project-member] tpm_secret_security_filter skipped {{(pid=93296) tpm_secret_security_filter /opt/stack/nova/nova/scheduler/request_filter.py:477}}
Jun 27 00:24:06.665069 np0000003809 nova-scheduler[93292]: DEBUG dbcounter [-] [93292] Writer thread running {{(pid=93292) stat_writer /opt/stack/data/venv/lib/python3.12/site-packages/dbcounter.py:102}}
Jun 27 00:24:06.668667 np0000003809 nova-scheduler[93292]: DEBUG oslo_concurrency.lockutils [None req-57c66058-feaf-4673-926d-0a93a8d7ed41 tempest-ServerRescueNegativeTestJSON-1190892932 tempest-ServerRescueNegativeTestJSON-1190892932-project-member] Acquiring lock "3eb2991a-b492-48d0-8743-62a02345c01c" by "nova.context.set_target_cell..get_or_set_cached_cell_and_set_connections" {{(pid=93292) inner /opt/stack/data/venv/lib/python3.12/site-packages/oslo_concurrency/lockutils.py:511}}
Jun 27 00:24:06.668825 np0000003809 nova-scheduler[93292]: DEBUG oslo_concurrency.lockutils [None req-57c66058-feaf-4673-926d-0a93a8d7ed41 tempest-ServerRescueNegativeTestJSON-1190892932 tempest-ServerRescueNegativeTestJSON-1190892932-project-member] Lock "3eb2991a-b492-48d0-8743-62a02345c01c" acquired by "nova.context.set_target_cell..get_or_set_cached_cell_and_set_connections" :: waited 0.000s {{(pid=93292) inner /opt/stack/data/venv/lib/python3.12/site-packages/oslo_concurrency/lockutils.py:524}}
Jun 27 00:24:06.668971 np0000003809 nova-scheduler[93292]: DEBUG oslo_concurrency.lockutils [None req-57c66058-feaf-4673-926d-0a93a8d7ed41 tempest-ServerRescueNegativeTestJSON-1190892932 tempest-ServerRescueNegativeTestJSON-1190892932-project-member] Lock "3eb2991a-b492-48d0-8743-62a02345c01c" "released" by "nova.context.set_target_cell..get_or_set_cached_cell_and_set_connections" :: held 0.000s {{(pid=93292) inner /opt/stack/data/venv/lib/python3.12/site-packages/oslo_concurrency/lockutils.py:543}}
Jun 27 00:24:06.673008 np0000003809 nova-scheduler[93292]: DEBUG oslo_concurrency.lockutils [None req-57c66058-feaf-4673-926d-0a93a8d7ed41 tempest-ServerRescueNegativeTestJSON-1190892932 tempest-ServerRescueNegativeTestJSON-1190892932-project-member] Acquiring lock "('np0000003809', 'np0000003809')" by "nova.scheduler.host_manager.HostState.update.._locked_update" {{(pid=93292) inner /opt/stack/data/venv/lib/python3.12/site-packages/oslo_concurrency/lockutils.py:511}}
Jun 27 00:24:06.673228 np0000003809 nova-scheduler[93292]: DEBUG oslo_concurrency.lockutils [None req-57c66058-feaf-4673-926d-0a93a8d7ed41 tempest-ServerRescueNegativeTestJSON-1190892932 tempest-ServerRescueNegativeTestJSON-1190892932-project-member] Lock "('np0000003809', 'np0000003809')" acquired by "nova.scheduler.host_manager.HostState.update.._locked_update" :: waited 0.000s {{(pid=93292) inner /opt/stack/data/venv/lib/python3.12/site-packages/oslo_concurrency/lockutils.py:524}}
Jun 27 00:24:06.674697 np0000003809 nova-scheduler[93292]: DEBUG nova.scheduler.host_manager [None req-57c66058-feaf-4673-926d-0a93a8d7ed41 tempest-ServerRescueNegativeTestJSON-1190892932 tempest-ServerRescueNegativeTestJSON-1190892932-project-member] Update host state from compute node: ComputeNode(cpu_allocation_ratio=4.0,cpu_info='{"arch": "x86_64", "model": "EPYC-Milan", "vendor": "AMD", "topology": {"cells": 1, "sockets": 16, "cores": 1, "threads": 1}, "maxphysaddr": {"mode": "emulate", "bits": 40}, "features": ["spec-ctrl", "svme-addr-chk", "perfctr_core", "arat", "mmxext", "amd-ssbd", "nrip-save", "erms", "popcnt", "syscall", "rdtscp", "lfence-always-serializing", "vme", "aes", "no-nested-data-bp", "tsc", "gds-no", "umip", "misalignsse", "wbnoinvd", "osvw", "pschange-mc-no", "pat", "vgif", "stibp-always-on", "xsave", "pse36", "invpcid", "pku", "apic", "mds-no", "smep", "amd-psfd", "cx8", "rdctl-no", "abm", "sse2", "clzero", "svm", "flushbyasid", "skip-l1dfl-vmentry", "ssbd", "ibrs", "tsc-scale", "pse", "vmcb-clean", "ssse3", "rdseed", "clflush", "arch-capabilities", "avx2", "pae", "clwb", "bmi1", "sse4a", "3dnowprefetch", "lbrv", "v-vmsave-vmload", "x2apic", "mtrr", "npt", "sha-ni", "clflushopt", "stibp", "de", "pni", "fpu", "pfthreshold", "fsrm", "fma", "bmi2", "vaes", "ibpb", "cr8legacy", "hypervisor", "msr", "pge", "sse", "fxsr_opt", "lahf_lm", "vpclmulqdq", "pause-filter", "null-sel-clr-base", "mca", "sse4.1", "xsaveopt", "rdrand", "sep", "xsaveerptr", "adx", "movbe", "xgetbv1", "pclmuldq", "topoext", "mce", "cmov", "amd-stibp", "f16c", "mmx", "tsc-deadline", "xsavec", "smap", "pdpe1gb", "lm", "nx", "avx", "fsgsbase", "pcid", "tsc_adjust", "sse4.2", "xsaves", "cmp_legacy", "rdpid", "fxsr", "cx16", "virt-ssbd"]}',created_at=2026-06-27T00:21:46Z,current_workload=0,deleted=False,deleted_at=None,disk_allocation_ratio=1.0,disk_available_least=73,free_disk_gb=95,free_ram_mb=62765,host='np0000003809',host_ip=10.4.3.183,hypervisor_hostname='np0000003809',hypervisor_type='QEMU',hypervisor_version=8002002,id=1,local_gb=95,local_gb_used=0,mapped=1,memory_mb=63277,memory_mb_used=512,metrics='[]',numa_topology='{"nova_object.name": "NUMATopology", "nova_object.namespace": "nova", "nova_object.version": "1.2", "nova_object.data": {"cells": [{"nova_object.name": "NUMACell", "nova_object.namespace": "nova", "nova_object.version": "1.5", "nova_object.data": {"id": 0, "cpuset": [0, 1, 2, 3, 4, 5, 6, 7, 8, 9, 10, 11, 12, 13, 14, 15], "pcpuset": [0, 1, 2, 3, 4, 5, 6, 7, 8, 9, 10, 11, 12, 13, 14, 15], "memory": 63277, "cpu_usage": 0, "memory_usage": 0, "pinned_cpus": [], "siblings": [[6], [12], [2], [15], [5], [11], [8], [14], [4], [1], [7], [10], [0], [13], [3], [9]], "mempages": [{"nova_object.name": "NUMAPagesTopology", "nova_object.namespace": "nova", "nova_object.version": "1.1", "nova_object.data": {"size_kb": 4, "total": 16177929, "used": 0, "reserved": 0}, "nova_object.changes": ["reserved", "total", "used", "size_kb"]}, {"nova_object.name": "NUMAPagesTopology", "nova_object.namespace": "nova", "nova_object.version": "1.1", "nova_object.data": {"size_kb": 2048, "total": 41, "used": 0, "reserved": 0}, "nova_object.changes": ["reserved", "total", "used", "size_kb"]}, {"nova_object.name": "NUMAPagesTopology", "nova_object.namespace": "nova", "nova_object.version": "1.1", "nova_object.data": {"size_kb": 1048576, "total": 0, "used": 0, "reserved": 0}, "nova_object.changes": ["reserved", "total", "used", "size_kb"]}], "network_metadata": {"nova_object.name": "NetworkMetadata", "nova_object.namespace": "nova", "nova_object.version": "1.0", "nova_object.data": {"physnets": [], "tunneled": false}, "nova_object.changes": ["tunneled", "physnets"]}, "socket": null}, "nova_object.changes": ["memory_usage", "network_metadata", "siblings", "memory", "cpuset", "pcpuset", "cpu_usage", "mempages", "id", "socket", "pinned_cpus"]}]}, "nova_object.changes": ["cells"]}',pci_device_pools=PciDevicePoolList,ram_allocation_ratio=1.0,running_vms=0,service_id=3,stats={failed_builds='0',uptime=' 00:23:30 up 14 min, 2 users, load average: 1.27, 1.50, 0.92
Jun 27 00:24:06.674697 np0000003809 nova-scheduler[93292]: '},supported_hv_specs=[HVSpec,HVSpec,HVSpec,HVSpec,HVSpec,HVSpec,HVSpec,HVSpec,HVSpec,HVSpec,HVSpec,HVSpec,HVSpec,HVSpec,HVSpec,HVSpec,HVSpec,HVSpec,HVSpec,HVSpec,HVSpec,HVSpec,HVSpec,HVSpec,HVSpec],updated_at=2026-06-27T00:23:32Z,uuid=2c080d32-7af3-4984-912f-16f481533c36,vcpus=16,vcpus_used=0) {{(pid=93292) _locked_update /opt/stack/nova/nova/scheduler/host_manager.py:168}}
Jun 27 00:24:06.675623 np0000003809 nova-scheduler[93292]: DEBUG nova.scheduler.host_manager [None req-57c66058-feaf-4673-926d-0a93a8d7ed41 tempest-ServerRescueNegativeTestJSON-1190892932 tempest-ServerRescueNegativeTestJSON-1190892932-project-member] Update host state with aggregates: [] {{(pid=93292) _locked_update /opt/stack/nova/nova/scheduler/host_manager.py:171}}
Jun 27 00:24:06.675756 np0000003809 nova-scheduler[93292]: DEBUG nova.scheduler.host_manager [None req-57c66058-feaf-4673-926d-0a93a8d7ed41 tempest-ServerRescueNegativeTestJSON-1190892932 tempest-ServerRescueNegativeTestJSON-1190892932-project-member] Update host state with service dict: {'id': 3, 'uuid': '071de040-7f08-4f20-93e8-c429fa05049e', 'host': 'np0000003809', 'binary': 'nova-compute', 'topic': 'compute', 'report_count': 2, 'disabled': False, 'disabled_reason': None, 'last_seen_up': datetime.datetime(2026, 6, 27, 0, 23, 54, tzinfo=datetime.timezone.utc), 'forced_down': False, 'version': 72, 'created_at': datetime.datetime(2026, 6, 27, 0, 21, 44, tzinfo=datetime.timezone.utc), 'updated_at': datetime.datetime(2026, 6, 27, 0, 23, 54, tzinfo=datetime.timezone.utc), 'deleted_at': None, 'deleted': False} {{(pid=93292) _locked_update /opt/stack/nova/nova/scheduler/host_manager.py:174}}
Jun 27 00:24:06.675834 np0000003809 nova-scheduler[93292]: DEBUG nova.scheduler.host_manager [None req-57c66058-feaf-4673-926d-0a93a8d7ed41 tempest-ServerRescueNegativeTestJSON-1190892932 tempest-ServerRescueNegativeTestJSON-1190892932-project-member] Update host state with instances: [] {{(pid=93292) _locked_update /opt/stack/nova/nova/scheduler/host_manager.py:177}}
Jun 27 00:24:06.676089 np0000003809 nova-scheduler[93292]: DEBUG oslo_concurrency.lockutils [None req-57c66058-feaf-4673-926d-0a93a8d7ed41 tempest-ServerRescueNegativeTestJSON-1190892932 tempest-ServerRescueNegativeTestJSON-1190892932-project-member] Lock "('np0000003809', 'np0000003809')" "released" by "nova.scheduler.host_manager.HostState.update.._locked_update" :: held 0.003s {{(pid=93292) inner /opt/stack/data/venv/lib/python3.12/site-packages/oslo_concurrency/lockutils.py:543}}
Jun 27 00:24:06.676527 np0000003809 nova-scheduler[93292]: DEBUG nova.filters [None req-57c66058-feaf-4673-926d-0a93a8d7ed41 tempest-ServerRescueNegativeTestJSON-1190892932 tempest-ServerRescueNegativeTestJSON-1190892932-project-member] Starting with 1 host(s) {{(pid=93292) get_filtered_objects /opt/stack/nova/nova/filters.py:70}}
Jun 27 00:24:06.676724 np0000003809 nova-scheduler[93292]: DEBUG nova.filters [None req-57c66058-feaf-4673-926d-0a93a8d7ed41 tempest-ServerRescueNegativeTestJSON-1190892932 tempest-ServerRescueNegativeTestJSON-1190892932-project-member] Filter ComputeFilter returned 1 host(s) {{(pid=93292) get_filtered_objects /opt/stack/nova/nova/filters.py:102}}
Jun 27 00:24:06.676857 np0000003809 nova-scheduler[93292]: DEBUG nova.filters [None req-57c66058-feaf-4673-926d-0a93a8d7ed41 tempest-ServerRescueNegativeTestJSON-1190892932 tempest-ServerRescueNegativeTestJSON-1190892932-project-member] Filter ComputeCapabilitiesFilter returned 1 host(s) {{(pid=93292) get_filtered_objects /opt/stack/nova/nova/filters.py:102}}
Jun 27 00:24:06.677093 np0000003809 nova-scheduler[93292]: DEBUG nova.filters [None req-57c66058-feaf-4673-926d-0a93a8d7ed41 tempest-ServerRescueNegativeTestJSON-1190892932 tempest-ServerRescueNegativeTestJSON-1190892932-project-member] Filter ImagePropertiesFilter returned 1 host(s) {{(pid=93292) get_filtered_objects /opt/stack/nova/nova/filters.py:102}}
Jun 27 00:24:06.677210 np0000003809 nova-scheduler[93292]: DEBUG nova.filters [None req-57c66058-feaf-4673-926d-0a93a8d7ed41 tempest-ServerRescueNegativeTestJSON-1190892932 tempest-ServerRescueNegativeTestJSON-1190892932-project-member] Filter ServerGroupAntiAffinityFilter returned 1 host(s) {{(pid=93292) get_filtered_objects /opt/stack/nova/nova/filters.py:102}}
Jun 27 00:24:06.677332 np0000003809 nova-scheduler[93292]: DEBUG nova.filters [None req-57c66058-feaf-4673-926d-0a93a8d7ed41 tempest-ServerRescueNegativeTestJSON-1190892932 tempest-ServerRescueNegativeTestJSON-1190892932-project-member] Filter ServerGroupAffinityFilter returned 1 host(s) {{(pid=93292) get_filtered_objects /opt/stack/nova/nova/filters.py:102}}
Jun 27 00:24:06.677490 np0000003809 nova-scheduler[93292]: DEBUG nova.filters [None req-57c66058-feaf-4673-926d-0a93a8d7ed41 tempest-ServerRescueNegativeTestJSON-1190892932 tempest-ServerRescueNegativeTestJSON-1190892932-project-member] Filter SameHostFilter returned 1 host(s) {{(pid=93292) get_filtered_objects /opt/stack/nova/nova/filters.py:102}}
Jun 27 00:24:06.677601 np0000003809 nova-scheduler[93292]: DEBUG nova.filters [None req-57c66058-feaf-4673-926d-0a93a8d7ed41 tempest-ServerRescueNegativeTestJSON-1190892932 tempest-ServerRescueNegativeTestJSON-1190892932-project-member] Filter DifferentHostFilter returned 1 host(s) {{(pid=93292) get_filtered_objects /opt/stack/nova/nova/filters.py:102}}
Jun 27 00:24:06.677723 np0000003809 nova-scheduler[93292]: DEBUG nova.scheduler.manager [None req-57c66058-feaf-4673-926d-0a93a8d7ed41 tempest-ServerRescueNegativeTestJSON-1190892932 tempest-ServerRescueNegativeTestJSON-1190892932-project-member] Filtered [(np0000003809, np0000003809) ram: 62765MB disk: 74752MB io_ops: 0 instances: 0, allocation_candidates: 1] {{(pid=93292) _get_sorted_hosts /opt/stack/nova/nova/scheduler/manager.py:743}}
Jun 27 00:24:06.677916 np0000003809 nova-scheduler[93292]: DEBUG nova.scheduler.manager [None req-57c66058-feaf-4673-926d-0a93a8d7ed41 tempest-ServerRescueNegativeTestJSON-1190892932 tempest-ServerRescueNegativeTestJSON-1190892932-project-member] Weighed [WeighedHost [host: (np0000003809, np0000003809) ram: 62765MB disk: 74752MB io_ops: 0 instances: 0, allocation_candidates: 1, weight: 0.0]] {{(pid=93292) _get_sorted_hosts /opt/stack/nova/nova/scheduler/manager.py:765}}
Jun 27 00:24:06.678119 np0000003809 nova-scheduler[93292]: DEBUG nova.scheduler.utils [None req-57c66058-feaf-4673-926d-0a93a8d7ed41 tempest-ServerRescueNegativeTestJSON-1190892932 tempest-ServerRescueNegativeTestJSON-1190892932-project-member] Attempting to claim resources in the placement API for instance 2bd95586-638b-404e-85fa-b95f2e35c3e9 {{(pid=93292) claim_resources /opt/stack/nova/nova/scheduler/utils.py:1345}}
Jun 27 00:24:06.777277 np0000003809 nova-scheduler[93296]: INFO nova.utils [None req-f281ec6f-65d8-426c-b8fa-769acdd21b73 tempest-DeleteServersTestJSON-1816747184 tempest-DeleteServersTestJSON-1816747184-project-member] The cell worker thread pool ForkProcess-3.cell_worker is initialized
Jun 27 00:24:06.780006 np0000003809 nova-scheduler[93296]: DEBUG oslo_concurrency.lockutils [None req-f281ec6f-65d8-426c-b8fa-769acdd21b73 tempest-DeleteServersTestJSON-1816747184 tempest-DeleteServersTestJSON-1816747184-project-member] Acquiring lock "3eb2991a-b492-48d0-8743-62a02345c01c" by "nova.context.set_target_cell..get_or_set_cached_cell_and_set_connections" {{(pid=93296) inner /opt/stack/data/venv/lib/python3.12/site-packages/oslo_concurrency/lockutils.py:511}}
Jun 27 00:24:06.780006 np0000003809 nova-scheduler[93296]: DEBUG oslo_concurrency.lockutils [None req-f281ec6f-65d8-426c-b8fa-769acdd21b73 tempest-DeleteServersTestJSON-1816747184 tempest-DeleteServersTestJSON-1816747184-project-member] Lock "3eb2991a-b492-48d0-8743-62a02345c01c" acquired by "nova.context.set_target_cell..get_or_set_cached_cell_and_set_connections" :: waited 0.000s {{(pid=93296) inner /opt/stack/data/venv/lib/python3.12/site-packages/oslo_concurrency/lockutils.py:524}}
Jun 27 00:24:06.780375 np0000003809 nova-scheduler[93296]: DEBUG oslo_concurrency.lockutils [None req-f281ec6f-65d8-426c-b8fa-769acdd21b73 tempest-DeleteServersTestJSON-1816747184 tempest-DeleteServersTestJSON-1816747184-project-member] Lock "3eb2991a-b492-48d0-8743-62a02345c01c" "released" by "nova.context.set_target_cell..get_or_set_cached_cell_and_set_connections" :: held 0.002s {{(pid=93296) inner /opt/stack/data/venv/lib/python3.12/site-packages/oslo_concurrency/lockutils.py:543}}
Jun 27 00:24:06.784806 np0000003809 nova-scheduler[93296]: INFO dbcounter [None req-f281ec6f-65d8-426c-b8fa-769acdd21b73 tempest-DeleteServersTestJSON-1816747184 tempest-DeleteServersTestJSON-1816747184-project-member] Registered counter for database nova_cell1
Jun 27 00:24:06.821367 np0000003809 nova-scheduler[93296]: DEBUG oslo_db.sqlalchemy.engines [None req-f281ec6f-65d8-426c-b8fa-769acdd21b73 tempest-DeleteServersTestJSON-1816747184 tempest-DeleteServersTestJSON-1816747184-project-member] MySQL server mode set to STRICT_TRANS_TABLES,STRICT_ALL_TABLES,NO_ZERO_IN_DATE,NO_ZERO_DATE,ERROR_FOR_DIVISION_BY_ZERO,TRADITIONAL,NO_ENGINE_SUBSTITUTION {{(pid=93296) _check_effective_sql_mode /opt/stack/data/venv/lib/python3.12/site-packages/oslo_db/sqlalchemy/engines.py:325}}
Jun 27 00:24:06.827448 np0000003809 nova-scheduler[93296]: DEBUG dbcounter [-] [93296] Writer thread running {{(pid=93296) stat_writer /opt/stack/data/venv/lib/python3.12/site-packages/dbcounter.py:102}}
Jun 27 00:24:06.885102 np0000003809 nova-scheduler[93292]: DEBUG nova.scheduler.manager [None req-57c66058-feaf-4673-926d-0a93a8d7ed41 tempest-ServerRescueNegativeTestJSON-1190892932 tempest-ServerRescueNegativeTestJSON-1190892932-project-member] [instance: 2bd95586-638b-404e-85fa-b95f2e35c3e9] Selected host: (np0000003809, np0000003809) ram: 62765MB disk: 74752MB io_ops: 0 instances: 0, allocation_candidates: 1 {{(pid=93292) _consume_selected_host /opt/stack/nova/nova/scheduler/manager.py:625}}
Jun 27 00:24:06.885750 np0000003809 nova-scheduler[93292]: DEBUG oslo_concurrency.lockutils [None req-57c66058-feaf-4673-926d-0a93a8d7ed41 tempest-ServerRescueNegativeTestJSON-1190892932 tempest-ServerRescueNegativeTestJSON-1190892932-project-member] Acquiring lock "('np0000003809', 'np0000003809')" by "nova.scheduler.host_manager.HostState.consume_from_request.._locked" {{(pid=93292) inner /opt/stack/data/venv/lib/python3.12/site-packages/oslo_concurrency/lockutils.py:511}}
Jun 27 00:24:06.885750 np0000003809 nova-scheduler[93292]: DEBUG oslo_concurrency.lockutils [None req-57c66058-feaf-4673-926d-0a93a8d7ed41 tempest-ServerRescueNegativeTestJSON-1190892932 tempest-ServerRescueNegativeTestJSON-1190892932-project-member] Lock "('np0000003809', 'np0000003809')" acquired by "nova.scheduler.host_manager.HostState.consume_from_request.._locked" :: waited 0.000s {{(pid=93292) inner /opt/stack/data/venv/lib/python3.12/site-packages/oslo_concurrency/lockutils.py:524}}
Jun 27 00:24:06.886064 np0000003809 nova-scheduler[93292]: DEBUG oslo_concurrency.lockutils [None req-57c66058-feaf-4673-926d-0a93a8d7ed41 tempest-ServerRescueNegativeTestJSON-1190892932 tempest-ServerRescueNegativeTestJSON-1190892932-project-member] Lock "('np0000003809', 'np0000003809')" "released" by "nova.scheduler.host_manager.HostState.consume_from_request.._locked" :: held 0.000s {{(pid=93292) inner /opt/stack/data/venv/lib/python3.12/site-packages/oslo_concurrency/lockutils.py:543}}
Jun 27 00:24:06.899010 np0000003809 nova-scheduler[93296]: DEBUG dbcounter [-] [93296] Writer thread running {{(pid=93296) stat_writer /opt/stack/data/venv/lib/python3.12/site-packages/dbcounter.py:102}}
Jun 27 00:24:06.903153 np0000003809 nova-scheduler[93296]: DEBUG oslo_concurrency.lockutils [None req-f281ec6f-65d8-426c-b8fa-769acdd21b73 tempest-DeleteServersTestJSON-1816747184 tempest-DeleteServersTestJSON-1816747184-project-member] Acquiring lock "3eb2991a-b492-48d0-8743-62a02345c01c" by "nova.context.set_target_cell..get_or_set_cached_cell_and_set_connections" {{(pid=93296) inner /opt/stack/data/venv/lib/python3.12/site-packages/oslo_concurrency/lockutils.py:511}}
Jun 27 00:24:06.903365 np0000003809 nova-scheduler[93296]: DEBUG oslo_concurrency.lockutils [None req-f281ec6f-65d8-426c-b8fa-769acdd21b73 tempest-DeleteServersTestJSON-1816747184 tempest-DeleteServersTestJSON-1816747184-project-member] Lock "3eb2991a-b492-48d0-8743-62a02345c01c" acquired by "nova.context.set_target_cell..get_or_set_cached_cell_and_set_connections" :: waited 0.000s {{(pid=93296) inner /opt/stack/data/venv/lib/python3.12/site-packages/oslo_concurrency/lockutils.py:524}}
Jun 27 00:24:06.903512 np0000003809 nova-scheduler[93296]: DEBUG oslo_concurrency.lockutils [None req-f281ec6f-65d8-426c-b8fa-769acdd21b73 tempest-DeleteServersTestJSON-1816747184 tempest-DeleteServersTestJSON-1816747184-project-member] Lock "3eb2991a-b492-48d0-8743-62a02345c01c" "released" by "nova.context.set_target_cell..get_or_set_cached_cell_and_set_connections" :: held 0.000s {{(pid=93296) inner /opt/stack/data/venv/lib/python3.12/site-packages/oslo_concurrency/lockutils.py:543}}
Jun 27 00:24:06.909469 np0000003809 nova-scheduler[93296]: DEBUG oslo_concurrency.lockutils [None req-f281ec6f-65d8-426c-b8fa-769acdd21b73 tempest-DeleteServersTestJSON-1816747184 tempest-DeleteServersTestJSON-1816747184-project-member] Acquiring lock "('np0000003809', 'np0000003809')" by "nova.scheduler.host_manager.HostState.update.._locked_update" {{(pid=93296) inner /opt/stack/data/venv/lib/python3.12/site-packages/oslo_concurrency/lockutils.py:511}}
Jun 27 00:24:06.909725 np0000003809 nova-scheduler[93296]: DEBUG oslo_concurrency.lockutils [None req-f281ec6f-65d8-426c-b8fa-769acdd21b73 tempest-DeleteServersTestJSON-1816747184 tempest-DeleteServersTestJSON-1816747184-project-member] Lock "('np0000003809', 'np0000003809')" acquired by "nova.scheduler.host_manager.HostState.update.._locked_update" :: waited 0.000s {{(pid=93296) inner /opt/stack/data/venv/lib/python3.12/site-packages/oslo_concurrency/lockutils.py:524}}
