Aug 18 22:39:01.579469 np0000007712 devstack@g-api.service[99705]: DEBUG swiftclient [None req-a49bed61-fb59-4fa2-b64a-75d4ff6faa91 tempest-AttachVolumeShelveTestJSON-1332753230 tempest-AttachVolumeShelveTestJSON-1332753230-project-member] RESP HEADERS: {'Date': 'Tue, 18 Aug 2026 22:39:01 GMT', 'Server': 'Apache/2.4.58 (Ubuntu)', 'Content-Type': 'text/html; charset=UTF-8', 'X-Trans-Id': 'tx8e55f5127955465cbf4f8-006a84df05', 'X-Openstack-Request-Id': 'tx8e55f5127955465cbf4f8-006a84df05', 'Connection': 'close'} {{(pid=99705) http_log /opt/stack/data/venv/lib/python3.12/site-packages/swiftclient/client.py:162}}
Aug 18 22:39:01.667660 np0000007712 devstack@g-api.service[99706]: DEBUG swiftclient [None req-26feb3fe-74b8-4f45-8b8d-26aca795a52c tempest-VolumeImageDependencyTests-450642808 tempest-VolumeImageDependencyTests-450642808-project-member] REQ: curl -i https://10.4.3.60:8080/v1/AUTH_42a283405828470bb3df9f27568d1a6a/glance/7abb1b38-3675-4ea3-9da7-0e79fc454935 -X GET -H "X-Auth-Token: gAAAAABqhN8F5vOD..." {{(pid=99706) http_log /opt/stack/data/venv/lib/python3.12/site-packages/swiftclient/client.py:160}}
Aug 18 22:39:01.667770 np0000007712 devstack@g-api.service[99706]: DEBUG swiftclient [None req-26feb3fe-74b8-4f45-8b8d-26aca795a52c tempest-VolumeImageDependencyTests-450642808 tempest-VolumeImageDependencyTests-450642808-project-member] RESP STATUS: 200 OK {{(pid=99706) http_log /opt/stack/data/venv/lib/python3.12/site-packages/swiftclient/client.py:161}}
Aug 18 22:39:01.667908 np0000007712 devstack@g-api.service[99706]: DEBUG swiftclient [None req-26feb3fe-74b8-4f45-8b8d-26aca795a52c tempest-VolumeImageDependencyTests-450642808 tempest-VolumeImageDependencyTests-450642808-project-member] RESP HEADERS: {'Date': 'Tue, 18 Aug 2026 22:39:01 GMT', 'Server': 'Apache/2.4.58 (Ubuntu)', 'Content-Type': 'application/octet-stream', 'Etag': '2aba82055862ca6908c76cca3d11d922', 'Last-Modified': 'Tue, 18 Aug 2026 22:39:01 GMT', 'X-Timestamp': '1787092740.68147', 'Accept-Ranges': 'bytes', 'Content-Length': '1024', 'X-Trans-Id': 'tx2a8a644bcb674cf0a2fbe-006a84df05', 'X-Openstack-Request-Id': 'tx2a8a644bcb674cf0a2fbe-006a84df05', 'Connection': 'close'} {{(pid=99706) http_log /opt/stack/data/venv/lib/python3.12/site-packages/swiftclient/client.py:162}}
Aug 18 22:39:01.689266 np0000007712 devstack@g-api.service[99706]: DEBUG glance.image_cache [None req-26feb3fe-74b8-4f45-8b8d-26aca795a52c tempest-VolumeImageDependencyTests-450642808 tempest-VolumeImageDependencyTests-450642808-project-member] Tee'ing image '7abb1b38-3675-4ea3-9da7-0e79fc454935' into cache {{(pid=99706) get_caching_iter /opt/stack/glance/glance/image_cache/__init__.py:356}}
Aug 18 22:39:01.692416 np0000007712 devstack@g-api.service[99706]: DEBUG glance.image_cache.drivers.centralized_db [None req-26feb3fe-74b8-4f45-8b8d-26aca795a52c tempest-VolumeImageDependencyTests-450642808 tempest-VolumeImageDependencyTests-450642808-project-member] Fetch finished, moving '/opt/stack/data/glance/cache/incomplete/7abb1b38-3675-4ea3-9da7-0e79fc454935' to '/opt/stack/data/glance/cache/7abb1b38-3675-4ea3-9da7-0e79fc454935' {{(pid=99706) commit /opt/stack/glance/glance/image_cache/drivers/centralized_db.py:243}}
Aug 18 22:39:01.701894 np0000007712 devstack@g-api.service[99706]: DEBUG glance.image_cache.drivers.centralized_db [None req-26feb3fe-74b8-4f45-8b8d-26aca795a52c tempest-VolumeImageDependencyTests-450642808 tempest-VolumeImageDependencyTests-450642808-project-member] Image cached successfully. {{(pid=99706) commit /opt/stack/glance/glance/image_cache/drivers/centralized_db.py:258}}
Aug 18 22:39:01.701894 np0000007712 devstack@g-api.service[99706]: [pid: 99706|app: 0|req: 74/240] 127.0.0.1 () {44 vars in 1121 bytes} [Tue Aug 18 22:39:01 2026] GET /v2/images/7abb1b38-3675-4ea3-9da7-0e79fc454935/file => generated 1024 bytes in 146 msecs (HTTP/1.1 200) 4 headers in 191 bytes (1 switches on core 0)
Aug 18 22:39:01.706786 np0000007712 devstack@g-api.service[99705]: DEBUG glance.api.middleware.cache [None req-a49bed61-fb59-4fa2-b64a-75d4ff6faa91 tempest-AttachVolumeShelveTestJSON-1332753230 tempest-AttachVolumeShelveTestJSON-1332753230-project-member] Removing image 9e214d42-c260-43fc-b1f2-3ca43f8d7e6b from cache {{(pid=99705) _process_DELETE_response /opt/stack/glance/glance/api/middleware/cache.py:264}}
Aug 18 22:39:01.706997 np0000007712 devstack@g-api.service[99705]: DEBUG glance.image_cache.drivers.centralized_db [None req-a49bed61-fb59-4fa2-b64a-75d4ff6faa91 tempest-AttachVolumeShelveTestJSON-1332753230 tempest-AttachVolumeShelveTestJSON-1332753230-project-member] Deleting image cache file '/opt/stack/data/glance/cache/9e214d42-c260-43fc-b1f2-3ca43f8d7e6b' {{(pid=99705) delete_cached_file /opt/stack/glance/glance/image_cache/drivers/centralized_db.py:400}}
Aug 18 22:39:01.713470 np0000007712 devstack@g-api.service[99707]: DEBUG glance.api.middleware.version_negotiation [None req-26feb3fe-74b8-4f45-8b8d-26aca795a52c tempest-VolumeImageDependencyTests-450642808 tempest-VolumeImageDependencyTests-450642808-project-member] Determining version of request: GET /v2/images/7abb1b38-3675-4ea3-9da7-0e79fc454935 Accept: */* {{(pid=99707) process_request /opt/stack/glance/glance/api/middleware/version_negotiation.py:44}}
Aug 18 22:39:01.713718 np0000007712 devstack@g-api.service[99707]: DEBUG glance.api.middleware.version_negotiation [None req-26feb3fe-74b8-4f45-8b8d-26aca795a52c tempest-VolumeImageDependencyTests-450642808 tempest-VolumeImageDependencyTests-450642808-project-member] Using url versioning {{(pid=99707) process_request /opt/stack/glance/glance/api/middleware/version_negotiation.py:57}}
Aug 18 22:39:01.715193 np0000007712 devstack@g-api.service[99707]: DEBUG glance.api.middleware.version_negotiation [None req-26feb3fe-74b8-4f45-8b8d-26aca795a52c tempest-VolumeImageDependencyTests-450642808 tempest-VolumeImageDependencyTests-450642808-project-member] Matched version: v2 {{(pid=99707) process_request /opt/stack/glance/glance/api/middleware/version_negotiation.py:69}}
Aug 18 22:39:01.715368 np0000007712 devstack@g-api.service[99707]: DEBUG glance.api.middleware.version_negotiation [None req-26feb3fe-74b8-4f45-8b8d-26aca795a52c tempest-VolumeImageDependencyTests-450642808 tempest-VolumeImageDependencyTests-450642808-project-member] new path /v2/images/7abb1b38-3675-4ea3-9da7-0e79fc454935 {{(pid=99707) process_request /opt/stack/glance/glance/api/middleware/version_negotiation.py:70}}
Aug 18 22:39:01.731545 np0000007712 devstack@g-api.service[99707]: [pid: 99707|app: 0|req: 91/241] 127.0.0.1 () {44 vars in 1111 bytes} [Tue Aug 18 22:39:01 2026] GET /v2/images/7abb1b38-3675-4ea3-9da7-0e79fc454935 => generated 818 bytes in 18 msecs (HTTP/1.1 200) 4 headers in 157 bytes (1 switches on core 0)
Aug 18 22:39:01.733574 np0000007712 devstack@g-api.service[99705]: [pid: 99705|app: 0|req: 77/242] 127.0.0.1 () {46 vars in 1133 bytes} [Tue Aug 18 22:39:01 2026] DELETE /v2/images/9e214d42-c260-43fc-b1f2-3ca43f8d7e6b => generated 0 bytes in 370 msecs (HTTP/1.1 204) 4 headers in 171 bytes (1 switches on core 0)
Aug 18 22:39:01.741252 np0000007712 devstack@g-api.service[99706]: DEBUG glance.api.middleware.version_negotiation [None req-26feb3fe-74b8-4f45-8b8d-26aca795a52c tempest-VolumeImageDependencyTests-450642808 tempest-VolumeImageDependencyTests-450642808-project-member] Determining version of request: GET /v2/schemas/image Accept: */* {{(pid=99706) process_request /opt/stack/glance/glance/api/middleware/version_negotiation.py:44}}
Aug 18 22:39:01.741578 np0000007712 devstack@g-api.service[99706]: DEBUG glance.api.middleware.version_negotiation [None req-26feb3fe-74b8-4f45-8b8d-26aca795a52c tempest-VolumeImageDependencyTests-450642808 tempest-VolumeImageDependencyTests-450642808-project-member] Using url versioning {{(pid=99706) process_request /opt/stack/glance/glance/api/middleware/version_negotiation.py:57}}
Aug 18 22:39:01.741782 np0000007712 devstack@g-api.service[99706]: DEBUG glance.api.middleware.version_negotiation [None req-26feb3fe-74b8-4f45-8b8d-26aca795a52c tempest-VolumeImageDependencyTests-450642808 tempest-VolumeImageDependencyTests-450642808-project-member] Matched version: v2 {{(pid=99706) process_request /opt/stack/glance/glance/api/middleware/version_negotiation.py:69}}
Aug 18 22:39:01.741930 np0000007712 devstack@g-api.service[99706]: DEBUG glance.api.middleware.version_negotiation [None req-26feb3fe-74b8-4f45-8b8d-26aca795a52c tempest-VolumeImageDependencyTests-450642808 tempest-VolumeImageDependencyTests-450642808-project-member] new path /v2/schemas/image {{(pid=99706) process_request /opt/stack/glance/glance/api/middleware/version_negotiation.py:70}}
Aug 18 22:39:01.747175 np0000007712 devstack@g-api.service[99706]: [pid: 99706|app: 0|req: 75/243] 127.0.0.1 () {44 vars in 1051 bytes} [Tue Aug 18 22:39:01 2026] GET /v2/schemas/image => generated 6083 bytes in 6 msecs (HTTP/1.1 200) 4 headers in 158 bytes (1 switches on core 0)
Aug 18 22:39:02.186860 np0000007712 devstack@g-api.service[99707]: DEBUG glance.api.middleware.version_negotiation [None req-26feb3fe-74b8-4f45-8b8d-26aca795a52c tempest-VolumeImageDependencyTests-450642808 tempest-VolumeImageDependencyTests-450642808-project-member] Determining version of request: GET /v2/images/7abb1b38-3675-4ea3-9da7-0e79fc454935 Accept: */* {{(pid=99707) process_request /opt/stack/glance/glance/api/middleware/version_negotiation.py:44}}
Aug 18 22:39:02.187297 np0000007712 devstack@g-api.service[99707]: DEBUG glance.api.middleware.version_negotiation [None req-26feb3fe-74b8-4f45-8b8d-26aca795a52c tempest-VolumeImageDependencyTests-450642808 tempest-VolumeImageDependencyTests-450642808-project-member] Using url versioning {{(pid=99707) process_request /opt/stack/glance/glance/api/middleware/version_negotiation.py:57}}
Aug 18 22:39:02.187297 np0000007712 devstack@g-api.service[99707]: DEBUG glance.api.middleware.version_negotiation [None req-26feb3fe-74b8-4f45-8b8d-26aca795a52c tempest-VolumeImageDependencyTests-450642808 tempest-VolumeImageDependencyTests-450642808-project-member] Matched version: v2 {{(pid=99707) process_request /opt/stack/glance/glance/api/middleware/version_negotiation.py:69}}
Aug 18 22:39:02.187731 np0000007712 devstack@g-api.service[99707]: DEBUG glance.api.middleware.version_negotiation [None req-26feb3fe-74b8-4f45-8b8d-26aca795a52c tempest-VolumeImageDependencyTests-450642808 tempest-VolumeImageDependencyTests-450642808-project-member] new path /v2/images/7abb1b38-3675-4ea3-9da7-0e79fc454935 {{(pid=99707) process_request /opt/stack/glance/glance/api/middleware/version_negotiation.py:70}}
Aug 18 22:39:02.206775 np0000007712 devstack@g-api.service[99707]: [pid: 99707|app: 0|req: 92/244] 127.0.0.1 () {44 vars in 1111 bytes} [Tue Aug 18 22:39:02 2026] GET /v2/images/7abb1b38-3675-4ea3-9da7-0e79fc454935 => generated 818 bytes in 19 msecs (HTTP/1.1 200) 4 headers in 157 bytes (1 switches on core 0)
Aug 18 22:39:02.227665 np0000007712 devstack@g-api.service[99705]: DEBUG glance.api.middleware.version_negotiation [None req-a49bed61-fb59-4fa2-b64a-75d4ff6faa91 tempest-AttachVolumeShelveTestJSON-1332753230 tempest-AttachVolumeShelveTestJSON-1332753230-project-member] Determining version of request: GET /v2/schemas/image Accept: */* {{(pid=99705) process_request /opt/stack/glance/glance/api/middleware/version_negotiation.py:44}}
Aug 18 22:39:02.227665 np0000007712 devstack@g-api.service[99705]: DEBUG glance.api.middleware.version_negotiation [None req-a49bed61-fb59-4fa2-b64a-75d4ff6faa91 tempest-AttachVolumeShelveTestJSON-1332753230 tempest-AttachVolumeShelveTestJSON-1332753230-project-member] Using url versioning {{(pid=99705) process_request /opt/stack/glance/glance/api/middleware/version_negotiation.py:57}}
Aug 18 22:39:02.227665 np0000007712 devstack@g-api.service[99705]: DEBUG glance.api.middleware.version_negotiation [None req-a49bed61-fb59-4fa2-b64a-75d4ff6faa91 tempest-AttachVolumeShelveTestJSON-1332753230 tempest-AttachVolumeShelveTestJSON-1332753230-project-member] Matched version: v2 {{(pid=99705) process_request /opt/stack/glance/glance/api/middleware/version_negotiation.py:69}}
Aug 18 22:39:02.228521 np0000007712 devstack@g-api.service[99705]: DEBUG glance.api.middleware.version_negotiation [None req-a49bed61-fb59-4fa2-b64a-75d4ff6faa91 tempest-AttachVolumeShelveTestJSON-1332753230 tempest-AttachVolumeShelveTestJSON-1332753230-project-member] new path /v2/schemas/image {{(pid=99705) process_request /opt/stack/glance/glance/api/middleware/version_negotiation.py:70}}
Aug 18 22:39:02.231964 np0000007712 devstack@g-api.service[99705]: [pid: 99705|app: 0|req: 78/245] 127.0.0.1 () {44 vars in 1051 bytes} [Tue Aug 18 22:39:02 2026] GET /v2/schemas/image => generated 6083 bytes in 5 msecs (HTTP/1.1 200) 4 headers in 158 bytes (1 switches on core 0)
Aug 18 22:39:02.810051 np0000007712 devstack@g-api.service[99706]: DEBUG glance.api.middleware.version_negotiation [None req-26feb3fe-74b8-4f45-8b8d-26aca795a52c tempest-VolumeImageDependencyTests-450642808 tempest-VolumeImageDependencyTests-450642808-project-member] Determining version of request: GET /v2/images/7abb1b38-3675-4ea3-9da7-0e79fc454935 Accept: */* {{(pid=99706) process_request /opt/stack/glance/glance/api/middleware/version_negotiation.py:44}}
Aug 18 22:39:02.810051 np0000007712 devstack@g-api.service[99706]: DEBUG glance.api.middleware.version_negotiation [None req-26feb3fe-74b8-4f45-8b8d-26aca795a52c tempest-VolumeImageDependencyTests-450642808 tempest-VolumeImageDependencyTests-450642808-project-member] Using url versioning {{(pid=99706) process_request /opt/stack/glance/glance/api/middleware/version_negotiation.py:57}}
Aug 18 22:39:02.810051 np0000007712 devstack@g-api.service[99706]: DEBUG glance.api.middleware.version_negotiation [None req-26feb3fe-74b8-4f45-8b8d-26aca795a52c tempest-VolumeImageDependencyTests-450642808 tempest-VolumeImageDependencyTests-450642808-project-member] Matched version: v2 {{(pid=99706) process_request /opt/stack/glance/glance/api/middleware/version_negotiation.py:69}}
Aug 18 22:39:02.810051 np0000007712 devstack@g-api.service[99706]: DEBUG glance.api.middleware.version_negotiation [None req-26feb3fe-74b8-4f45-8b8d-26aca795a52c tempest-VolumeImageDependencyTests-450642808 tempest-VolumeImageDependencyTests-450642808-project-member] new path /v2/images/7abb1b38-3675-4ea3-9da7-0e79fc454935 {{(pid=99706) process_request /opt/stack/glance/glance/api/middleware/version_negotiation.py:70}}
Aug 18 22:39:02.824097 np0000007712 devstack@g-api.service[99707]: DEBUG glance.api.middleware.version_negotiation [None req-26feb3fe-74b8-4f45-8b8d-26aca795a52c tempest-VolumeImageDependencyTests-450642808 tempest-VolumeImageDependencyTests-450642808-project-member] Determining version of request: GET /v2/images/0f3d1d55-e538-4c9b-817b-2d356cd19fba Accept: */* {{(pid=99707) process_request /opt/stack/glance/glance/api/middleware/version_negotiation.py:44}}
Aug 18 22:39:02.824097 np0000007712 devstack@g-api.service[99707]: DEBUG glance.api.middleware.version_negotiation [None req-26feb3fe-74b8-4f45-8b8d-26aca795a52c tempest-VolumeImageDependencyTests-450642808 tempest-VolumeImageDependencyTests-450642808-project-member] Using url versioning {{(pid=99707) process_request /opt/stack/glance/glance/api/middleware/version_negotiation.py:57}}
Aug 18 22:39:02.824097 np0000007712 devstack@g-api.service[99707]: DEBUG glance.api.middleware.version_negotiation [None req-26feb3fe-74b8-4f45-8b8d-26aca795a52c tempest-VolumeImageDependencyTests-450642808 tempest-VolumeImageDependencyTests-450642808-project-member] Matched version: v2 {{(pid=99707) process_request /opt/stack/glance/glance/api/middleware/version_negotiation.py:69}}
Aug 18 22:39:02.824813 np0000007712 devstack@g-api.service[99706]: [pid: 99706|app: 0|req: 76/246] 127.0.0.1 () {44 vars in 1111 bytes} [Tue Aug 18 22:39:02 2026] GET /v2/images/7abb1b38-3675-4ea3-9da7-0e79fc454935 => generated 818 bytes in 15 msecs (HTTP/1.1 200) 4 headers in 157 bytes (1 switches on core 0)
Aug 18 22:39:02.824899 np0000007712 devstack@g-api.service[99707]: DEBUG glance.api.middleware.version_negotiation [None req-26feb3fe-74b8-4f45-8b8d-26aca795a52c tempest-VolumeImageDependencyTests-450642808 tempest-VolumeImageDependencyTests-450642808-project-member] new path /v2/images/0f3d1d55-e538-4c9b-817b-2d356cd19fba {{(pid=99707) process_request /opt/stack/glance/glance/api/middleware/version_negotiation.py:70}}
Aug 18 22:39:02.833590 np0000007712 devstack@g-api.service[99705]: DEBUG glance.api.middleware.version_negotiation [None req-26feb3fe-74b8-4f45-8b8d-26aca795a52c tempest-VolumeImageDependencyTests-450642808 tempest-VolumeImageDependencyTests-450642808-project-member] Determining version of request: GET /v2/schemas/image Accept: */* {{(pid=99705) process_request /opt/stack/glance/glance/api/middleware/version_negotiation.py:44}}
Aug 18 22:39:02.833750 np0000007712 devstack@g-api.service[99705]: DEBUG glance.api.middleware.version_negotiation [None req-26feb3fe-74b8-4f45-8b8d-26aca795a52c tempest-VolumeImageDependencyTests-450642808 tempest-VolumeImageDependencyTests-450642808-project-member] Using url versioning {{(pid=99705) process_request /opt/stack/glance/glance/api/middleware/version_negotiation.py:57}}
Aug 18 22:39:02.833902 np0000007712 devstack@g-api.service[99705]: DEBUG glance.api.middleware.version_negotiation [None req-26feb3fe-74b8-4f45-8b8d-26aca795a52c tempest-VolumeImageDependencyTests-450642808 tempest-VolumeImageDependencyTests-450642808-project-member] Matched version: v2 {{(pid=99705) process_request /opt/stack/glance/glance/api/middleware/version_negotiation.py:69}}
Aug 18 22:39:02.833991 np0000007712 devstack@g-api.service[99705]: DEBUG glance.api.middleware.version_negotiation [None req-26feb3fe-74b8-4f45-8b8d-26aca795a52c tempest-VolumeImageDependencyTests-450642808 tempest-VolumeImageDependencyTests-450642808-project-member] new path /v2/schemas/image {{(pid=99705) process_request /opt/stack/glance/glance/api/middleware/version_negotiation.py:70}}
Aug 18 22:39:02.834475 np0000007712 devstack@g-api.service[99707]: [pid: 99707|app: 0|req: 93/247] 127.0.0.1 () {44 vars in 1111 bytes} [Tue Aug 18 22:39:02 2026] GET /v2/images/0f3d1d55-e538-4c9b-817b-2d356cd19fba => generated 1044 bytes in 11 msecs (HTTP/1.1 200) 4 headers in 158 bytes (1 switches on core 0)
Aug 18 22:39:02.839995 np0000007712 devstack@g-api.service[99705]: [pid: 99705|app: 0|req: 79/248] 127.0.0.1 () {44 vars in 1051 bytes} [Tue Aug 18 22:39:02 2026] GET /v2/schemas/image => generated 6083 bytes in 6 msecs (HTTP/1.1 200) 4 headers in 158 bytes (1 switches on core 0)
Aug 18 22:39:02.861190 np0000007712 devstack@g-api.service[99706]: DEBUG glance.api.middleware.version_negotiation [None req-26feb3fe-74b8-4f45-8b8d-26aca795a52c tempest-VolumeImageDependencyTests-450642808 tempest-VolumeImageDependencyTests-450642808-project-member] Determining version of request: GET /v2/schemas/image Accept: */* {{(pid=99706) process_request /opt/stack/glance/glance/api/middleware/version_negotiation.py:44}}
Aug 18 22:39:02.861470 np0000007712 devstack@g-api.service[99706]: DEBUG glance.api.middleware.version_negotiation [None req-26feb3fe-74b8-4f45-8b8d-26aca795a52c tempest-VolumeImageDependencyTests-450642808 tempest-VolumeImageDependencyTests-450642808-project-member] Using url versioning {{(pid=99706) process_request /opt/stack/glance/glance/api/middleware/version_negotiation.py:57}}
Aug 18 22:39:02.861802 np0000007712 devstack@g-api.service[99706]: DEBUG glance.api.middleware.version_negotiation [None req-26feb3fe-74b8-4f45-8b8d-26aca795a52c tempest-VolumeImageDependencyTests-450642808 tempest-VolumeImageDependencyTests-450642808-project-member] Matched version: v2 {{(pid=99706) process_request /opt/stack/glance/glance/api/middleware/version_negotiation.py:69}}
Aug 18 22:39:02.861959 np0000007712 devstack@g-api.service[99706]: DEBUG glance.api.middleware.version_negotiation [None req-26feb3fe-74b8-4f45-8b8d-26aca795a52c tempest-VolumeImageDependencyTests-450642808 tempest-VolumeImageDependencyTests-450642808-project-member] new path /v2/schemas/image {{(pid=99706) process_request /opt/stack/glance/glance/api/middleware/version_negotiation.py:70}}
Aug 18 22:39:02.865150 np0000007712 devstack@g-api.service[99706]: [pid: 99706|app: 0|req: 77/249] 127.0.0.1 () {44 vars in 1051 bytes} [Tue Aug 18 22:39:02 2026] GET /v2/schemas/image => generated 6083 bytes in 4 msecs (HTTP/1.1 200) 4 headers in 158 bytes (1 switches on core 0)
Aug 18 22:39:05.474008 np0000007712 devstack@g-api.service[99707]: DEBUG glance.api.middleware.version_negotiation [None req-61091fbb-7efb-4fe1-89b4-9728fc9041bf tempest-ServerBootFromVolumeStableRescueTest-1678742776 tempest-ServerBootFromVolumeStableRescueTest-1678742776-project-member] Determining version of request: DELETE /v2/images/7abb1b38-3675-4ea3-9da7-0e79fc454935 Accept: application/json {{(pid=99707) process_request /opt/stack/glance/glance/api/middleware/version_negotiation.py:44}}
Aug 18 22:39:05.474434 np0000007712 devstack@g-api.service[99707]: DEBUG glance.api.middleware.version_negotiation [None req-61091fbb-7efb-4fe1-89b4-9728fc9041bf tempest-ServerBootFromVolumeStableRescueTest-1678742776 tempest-ServerBootFromVolumeStableRescueTest-1678742776-project-member] Using url versioning {{(pid=99707) process_request /opt/stack/glance/glance/api/middleware/version_negotiation.py:57}}
Aug 18 22:39:05.474434 np0000007712 devstack@g-api.service[99707]: DEBUG glance.api.middleware.version_negotiation [None req-61091fbb-7efb-4fe1-89b4-9728fc9041bf tempest-ServerBootFromVolumeStableRescueTest-1678742776 tempest-ServerBootFromVolumeStableRescueTest-1678742776-project-member] Matched version: v2 {{(pid=99707) process_request /opt/stack/glance/glance/api/middleware/version_negotiation.py:69}}
Aug 18 22:39:05.474434 np0000007712 devstack@g-api.service[99707]: DEBUG glance.api.middleware.version_negotiation [None req-61091fbb-7efb-4fe1-89b4-9728fc9041bf tempest-ServerBootFromVolumeStableRescueTest-1678742776 tempest-ServerBootFromVolumeStableRescueTest-1678742776-project-member] new path /v2/images/7abb1b38-3675-4ea3-9da7-0e79fc454935 {{(pid=99707) process_request /opt/stack/glance/glance/api/middleware/version_negotiation.py:70}}
Aug 18 22:39:05.485150 np0000007712 devstack@g-api.service[99707]: WARNING glance.api.v2.images [None req-ae2d2ee7-6727-41c0-b9e8-4b96777dc7b8 tempest-VolumeImageDependencyTests-450642808 tempest-VolumeImageDependencyTests-450642808-project-member] After upload to backend, deletion of staged image data has failed because it cannot be found at /tmp/staging//7abb1b38-3675-4ea3-9da7-0e79fc454935
Aug 18 22:39:05.485729 np0000007712 devstack@g-api.service[99707]: DEBUG glance_store.backend [None req-ae2d2ee7-6727-41c0-b9e8-4b96777dc7b8 tempest-VolumeImageDependencyTests-450642808 tempest-VolumeImageDependencyTests-450642808-project-member] Attempting to import store swift {{(pid=99707) _load_store /opt/stack/data/venv/lib/python3.12/site-packages/glance_store/backend.py:215}}
Aug 18 22:39:05.486970 np0000007712 devstack@g-api.service[99707]: DEBUG glance_store.capabilities [None req-ae2d2ee7-6727-41c0-b9e8-4b96777dc7b8 tempest-VolumeImageDependencyTests-450642808 tempest-VolumeImageDependencyTests-450642808-project-member] Store glance_store._drivers.swift.store.SingleTenantStore doesn't support updating dynamic storage capabilities. Please overwrite 'update_capabilities' method of the store to implement updating logics if needed. {{(pid=99707) update_capabilities /opt/stack/data/venv/lib/python3.12/site-packages/glance_store/capabilities.py:91}}
Aug 18 22:39:05.487139 np0000007712 devstack@g-api.service[99707]: DEBUG glance_store.driver [None req-ae2d2ee7-6727-41c0-b9e8-4b96777dc7b8 tempest-VolumeImageDependencyTests-450642808 tempest-VolumeImageDependencyTests-450642808-project-member] Late loading location class glance_store._drivers.swift.store.StoreLocation {{(pid=99707) get_store_location_class /opt/stack/data/venv/lib/python3.12/site-packages/glance_store/driver.py:134}}
Aug 18 22:39:05.487219 np0000007712 devstack@g-api.service[99707]: DEBUG glance_store.location [None req-ae2d2ee7-6727-41c0-b9e8-4b96777dc7b8 tempest-VolumeImageDependencyTests-450642808 tempest-VolumeImageDependencyTests-450642808-project-member] Registering scheme swift+https with {'store': , 'location_class': , 'store_entry': 'swift'} {{(pid=99707) register_scheme_map /opt/stack/data/venv/lib/python3.12/site-packages/glance_store/location.py:146}}
Aug 18 22:39:05.487293 np0000007712 devstack@g-api.service[99707]: DEBUG glance_store.location [None req-ae2d2ee7-6727-41c0-b9e8-4b96777dc7b8 tempest-VolumeImageDependencyTests-450642808 tempest-VolumeImageDependencyTests-450642808-project-member] Registering scheme swift+https with {'store': , 'location_class': , 'store_entry': 'swift'} {{(pid=99707) register_scheme_map /opt/stack/data/venv/lib/python3.12/site-packages/glance_store/location.py:146}}
Aug 18 22:39:05.487381 np0000007712 devstack@g-api.service[99707]: DEBUG glance_store.location [None req-ae2d2ee7-6727-41c0-b9e8-4b96777dc7b8 tempest-VolumeImageDependencyTests-450642808 tempest-VolumeImageDependencyTests-450642808-project-member] Registering scheme swift with {'store': , 'location_class': , 'store_entry': 'swift'} {{(pid=99707) register_scheme_map /opt/stack/data/venv/lib/python3.12/site-packages/glance_store/location.py:146}}
Aug 18 22:39:05.487474 np0000007712 devstack@g-api.service[99707]: DEBUG glance_store.location [None req-ae2d2ee7-6727-41c0-b9e8-4b96777dc7b8 tempest-VolumeImageDependencyTests-450642808 tempest-VolumeImageDependencyTests-450642808-project-member] Registering scheme swift+https with {'store': , 'location_class': , 'store_entry': 'swift'} {{(pid=99707) register_scheme_map /opt/stack/data/venv/lib/python3.12/site-packages/glance_store/location.py:146}}
Aug 18 22:39:05.487537 np0000007712 devstack@g-api.service[99707]: DEBUG glance_store.location [None req-ae2d2ee7-6727-41c0-b9e8-4b96777dc7b8 tempest-VolumeImageDependencyTests-450642808 tempest-VolumeImageDependencyTests-450642808-project-member] Registering scheme swift with {'store': , 'location_class': , 'store_entry': 'swift'} {{(pid=99707) register_scheme_map /opt/stack/data/venv/lib/python3.12/site-packages/glance_store/location.py:146}}
Aug 18 22:39:05.487620 np0000007712 devstack@g-api.service[99707]: DEBUG glance_store.location [None req-ae2d2ee7-6727-41c0-b9e8-4b96777dc7b8 tempest-VolumeImageDependencyTests-450642808 tempest-VolumeImageDependencyTests-450642808-project-member] Registering scheme swift+http with {'store': , 'location_class': , 'store_entry': 'swift'} {{(pid=99707) register_scheme_map /opt/stack/data/venv/lib/python3.12/site-packages/glance_store/location.py:146}}
Aug 18 22:39:05.487691 np0000007712 devstack@g-api.service[99707]: DEBUG glance_store.location [None req-ae2d2ee7-6727-41c0-b9e8-4b96777dc7b8 tempest-VolumeImageDependencyTests-450642808 tempest-VolumeImageDependencyTests-450642808-project-member] Registering scheme swift+https with {'store': , 'location_class': , 'store_entry': 'swift'} {{(pid=99707) register_scheme_map /opt/stack/data/venv/lib/python3.12/site-packages/glance_store/location.py:146}}
Aug 18 22:39:05.487747 np0000007712 devstack@g-api.service[99707]: DEBUG glance_store.location [None req-ae2d2ee7-6727-41c0-b9e8-4b96777dc7b8 tempest-VolumeImageDependencyTests-450642808 tempest-VolumeImageDependencyTests-450642808-project-member] Registering scheme swift with {'store': , 'location_class': , 'store_entry': 'swift'} {{(pid=99707) register_scheme_map /opt/stack/data/venv/lib/python3.12/site-packages/glance_store/location.py:146}}
Aug 18 22:39:05.487819 np0000007712 devstack@g-api.service[99707]: DEBUG glance_store.location [None req-ae2d2ee7-6727-41c0-b9e8-4b96777dc7b8 tempest-VolumeImageDependencyTests-450642808 tempest-VolumeImageDependencyTests-450642808-project-member] Registering scheme swift+http with {'store': , 'location_class': , 'store_entry': 'swift'} {{(pid=99707) register_scheme_map /opt/stack/data/venv/lib/python3.12/site-packages/glance_store/location.py:146}}
Aug 18 22:39:05.487880 np0000007712 devstack@g-api.service[99707]: DEBUG glance_store.location [None req-ae2d2ee7-6727-41c0-b9e8-4b96777dc7b8 tempest-VolumeImageDependencyTests-450642808 tempest-VolumeImageDependencyTests-450642808-project-member] Registering scheme swift+config with {'store': , 'location_class': , 'store_entry': 'swift'} {{(pid=99707) register_scheme_map /opt/stack/data/venv/lib/python3.12/site-packages/glance_store/location.py:146}}
Aug 18 22:39:05.488339 np0000007712 devstack@g-api.service[99707]: DEBUG keystoneclient.auth.identity.v3.base [None req-ae2d2ee7-6727-41c0-b9e8-4b96777dc7b8 tempest-VolumeImageDependencyTests-450642808 tempest-VolumeImageDependencyTests-450642808-project-member] Making authentication request to https://10.4.3.60/identity/v3/auth/tokens {{(pid=99707) get_auth_ref /opt/stack/data/venv/lib/python3.12/site-packages/keystoneclient/auth/identity/v3/base.py:185}}
Aug 18 22:39:05.524019 np0000007712 devstack@g-api.service[99707]: DEBUG keystoneclient.auth.identity.v3.base [None req-ae2d2ee7-6727-41c0-b9e8-4b96777dc7b8 tempest-VolumeImageDependencyTests-450642808 tempest-VolumeImageDependencyTests-450642808-project-member] {"token": {"methods": ["password"], "user": {"domain": {"id": "default", "name": "Default"}, "id": "0833b969fbfc412f912ec55bc7f6b587", "name": "glance-swift", "password_expires_at": null}, "audit_ids": ["iVZJRja1Svi9Ii6cmPue2A"], "expires_at": "2026-08-18T23:39:05.000000Z", "issued_at": "2026-08-18T22:39:05.000000Z", "project": {"domain": {"id": "default", "name": "Default"}, "id": "42a283405828470bb3df9f27568d1a6a", "name": "service"}, "is_domain": false, "roles": [{"id": "1d1bc952e54e4eff94aa084eef8cd81b", "name": "service"}, {"id": "6cd53f970fba48e38a37db71070bebb0", "name": "ResellerAdmin"}], "catalog": [{"endpoints": [{"id": "89525604d50544bc9a236d96f4f29aa6", "interface": "public", "region_id": "RegionOne", "url": "https://10.4.3.60/compute/v2.1", "region": "RegionOne"}], "id": "1f0aa04ca7334b0ba99b696f05f358a9", "type": "compute", "name": "nova"}, {"endpoints": [{"id": "567614a6ae1d414d8ecef2ae7c0d78bf", "interface": "public", "region_id": "RegionOne", "url": "https://10.4.3.60/placement", "region": "RegionOne"}], "id": "5ffa164a057b469b9ec827c2b4c929e8", "type": "placement", "name": "placement"}, {"endpoints": [{"id": "ebcf008ef91942069bae7eb22c061893", "interface": "public", "region_id": "RegionOne", "url": "https://10.4.3.60:8080/v1/AUTH_42a283405828470bb3df9f27568d1a6a", "region": "RegionOne"}, {"id": "feadd45ffc2a4d6b910acc794eea1c3e", "interface": "admin", "region_id": "RegionOne", "url": "https://10.4.3.60:8080", "region": "RegionOne"}], "id": "868990a1316f400496e35e58e9989e21", "type": "object-store", "name": "swift"}, {"endpoints": [{"id": "59d900b952794c599058f60a88433705", "interface": "public", "region_id": "RegionOne", "url": "https://10.4.3.60/identity", "region": "RegionOne"}], "id": "93a87582b954442bba3243129bd26ffb", "type": "identity", "name": "keystone"}, {"endpoints": [{"id": "04224888a7c84bc7a9abfba20be05560", "interface": "public", "region_id": "RegionOne", "url": "https://10.4.3.60/compute/v2/42a283405828470bb3df9f27568d1a6a", "region": "RegionOne"}], "id": "9736be4ae249447288a1e31fcad8b6a3", "type": "compute_legacy", "name": "nova_legacy"}, {"endpoints": [{"id": "dfa9c5ad4feb421383f226778f081422", "interface": "public", "region_id": "RegionOne", "url": "https://10.4.3.60/volume/v3", "region": "RegionOne"}], "id": "9d603c1522334194969a0878989675ab", "type": "block-storage", "name": "cinder"}, {"endpoints": [{"id": "823479917a454c32a9cd783e7b09b195", "interface": "public", "region_id": "RegionOne", "url": "https://10.4.3.60/networking", "region": "RegionOne"}], "id": "b7d5aed91b6b46c38007978a707e785f", "type": "network", "name": "neutron"}, {"endpoints": [{"id": "012e60f981014f9baadf73255bd61a62", "interface": "public", "region_id": "RegionOne", "url": "https://10.4.3.60/image", "region": "RegionOne"}], "id": "d0d1b5ff87054f35afd8750fec858d9e", "type": "image", "name": "glance"}]}} {{(pid=99707) get_auth_ref /opt/stack/data/venv/lib/python3.12/site-packages/keystoneclient/auth/identity/v3/base.py:190}}
Aug 18 22:39:05.524883 np0000007712 devstack@g-api.service[99707]: DEBUG keystoneclient.httpclient [None req-ae2d2ee7-6727-41c0-b9e8-4b96777dc7b8 tempest-VolumeImageDependencyTests-450642808 tempest-VolumeImageDependencyTests-450642808-project-member] Failed to find endpoint for management url admin endpoint for identity service not found {{(pid=99707) _process_management_url /opt/stack/data/venv/lib/python3.12/site-packages/keystoneclient/httpclient.py:670}}
Aug 18 22:39:05.573242 np0000007712 devstack@g-api.service[99707]: DEBUG swiftclient [None req-ae2d2ee7-6727-41c0-b9e8-4b96777dc7b8 tempest-VolumeImageDependencyTests-450642808 tempest-VolumeImageDependencyTests-450642808-project-member] REQ: curl -i https://10.4.3.60:8080/v1/AUTH_42a283405828470bb3df9f27568d1a6a/glance/7abb1b38-3675-4ea3-9da7-0e79fc454935 -I -H "X-Auth-Token: gAAAAABqhN8JXGyh..." {{(pid=99707) http_log /opt/stack/data/venv/lib/python3.12/site-packages/swiftclient/client.py:160}}
Aug 18 22:39:05.573322 np0000007712 devstack@g-api.service[99707]: DEBUG swiftclient [None req-ae2d2ee7-6727-41c0-b9e8-4b96777dc7b8 tempest-VolumeImageDependencyTests-450642808 tempest-VolumeImageDependencyTests-450642808-project-member] RESP STATUS: 200 OK {{(pid=99707) http_log /opt/stack/data/venv/lib/python3.12/site-packages/swiftclient/client.py:161}}
Aug 18 22:39:05.573511 np0000007712 devstack@g-api.service[99707]: DEBUG swiftclient [None req-ae2d2ee7-6727-41c0-b9e8-4b96777dc7b8 tempest-VolumeImageDependencyTests-450642808 tempest-VolumeImageDependencyTests-450642808-project-member] RESP HEADERS: {'Date': 'Tue, 18 Aug 2026 22:39:05 GMT', 'Server': 'Apache/2.4.58 (Ubuntu)', 'Content-Type': 'application/octet-stream', 'Content-Length': '1024', 'Etag': '2aba82055862ca6908c76cca3d11d922', 'Last-Modified': 'Tue, 18 Aug 2026 22:39:01 GMT', 'X-Timestamp': '1787092740.68147', 'Accept-Ranges': 'bytes', 'X-Trans-Id': 'tx005b4d8c12a94470b1d97-006a84df09', 'X-Openstack-Request-Id': 'tx005b4d8c12a94470b1d97-006a84df09', 'Connection': 'close'} {{(pid=99707) http_log /opt/stack/data/venv/lib/python3.12/site-packages/swiftclient/client.py:162}}
Aug 18 22:39:05.595996 np0000007712 devstack@g-api.service[99707]: DEBUG swiftclient [None req-ae2d2ee7-6727-41c0-b9e8-4b96777dc7b8 tempest-VolumeImageDependencyTests-450642808 tempest-VolumeImageDependencyTests-450642808-project-member] REQ: curl -i https://10.4.3.60:8080/v1/AUTH_42a283405828470bb3df9f27568d1a6a/glance/7abb1b38-3675-4ea3-9da7-0e79fc454935 DELETE -H "X-Auth-Token: gAAAAABqhN8JXGyh..." {{(pid=99707) http_log /opt/stack/data/venv/lib/python3.12/site-packages/swiftclient/client.py:160}}
Aug 18 22:39:05.596154 np0000007712 devstack@g-api.service[99707]: DEBUG swiftclient [None req-ae2d2ee7-6727-41c0-b9e8-4b96777dc7b8 tempest-VolumeImageDependencyTests-450642808 tempest-VolumeImageDependencyTests-450642808-project-member] RESP STATUS: 204 No Content {{(pid=99707) http_log /opt/stack/data/venv/lib/python3.12/site-packages/swiftclient/client.py:161}}
Aug 18 22:39:05.596341 np0000007712 devstack@g-api.service[99707]: DEBUG swiftclient [None req-ae2d2ee7-6727-41c0-b9e8-4b96777dc7b8 tempest-VolumeImageDependencyTests-450642808 tempest-VolumeImageDependencyTests-450642808-project-member] RESP HEADERS: {'Date': 'Tue, 18 Aug 2026 22:39:05 GMT', 'Server': 'Apache/2.4.58 (Ubuntu)', 'Content-Type': 'text/html; charset=UTF-8', 'X-Trans-Id': 'tx1b2b9445f048497bb66d6-006a84df09', 'X-Openstack-Request-Id': 'tx1b2b9445f048497bb66d6-006a84df09', 'Connection': 'close'} {{(pid=99707) http_log /opt/stack/data/venv/lib/python3.12/site-packages/swiftclient/client.py:162}}
Aug 18 22:39:05.641332 np0000007712 devstack@g-api.service[99707]: DEBUG glance.api.middleware.cache [None req-ae2d2ee7-6727-41c0-b9e8-4b96777dc7b8 tempest-VolumeImageDependencyTests-450642808 tempest-VolumeImageDependencyTests-450642808-project-member] Removing image 7abb1b38-3675-4ea3-9da7-0e79fc454935 from cache {{(pid=99707) _process_DELETE_response /opt/stack/glance/glance/api/middleware/cache.py:264}}
Aug 18 22:39:05.641655 np0000007712 devstack@g-api.service[99707]: DEBUG glance.image_cache.drivers.centralized_db [None req-ae2d2ee7-6727-41c0-b9e8-4b96777dc7b8 tempest-VolumeImageDependencyTests-450642808 tempest-VolumeImageDependencyTests-450642808-project-member] Deleting image cache file '/opt/stack/data/glance/cache/7abb1b38-3675-4ea3-9da7-0e79fc454935' {{(pid=99707) delete_cached_file /opt/stack/glance/glance/image_cache/drivers/centralized_db.py:400}}
Aug 18 22:39:05.648487 np0000007712 devstack@g-api.service[99707]: [pid: 99707|app: 0|req: 94/250] 127.0.0.1 () {40 vars in 837 bytes} [Tue Aug 18 22:39:05 2026] DELETE /v2/images/7abb1b38-3675-4ea3-9da7-0e79fc454935 => generated 0 bytes in 174 msecs (HTTP/1.1 204) 4 headers in 171 bytes (1 switches on core 0)
Aug 18 22:39:05.657965 np0000007712 devstack@g-api.service[99705]: DEBUG glance.api.middleware.version_negotiation [None req-26feb3fe-74b8-4f45-8b8d-26aca795a52c tempest-VolumeImageDependencyTests-450642808 tempest-VolumeImageDependencyTests-450642808-project-member] Determining version of request: GET /v2/images/7abb1b38-3675-4ea3-9da7-0e79fc454935 Accept: application/json {{(pid=99705) process_request /opt/stack/glance/glance/api/middleware/version_negotiation.py:44}}
Aug 18 22:39:05.658307 np0000007712 devstack@g-api.service[99705]: DEBUG glance.api.middleware.version_negotiation [None req-26feb3fe-74b8-4f45-8b8d-26aca795a52c tempest-VolumeImageDependencyTests-450642808 tempest-VolumeImageDependencyTests-450642808-project-member] Using url versioning {{(pid=99705) process_request /opt/stack/glance/glance/api/middleware/version_negotiation.py:57}}
Aug 18 22:39:05.658307 np0000007712 devstack@g-api.service[99705]: DEBUG glance.api.middleware.version_negotiation [None req-26feb3fe-74b8-4f45-8b8d-26aca795a52c tempest-VolumeImageDependencyTests-450642808 tempest-VolumeImageDependencyTests-450642808-project-member] Matched version: v2 {{(pid=99705) process_request /opt/stack/glance/glance/api/middleware/version_negotiation.py:69}}
Aug 18 22:39:05.658307 np0000007712 devstack@g-api.service[99705]: DEBUG glance.api.middleware.version_negotiation [None req-26feb3fe-74b8-4f45-8b8d-26aca795a52c tempest-VolumeImageDependencyTests-450642808 tempest-VolumeImageDependencyTests-450642808-project-member] new path /v2/images/7abb1b38-3675-4ea3-9da7-0e79fc454935 {{(pid=99705) process_request /opt/stack/glance/glance/api/middleware/version_negotiation.py:70}}
Aug 18 22:39:05.664464 np0000007712 devstack@g-api.service[99705]: DEBUG glance.db.sqlalchemy.api [None req-2a31476a-2365-4da6-8ca9-b843ead32257 tempest-VolumeImageDependencyTests-450642808 tempest-VolumeImageDependencyTests-450642808-project-member] No image found with ID 7abb1b38-3675-4ea3-9da7-0e79fc454935 {{(pid=99705) _image_get /opt/stack/glance/glance/db/sqlalchemy/api.py:301}}
Aug 18 22:39:05.667722 np0000007712 devstack@g-api.service[99705]: [pid: 99705|app: 0|req: 80/251] 127.0.0.1 () {40 vars in 834 bytes} [Tue Aug 18 22:39:05 2026] GET /v2/images/7abb1b38-3675-4ea3-9da7-0e79fc454935 => generated 139 bytes in 10 msecs (HTTP/1.1 404) 4 headers in 164 bytes (1 switches on core 0)
Aug 18 22:39:05.680059 np0000007712 devstack@g-api.service[99706]: DEBUG glance.api.middleware.version_negotiation [None req-61091fbb-7efb-4fe1-89b4-9728fc9041bf tempest-ServerBootFromVolumeStableRescueTest-1678742776 tempest-ServerBootFromVolumeStableRescueTest-1678742776-project-member] Determining version of request: POST /v2/images Accept: application/json {{(pid=99706) process_request /opt/stack/glance/glance/api/middleware/version_negotiation.py:44}}
Aug 18 22:39:05.680059 np0000007712 devstack@g-api.service[99706]: DEBUG glance.api.middleware.version_negotiation [None req-61091fbb-7efb-4fe1-89b4-9728fc9041bf tempest-ServerBootFromVolumeStableRescueTest-1678742776 tempest-ServerBootFromVolumeStableRescueTest-1678742776-project-member] Using url versioning {{(pid=99706) process_request /opt/stack/glance/glance/api/middleware/version_negotiation.py:57}}
Aug 18 22:39:05.680059 np0000007712 devstack@g-api.service[99706]: DEBUG glance.api.middleware.version_negotiation [None req-61091fbb-7efb-4fe1-89b4-9728fc9041bf tempest-ServerBootFromVolumeStableRescueTest-1678742776 tempest-ServerBootFromVolumeStableRescueTest-1678742776-project-member] Matched version: v2 {{(pid=99706) process_request /opt/stack/glance/glance/api/middleware/version_negotiation.py:69}}
Aug 18 22:39:05.680059 np0000007712 devstack@g-api.service[99706]: DEBUG glance.api.middleware.version_negotiation [None req-61091fbb-7efb-4fe1-89b4-9728fc9041bf tempest-ServerBootFromVolumeStableRescueTest-1678742776 tempest-ServerBootFromVolumeStableRescueTest-1678742776-project-member] new path /v2/images {{(pid=99706) process_request /opt/stack/glance/glance/api/middleware/version_negotiation.py:70}}
Aug 18 22:39:06.123287 np0000007712 devstack@g-api.service[99706]: [pid: 99706|app: 0|req: 78/252] 127.0.0.1 () {42 vars in 782 bytes} [Tue Aug 18 22:39:05 2026] POST /v2/images => generated 658 bytes in 445 msecs (HTTP/1.1 201) 6 headers in 315 bytes (1 switches on core 0)
Aug 18 22:39:06.133179 np0000007712 devstack@g-api.service[99707]: DEBUG glance.api.middleware.version_negotiation [None req-ae2d2ee7-6727-41c0-b9e8-4b96777dc7b8 tempest-VolumeImageDependencyTests-450642808 tempest-VolumeImageDependencyTests-450642808-project-member] Determining version of request: PUT /v2/images/57082585-5a66-4819-9f05-8643a8bf2e1b/file Accept: {{(pid=99707) process_request /opt/stack/glance/glance/api/middleware/version_negotiation.py:44}}
Aug 18 22:39:06.133306 np0000007712 devstack@g-api.service[99707]: DEBUG glance.api.middleware.version_negotiation [None req-ae2d2ee7-6727-41c0-b9e8-4b96777dc7b8 tempest-VolumeImageDependencyTests-450642808 tempest-VolumeImageDependencyTests-450642808-project-member] Using url versioning {{(pid=99707) process_request /opt/stack/glance/glance/api/middleware/version_negotiation.py:57}}
Aug 18 22:39:06.133455 np0000007712 devstack@g-api.service[99707]: DEBUG glance.api.middleware.version_negotiation [None req-ae2d2ee7-6727-41c0-b9e8-4b96777dc7b8 tempest-VolumeImageDependencyTests-450642808 tempest-VolumeImageDependencyTests-450642808-project-member] Matched version: v2 {{(pid=99707) process_request /opt/stack/glance/glance/api/middleware/version_negotiation.py:69}}
Aug 18 22:39:06.133545 np0000007712 devstack@g-api.service[99707]: DEBUG glance.api.middleware.version_negotiation [None req-ae2d2ee7-6727-41c0-b9e8-4b96777dc7b8 tempest-VolumeImageDependencyTests-450642808 tempest-VolumeImageDependencyTests-450642808-project-member] new path /v2/images/57082585-5a66-4819-9f05-8643a8bf2e1b/file {{(pid=99707) process_request /opt/stack/glance/glance/api/middleware/version_negotiation.py:70}}
Aug 18 22:39:06.598421 np0000007712 devstack@g-api.service[99707]: INFO glance.api.v2.image_data [None req-846b7082-0d7b-4f3d-9314-12f47e065a4a tempest-VolumeImageDependencyTests-450642808 tempest-VolumeImageDependencyTests-450642808-project-member] Unable to create trust: no such option collect_timing in group [keystone_authtoken] Use the existing user token.
Aug 18 22:39:07.061282 np0000007712 devstack@g-api.service[99705]: DEBUG glance.api.middleware.version_negotiation [None req-2a31476a-2365-4da6-8ca9-b843ead32257 tempest-VolumeImageDependencyTests-450642808 tempest-VolumeImageDependencyTests-450642808-project-member] Determining version of request: GET /v2/images/0f3d1d55-e538-4c9b-817b-2d356cd19fba Accept: */* {{(pid=99705) process_request /opt/stack/glance/glance/api/middleware/version_negotiation.py:44}}
Aug 18 22:39:07.061695 np0000007712 devstack@g-api.service[99705]: DEBUG glance.api.middleware.version_negotiation [None req-2a31476a-2365-4da6-8ca9-b843ead32257 tempest-VolumeImageDependencyTests-450642808 tempest-VolumeImageDependencyTests-450642808-project-member] Using url versioning {{(pid=99705) process_request /opt/stack/glance/glance/api/middleware/version_negotiation.py:57}}
Aug 18 22:39:07.061695 np0000007712 devstack@g-api.service[99705]: DEBUG glance.api.middleware.version_negotiation [None req-2a31476a-2365-4da6-8ca9-b843ead32257 tempest-VolumeImageDependencyTests-450642808 tempest-VolumeImageDependencyTests-450642808-project-member] Matched version: v2 {{(pid=99705) process_request /opt/stack/glance/glance/api/middleware/version_negotiation.py:69}}
Aug 18 22:39:07.061695 np0000007712 devstack@g-api.service[99705]: DEBUG glance.api.middleware.version_negotiation [None req-2a31476a-2365-4da6-8ca9-b843ead32257 tempest-VolumeImageDependencyTests-450642808 tempest-VolumeImageDependencyTests-450642808-project-member] new path /v2/images/0f3d1d55-e538-4c9b-817b-2d356cd19fba {{(pid=99705) process_request /opt/stack/glance/glance/api/middleware/version_negotiation.py:70}}
Aug 18 22:39:07.075654 np0000007712 devstack@g-api.service[99705]: [pid: 99705|app: 0|req: 81/253] 127.0.0.1 () {44 vars in 1111 bytes} [Tue Aug 18 22:39:07 2026] GET /v2/images/0f3d1d55-e538-4c9b-817b-2d356cd19fba => generated 1044 bytes in 14 msecs (HTTP/1.1 200) 4 headers in 158 bytes (1 switches on core 0)
Aug 18 22:39:07.104152 np0000007712 devstack@g-api.service[99706]: DEBUG glance.api.middleware.version_negotiation [None req-28383e7a-59c4-4eec-87d3-df276f771206 tempest-VolumeImageDependencyTests-450642808 tempest-VolumeImageDependencyTests-450642808-project-member] Determining version of request: GET /v2/schemas/image Accept: */* {{(pid=99706) process_request /opt/stack/glance/glance/api/middleware/version_negotiation.py:44}}
Aug 18 22:39:07.104771 np0000007712 devstack@g-api.service[99706]: DEBUG glance.api.middleware.version_negotiation [None req-28383e7a-59c4-4eec-87d3-df276f771206 tempest-VolumeImageDependencyTests-450642808 tempest-VolumeImageDependencyTests-450642808-project-member] Using url versioning {{(pid=99706) process_request /opt/stack/glance/glance/api/middleware/version_negotiation.py:57}}
Aug 18 22:39:07.105133 np0000007712 devstack@g-api.service[99706]: DEBUG glance.api.middleware.version_negotiation [None req-28383e7a-59c4-4eec-87d3-df276f771206 tempest-VolumeImageDependencyTests-450642808 tempest-VolumeImageDependencyTests-450642808-project-member] Matched version: v2 {{(pid=99706) process_request /opt/stack/glance/glance/api/middleware/version_negotiation.py:69}}
Aug 18 22:39:07.105374 np0000007712 devstack@g-api.service[99706]: DEBUG glance.api.middleware.version_negotiation [None req-28383e7a-59c4-4eec-87d3-df276f771206 tempest-VolumeImageDependencyTests-450642808 tempest-VolumeImageDependencyTests-450642808-project-member] new path /v2/schemas/image {{(pid=99706) process_request /opt/stack/glance/glance/api/middleware/version_negotiation.py:70}}
Aug 18 22:39:07.111347 np0000007712 devstack@g-api.service[99706]: [pid: 99706|app: 0|req: 79/254] 127.0.0.1 () {44 vars in 1051 bytes} [Tue Aug 18 22:39:07 2026] GET /v2/schemas/image => generated 6083 bytes in 8 msecs (HTTP/1.1 200) 4 headers in 158 bytes (1 switches on core 0)
Aug 18 22:39:07.188191 np0000007712 devstack@g-api.service[99707]: DEBUG glance.location [None req-846b7082-0d7b-4f3d-9314-12f47e065a4a tempest-VolumeImageDependencyTests-450642808 tempest-VolumeImageDependencyTests-450642808-project-member] Enabling in-flight format inspection for raw {{(pid=99707) set_data /opt/stack/glance/glance/location.py:596}}
Aug 18 22:39:07.188709 np0000007712 devstack@g-api.service[99707]: DEBUG glance_store.backend [None req-846b7082-0d7b-4f3d-9314-12f47e065a4a tempest-VolumeImageDependencyTests-450642808 tempest-VolumeImageDependencyTests-450642808-project-member] Attempting to import store swift {{(pid=99707) _load_store /opt/stack/data/venv/lib/python3.12/site-packages/glance_store/backend.py:215}}
Aug 18 22:39:07.190125 np0000007712 devstack@g-api.service[99707]: DEBUG glance_store.capabilities [None req-846b7082-0d7b-4f3d-9314-12f47e065a4a tempest-VolumeImageDependencyTests-450642808 tempest-VolumeImageDependencyTests-450642808-project-member] Store glance_store._drivers.swift.store.SingleTenantStore doesn't support updating dynamic storage capabilities. Please overwrite 'update_capabilities' method of the store to implement updating logics if needed. {{(pid=99707) update_capabilities /opt/stack/data/venv/lib/python3.12/site-packages/glance_store/capabilities.py:91}}
Aug 18 22:39:07.190248 np0000007712 devstack@g-api.service[99707]: DEBUG glance_store.driver [None req-846b7082-0d7b-4f3d-9314-12f47e065a4a tempest-VolumeImageDependencyTests-450642808 tempest-VolumeImageDependencyTests-450642808-project-member] Late loading location class glance_store._drivers.swift.store.StoreLocation {{(pid=99707) get_store_location_class /opt/stack/data/venv/lib/python3.12/site-packages/glance_store/driver.py:134}}
Aug 18 22:39:07.190399 np0000007712 devstack@g-api.service[99707]: DEBUG glance_store.location [None req-846b7082-0d7b-4f3d-9314-12f47e065a4a tempest-VolumeImageDependencyTests-450642808 tempest-VolumeImageDependencyTests-450642808-project-member] Registering scheme swift+https with {'store': , 'location_class': , 'store_entry': 'swift'} {{(pid=99707) register_scheme_map /opt/stack/data/venv/lib/python3.12/site-packages/glance_store/location.py:146}}
Aug 18 22:39:07.190510 np0000007712 devstack@g-api.service[99707]: DEBUG glance_store.location [None req-846b7082-0d7b-4f3d-9314-12f47e065a4a tempest-VolumeImageDependencyTests-450642808 tempest-VolumeImageDependencyTests-450642808-project-member] Registering scheme swift+https with {'store': , 'location_class': , 'store_entry': 'swift'} {{(pid=99707) register_scheme_map /opt/stack/data/venv/lib/python3.12/site-packages/glance_store/location.py:146}}
