Jul 10 15:03:11.497555 np0000005018 nova-scheduler[96558]: DEBUG cotyledon.oslo_config_glue [-] wsgi.api_paste_config = /etc/nova/api-paste.ini {{(pid=96558) log_opt_values /opt/stack/data/venv/lib/python3.12/site-packages/oslo_config/cfg.py:3253}}
Jul 10 15:03:11.497555 np0000005018 nova-scheduler[96558]: DEBUG cotyledon.oslo_config_glue [-] wsgi.secure_proxy_ssl_header = None {{(pid=96558) log_opt_values /opt/stack/data/venv/lib/python3.12/site-packages/oslo_config/cfg.py:3253}}
Jul 10 15:03:11.497555 np0000005018 nova-scheduler[96558]: DEBUG cotyledon.oslo_config_glue [-] zvm.ca_file = None {{(pid=96558) log_opt_values /opt/stack/data/venv/lib/python3.12/site-packages/oslo_config/cfg.py:3253}}
Jul 10 15:03:11.497555 np0000005018 nova-scheduler[96558]: DEBUG cotyledon.oslo_config_glue [-] zvm.cloud_connector_url = None {{(pid=96558) log_opt_values /opt/stack/data/venv/lib/python3.12/site-packages/oslo_config/cfg.py:3253}}
Jul 10 15:03:11.497555 np0000005018 nova-scheduler[96558]: DEBUG cotyledon.oslo_config_glue [-] zvm.image_tmp_path = /opt/stack/data/nova/images {{(pid=96558) log_opt_values /opt/stack/data/venv/lib/python3.12/site-packages/oslo_config/cfg.py:3253}}
Jul 10 15:03:11.497555 np0000005018 nova-scheduler[96558]: DEBUG cotyledon.oslo_config_glue [-] zvm.reachable_timeout = 300 {{(pid=96558) log_opt_values /opt/stack/data/venv/lib/python3.12/site-packages/oslo_config/cfg.py:3253}}
Jul 10 15:03:11.497555 np0000005018 nova-scheduler[96558]: DEBUG cotyledon.oslo_config_glue [-] oslo_versionedobjects.fatal_exception_format_errors = False {{(pid=96558) log_opt_values /opt/stack/data/venv/lib/python3.12/site-packages/oslo_config/cfg.py:3253}}
Jul 10 15:03:11.497555 np0000005018 nova-scheduler[96558]: DEBUG cotyledon.oslo_config_glue [-] oslo_middleware.http_basic_auth_user_file = /etc/htpasswd {{(pid=96558) log_opt_values /opt/stack/data/venv/lib/python3.12/site-packages/oslo_config/cfg.py:3253}}
Jul 10 15:03:11.497782 np0000005018 nova-scheduler[96558]: DEBUG cotyledon.oslo_config_glue [-] oslo_messaging_metrics.metrics_buffer_size = 1000 {{(pid=96558) log_opt_values /opt/stack/data/venv/lib/python3.12/site-packages/oslo_config/cfg.py:3253}}
Jul 10 15:03:11.497782 np0000005018 nova-scheduler[96558]: DEBUG cotyledon.oslo_config_glue [-] oslo_messaging_metrics.metrics_enabled = False {{(pid=96558) log_opt_values /opt/stack/data/venv/lib/python3.12/site-packages/oslo_config/cfg.py:3253}}
Jul 10 15:03:11.497782 np0000005018 nova-scheduler[96558]: DEBUG cotyledon.oslo_config_glue [-] oslo_messaging_metrics.metrics_process_name = {{(pid=96558) log_opt_values /opt/stack/data/venv/lib/python3.12/site-packages/oslo_config/cfg.py:3253}}
Jul 10 15:03:11.497782 np0000005018 nova-scheduler[96558]: DEBUG cotyledon.oslo_config_glue [-] oslo_messaging_metrics.metrics_socket_file = /var/tmp/metrics_collector.sock {{(pid=96558) log_opt_values /opt/stack/data/venv/lib/python3.12/site-packages/oslo_config/cfg.py:3253}}
Jul 10 15:03:11.497782 np0000005018 nova-scheduler[96558]: DEBUG cotyledon.oslo_config_glue [-] oslo_messaging_metrics.metrics_thread_stop_timeout = 10 {{(pid=96558) log_opt_values /opt/stack/data/venv/lib/python3.12/site-packages/oslo_config/cfg.py:3253}}
Jul 10 15:03:11.497782 np0000005018 nova-scheduler[96558]: DEBUG cotyledon.oslo_config_glue [-] profiler.connection_string = messaging:// {{(pid=96558) log_opt_values /opt/stack/data/venv/lib/python3.12/site-packages/oslo_config/cfg.py:3253}}
Jul 10 15:03:11.497782 np0000005018 nova-scheduler[96558]: DEBUG cotyledon.oslo_config_glue [-] profiler.enabled = False {{(pid=96558) log_opt_values /opt/stack/data/venv/lib/python3.12/site-packages/oslo_config/cfg.py:3253}}
Jul 10 15:03:11.497782 np0000005018 nova-scheduler[96558]: DEBUG cotyledon.oslo_config_glue [-] profiler.es_doc_type = notification {{(pid=96558) log_opt_values /opt/stack/data/venv/lib/python3.12/site-packages/oslo_config/cfg.py:3253}}
Jul 10 15:03:11.497782 np0000005018 nova-scheduler[96558]: DEBUG cotyledon.oslo_config_glue [-] profiler.es_scroll_size = 10000 {{(pid=96558) log_opt_values /opt/stack/data/venv/lib/python3.12/site-packages/oslo_config/cfg.py:3253}}
Jul 10 15:03:11.497988 np0000005018 nova-scheduler[96558]: DEBUG cotyledon.oslo_config_glue [-] profiler.es_scroll_time = 2m {{(pid=96558) log_opt_values /opt/stack/data/venv/lib/python3.12/site-packages/oslo_config/cfg.py:3253}}
Jul 10 15:03:11.497988 np0000005018 nova-scheduler[96558]: DEBUG cotyledon.oslo_config_glue [-] profiler.filter_error_trace = False {{(pid=96558) log_opt_values /opt/stack/data/venv/lib/python3.12/site-packages/oslo_config/cfg.py:3253}}
Jul 10 15:03:11.497988 np0000005018 nova-scheduler[96558]: DEBUG cotyledon.oslo_config_glue [-] profiler.hmac_keys = **** {{(pid=96558) log_opt_values /opt/stack/data/venv/lib/python3.12/site-packages/oslo_config/cfg.py:3253}}
Jul 10 15:03:11.497988 np0000005018 nova-scheduler[96558]: DEBUG cotyledon.oslo_config_glue [-] profiler.sentinel_service_name = mymaster {{(pid=96558) log_opt_values /opt/stack/data/venv/lib/python3.12/site-packages/oslo_config/cfg.py:3253}}
Jul 10 15:03:11.497988 np0000005018 nova-scheduler[96558]: DEBUG cotyledon.oslo_config_glue [-] profiler.socket_timeout = 0.1 {{(pid=96558) log_opt_values /opt/stack/data/venv/lib/python3.12/site-packages/oslo_config/cfg.py:3253}}
Jul 10 15:03:11.497988 np0000005018 nova-scheduler[96558]: DEBUG cotyledon.oslo_config_glue [-] profiler.trace_requests = False {{(pid=96558) log_opt_values /opt/stack/data/venv/lib/python3.12/site-packages/oslo_config/cfg.py:3253}}
Jul 10 15:03:11.497988 np0000005018 nova-scheduler[96558]: DEBUG cotyledon.oslo_config_glue [-] profiler.trace_sqlalchemy = False {{(pid=96558) log_opt_values /opt/stack/data/venv/lib/python3.12/site-packages/oslo_config/cfg.py:3253}}
Jul 10 15:03:11.497988 np0000005018 nova-scheduler[96558]: DEBUG cotyledon.oslo_config_glue [-] profiler_jaeger.process_tags = {} {{(pid=96558) log_opt_values /opt/stack/data/venv/lib/python3.12/site-packages/oslo_config/cfg.py:3253}}
Jul 10 15:03:11.497988 np0000005018 nova-scheduler[96558]: DEBUG cotyledon.oslo_config_glue [-] profiler_jaeger.service_name_prefix = None {{(pid=96558) log_opt_values /opt/stack/data/venv/lib/python3.12/site-packages/oslo_config/cfg.py:3253}}
Jul 10 15:03:11.498193 np0000005018 nova-scheduler[96558]: DEBUG cotyledon.oslo_config_glue [-] profiler_otlp.service_name_prefix = None {{(pid=96558) log_opt_values /opt/stack/data/venv/lib/python3.12/site-packages/oslo_config/cfg.py:3253}}
Jul 10 15:03:11.498193 np0000005018 nova-scheduler[96558]: DEBUG cotyledon.oslo_config_glue [-] oslo_messaging_rabbit.amqp_auto_delete = False {{(pid=96558) log_opt_values /opt/stack/data/venv/lib/python3.12/site-packages/oslo_config/cfg.py:3253}}
Jul 10 15:03:11.498193 np0000005018 nova-scheduler[96558]: DEBUG cotyledon.oslo_config_glue [-] oslo_messaging_rabbit.amqp_durable_queues = False {{(pid=96558) log_opt_values /opt/stack/data/venv/lib/python3.12/site-packages/oslo_config/cfg.py:3253}}
Jul 10 15:03:11.498193 np0000005018 nova-scheduler[96558]: DEBUG cotyledon.oslo_config_glue [-] oslo_messaging_rabbit.conn_pool_min_size = 2 {{(pid=96558) log_opt_values /opt/stack/data/venv/lib/python3.12/site-packages/oslo_config/cfg.py:3253}}
Jul 10 15:03:11.498193 np0000005018 nova-scheduler[96558]: DEBUG cotyledon.oslo_config_glue [-] oslo_messaging_rabbit.conn_pool_ttl = 1200 {{(pid=96558) log_opt_values /opt/stack/data/venv/lib/python3.12/site-packages/oslo_config/cfg.py:3253}}
Jul 10 15:03:11.498193 np0000005018 nova-scheduler[96558]: DEBUG cotyledon.oslo_config_glue [-] oslo_messaging_rabbit.direct_mandatory_flag = True {{(pid=96558) log_opt_values /opt/stack/data/venv/lib/python3.12/site-packages/oslo_config/cfg.py:3253}}
Jul 10 15:03:11.498193 np0000005018 nova-scheduler[96558]: DEBUG cotyledon.oslo_config_glue [-] oslo_messaging_rabbit.enable_cancel_on_failover = False {{(pid=96558) log_opt_values /opt/stack/data/venv/lib/python3.12/site-packages/oslo_config/cfg.py:3253}}
Jul 10 15:03:11.498193 np0000005018 nova-scheduler[96558]: DEBUG cotyledon.oslo_config_glue [-] oslo_messaging_rabbit.heartbeat_rate = 3 {{(pid=96558) log_opt_values /opt/stack/data/venv/lib/python3.12/site-packages/oslo_config/cfg.py:3253}}
Jul 10 15:03:11.498193 np0000005018 nova-scheduler[96558]: DEBUG cotyledon.oslo_config_glue [-] oslo_messaging_rabbit.heartbeat_timeout_threshold = 60 {{(pid=96558) log_opt_values /opt/stack/data/venv/lib/python3.12/site-packages/oslo_config/cfg.py:3253}}
Jul 10 15:03:11.498408 np0000005018 nova-scheduler[96558]: DEBUG cotyledon.oslo_config_glue [-] oslo_messaging_rabbit.hostname = np0000005018 {{(pid=96558) log_opt_values /opt/stack/data/venv/lib/python3.12/site-packages/oslo_config/cfg.py:3253}}
Jul 10 15:03:11.498408 np0000005018 nova-scheduler[96558]: DEBUG cotyledon.oslo_config_glue [-] oslo_messaging_rabbit.kombu_compression = None {{(pid=96558) log_opt_values /opt/stack/data/venv/lib/python3.12/site-packages/oslo_config/cfg.py:3253}}
Jul 10 15:03:11.498408 np0000005018 nova-scheduler[96558]: DEBUG cotyledon.oslo_config_glue [-] oslo_messaging_rabbit.kombu_failover_strategy = round-robin {{(pid=96558) log_opt_values /opt/stack/data/venv/lib/python3.12/site-packages/oslo_config/cfg.py:3253}}
Jul 10 15:03:11.498408 np0000005018 nova-scheduler[96558]: DEBUG cotyledon.oslo_config_glue [-] oslo_messaging_rabbit.kombu_missing_consumer_retry_timeout = 60 {{(pid=96558) log_opt_values /opt/stack/data/venv/lib/python3.12/site-packages/oslo_config/cfg.py:3253}}
Jul 10 15:03:11.498408 np0000005018 nova-scheduler[96558]: DEBUG cotyledon.oslo_config_glue [-] oslo_messaging_rabbit.kombu_reconnect_delay = 1.0 {{(pid=96558) log_opt_values /opt/stack/data/venv/lib/python3.12/site-packages/oslo_config/cfg.py:3253}}
Jul 10 15:03:11.498408 np0000005018 nova-scheduler[96558]: DEBUG cotyledon.oslo_config_glue [-] oslo_messaging_rabbit.kombu_reconnect_splay = 0.0 {{(pid=96558) log_opt_values /opt/stack/data/venv/lib/python3.12/site-packages/oslo_config/cfg.py:3253}}
Jul 10 15:03:11.498408 np0000005018 nova-scheduler[96558]: DEBUG cotyledon.oslo_config_glue [-] oslo_messaging_rabbit.processname = nova-scheduler {{(pid=96558) log_opt_values /opt/stack/data/venv/lib/python3.12/site-packages/oslo_config/cfg.py:3253}}
Jul 10 15:03:11.498408 np0000005018 nova-scheduler[96558]: DEBUG cotyledon.oslo_config_glue [-] oslo_messaging_rabbit.rabbit_ha_queues = False {{(pid=96558) log_opt_values /opt/stack/data/venv/lib/python3.12/site-packages/oslo_config/cfg.py:3253}}
Jul 10 15:03:11.498408 np0000005018 nova-scheduler[96558]: DEBUG cotyledon.oslo_config_glue [-] oslo_messaging_rabbit.rabbit_interval_max = 30 {{(pid=96558) log_opt_values /opt/stack/data/venv/lib/python3.12/site-packages/oslo_config/cfg.py:3253}}
Jul 10 15:03:11.498622 np0000005018 nova-scheduler[96558]: DEBUG cotyledon.oslo_config_glue [-] oslo_messaging_rabbit.rabbit_login_method = AMQPLAIN {{(pid=96558) log_opt_values /opt/stack/data/venv/lib/python3.12/site-packages/oslo_config/cfg.py:3253}}
Jul 10 15:03:11.498622 np0000005018 nova-scheduler[96558]: DEBUG cotyledon.oslo_config_glue [-] oslo_messaging_rabbit.rabbit_qos_prefetch_count = 0 {{(pid=96558) log_opt_values /opt/stack/data/venv/lib/python3.12/site-packages/oslo_config/cfg.py:3253}}
Jul 10 15:03:11.498622 np0000005018 nova-scheduler[96558]: DEBUG cotyledon.oslo_config_glue [-] oslo_messaging_rabbit.rabbit_quorum_delivery_limit = 0 {{(pid=96558) log_opt_values /opt/stack/data/venv/lib/python3.12/site-packages/oslo_config/cfg.py:3253}}
Jul 10 15:03:11.498622 np0000005018 nova-scheduler[96558]: DEBUG cotyledon.oslo_config_glue [-] oslo_messaging_rabbit.rabbit_quorum_max_memory_bytes = 0 {{(pid=96558) log_opt_values /opt/stack/data/venv/lib/python3.12/site-packages/oslo_config/cfg.py:3253}}
Jul 10 15:03:11.498622 np0000005018 nova-scheduler[96558]: DEBUG cotyledon.oslo_config_glue [-] oslo_messaging_rabbit.rabbit_quorum_max_memory_length = 0 {{(pid=96558) log_opt_values /opt/stack/data/venv/lib/python3.12/site-packages/oslo_config/cfg.py:3253}}
Jul 10 15:03:11.498622 np0000005018 nova-scheduler[96558]: DEBUG cotyledon.oslo_config_glue [-] oslo_messaging_rabbit.rabbit_quorum_queue = False {{(pid=96558) log_opt_values /opt/stack/data/venv/lib/python3.12/site-packages/oslo_config/cfg.py:3253}}
Jul 10 15:03:11.498622 np0000005018 nova-scheduler[96558]: DEBUG cotyledon.oslo_config_glue [-] oslo_messaging_rabbit.rabbit_retry_backoff = 2 {{(pid=96558) log_opt_values /opt/stack/data/venv/lib/python3.12/site-packages/oslo_config/cfg.py:3253}}
Jul 10 15:03:11.498622 np0000005018 nova-scheduler[96558]: DEBUG cotyledon.oslo_config_glue [-] oslo_messaging_rabbit.rabbit_retry_interval = 1 {{(pid=96558) log_opt_values /opt/stack/data/venv/lib/python3.12/site-packages/oslo_config/cfg.py:3253}}
Jul 10 15:03:11.498622 np0000005018 nova-scheduler[96558]: DEBUG cotyledon.oslo_config_glue [-] oslo_messaging_rabbit.rabbit_stream_fanout = False {{(pid=96558) log_opt_values /opt/stack/data/venv/lib/python3.12/site-packages/oslo_config/cfg.py:3253}}
Jul 10 15:03:11.498819 np0000005018 nova-scheduler[96558]: DEBUG cotyledon.oslo_config_glue [-] oslo_messaging_rabbit.rabbit_transient_queues_ttl = 1800 {{(pid=96558) log_opt_values /opt/stack/data/venv/lib/python3.12/site-packages/oslo_config/cfg.py:3253}}
Jul 10 15:03:11.498819 np0000005018 nova-scheduler[96558]: DEBUG cotyledon.oslo_config_glue [-] oslo_messaging_rabbit.rabbit_transient_quorum_queue = False {{(pid=96558) log_opt_values /opt/stack/data/venv/lib/python3.12/site-packages/oslo_config/cfg.py:3253}}
Jul 10 15:03:11.498819 np0000005018 nova-scheduler[96558]: DEBUG cotyledon.oslo_config_glue [-] oslo_messaging_rabbit.rpc_conn_pool_size = 30 {{(pid=96558) log_opt_values /opt/stack/data/venv/lib/python3.12/site-packages/oslo_config/cfg.py:3253}}
Jul 10 15:03:11.498819 np0000005018 nova-scheduler[96558]: DEBUG cotyledon.oslo_config_glue [-] oslo_messaging_rabbit.ssl = False {{(pid=96558) log_opt_values /opt/stack/data/venv/lib/python3.12/site-packages/oslo_config/cfg.py:3253}}
Jul 10 15:03:11.498819 np0000005018 nova-scheduler[96558]: DEBUG cotyledon.oslo_config_glue [-] oslo_messaging_rabbit.ssl_ca_file = {{(pid=96558) log_opt_values /opt/stack/data/venv/lib/python3.12/site-packages/oslo_config/cfg.py:3253}}
Jul 10 15:03:11.498819 np0000005018 nova-scheduler[96558]: DEBUG cotyledon.oslo_config_glue [-] oslo_messaging_rabbit.ssl_cert_file = {{(pid=96558) log_opt_values /opt/stack/data/venv/lib/python3.12/site-packages/oslo_config/cfg.py:3253}}
Jul 10 15:03:11.498819 np0000005018 nova-scheduler[96558]: DEBUG cotyledon.oslo_config_glue [-] oslo_messaging_rabbit.ssl_enforce_fips_mode = False {{(pid=96558) log_opt_values /opt/stack/data/venv/lib/python3.12/site-packages/oslo_config/cfg.py:3253}}
Jul 10 15:03:11.498819 np0000005018 nova-scheduler[96558]: DEBUG cotyledon.oslo_config_glue [-] oslo_messaging_rabbit.ssl_enforce_hostname_verification = True {{(pid=96558) log_opt_values /opt/stack/data/venv/lib/python3.12/site-packages/oslo_config/cfg.py:3253}}
Jul 10 15:03:11.498819 np0000005018 nova-scheduler[96558]: DEBUG cotyledon.oslo_config_glue [-] oslo_messaging_rabbit.ssl_key_file = {{(pid=96558) log_opt_values /opt/stack/data/venv/lib/python3.12/site-packages/oslo_config/cfg.py:3253}}
Jul 10 15:03:11.499246 np0000005018 nova-scheduler[96558]: DEBUG cotyledon.oslo_config_glue [-] oslo_messaging_rabbit.ssl_version = {{(pid=96558) log_opt_values /opt/stack/data/venv/lib/python3.12/site-packages/oslo_config/cfg.py:3253}}
Jul 10 15:03:11.499246 np0000005018 nova-scheduler[96558]: DEBUG cotyledon.oslo_config_glue [-] oslo_messaging_rabbit.use_queue_manager = False {{(pid=96558) log_opt_values /opt/stack/data/venv/lib/python3.12/site-packages/oslo_config/cfg.py:3253}}
Jul 10 15:03:11.499246 np0000005018 nova-scheduler[96558]: DEBUG cotyledon.oslo_config_glue [-] oslo_messaging_notifications.driver = ['messagingv2'] {{(pid=96558) log_opt_values /opt/stack/data/venv/lib/python3.12/site-packages/oslo_config/cfg.py:3253}}
Jul 10 15:03:11.499246 np0000005018 nova-scheduler[96558]: DEBUG cotyledon.oslo_config_glue [-] oslo_messaging_notifications.retry = -1 {{(pid=96558) log_opt_values /opt/stack/data/venv/lib/python3.12/site-packages/oslo_config/cfg.py:3253}}
Jul 10 15:03:11.499246 np0000005018 nova-scheduler[96558]: DEBUG cotyledon.oslo_config_glue [-] oslo_messaging_notifications.topics = ['notifications'] {{(pid=96558) log_opt_values /opt/stack/data/venv/lib/python3.12/site-packages/oslo_config/cfg.py:3253}}
Jul 10 15:03:11.499246 np0000005018 nova-scheduler[96558]: DEBUG cotyledon.oslo_config_glue [-] oslo_messaging_notifications.transport_url = **** {{(pid=96558) log_opt_values /opt/stack/data/venv/lib/python3.12/site-packages/oslo_config/cfg.py:3253}}
Jul 10 15:03:11.499246 np0000005018 nova-scheduler[96558]: DEBUG cotyledon.oslo_config_glue [-] oslo_limit.auth_section = None {{(pid=96558) log_opt_values /opt/stack/data/venv/lib/python3.12/site-packages/oslo_config/cfg.py:3253}}
Jul 10 15:03:11.499246 np0000005018 nova-scheduler[96558]: DEBUG cotyledon.oslo_config_glue [-] oslo_limit.auth_type = None {{(pid=96558) log_opt_values /opt/stack/data/venv/lib/python3.12/site-packages/oslo_config/cfg.py:3253}}
Jul 10 15:03:11.499246 np0000005018 nova-scheduler[96558]: DEBUG cotyledon.oslo_config_glue [-] oslo_limit.cafile = None {{(pid=96558) log_opt_values /opt/stack/data/venv/lib/python3.12/site-packages/oslo_config/cfg.py:3253}}
Jul 10 15:03:11.499471 np0000005018 nova-scheduler[96558]: DEBUG cotyledon.oslo_config_glue [-] oslo_limit.certfile = None {{(pid=96558) log_opt_values /opt/stack/data/venv/lib/python3.12/site-packages/oslo_config/cfg.py:3253}}
Jul 10 15:03:11.499471 np0000005018 nova-scheduler[96558]: DEBUG cotyledon.oslo_config_glue [-] oslo_limit.collect_timing = False {{(pid=96558) log_opt_values /opt/stack/data/venv/lib/python3.12/site-packages/oslo_config/cfg.py:3253}}
Jul 10 15:03:11.499471 np0000005018 nova-scheduler[96558]: DEBUG cotyledon.oslo_config_glue [-] oslo_limit.connect_retries = None {{(pid=96558) log_opt_values /opt/stack/data/venv/lib/python3.12/site-packages/oslo_config/cfg.py:3253}}
Jul 10 15:03:11.499471 np0000005018 nova-scheduler[96558]: DEBUG cotyledon.oslo_config_glue [-] oslo_limit.connect_retry_delay = None {{(pid=96558) log_opt_values /opt/stack/data/venv/lib/python3.12/site-packages/oslo_config/cfg.py:3253}}
Jul 10 15:03:11.499471 np0000005018 nova-scheduler[96558]: DEBUG cotyledon.oslo_config_glue [-] oslo_limit.endpoint_id = None {{(pid=96558) log_opt_values /opt/stack/data/venv/lib/python3.12/site-packages/oslo_config/cfg.py:3253}}
Jul 10 15:03:11.499471 np0000005018 nova-scheduler[96558]: DEBUG cotyledon.oslo_config_glue [-] oslo_limit.endpoint_interface = public {{(pid=96558) log_opt_values /opt/stack/data/venv/lib/python3.12/site-packages/oslo_config/cfg.py:3253}}
Jul 10 15:03:11.499471 np0000005018 nova-scheduler[96558]: DEBUG cotyledon.oslo_config_glue [-] oslo_limit.endpoint_override = None {{(pid=96558) log_opt_values /opt/stack/data/venv/lib/python3.12/site-packages/oslo_config/cfg.py:3253}}
Jul 10 15:03:11.499471 np0000005018 nova-scheduler[96558]: DEBUG cotyledon.oslo_config_glue [-] oslo_limit.endpoint_region_name = None {{(pid=96558) log_opt_values /opt/stack/data/venv/lib/python3.12/site-packages/oslo_config/cfg.py:3253}}
Jul 10 15:03:11.499471 np0000005018 nova-scheduler[96558]: DEBUG cotyledon.oslo_config_glue [-] oslo_limit.endpoint_service_name = None {{(pid=96558) log_opt_values /opt/stack/data/venv/lib/python3.12/site-packages/oslo_config/cfg.py:3253}}
Jul 10 15:03:11.499701 np0000005018 nova-scheduler[96558]: DEBUG cotyledon.oslo_config_glue [-] oslo_limit.endpoint_service_type = None {{(pid=96558) log_opt_values /opt/stack/data/venv/lib/python3.12/site-packages/oslo_config/cfg.py:3253}}
Jul 10 15:03:11.499701 np0000005018 nova-scheduler[96558]: DEBUG cotyledon.oslo_config_glue [-] oslo_limit.insecure = False {{(pid=96558) log_opt_values /opt/stack/data/venv/lib/python3.12/site-packages/oslo_config/cfg.py:3253}}
Jul 10 15:03:11.499701 np0000005018 nova-scheduler[96558]: DEBUG cotyledon.oslo_config_glue [-] oslo_limit.keyfile = None {{(pid=96558) log_opt_values /opt/stack/data/venv/lib/python3.12/site-packages/oslo_config/cfg.py:3253}}
Jul 10 15:03:11.499701 np0000005018 nova-scheduler[96558]: DEBUG cotyledon.oslo_config_glue [-] oslo_limit.max_version = None {{(pid=96558) log_opt_values /opt/stack/data/venv/lib/python3.12/site-packages/oslo_config/cfg.py:3253}}
Jul 10 15:03:11.499701 np0000005018 nova-scheduler[96558]: DEBUG cotyledon.oslo_config_glue [-] oslo_limit.min_version = None {{(pid=96558) log_opt_values /opt/stack/data/venv/lib/python3.12/site-packages/oslo_config/cfg.py:3253}}
Jul 10 15:03:11.499701 np0000005018 nova-scheduler[96558]: DEBUG cotyledon.oslo_config_glue [-] oslo_limit.region_name = None {{(pid=96558) log_opt_values /opt/stack/data/venv/lib/python3.12/site-packages/oslo_config/cfg.py:3253}}
Jul 10 15:03:11.499701 np0000005018 nova-scheduler[96558]: DEBUG cotyledon.oslo_config_glue [-] oslo_limit.retriable_status_codes = None {{(pid=96558) log_opt_values /opt/stack/data/venv/lib/python3.12/site-packages/oslo_config/cfg.py:3253}}
Jul 10 15:03:11.499701 np0000005018 nova-scheduler[96558]: DEBUG cotyledon.oslo_config_glue [-] oslo_limit.service_name = None {{(pid=96558) log_opt_values /opt/stack/data/venv/lib/python3.12/site-packages/oslo_config/cfg.py:3253}}
Jul 10 15:03:11.499701 np0000005018 nova-scheduler[96558]: DEBUG cotyledon.oslo_config_glue [-] oslo_limit.service_type = None {{(pid=96558) log_opt_values /opt/stack/data/venv/lib/python3.12/site-packages/oslo_config/cfg.py:3253}}
Jul 10 15:03:11.499880 np0000005018 nova-scheduler[96558]: DEBUG cotyledon.oslo_config_glue [-] oslo_limit.split_loggers = False {{(pid=96558) log_opt_values /opt/stack/data/venv/lib/python3.12/site-packages/oslo_config/cfg.py:3253}}
Jul 10 15:03:11.499880 np0000005018 nova-scheduler[96558]: DEBUG cotyledon.oslo_config_glue [-] oslo_limit.status_code_retries = None {{(pid=96558) log_opt_values /opt/stack/data/venv/lib/python3.12/site-packages/oslo_config/cfg.py:3253}}
Jul 10 15:03:11.499880 np0000005018 nova-scheduler[96558]: DEBUG cotyledon.oslo_config_glue [-] oslo_limit.status_code_retry_delay = None {{(pid=96558) log_opt_values /opt/stack/data/venv/lib/python3.12/site-packages/oslo_config/cfg.py:3253}}
Jul 10 15:03:11.499880 np0000005018 nova-scheduler[96558]: DEBUG cotyledon.oslo_config_glue [-] oslo_limit.timeout = None {{(pid=96558) log_opt_values /opt/stack/data/venv/lib/python3.12/site-packages/oslo_config/cfg.py:3253}}
Jul 10 15:03:11.499880 np0000005018 nova-scheduler[96558]: DEBUG cotyledon.oslo_config_glue [-] oslo_limit.valid_interfaces = None {{(pid=96558) log_opt_values /opt/stack/data/venv/lib/python3.12/site-packages/oslo_config/cfg.py:3253}}
Jul 10 15:03:11.499880 np0000005018 nova-scheduler[96558]: DEBUG cotyledon.oslo_config_glue [-] oslo_limit.version = None {{(pid=96558) log_opt_values /opt/stack/data/venv/lib/python3.12/site-packages/oslo_config/cfg.py:3253}}
Jul 10 15:03:11.499880 np0000005018 nova-scheduler[96558]: DEBUG cotyledon.oslo_config_glue [-] oslo_reports.file_event_handler = None {{(pid=96558) log_opt_values /opt/stack/data/venv/lib/python3.12/site-packages/oslo_config/cfg.py:3253}}
Jul 10 15:03:11.499880 np0000005018 nova-scheduler[96558]: DEBUG cotyledon.oslo_config_glue [-] oslo_reports.file_event_handler_interval = 1 {{(pid=96558) log_opt_values /opt/stack/data/venv/lib/python3.12/site-packages/oslo_config/cfg.py:3253}}
Jul 10 15:03:11.499880 np0000005018 nova-scheduler[96558]: DEBUG cotyledon.oslo_config_glue [-] oslo_reports.log_dir = None {{(pid=96558) log_opt_values /opt/stack/data/venv/lib/python3.12/site-packages/oslo_config/cfg.py:3253}}
Jul 10 15:03:11.500090 np0000005018 nova-scheduler[96558]: DEBUG cotyledon.oslo_config_glue [-] ******************************************************************************** {{(pid=96558) log_opt_values /opt/stack/data/venv/lib/python3.12/site-packages/oslo_config/cfg.py:3260}}
Jul 10 15:03:11.500090 np0000005018 nova-scheduler[96558]: DEBUG cotyledon._service_worker [-] Run service ServiceWrapper(3) [96558] {{(pid=96558) wait_forever /opt/stack/data/venv/lib/python3.12/site-packages/cotyledon/_service_worker.py:218}}
Jul 10 15:03:11.500090 np0000005018 nova-scheduler[96558]: INFO nova.service [-] Starting scheduler node (version 33.1.0)
Jul 10 15:03:11.500153 np0000005018 nova-scheduler[96525]: DEBUG nova.service [None req-02ade8e8-fe71-4c87-aa27-6f07ebd626f0 None None] Creating RPC server for service: nova-scheduler on topic: scheduler {{(pid=96525) start /opt/stack/nova/nova/service.py:196}}
Jul 10 15:03:11.500187 np0000005018 nova-scheduler[96558]: INFO dbcounter [None req-9dd610a0-96a4-4d91-90f7-760b2a1a363c None None] Registered counter for database nova_cell0
Jul 10 15:03:11.500221 np0000005018 nova-scheduler[96527]: DEBUG oslo_db.sqlalchemy.engines [None req-68845657-7262-4aae-ad5e-2bc2c5f0f2a7 None None] MySQL server mode set to STRICT_TRANS_TABLES,STRICT_ALL_TABLES,NO_ZERO_IN_DATE,NO_ZERO_DATE,ERROR_FOR_DIVISION_BY_ZERO,TRADITIONAL,NO_ENGINE_SUBSTITUTION {{(pid=96527) _check_effective_sql_mode /opt/stack/data/venv/lib/python3.12/site-packages/oslo_db/sqlalchemy/engines.py:325}}
Jul 10 15:03:11.500926 np0000005018 nova-scheduler[96527]: DEBUG dbcounter [-] [96527] Writer thread running {{(pid=96527) stat_writer /opt/stack/data/venv/lib/python3.12/site-packages/dbcounter.py:102}}
Jul 10 15:03:11.501457 np0000005018 nova-scheduler[96549]: DEBUG oslo_db.sqlalchemy.engines [None req-c10ddbc2-74bf-4ef8-bfe7-eeedae00d91f None None] MySQL server mode set to STRICT_TRANS_TABLES,STRICT_ALL_TABLES,NO_ZERO_IN_DATE,NO_ZERO_DATE,ERROR_FOR_DIVISION_BY_ZERO,TRADITIONAL,NO_ENGINE_SUBSTITUTION {{(pid=96549) _check_effective_sql_mode /opt/stack/data/venv/lib/python3.12/site-packages/oslo_db/sqlalchemy/engines.py:325}}
Jul 10 15:03:11.503956 np0000005018 nova-scheduler[96527]: DEBUG nova.service [None req-68845657-7262-4aae-ad5e-2bc2c5f0f2a7 None None] Creating RPC server for service: nova-scheduler on topic: scheduler {{(pid=96527) start /opt/stack/nova/nova/service.py:196}}
Jul 10 15:03:11.505159 np0000005018 nova-scheduler[96525]: DEBUG nova.service [None req-02ade8e8-fe71-4c87-aa27-6f07ebd626f0 None None] Join ServiceGroup membership for this service scheduler {{(pid=96525) start /opt/stack/nova/nova/service.py:222}}
Jul 10 15:03:11.505559 np0000005018 nova-scheduler[96525]: DEBUG nova.servicegroup.drivers.db [None req-02ade8e8-fe71-4c87-aa27-6f07ebd626f0 None None] DB_Driver: join new ServiceGroup member np0000005018 to the scheduler group, service = {{(pid=96525) join /opt/stack/nova/nova/servicegroup/drivers/db.py:44}}
Jul 10 15:03:11.511384 np0000005018 nova-scheduler[96549]: DEBUG dbcounter [-] [96549] Writer thread running {{(pid=96549) stat_writer /opt/stack/data/venv/lib/python3.12/site-packages/dbcounter.py:102}}
Jul 10 15:03:11.514346 np0000005018 nova-scheduler[96549]: DEBUG nova.service [None req-c10ddbc2-74bf-4ef8-bfe7-eeedae00d91f None None] Creating RPC server for service: nova-scheduler on topic: scheduler {{(pid=96549) start /opt/stack/nova/nova/service.py:196}}
Jul 10 15:03:11.521778 np0000005018 nova-scheduler[96558]: DEBUG oslo_db.sqlalchemy.engines [None req-9dd610a0-96a4-4d91-90f7-760b2a1a363c None None] MySQL server mode set to STRICT_TRANS_TABLES,STRICT_ALL_TABLES,NO_ZERO_IN_DATE,NO_ZERO_DATE,ERROR_FOR_DIVISION_BY_ZERO,TRADITIONAL,NO_ENGINE_SUBSTITUTION {{(pid=96558) _check_effective_sql_mode /opt/stack/data/venv/lib/python3.12/site-packages/oslo_db/sqlalchemy/engines.py:325}}
Jul 10 15:03:11.526756 np0000005018 nova-scheduler[96527]: DEBUG nova.service [None req-68845657-7262-4aae-ad5e-2bc2c5f0f2a7 None None] Join ServiceGroup membership for this service scheduler {{(pid=96527) start /opt/stack/nova/nova/service.py:222}}
Jul 10 15:03:11.526983 np0000005018 nova-scheduler[96527]: DEBUG nova.servicegroup.drivers.db [None req-68845657-7262-4aae-ad5e-2bc2c5f0f2a7 None None] DB_Driver: join new ServiceGroup member np0000005018 to the scheduler group, service = {{(pid=96527) join /opt/stack/nova/nova/servicegroup/drivers/db.py:44}}
Jul 10 15:03:11.530929 np0000005018 nova-scheduler[96558]: DEBUG dbcounter [-] [96558] Writer thread running {{(pid=96558) stat_writer /opt/stack/data/venv/lib/python3.12/site-packages/dbcounter.py:102}}
Jul 10 15:03:11.533608 np0000005018 nova-scheduler[96558]: DEBUG nova.service [None req-9dd610a0-96a4-4d91-90f7-760b2a1a363c None None] Creating RPC server for service: nova-scheduler on topic: scheduler {{(pid=96558) start /opt/stack/nova/nova/service.py:196}}
Jul 10 15:03:11.536073 np0000005018 nova-scheduler[96549]: DEBUG nova.service [None req-c10ddbc2-74bf-4ef8-bfe7-eeedae00d91f None None] Join ServiceGroup membership for this service scheduler {{(pid=96549) start /opt/stack/nova/nova/service.py:222}}
Jul 10 15:03:11.536251 np0000005018 nova-scheduler[96549]: DEBUG nova.servicegroup.drivers.db [None req-c10ddbc2-74bf-4ef8-bfe7-eeedae00d91f None None] DB_Driver: join new ServiceGroup member np0000005018 to the scheduler group, service = {{(pid=96549) join /opt/stack/nova/nova/servicegroup/drivers/db.py:44}}
Jul 10 15:03:11.551677 np0000005018 nova-scheduler[96558]: DEBUG nova.service [None req-9dd610a0-96a4-4d91-90f7-760b2a1a363c None None] Join ServiceGroup membership for this service scheduler {{(pid=96558) start /opt/stack/nova/nova/service.py:222}}
Jul 10 15:03:11.551833 np0000005018 nova-scheduler[96558]: DEBUG nova.servicegroup.drivers.db [None req-9dd610a0-96a4-4d91-90f7-760b2a1a363c None None] DB_Driver: join new ServiceGroup member np0000005018 to the scheduler group, service = {{(pid=96558) join /opt/stack/nova/nova/servicegroup/drivers/db.py:44}}
Jul 10 15:03:16.521583 np0000005018 nova-scheduler[96525]: DEBUG oslo.service.backend._threading.loopingcall [-] Fixed interval looping call 'nova.servicegroup.drivers.db.DbDriver._report_state' sleeping for 119.99 seconds {{(pid=96525) _run_loop /opt/stack/data/venv/lib/python3.12/site-packages/oslo_service/backend/_threading/loopingcall.py:125}}
Jul 10 15:03:16.537388 np0000005018 nova-scheduler[96527]: DEBUG oslo.service.backend._threading.loopingcall [-] Fixed interval looping call 'nova.servicegroup.drivers.db.DbDriver._report_state' sleeping for 119.99 seconds {{(pid=96527) _run_loop /opt/stack/data/venv/lib/python3.12/site-packages/oslo_service/backend/_threading/loopingcall.py:125}}
Jul 10 15:03:16.546315 np0000005018 nova-scheduler[96549]: DEBUG oslo.service.backend._threading.loopingcall [-] Fixed interval looping call 'nova.servicegroup.drivers.db.DbDriver._report_state' sleeping for 119.99 seconds {{(pid=96549) _run_loop /opt/stack/data/venv/lib/python3.12/site-packages/oslo_service/backend/_threading/loopingcall.py:125}}
Jul 10 15:03:16.562658 np0000005018 nova-scheduler[96558]: DEBUG oslo.service.backend._threading.loopingcall [-] Fixed interval looping call 'nova.servicegroup.drivers.db.DbDriver._report_state' sleeping for 119.99 seconds {{(pid=96558) _run_loop /opt/stack/data/venv/lib/python3.12/site-packages/oslo_service/backend/_threading/loopingcall.py:125}}
Jul 10 15:03:20.108844 np0000005018 nova-scheduler[95279]: DEBUG dbcounter [-] [95279] Writing DB stats nova_api:SELECT=3 {{(pid=95279) stat_writer /opt/stack/data/venv/lib/python3.12/site-packages/dbcounter.py:115}}
Jul 10 15:03:20.236999 np0000005018 nova-scheduler[95279]: DEBUG dbcounter [-] [95279] Writing DB stats nova_cell0:SELECT=1 {{(pid=95279) stat_writer /opt/stack/data/venv/lib/python3.12/site-packages/dbcounter.py:115}}
Jul 10 15:03:20.241009 np0000005018 nova-scheduler[95279]: DEBUG dbcounter [-] [95279] Writing DB stats nova_cell1:SELECT=1 {{(pid=95279) stat_writer /opt/stack/data/venv/lib/python3.12/site-packages/dbcounter.py:115}}
Jul 10 15:03:22.538825 np0000005018 nova-scheduler[96549]: DEBUG oslo.service.backend._threading.loopingcall [None req-d210a6e8-5143-44f9-8c4b-0068924e0f34 None None] Dynamic interval looping call 'nova.service.Service.periodic_tasks' sleeping for 60.00 seconds {{(pid=96549) _run_loop /opt/stack/data/venv/lib/python3.12/site-packages/oslo_service/backend/_threading/loopingcall.py:125}}
Jul 10 15:03:26.517646 np0000005018 nova-scheduler[96525]: DEBUG dbcounter [-] [96525] Writing DB stats nova_cell0:SELECT=4,nova_cell0:INSERT=1,nova_cell0:UPDATE=1 {{(pid=96525) stat_writer /opt/stack/data/venv/lib/python3.12/site-packages/dbcounter.py:115}}
Jul 10 15:03:26.534637 np0000005018 nova-scheduler[96527]: DEBUG dbcounter [-] [96527] Writing DB stats nova_cell0:SELECT=3 {{(pid=96527) stat_writer /opt/stack/data/venv/lib/python3.12/site-packages/dbcounter.py:115}}
Jul 10 15:03:26.543971 np0000005018 nova-scheduler[96549]: DEBUG dbcounter [-] [96549] Writing DB stats nova_cell0:SELECT=3 {{(pid=96549) stat_writer /opt/stack/data/venv/lib/python3.12/site-packages/dbcounter.py:115}}
Jul 10 15:03:26.559415 np0000005018 nova-scheduler[96558]: DEBUG dbcounter [-] [96558] Writing DB stats nova_cell0:SELECT=3 {{(pid=96558) stat_writer /opt/stack/data/venv/lib/python3.12/site-packages/dbcounter.py:115}}
Jul 10 15:03:31.553827 np0000005018 nova-scheduler[96558]: DEBUG oslo.service.backend._threading.loopingcall [None req-e0e727dd-5971-46db-80c2-e76efc00c6a1 None None] Dynamic interval looping call 'nova.service.Service.periodic_tasks' sleeping for 60.00 seconds {{(pid=96558) _run_loop /opt/stack/data/venv/lib/python3.12/site-packages/oslo_service/backend/_threading/loopingcall.py:125}}
Jul 10 15:03:51.529129 np0000005018 nova-scheduler[96527]: DEBUG oslo.service.backend._threading.loopingcall [None req-d7191e29-85cb-451b-abc3-6b0ddb3404ad None None] Dynamic interval looping call 'nova.service.Service.periodic_tasks' sleeping for 60.00 seconds {{(pid=96527) _run_loop /opt/stack/data/venv/lib/python3.12/site-packages/oslo_service/backend/_threading/loopingcall.py:125}}
Jul 10 15:03:59.508186 np0000005018 nova-scheduler[96525]: DEBUG oslo.service.backend._threading.loopingcall [None req-6a52b666-84f7-48f1-95e5-9a67528547dd None None] Dynamic interval looping call 'nova.service.Service.periodic_tasks' sleeping for 60.00 seconds {{(pid=96525) _run_loop /opt/stack/data/venv/lib/python3.12/site-packages/oslo_service/backend/_threading/loopingcall.py:125}}
Jul 10 15:04:22.539422 np0000005018 nova-scheduler[96549]: DEBUG oslo.service.backend._threading.loopingcall [None req-d210a6e8-5143-44f9-8c4b-0068924e0f34 None None] Dynamic interval looping call 'nova.service.Service.periodic_tasks' sleeping for 60.00 seconds {{(pid=96549) _run_loop /opt/stack/data/venv/lib/python3.12/site-packages/oslo_service/backend/_threading/loopingcall.py:125}}
Jul 10 15:04:31.554472 np0000005018 nova-scheduler[96558]: DEBUG oslo.service.backend._threading.loopingcall [None req-e0e727dd-5971-46db-80c2-e76efc00c6a1 None None] Dynamic interval looping call 'nova.service.Service.periodic_tasks' sleeping for 60.00 seconds {{(pid=96558) _run_loop /opt/stack/data/venv/lib/python3.12/site-packages/oslo_service/backend/_threading/loopingcall.py:125}}
Jul 10 15:04:51.529698 np0000005018 nova-scheduler[96527]: DEBUG oslo.service.backend._threading.loopingcall [None req-d7191e29-85cb-451b-abc3-6b0ddb3404ad None None] Dynamic interval looping call 'nova.service.Service.periodic_tasks' sleeping for 60.00 seconds {{(pid=96527) _run_loop /opt/stack/data/venv/lib/python3.12/site-packages/oslo_service/backend/_threading/loopingcall.py:125}}
Jul 10 15:04:59.508853 np0000005018 nova-scheduler[96525]: DEBUG oslo.service.backend._threading.loopingcall [None req-6a52b666-84f7-48f1-95e5-9a67528547dd None None] Dynamic interval looping call 'nova.service.Service.periodic_tasks' sleeping for 60.00 seconds {{(pid=96525) _run_loop /opt/stack/data/venv/lib/python3.12/site-packages/oslo_service/backend/_threading/loopingcall.py:125}}
Jul 10 15:05:16.518134 np0000005018 nova-scheduler[96525]: DEBUG oslo.service.backend._threading.loopingcall [-] Fixed interval looping call 'nova.servicegroup.drivers.db.DbDriver._report_state' sleeping for 119.99 seconds {{(pid=96525) _run_loop /opt/stack/data/venv/lib/python3.12/site-packages/oslo_service/backend/_threading/loopingcall.py:125}}
Jul 10 15:05:16.530575 np0000005018 nova-scheduler[96527]: DEBUG oslo.service.backend._threading.loopingcall [-] Fixed interval looping call 'nova.servicegroup.drivers.db.DbDriver._report_state' sleeping for 120.00 seconds {{(pid=96527) _run_loop /opt/stack/data/venv/lib/python3.12/site-packages/oslo_service/backend/_threading/loopingcall.py:125}}
Jul 10 15:05:16.539922 np0000005018 nova-scheduler[96549]: DEBUG oslo.service.backend._threading.loopingcall [-] Fixed interval looping call 'nova.servicegroup.drivers.db.DbDriver._report_state' sleeping for 120.00 seconds {{(pid=96549) _run_loop /opt/stack/data/venv/lib/python3.12/site-packages/oslo_service/backend/_threading/loopingcall.py:125}}
Jul 10 15:05:16.556107 np0000005018 nova-scheduler[96558]: DEBUG oslo.service.backend._threading.loopingcall [-] Fixed interval looping call 'nova.servicegroup.drivers.db.DbDriver._report_state' sleeping for 120.00 seconds {{(pid=96558) _run_loop /opt/stack/data/venv/lib/python3.12/site-packages/oslo_service/backend/_threading/loopingcall.py:125}}
Jul 10 15:05:22.539886 np0000005018 nova-scheduler[96549]: DEBUG oslo.service.backend._threading.loopingcall [None req-d210a6e8-5143-44f9-8c4b-0068924e0f34 None None] Dynamic interval looping call 'nova.service.Service.periodic_tasks' sleeping for 60.00 seconds {{(pid=96549) _run_loop /opt/stack/data/venv/lib/python3.12/site-packages/oslo_service/backend/_threading/loopingcall.py:125}}
Jul 10 15:05:26.515430 np0000005018 nova-scheduler[96525]: DEBUG dbcounter [-] [96525] Writing DB stats nova_cell0:SELECT=1,nova_cell0:UPDATE=1 {{(pid=96525) stat_writer /opt/stack/data/venv/lib/python3.12/site-packages/dbcounter.py:115}}
Jul 10 15:05:26.529163 np0000005018 nova-scheduler[96527]: DEBUG dbcounter [-] [96527] Writing DB stats nova_cell0:SELECT=1 {{(pid=96527) stat_writer /opt/stack/data/venv/lib/python3.12/site-packages/dbcounter.py:115}}
Jul 10 15:05:26.538093 np0000005018 nova-scheduler[96549]: DEBUG dbcounter [-] [96549] Writing DB stats nova_cell0:SELECT=1 {{(pid=96549) stat_writer /opt/stack/data/venv/lib/python3.12/site-packages/dbcounter.py:115}}
Jul 10 15:05:26.554704 np0000005018 nova-scheduler[96558]: DEBUG dbcounter [-] [96558] Writing DB stats nova_cell0:SELECT=1 {{(pid=96558) stat_writer /opt/stack/data/venv/lib/python3.12/site-packages/dbcounter.py:115}}
Jul 10 15:05:31.555200 np0000005018 nova-scheduler[96558]: DEBUG oslo.service.backend._threading.loopingcall [None req-e0e727dd-5971-46db-80c2-e76efc00c6a1 None None] Dynamic interval looping call 'nova.service.Service.periodic_tasks' sleeping for 60.00 seconds {{(pid=96558) _run_loop /opt/stack/data/venv/lib/python3.12/site-packages/oslo_service/backend/_threading/loopingcall.py:125}}
Jul 10 15:05:36.199302 np0000005018 nova-scheduler[96525]: DEBUG nova.scheduler.manager [None req-8d6f03f1-65f4-4cf4-95cf-326e2546110d tempest-ServerRescueNegativeTestJSON-1937180765 tempest-ServerRescueNegativeTestJSON-1937180765-project-member] Starting to schedule for instances: ['89987271-a0a4-4622-9bd7-7c356b686b75'] {{(pid=96525) select_destinations /opt/stack/nova/nova/scheduler/manager.py:209}}
Jul 10 15:05:36.200258 np0000005018 nova-scheduler[96525]: DEBUG nova.scheduler.request_filter [None req-8d6f03f1-65f4-4cf4-95cf-326e2546110d tempest-ServerRescueNegativeTestJSON-1937180765 tempest-ServerRescueNegativeTestJSON-1937180765-project-member] compute_status_filter request filter added forbidden trait COMPUTE_STATUS_DISABLED {{(pid=96525) compute_status_filter /opt/stack/nova/nova/scheduler/request_filter.py:253}}
Jul 10 15:05:36.200524 np0000005018 nova-scheduler[96525]: DEBUG nova.scheduler.request_filter [None req-8d6f03f1-65f4-4cf4-95cf-326e2546110d tempest-ServerRescueNegativeTestJSON-1937180765 tempest-ServerRescueNegativeTestJSON-1937180765-project-member] Request filter 'compute_status_filter' took 0.0 seconds {{(pid=96525) wrapper /opt/stack/nova/nova/scheduler/request_filter.py:46}}
Jul 10 15:05:36.200837 np0000005018 nova-scheduler[96525]: DEBUG nova.scheduler.request_filter [None req-8d6f03f1-65f4-4cf4-95cf-326e2546110d tempest-ServerRescueNegativeTestJSON-1937180765 tempest-ServerRescueNegativeTestJSON-1937180765-project-member] Request filter 'accelerators_filter' took 0.0 seconds {{(pid=96525) wrapper /opt/stack/nova/nova/scheduler/request_filter.py:46}}
Jul 10 15:05:36.201003 np0000005018 nova-scheduler[96525]: DEBUG nova.scheduler.request_filter [None req-8d6f03f1-65f4-4cf4-95cf-326e2546110d tempest-ServerRescueNegativeTestJSON-1937180765 tempest-ServerRescueNegativeTestJSON-1937180765-project-member] Request filter 'packed_virtqueue_filter' took 0.0 seconds {{(pid=96525) wrapper /opt/stack/nova/nova/scheduler/request_filter.py:46}}
Jul 10 15:05:36.201332 np0000005018 nova-scheduler[96525]: DEBUG nova.scheduler.request_filter [None req-8d6f03f1-65f4-4cf4-95cf-326e2546110d tempest-ServerRescueNegativeTestJSON-1937180765 tempest-ServerRescueNegativeTestJSON-1937180765-project-member] Request filter 'remote_managed_ports_filter' took 0.0 seconds {{(pid=96525) wrapper /opt/stack/nova/nova/scheduler/request_filter.py:46}}
Jul 10 15:05:36.201527 np0000005018 nova-scheduler[96525]: DEBUG nova.scheduler.request_filter [None req-8d6f03f1-65f4-4cf4-95cf-326e2546110d tempest-ServerRescueNegativeTestJSON-1937180765 tempest-ServerRescueNegativeTestJSON-1937180765-project-member] ephemeral_encryption_filter skipped {{(pid=96525) ephemeral_encryption_filter /opt/stack/nova/nova/scheduler/request_filter.py:426}}
Jul 10 15:05:36.201663 np0000005018 nova-scheduler[96525]: DEBUG nova.scheduler.request_filter [None req-8d6f03f1-65f4-4cf4-95cf-326e2546110d tempest-ServerRescueNegativeTestJSON-1937180765 tempest-ServerRescueNegativeTestJSON-1937180765-project-member] virtio_sound_filter skipped {{(pid=96525) virtio_sound_filter /opt/stack/nova/nova/scheduler/request_filter.py:460}}
Jul 10 15:05:36.201796 np0000005018 nova-scheduler[96525]: DEBUG nova.scheduler.request_filter [None req-8d6f03f1-65f4-4cf4-95cf-326e2546110d tempest-ServerRescueNegativeTestJSON-1937180765 tempest-ServerRescueNegativeTestJSON-1937180765-project-member] tpm_secret_security_filter skipped {{(pid=96525) tpm_secret_security_filter /opt/stack/nova/nova/scheduler/request_filter.py:477}}
Jul 10 15:05:36.746477 np0000005018 nova-scheduler[96525]: INFO nova.utils [None req-8d6f03f1-65f4-4cf4-95cf-326e2546110d tempest-ServerRescueNegativeTestJSON-1937180765 tempest-ServerRescueNegativeTestJSON-1937180765-project-member] The cell worker thread pool ForkProcess-1.cell_worker is initialized
Jul 10 15:05:36.746976 np0000005018 nova-scheduler[96525]: DEBUG oslo_concurrency.lockutils [None req-8d6f03f1-65f4-4cf4-95cf-326e2546110d tempest-ServerRescueNegativeTestJSON-1937180765 tempest-ServerRescueNegativeTestJSON-1937180765-project-member] Acquiring lock "b970e372-657a-4f78-968b-9beeba0ef4d7" by "nova.context.set_target_cell..get_or_set_cached_cell_and_set_connections" {{(pid=96525) inner /opt/stack/data/venv/lib/python3.12/site-packages/oslo_concurrency/lockutils.py:511}}
Jul 10 15:05:36.747096 np0000005018 nova-scheduler[96525]: DEBUG oslo_concurrency.lockutils [None req-8d6f03f1-65f4-4cf4-95cf-326e2546110d tempest-ServerRescueNegativeTestJSON-1937180765 tempest-ServerRescueNegativeTestJSON-1937180765-project-member] Lock "b970e372-657a-4f78-968b-9beeba0ef4d7" acquired by "nova.context.set_target_cell..get_or_set_cached_cell_and_set_connections" :: waited 0.000s {{(pid=96525) inner /opt/stack/data/venv/lib/python3.12/site-packages/oslo_concurrency/lockutils.py:524}}
Jul 10 15:05:36.748594 np0000005018 nova-scheduler[96525]: DEBUG oslo_concurrency.lockutils [None req-8d6f03f1-65f4-4cf4-95cf-326e2546110d tempest-ServerRescueNegativeTestJSON-1937180765 tempest-ServerRescueNegativeTestJSON-1937180765-project-member] Lock "b970e372-657a-4f78-968b-9beeba0ef4d7" "released" by "nova.context.set_target_cell..get_or_set_cached_cell_and_set_connections" :: held 0.001s {{(pid=96525) inner /opt/stack/data/venv/lib/python3.12/site-packages/oslo_concurrency/lockutils.py:543}}
Jul 10 15:05:36.750140 np0000005018 nova-scheduler[96525]: INFO dbcounter [None req-8d6f03f1-65f4-4cf4-95cf-326e2546110d tempest-ServerRescueNegativeTestJSON-1937180765 tempest-ServerRescueNegativeTestJSON-1937180765-project-member] Registered counter for database nova_cell1
Jul 10 15:05:36.792996 np0000005018 nova-scheduler[96525]: DEBUG oslo_db.sqlalchemy.engines [None req-8d6f03f1-65f4-4cf4-95cf-326e2546110d tempest-ServerRescueNegativeTestJSON-1937180765 tempest-ServerRescueNegativeTestJSON-1937180765-project-member] MySQL server mode set to STRICT_TRANS_TABLES,STRICT_ALL_TABLES,NO_ZERO_IN_DATE,NO_ZERO_DATE,ERROR_FOR_DIVISION_BY_ZERO,TRADITIONAL,NO_ENGINE_SUBSTITUTION {{(pid=96525) _check_effective_sql_mode /opt/stack/data/venv/lib/python3.12/site-packages/oslo_db/sqlalchemy/engines.py:325}}
Jul 10 15:05:36.798099 np0000005018 nova-scheduler[96525]: DEBUG dbcounter [-] [96525] Writer thread running {{(pid=96525) stat_writer /opt/stack/data/venv/lib/python3.12/site-packages/dbcounter.py:102}}
Jul 10 15:05:36.811842 np0000005018 nova-scheduler[96525]: DEBUG oslo_db.sqlalchemy.engines [None req-8d6f03f1-65f4-4cf4-95cf-326e2546110d tempest-ServerRescueNegativeTestJSON-1937180765 tempest-ServerRescueNegativeTestJSON-1937180765-project-member] Parent process 95279 forked (96525) with an open database connection, which is being discarded and recreated. {{(pid=96525) checkout /opt/stack/data/venv/lib/python3.12/site-packages/oslo_db/sqlalchemy/engines.py:402}}
Jul 10 15:05:36.868138 np0000005018 nova-scheduler[96525]: DEBUG dbcounter [-] [96525] Writer thread running {{(pid=96525) stat_writer /opt/stack/data/venv/lib/python3.12/site-packages/dbcounter.py:102}}
Jul 10 15:05:36.871098 np0000005018 nova-scheduler[96525]: DEBUG oslo_concurrency.lockutils [None req-8d6f03f1-65f4-4cf4-95cf-326e2546110d tempest-ServerRescueNegativeTestJSON-1937180765 tempest-ServerRescueNegativeTestJSON-1937180765-project-member] Acquiring lock "b970e372-657a-4f78-968b-9beeba0ef4d7" by "nova.context.set_target_cell..get_or_set_cached_cell_and_set_connections" {{(pid=96525) inner /opt/stack/data/venv/lib/python3.12/site-packages/oslo_concurrency/lockutils.py:511}}
Jul 10 15:05:36.871309 np0000005018 nova-scheduler[96525]: DEBUG oslo_concurrency.lockutils [None req-8d6f03f1-65f4-4cf4-95cf-326e2546110d tempest-ServerRescueNegativeTestJSON-1937180765 tempest-ServerRescueNegativeTestJSON-1937180765-project-member] Lock "b970e372-657a-4f78-968b-9beeba0ef4d7" acquired by "nova.context.set_target_cell..get_or_set_cached_cell_and_set_connections" :: waited 0.000s {{(pid=96525) inner /opt/stack/data/venv/lib/python3.12/site-packages/oslo_concurrency/lockutils.py:524}}
Jul 10 15:05:36.871447 np0000005018 nova-scheduler[96525]: DEBUG oslo_concurrency.lockutils [None req-8d6f03f1-65f4-4cf4-95cf-326e2546110d tempest-ServerRescueNegativeTestJSON-1937180765 tempest-ServerRescueNegativeTestJSON-1937180765-project-member] Lock "b970e372-657a-4f78-968b-9beeba0ef4d7" "released" by "nova.context.set_target_cell..get_or_set_cached_cell_and_set_connections" :: held 0.000s {{(pid=96525) inner /opt/stack/data/venv/lib/python3.12/site-packages/oslo_concurrency/lockutils.py:543}}
Jul 10 15:05:36.875869 np0000005018 nova-scheduler[96525]: DEBUG oslo_concurrency.lockutils [None req-8d6f03f1-65f4-4cf4-95cf-326e2546110d tempest-ServerRescueNegativeTestJSON-1937180765 tempest-ServerRescueNegativeTestJSON-1937180765-project-member] Acquiring lock "np0000005018-np0000005018" by "nova.scheduler.host_manager.HostState.update.._locked_update" {{(pid=96525) inner /opt/stack/data/venv/lib/python3.12/site-packages/oslo_concurrency/lockutils.py:511}}
Jul 10 15:05:36.875978 np0000005018 nova-scheduler[96525]: DEBUG oslo_concurrency.lockutils [None req-8d6f03f1-65f4-4cf4-95cf-326e2546110d tempest-ServerRescueNegativeTestJSON-1937180765 tempest-ServerRescueNegativeTestJSON-1937180765-project-member] Lock "np0000005018-np0000005018" acquired by "nova.scheduler.host_manager.HostState.update.._locked_update" :: waited 0.000s {{(pid=96525) inner /opt/stack/data/venv/lib/python3.12/site-packages/oslo_concurrency/lockutils.py:524}}
