Aug 19 21:22:45.940634 np0000007811 devstack@c-api.service[96974]: INFO cinder.api.openstack.wsgi [None req-8ee2a822-26c0-4cfc-a91d-e1a54586beb8 tempest-TaggedBootDevicesTest-847806805 tempest-TaggedBootDevicesTest-847806805-project-member] https://10.4.3.91/volume/v3/volumes/25953c86-4a14-421c-a7f3-4fd85e9f8433 returned with HTTP 200
Aug 19 21:22:45.941660 np0000007811 devstack@c-api.service[96974]: [pid: 96974|app: 0|req: 100/304] 10.4.3.91 () {66 vars in 1341 bytes} [Wed Aug 19 21:22:45 2026] GET /volume/v3/volumes/25953c86-4a14-421c-a7f3-4fd85e9f8433 => generated 842 bytes in 39 msecs (HTTP/1.1 200) 7 headers in 285 bytes (1 switches on core 0)
Aug 19 21:22:45.944975 np0000007811 devstack@c-api.service[96975]: INFO cinder.api.openstack.wsgi [None req-27cb588f-d325-4941-ac14-82c9b43e8086 tempest-QosSpecsTestJSON-1449539531 tempest-QosSpecsTestJSON-1449539531-project-admin] https://10.4.3.91/volume/v3/types/b524d8ce-0ff3-43e5-a41d-4b1e50f36d16 returned with HTTP 202
Aug 19 21:22:45.945672 np0000007811 devstack@c-api.service[96975]: [pid: 96975|app: 0|req: 101/305] 10.4.3.91 () {66 vars in 1338 bytes} [Wed Aug 19 21:22:45 2026] DELETE /volume/v3/types/b524d8ce-0ff3-43e5-a41d-4b1e50f36d16 => generated 0 bytes in 61 msecs (HTTP/1.1 202) 6 headers in 233 bytes (1 switches on core 0)
Aug 19 21:22:45.961980 np0000007811 devstack@c-api.service[96976]: INFO cinder.api.openstack.wsgi [None req-b9a2d171-3f0e-4757-acc5-28c2a69c9f15 tempest-GroupTypesTest-818429817 tempest-GroupTypesTest-818429817-project-admin] https://10.4.3.91/volume/v3/group_types returned with HTTP 200
Aug 19 21:22:45.961980 np0000007811 devstack@c-api.service[96976]: [pid: 96976|app: 0|req: 105/306] 10.4.3.91 () {68 vars in 1283 bytes} [Wed Aug 19 21:22:45 2026] GET /volume/v3/group_types => generated 248 bytes in 32 msecs (HTTP/1.1 200) 7 headers in 286 bytes (1 switches on core 0)
Aug 19 21:22:45.962687 np0000007811 devstack@c-api.service[96974]: DEBUG cinder.api.middleware.request_id [None req-239dd1a5-e1b1-48d6-b779-364e2d9fde27 None None] RequestId filter calling following filter/app {{(pid=96974) _context_setter /opt/stack/cinder/cinder/api/middleware/request_id.py:62}}
Aug 19 21:22:45.966329 np0000007811 devstack@c-api.service[96974]: INFO cinder.api.openstack.wsgi [None req-239dd1a5-e1b1-48d6-b779-364e2d9fde27 tempest-QosSpecsTestJSON-1449539531 tempest-QosSpecsTestJSON-1449539531-project-admin] GET https://10.4.3.91/volume/v3/types/b524d8ce-0ff3-43e5-a41d-4b1e50f36d16
Aug 19 21:22:45.966329 np0000007811 devstack@c-api.service[96974]: DEBUG cinder.api.openstack.wsgi [None req-239dd1a5-e1b1-48d6-b779-364e2d9fde27 tempest-QosSpecsTestJSON-1449539531 tempest-QosSpecsTestJSON-1449539531-project-admin] Empty body provided in request {{(pid=96974) get_body /opt/stack/cinder/cinder/api/openstack/wsgi.py:725}}
Aug 19 21:22:45.966329 np0000007811 devstack@c-api.service[96974]: DEBUG cinder.api.openstack.wsgi [None req-239dd1a5-e1b1-48d6-b779-364e2d9fde27 tempest-QosSpecsTestJSON-1449539531 tempest-QosSpecsTestJSON-1449539531-project-admin] Calling method 'show' {{(pid=96974) _process_stack /opt/stack/cinder/cinder/api/openstack/wsgi.py:878}}
Aug 19 21:22:45.974800 np0000007811 devstack@c-api.service[96974]: INFO cinder.api.openstack.wsgi [None req-239dd1a5-e1b1-48d6-b779-364e2d9fde27 tempest-QosSpecsTestJSON-1449539531 tempest-QosSpecsTestJSON-1449539531-project-admin] https://10.4.3.91/volume/v3/types/b524d8ce-0ff3-43e5-a41d-4b1e50f36d16 returned with HTTP 404
Aug 19 21:22:45.975326 np0000007811 devstack@c-api.service[96974]: [pid: 96974|app: 0|req: 101/307] 10.4.3.91 () {66 vars in 1335 bytes} [Wed Aug 19 21:22:45 2026] GET /volume/v3/types/b524d8ce-0ff3-43e5-a41d-4b1e50f36d16 => generated 114 bytes in 14 msecs (HTTP/1.1 404) 7 headers in 292 bytes (1 switches on core 0)
Aug 19 21:22:45.977820 np0000007811 devstack@c-api.service[96975]: DEBUG cinder.api.middleware.request_id [None req-fa0c91fb-3c2d-4629-8313-09fabffabe02 None None] RequestId filter calling following filter/app {{(pid=96975) _context_setter /opt/stack/cinder/cinder/api/middleware/request_id.py:62}}
Aug 19 21:22:45.987173 np0000007811 devstack@c-api.service[96975]: INFO cinder.api.openstack.wsgi [None req-fa0c91fb-3c2d-4629-8313-09fabffabe02 tempest-GroupTypesTest-818429817 tempest-GroupTypesTest-818429817-project-admin] POST https://10.4.3.91/volume/v3/group_types
Aug 19 21:22:45.987344 np0000007811 devstack@c-api.service[96975]: DEBUG cinder.api.openstack.wsgi [None req-fa0c91fb-3c2d-4629-8313-09fabffabe02 tempest-GroupTypesTest-818429817 tempest-GroupTypesTest-818429817-project-admin] Action: 'create', calling method: version_select, body: {"group_type": {"name": "a_tempest-group-type-2142018139", "is_public": true}} {{(pid=96975) _process_stack /opt/stack/cinder/cinder/api/openstack/wsgi.py:876}}
Aug 19 21:22:45.993028 np0000007811 devstack@c-api.service[96976]: DEBUG cinder.api.middleware.request_id [None req-3fe9b7ce-f0dc-471f-8aeb-c19c4081c7f3 None None] RequestId filter calling following filter/app {{(pid=96976) _context_setter /opt/stack/cinder/cinder/api/middleware/request_id.py:62}}
Aug 19 21:22:45.995394 np0000007811 devstack@c-api.service[96976]: INFO cinder.api.openstack.wsgi [None req-3fe9b7ce-f0dc-471f-8aeb-c19c4081c7f3 tempest-QosSpecsTestJSON-1449539531 tempest-QosSpecsTestJSON-1449539531-project-admin] POST https://10.4.3.91/volume/v3/qos-specs
Aug 19 21:22:45.996630 np0000007811 devstack@c-api.service[96976]: DEBUG cinder.api.openstack.wsgi [None req-3fe9b7ce-f0dc-471f-8aeb-c19c4081c7f3 tempest-QosSpecsTestJSON-1449539531 tempest-QosSpecsTestJSON-1449539531-project-admin] Action: 'create', calling method: create, body: {"qos_specs": {"name": "tempest-QosSpecsTestJSON-qos-385171377", "consumer": "back-end"}} {{(pid=96976) _process_stack /opt/stack/cinder/cinder/api/openstack/wsgi.py:876}}
Aug 19 21:22:45.999608 np0000007811 devstack@c-api.service[96976]: DEBUG cinder.volume.qos_specs [None req-3fe9b7ce-f0dc-471f-8aeb-c19c4081c7f3 tempest-QosSpecsTestJSON-1449539531 tempest-QosSpecsTestJSON-1449539531-project-admin] Dict for qos_specs: {'name': 'tempest-QosSpecsTestJSON-qos-385171377', 'consumer': 'back-end', 'specs': {}} {{(pid=96976) create /opt/stack/cinder/cinder/volume/qos_specs.py:64}}
Aug 19 21:22:46.008115 np0000007811 devstack@c-api.service[96976]: DEBUG cinder.db.api [None req-3fe9b7ce-f0dc-471f-8aeb-c19c4081c7f3 tempest-QosSpecsTestJSON-1449539531 tempest-QosSpecsTestJSON-1449539531-project-admin] DB qos_specs_create(): root {'id': 'c4ce1980-d5c8-4ad9-9c27-af29c2ccff68', 'key': 'QoS_Specs_Name', 'value': 'tempest-QosSpecsTestJSON-qos-385171377'} {{(pid=96976) qos_specs_create /opt/stack/cinder/cinder/db/api.py:5654}}
Aug 19 21:22:46.015673 np0000007811 devstack@c-api.service[96975]: INFO cinder.api.openstack.wsgi [None req-fa0c91fb-3c2d-4629-8313-09fabffabe02 tempest-GroupTypesTest-818429817 tempest-GroupTypesTest-818429817-project-admin] https://10.4.3.91/volume/v3/group_types returned with HTTP 202
Aug 19 21:22:46.016663 np0000007811 devstack@c-api.service[96975]: [pid: 96975|app: 0|req: 102/308] 10.4.3.91 () {70 vars in 1304 bytes} [Wed Aug 19 21:22:45 2026] POST /volume/v3/group_types => generated 164 bytes in 39 msecs (HTTP/1.1 202) 7 headers in 292 bytes (1 switches on core 0)
Aug 19 21:22:46.019742 np0000007811 devstack@c-api.service[96976]: INFO cinder.api.openstack.wsgi [None req-3fe9b7ce-f0dc-471f-8aeb-c19c4081c7f3 tempest-QosSpecsTestJSON-1449539531 tempest-QosSpecsTestJSON-1449539531-project-admin] https://10.4.3.91/volume/v3/qos-specs returned with HTTP 200
Aug 19 21:22:46.021887 np0000007811 devstack@c-api.service[96976]: [pid: 96976|app: 0|req: 106/309] 10.4.3.91 () {68 vars in 1257 bytes} [Wed Aug 19 21:22:45 2026] POST /volume/v3/qos-specs => generated 366 bytes in 29 msecs (HTTP/1.1 200) 7 headers in 285 bytes (1 switches on core 0)
Aug 19 21:22:46.025340 np0000007811 devstack@c-api.service[96974]: DEBUG cinder.api.middleware.request_id [None req-1e37eaff-6d88-4ed7-9dff-ac3bd39ec052 None None] RequestId filter calling following filter/app {{(pid=96974) _context_setter /opt/stack/cinder/cinder/api/middleware/request_id.py:62}}
Aug 19 21:22:46.028197 np0000007811 devstack@c-api.service[96975]: DEBUG cinder.api.middleware.request_id [None req-652baf60-d74a-4e60-8825-924da97ce2f8 None None] RequestId filter calling following filter/app {{(pid=96975) _context_setter /opt/stack/cinder/cinder/api/middleware/request_id.py:62}}
Aug 19 21:22:46.031980 np0000007811 devstack@c-api.service[96974]: INFO cinder.api.openstack.wsgi [None req-1e37eaff-6d88-4ed7-9dff-ac3bd39ec052 tempest-TaggedBootDevicesTest_v242-1742314128 tempest-TaggedBootDevicesTest_v242-1742314128-project-member] GET https://10.4.3.91/volume/v3/volumes/0eaa250e-c8e6-4841-b1ec-1686adf9a70c
Aug 19 21:22:46.031980 np0000007811 devstack@c-api.service[96974]: DEBUG cinder.api.openstack.wsgi [None req-1e37eaff-6d88-4ed7-9dff-ac3bd39ec052 tempest-TaggedBootDevicesTest_v242-1742314128 tempest-TaggedBootDevicesTest_v242-1742314128-project-member] Empty body provided in request {{(pid=96974) get_body /opt/stack/cinder/cinder/api/openstack/wsgi.py:725}}
Aug 19 21:22:46.031980 np0000007811 devstack@c-api.service[96974]: DEBUG cinder.api.openstack.wsgi [None req-1e37eaff-6d88-4ed7-9dff-ac3bd39ec052 tempest-TaggedBootDevicesTest_v242-1742314128 tempest-TaggedBootDevicesTest_v242-1742314128-project-member] Calling method 'show' {{(pid=96974) _process_stack /opt/stack/cinder/cinder/api/openstack/wsgi.py:878}}
Aug 19 21:22:46.032184 np0000007811 devstack@c-api.service[96975]: INFO cinder.api.openstack.wsgi [None req-652baf60-d74a-4e60-8825-924da97ce2f8 tempest-GroupTypesTest-818429817 tempest-GroupTypesTest-818429817-project-admin] POST https://10.4.3.91/volume/v3/group_types
Aug 19 21:22:46.032184 np0000007811 devstack@c-api.service[96975]: DEBUG cinder.api.openstack.wsgi [None req-652baf60-d74a-4e60-8825-924da97ce2f8 tempest-GroupTypesTest-818429817 tempest-GroupTypesTest-818429817-project-admin] Action: 'create', calling method: version_select, body: {"group_type": {"name": "b_tempest-group-type-307689740", "is_public": false}} {{(pid=96975) _process_stack /opt/stack/cinder/cinder/api/openstack/wsgi.py:876}}
Aug 19 21:22:46.034932 np0000007811 devstack@c-api.service[96976]: DEBUG cinder.api.middleware.request_id [None req-097e13ef-1309-48ee-b047-4e5d846c09c7 None None] RequestId filter calling following filter/app {{(pid=96976) _context_setter /opt/stack/cinder/cinder/api/middleware/request_id.py:62}}
Aug 19 21:22:46.038158 np0000007811 devstack@c-api.service[96976]: INFO cinder.api.openstack.wsgi [None req-097e13ef-1309-48ee-b047-4e5d846c09c7 tempest-QosSpecsTestJSON-1449539531 tempest-QosSpecsTestJSON-1449539531-project-admin] DELETE https://10.4.3.91/volume/v3/qos-specs/c4ce1980-d5c8-4ad9-9c27-af29c2ccff68?force=False
Aug 19 21:22:46.038158 np0000007811 devstack@c-api.service[96976]: DEBUG cinder.api.openstack.wsgi [None req-097e13ef-1309-48ee-b047-4e5d846c09c7 tempest-QosSpecsTestJSON-1449539531 tempest-QosSpecsTestJSON-1449539531-project-admin] Empty body provided in request {{(pid=96976) get_body /opt/stack/cinder/cinder/api/openstack/wsgi.py:725}}
Aug 19 21:22:46.038158 np0000007811 devstack@c-api.service[96976]: DEBUG cinder.api.openstack.wsgi [None req-097e13ef-1309-48ee-b047-4e5d846c09c7 tempest-QosSpecsTestJSON-1449539531 tempest-QosSpecsTestJSON-1449539531-project-admin] Calling method 'delete' {{(pid=96976) _process_stack /opt/stack/cinder/cinder/api/openstack/wsgi.py:878}}
Aug 19 21:22:46.038328 np0000007811 devstack@c-api.service[96976]: /opt/stack/data/venv/lib/python3.12/site-packages/oslo_context/context.py:102: DeprecationWarning: Policy enforcement is depending on the value of is_admin. This key is deprecated. Please update your policy file to use the standard policy values.
Aug 19 21:22:46.038328 np0000007811 devstack@c-api.service[96976]: warnings.warn(
Aug 19 21:22:46.038743 np0000007811 devstack@c-api.service[96976]: DEBUG cinder.api.contrib.qos_specs_manage [None req-097e13ef-1309-48ee-b047-4e5d846c09c7 tempest-QosSpecsTestJSON-1449539531 tempest-QosSpecsTestJSON-1449539531-project-admin] Delete qos_spec: c4ce1980-d5c8-4ad9-9c27-af29c2ccff68, force: False {{(pid=96976) delete /opt/stack/cinder/cinder/api/contrib/qos_specs_manage.py:169}}
Aug 19 21:22:46.041723 np0000007811 devstack@c-api.service[96974]: INFO cinder.api.openstack.wsgi [None req-1e37eaff-6d88-4ed7-9dff-ac3bd39ec052 tempest-TaggedBootDevicesTest_v242-1742314128 tempest-TaggedBootDevicesTest_v242-1742314128-project-member] https://10.4.3.91/volume/v3/volumes/0eaa250e-c8e6-4841-b1ec-1686adf9a70c returned with HTTP 404
Aug 19 21:22:46.042831 np0000007811 devstack@c-api.service[96974]: [pid: 96974|app: 0|req: 102/310] 10.4.3.91 () {66 vars in 1341 bytes} [Wed Aug 19 21:22:46 2026] GET /volume/v3/volumes/0eaa250e-c8e6-4841-b1ec-1686adf9a70c => generated 109 bytes in 18 msecs (HTTP/1.1 404) 7 headers in 292 bytes (1 switches on core 0)
Aug 19 21:22:46.055012 np0000007811 devstack@c-api.service[96975]: INFO cinder.api.openstack.wsgi [None req-652baf60-d74a-4e60-8825-924da97ce2f8 tempest-GroupTypesTest-818429817 tempest-GroupTypesTest-818429817-project-admin] https://10.4.3.91/volume/v3/group_types returned with HTTP 202
Aug 19 21:22:46.055230 np0000007811 devstack@c-api.service[96975]: [pid: 96975|app: 0|req: 103/311] 10.4.3.91 () {70 vars in 1304 bytes} [Wed Aug 19 21:22:46 2026] POST /volume/v3/group_types => generated 164 bytes in 28 msecs (HTTP/1.1 202) 7 headers in 292 bytes (2 switches on core 0)
Aug 19 21:22:46.066887 np0000007811 devstack@c-api.service[96974]: DEBUG cinder.api.middleware.request_id [None req-c1eb988c-fbff-4ef4-a4e5-ff862aa51270 None None] RequestId filter calling following filter/app {{(pid=96974) _context_setter /opt/stack/cinder/cinder/api/middleware/request_id.py:62}}
Aug 19 21:22:46.072553 np0000007811 devstack@c-api.service[96974]: INFO cinder.api.openstack.wsgi [None req-c1eb988c-fbff-4ef4-a4e5-ff862aa51270 tempest-GroupTypesTest-818429817 tempest-GroupTypesTest-818429817-project-admin] GET https://10.4.3.91/volume/v3/group_types?sort=name%3Aasc&is_public=None
Aug 19 21:22:46.072885 np0000007811 devstack@c-api.service[96974]: DEBUG cinder.api.openstack.wsgi [None req-c1eb988c-fbff-4ef4-a4e5-ff862aa51270 tempest-GroupTypesTest-818429817 tempest-GroupTypesTest-818429817-project-admin] Empty body provided in request {{(pid=96974) get_body /opt/stack/cinder/cinder/api/openstack/wsgi.py:725}}
Aug 19 21:22:46.073592 np0000007811 devstack@c-api.service[96974]: DEBUG cinder.api.openstack.wsgi [None req-c1eb988c-fbff-4ef4-a4e5-ff862aa51270 tempest-GroupTypesTest-818429817 tempest-GroupTypesTest-818429817-project-admin] Calling method 'version_select' {{(pid=96974) _process_stack /opt/stack/cinder/cinder/api/openstack/wsgi.py:878}}
Aug 19 21:22:46.088875 np0000007811 devstack@c-api.service[96974]: INFO cinder.api.openstack.wsgi [None req-c1eb988c-fbff-4ef4-a4e5-ff862aa51270 tempest-GroupTypesTest-818429817 tempest-GroupTypesTest-818429817-project-admin] https://10.4.3.91/volume/v3/group_types?sort=name%3Aasc&is_public=None returned with HTTP 200
Aug 19 21:22:46.090098 np0000007811 devstack@c-api.service[96974]: [pid: 96974|app: 0|req: 103/312] 10.4.3.91 () {68 vars in 1344 bytes} [Wed Aug 19 21:22:46 2026] GET /volume/v3/group_types?sort=name%3Aasc&is_public=None => generated 548 bytes in 23 msecs (HTTP/1.1 200) 7 headers in 286 bytes (1 switches on core 0)
Aug 19 21:22:46.090222 np0000007811 devstack@c-api.service[96976]: INFO cinder.api.openstack.wsgi [None req-097e13ef-1309-48ee-b047-4e5d846c09c7 tempest-QosSpecsTestJSON-1449539531 tempest-QosSpecsTestJSON-1449539531-project-admin] https://10.4.3.91/volume/v3/qos-specs/c4ce1980-d5c8-4ad9-9c27-af29c2ccff68?force=False returned with HTTP 202
Aug 19 21:22:46.090457 np0000007811 devstack@c-api.service[96976]: [pid: 96976|app: 0|req: 107/313] 10.4.3.91 () {66 vars in 1373 bytes} [Wed Aug 19 21:22:46 2026] DELETE /volume/v3/qos-specs/c4ce1980-d5c8-4ad9-9c27-af29c2ccff68?force=False => generated 0 bytes in 56 msecs (HTTP/1.1 202) 6 headers in 233 bytes (1 switches on core 0)
Aug 19 21:22:46.101434 np0000007811 devstack@c-api.service[96975]: DEBUG cinder.api.middleware.request_id [None req-0e93c398-f734-4731-bfde-454308e13634 None None] RequestId filter calling following filter/app {{(pid=96975) _context_setter /opt/stack/cinder/cinder/api/middleware/request_id.py:62}}
Aug 19 21:22:46.104096 np0000007811 devstack@c-api.service[96974]: DEBUG cinder.api.middleware.request_id [None req-a3ea4baf-d0a4-4500-a4aa-76dce17cc6b9 None None] RequestId filter calling following filter/app {{(pid=96974) _context_setter /opt/stack/cinder/cinder/api/middleware/request_id.py:62}}
Aug 19 21:22:46.104894 np0000007811 devstack@c-api.service[96975]: INFO cinder.api.openstack.wsgi [None req-0e93c398-f734-4731-bfde-454308e13634 tempest-GroupTypesTest-818429817 tempest-GroupTypesTest-818429817-project-admin] GET https://10.4.3.91/volume/v3/group_types?sort=name%3Adesc&is_public=None
Aug 19 21:22:46.104894 np0000007811 devstack@c-api.service[96975]: DEBUG cinder.api.openstack.wsgi [None req-0e93c398-f734-4731-bfde-454308e13634 tempest-GroupTypesTest-818429817 tempest-GroupTypesTest-818429817-project-admin] Empty body provided in request {{(pid=96975) get_body /opt/stack/cinder/cinder/api/openstack/wsgi.py:725}}
Aug 19 21:22:46.104894 np0000007811 devstack@c-api.service[96975]: DEBUG cinder.api.openstack.wsgi [None req-0e93c398-f734-4731-bfde-454308e13634 tempest-GroupTypesTest-818429817 tempest-GroupTypesTest-818429817-project-admin] Calling method 'version_select' {{(pid=96975) _process_stack /opt/stack/cinder/cinder/api/openstack/wsgi.py:878}}
Aug 19 21:22:46.105252 np0000007811 devstack@c-api.service[96974]: INFO cinder.api.openstack.wsgi [None req-a3ea4baf-d0a4-4500-a4aa-76dce17cc6b9 tempest-QosSpecsTestJSON-1449539531 tempest-QosSpecsTestJSON-1449539531-project-admin] GET https://10.4.3.91/volume/v3/qos-specs/c4ce1980-d5c8-4ad9-9c27-af29c2ccff68
Aug 19 21:22:46.105728 np0000007811 devstack@c-api.service[96974]: DEBUG cinder.api.openstack.wsgi [None req-a3ea4baf-d0a4-4500-a4aa-76dce17cc6b9 tempest-QosSpecsTestJSON-1449539531 tempest-QosSpecsTestJSON-1449539531-project-admin] Empty body provided in request {{(pid=96974) get_body /opt/stack/cinder/cinder/api/openstack/wsgi.py:725}}
Aug 19 21:22:46.106904 np0000007811 devstack@c-api.service[96974]: DEBUG cinder.api.openstack.wsgi [None req-a3ea4baf-d0a4-4500-a4aa-76dce17cc6b9 tempest-QosSpecsTestJSON-1449539531 tempest-QosSpecsTestJSON-1449539531-project-admin] Calling method 'show' {{(pid=96974) _process_stack /opt/stack/cinder/cinder/api/openstack/wsgi.py:878}}
Aug 19 21:22:46.115759 np0000007811 devstack@c-api.service[96974]: INFO cinder.api.openstack.wsgi [None req-a3ea4baf-d0a4-4500-a4aa-76dce17cc6b9 tempest-QosSpecsTestJSON-1449539531 tempest-QosSpecsTestJSON-1449539531-project-admin] https://10.4.3.91/volume/v3/qos-specs/c4ce1980-d5c8-4ad9-9c27-af29c2ccff68 returned with HTTP 404
Aug 19 21:22:46.117341 np0000007811 devstack@c-api.service[96974]: [pid: 96974|app: 0|req: 104/314] 10.4.3.91 () {66 vars in 1347 bytes} [Wed Aug 19 21:22:46 2026] GET /volume/v3/qos-specs/c4ce1980-d5c8-4ad9-9c27-af29c2ccff68 => generated 100 bytes in 16 msecs (HTTP/1.1 404) 7 headers in 292 bytes (2 switches on core 0)
Aug 19 21:22:46.120228 np0000007811 devstack@c-api.service[96975]: INFO cinder.api.openstack.wsgi [None req-0e93c398-f734-4731-bfde-454308e13634 tempest-GroupTypesTest-818429817 tempest-GroupTypesTest-818429817-project-admin] https://10.4.3.91/volume/v3/group_types?sort=name%3Adesc&is_public=None returned with HTTP 200
Aug 19 21:22:46.122925 np0000007811 devstack@c-api.service[96975]: [pid: 96975|app: 0|req: 104/315] 10.4.3.91 () {68 vars in 1346 bytes} [Wed Aug 19 21:22:46 2026] GET /volume/v3/group_types?sort=name%3Adesc&is_public=None => generated 548 bytes in 20 msecs (HTTP/1.1 200) 7 headers in 286 bytes (1 switches on core 0)
Aug 19 21:22:46.131517 np0000007811 devstack@c-api.service[96976]: DEBUG cinder.api.middleware.request_id [None req-f303745d-f9f3-4bf3-9be0-9ce5dfee5c6e None None] RequestId filter calling following filter/app {{(pid=96976) _context_setter /opt/stack/cinder/cinder/api/middleware/request_id.py:62}}
Aug 19 21:22:46.132368 np0000007811 devstack@c-api.service[96976]: INFO cinder.api.openstack.wsgi [None req-f303745d-f9f3-4bf3-9be0-9ce5dfee5c6e tempest-QosSpecsTestJSON-1449539531 tempest-QosSpecsTestJSON-1449539531-project-admin] GET https://10.4.3.91/volume/v3/qos-specs
Aug 19 21:22:46.132634 np0000007811 devstack@c-api.service[96976]: DEBUG cinder.api.openstack.wsgi [None req-f303745d-f9f3-4bf3-9be0-9ce5dfee5c6e tempest-QosSpecsTestJSON-1449539531 tempest-QosSpecsTestJSON-1449539531-project-admin] Empty body provided in request {{(pid=96976) get_body /opt/stack/cinder/cinder/api/openstack/wsgi.py:725}}
Aug 19 21:22:46.132906 np0000007811 devstack@c-api.service[96976]: DEBUG cinder.api.openstack.wsgi [None req-f303745d-f9f3-4bf3-9be0-9ce5dfee5c6e tempest-QosSpecsTestJSON-1449539531 tempest-QosSpecsTestJSON-1449539531-project-admin] Calling method 'index' {{(pid=96976) _process_stack /opt/stack/cinder/cinder/api/openstack/wsgi.py:878}}
Aug 19 21:22:46.136017 np0000007811 devstack@c-api.service[96976]: /opt/stack/data/venv/lib/python3.12/site-packages/oslo_context/context.py:102: DeprecationWarning: Policy enforcement is depending on the value of is_admin. This key is deprecated. Please update your policy file to use the standard policy values.
Aug 19 21:22:46.136017 np0000007811 devstack@c-api.service[96976]: warnings.warn(
Aug 19 21:22:46.137713 np0000007811 devstack@c-api.service[96974]: DEBUG cinder.api.middleware.request_id [None req-00d77808-c42d-4ac8-9122-ab55868f40dc None None] RequestId filter calling following filter/app {{(pid=96974) _context_setter /opt/stack/cinder/cinder/api/middleware/request_id.py:62}}
Aug 19 21:22:46.141589 np0000007811 devstack@c-api.service[96974]: INFO cinder.api.openstack.wsgi [None req-00d77808-c42d-4ac8-9122-ab55868f40dc tempest-GroupTypesTest-818429817 tempest-GroupTypesTest-818429817-project-admin] GET https://10.4.3.91/volume/v3/group_types?is_public=False
Aug 19 21:22:46.142119 np0000007811 devstack@c-api.service[96974]: DEBUG cinder.api.openstack.wsgi [None req-00d77808-c42d-4ac8-9122-ab55868f40dc tempest-GroupTypesTest-818429817 tempest-GroupTypesTest-818429817-project-admin] Empty body provided in request {{(pid=96974) get_body /opt/stack/cinder/cinder/api/openstack/wsgi.py:725}}
Aug 19 21:22:46.143009 np0000007811 devstack@c-api.service[96974]: DEBUG cinder.api.openstack.wsgi [None req-00d77808-c42d-4ac8-9122-ab55868f40dc tempest-GroupTypesTest-818429817 tempest-GroupTypesTest-818429817-project-admin] Calling method 'version_select' {{(pid=96974) _process_stack /opt/stack/cinder/cinder/api/openstack/wsgi.py:878}}
Aug 19 21:22:46.149960 np0000007811 devstack@c-api.service[96975]: DEBUG cinder.api.middleware.request_id [None req-bce70172-f49b-4f1b-983c-f59d522041fd None None] RequestId filter calling following filter/app {{(pid=96975) _context_setter /opt/stack/cinder/cinder/api/middleware/request_id.py:62}}
Aug 19 21:22:46.152559 np0000007811 devstack@c-api.service[96976]: INFO cinder.api.openstack.wsgi [None req-f303745d-f9f3-4bf3-9be0-9ce5dfee5c6e tempest-QosSpecsTestJSON-1449539531 tempest-QosSpecsTestJSON-1449539531-project-admin] https://10.4.3.91/volume/v3/qos-specs returned with HTTP 200
Aug 19 21:22:46.152920 np0000007811 devstack@c-api.service[96975]: INFO cinder.api.openstack.wsgi [None req-bce70172-f49b-4f1b-983c-f59d522041fd tempest-VolumesAdminNegativeTest-1887649340 tempest-VolumesAdminNegativeTest-1887649340-project-member] GET https://10.4.3.91/volume/v3/volumes/4417dbae-86b5-4d7d-8ca4-5ebbf4395d6b
Aug 19 21:22:46.153193 np0000007811 devstack@c-api.service[96976]: [pid: 96976|app: 0|req: 108/316] 10.4.3.91 () {66 vars in 1236 bytes} [Wed Aug 19 21:22:46 2026] GET /volume/v3/qos-specs => generated 175 bytes in 23 msecs (HTTP/1.1 200) 7 headers in 285 bytes (1 switches on core 0)
Aug 19 21:22:46.155800 np0000007811 devstack@c-api.service[96975]: DEBUG cinder.api.openstack.wsgi [None req-bce70172-f49b-4f1b-983c-f59d522041fd tempest-VolumesAdminNegativeTest-1887649340 tempest-VolumesAdminNegativeTest-1887649340-project-member] Empty body provided in request {{(pid=96975) get_body /opt/stack/cinder/cinder/api/openstack/wsgi.py:725}}
Aug 19 21:22:46.156102 np0000007811 devstack@c-api.service[96975]: DEBUG cinder.api.openstack.wsgi [None req-bce70172-f49b-4f1b-983c-f59d522041fd tempest-VolumesAdminNegativeTest-1887649340 tempest-VolumesAdminNegativeTest-1887649340-project-member] Calling method 'show' {{(pid=96975) _process_stack /opt/stack/cinder/cinder/api/openstack/wsgi.py:878}}
Aug 19 21:22:46.165134 np0000007811 devstack@c-api.service[96976]: DEBUG cinder.api.middleware.request_id [None req-70aef9c6-4d33-4bbf-96ed-b550614a70b1 None None] RequestId filter calling following filter/app {{(pid=96976) _context_setter /opt/stack/cinder/cinder/api/middleware/request_id.py:62}}
Aug 19 21:22:46.165215 np0000007811 devstack@c-api.service[96974]: INFO cinder.api.openstack.wsgi [None req-00d77808-c42d-4ac8-9122-ab55868f40dc tempest-GroupTypesTest-818429817 tempest-GroupTypesTest-818429817-project-admin] https://10.4.3.91/volume/v3/group_types?is_public=False returned with HTTP 200
Aug 19 21:22:46.165631 np0000007811 devstack@c-api.service[96974]: [pid: 96974|app: 0|req: 105/317] 10.4.3.91 () {68 vars in 1314 bytes} [Wed Aug 19 21:22:46 2026] GET /volume/v3/group_types?is_public=False => generated 167 bytes in 29 msecs (HTTP/1.1 200) 7 headers in 286 bytes (1 switches on core 0)
Aug 19 21:22:46.172031 np0000007811 devstack@c-api.service[96976]: INFO cinder.api.openstack.wsgi [None req-70aef9c6-4d33-4bbf-96ed-b550614a70b1 tempest-QosSpecsTestJSON-1449539531 tempest-QosSpecsTestJSON-1449539531-project-admin] DELETE https://10.4.3.91/volume/v3/qos-specs/c4ce1980-d5c8-4ad9-9c27-af29c2ccff68?force=False
Aug 19 21:22:46.172546 np0000007811 devstack@c-api.service[96975]: /opt/stack/data/venv/lib/python3.12/site-packages/oslo_context/context.py:102: DeprecationWarning: Policy enforcement is depending on the value of is_admin. This key is deprecated. Please update your policy file to use the standard policy values.
Aug 19 21:22:46.172546 np0000007811 devstack@c-api.service[96975]: warnings.warn(
Aug 19 21:22:46.173708 np0000007811 devstack@c-api.service[96976]: DEBUG cinder.api.openstack.wsgi [None req-70aef9c6-4d33-4bbf-96ed-b550614a70b1 tempest-QosSpecsTestJSON-1449539531 tempest-QosSpecsTestJSON-1449539531-project-admin] Empty body provided in request {{(pid=96976) get_body /opt/stack/cinder/cinder/api/openstack/wsgi.py:725}}
Aug 19 21:22:46.174056 np0000007811 devstack@c-api.service[96976]: DEBUG cinder.api.openstack.wsgi [None req-70aef9c6-4d33-4bbf-96ed-b550614a70b1 tempest-QosSpecsTestJSON-1449539531 tempest-QosSpecsTestJSON-1449539531-project-admin] Calling method 'delete' {{(pid=96976) _process_stack /opt/stack/cinder/cinder/api/openstack/wsgi.py:878}}
Aug 19 21:22:46.174352 np0000007811 devstack@c-api.service[96976]: /opt/stack/data/venv/lib/python3.12/site-packages/oslo_context/context.py:102: DeprecationWarning: Policy enforcement is depending on the value of is_admin. This key is deprecated. Please update your policy file to use the standard policy values.
Aug 19 21:22:46.174352 np0000007811 devstack@c-api.service[96976]: warnings.warn(
Aug 19 21:22:46.174812 np0000007811 devstack@c-api.service[96976]: DEBUG cinder.api.contrib.qos_specs_manage [None req-70aef9c6-4d33-4bbf-96ed-b550614a70b1 tempest-QosSpecsTestJSON-1449539531 tempest-QosSpecsTestJSON-1449539531-project-admin] Delete qos_spec: c4ce1980-d5c8-4ad9-9c27-af29c2ccff68, force: False {{(pid=96976) delete /opt/stack/cinder/cinder/api/contrib/qos_specs_manage.py:169}}
Aug 19 21:22:46.176687 np0000007811 devstack@c-api.service[96974]: DEBUG cinder.api.middleware.request_id [None req-16c7aba9-a4d7-4da3-abf2-aa69680120a7 None None] RequestId filter calling following filter/app {{(pid=96974) _context_setter /opt/stack/cinder/cinder/api/middleware/request_id.py:62}}
Aug 19 21:22:46.178976 np0000007811 devstack@c-api.service[96975]: INFO cinder.volume.api [None req-bce70172-f49b-4f1b-983c-f59d522041fd tempest-VolumesAdminNegativeTest-1887649340 tempest-VolumesAdminNegativeTest-1887649340-project-member] Volume info retrieved successfully.
Aug 19 21:22:46.179602 np0000007811 devstack@c-api.service[96974]: INFO cinder.api.openstack.wsgi [None req-16c7aba9-a4d7-4da3-abf2-aa69680120a7 tempest-GroupTypesTest-818429817 tempest-GroupTypesTest-818429817-project-admin] GET https://10.4.3.91/volume/v3/group_types?is_public=True
Aug 19 21:22:46.179970 np0000007811 devstack@c-api.service[96974]: DEBUG cinder.api.openstack.wsgi [None req-16c7aba9-a4d7-4da3-abf2-aa69680120a7 tempest-GroupTypesTest-818429817 tempest-GroupTypesTest-818429817-project-admin] Empty body provided in request {{(pid=96974) get_body /opt/stack/cinder/cinder/api/openstack/wsgi.py:725}}
Aug 19 21:22:46.180211 np0000007811 devstack@c-api.service[96974]: DEBUG cinder.api.openstack.wsgi [None req-16c7aba9-a4d7-4da3-abf2-aa69680120a7 tempest-GroupTypesTest-818429817 tempest-GroupTypesTest-818429817-project-admin] Calling method 'version_select' {{(pid=96974) _process_stack /opt/stack/cinder/cinder/api/openstack/wsgi.py:878}}
Aug 19 21:22:46.182777 np0000007811 devstack@c-api.service[96976]: INFO cinder.api.openstack.wsgi [None req-70aef9c6-4d33-4bbf-96ed-b550614a70b1 tempest-QosSpecsTestJSON-1449539531 tempest-QosSpecsTestJSON-1449539531-project-admin] https://10.4.3.91/volume/v3/qos-specs/c4ce1980-d5c8-4ad9-9c27-af29c2ccff68?force=False returned with HTTP 404
Aug 19 21:22:46.182777 np0000007811 devstack@c-api.service[96976]: [pid: 96976|app: 0|req: 109/318] 10.4.3.91 () {66 vars in 1373 bytes} [Wed Aug 19 21:22:46 2026] DELETE /volume/v3/qos-specs/c4ce1980-d5c8-4ad9-9c27-af29c2ccff68?force=False => generated 100 bytes in 18 msecs (HTTP/1.1 404) 7 headers in 292 bytes (1 switches on core 0)
Aug 19 21:22:46.193275 np0000007811 devstack@c-api.service[96975]: INFO cinder.api.openstack.wsgi [None req-bce70172-f49b-4f1b-983c-f59d522041fd tempest-VolumesAdminNegativeTest-1887649340 tempest-VolumesAdminNegativeTest-1887649340-project-member] https://10.4.3.91/volume/v3/volumes/4417dbae-86b5-4d7d-8ca4-5ebbf4395d6b returned with HTTP 200
Aug 19 21:22:46.193822 np0000007811 devstack@c-api.service[96975]: [pid: 96975|app: 0|req: 105/319] 10.4.3.91 () {66 vars in 1341 bytes} [Wed Aug 19 21:22:46 2026] GET /volume/v3/volumes/4417dbae-86b5-4d7d-8ca4-5ebbf4395d6b => generated 846 bytes in 45 msecs (HTTP/1.1 200) 7 headers in 285 bytes (1 switches on core 0)
Aug 19 21:22:46.197652 np0000007811 devstack@c-api.service[96974]: INFO cinder.api.openstack.wsgi [None req-16c7aba9-a4d7-4da3-abf2-aa69680120a7 tempest-GroupTypesTest-818429817 tempest-GroupTypesTest-818429817-project-admin] https://10.4.3.91/volume/v3/group_types?is_public=True returned with HTTP 200
Aug 19 21:22:46.198142 np0000007811 devstack@c-api.service[96976]: DEBUG cinder.api.middleware.request_id [None req-5ee4a621-29e9-4679-9792-b15c0eb1c4cb None None] RequestId filter calling following filter/app {{(pid=96976) _context_setter /opt/stack/cinder/cinder/api/middleware/request_id.py:62}}
Aug 19 21:22:46.198260 np0000007811 devstack@c-api.service[96974]: [pid: 96974|app: 0|req: 106/320] 10.4.3.91 () {68 vars in 1312 bytes} [Wed Aug 19 21:22:46 2026] GET /volume/v3/group_types?is_public=True => generated 398 bytes in 24 msecs (HTTP/1.1 200) 7 headers in 286 bytes (1 switches on core 0)
Aug 19 21:22:46.201117 np0000007811 devstack@c-api.service[96976]: INFO cinder.api.openstack.wsgi [None req-5ee4a621-29e9-4679-9792-b15c0eb1c4cb tempest-QosSpecsTestJSON-1449539531 tempest-QosSpecsTestJSON-1449539531-project-admin] GET https://10.4.3.91/volume/v3/qos-specs/c4ce1980-d5c8-4ad9-9c27-af29c2ccff68
Aug 19 21:22:46.201117 np0000007811 devstack@c-api.service[96976]: DEBUG cinder.api.openstack.wsgi [None req-5ee4a621-29e9-4679-9792-b15c0eb1c4cb tempest-QosSpecsTestJSON-1449539531 tempest-QosSpecsTestJSON-1449539531-project-admin] Empty body provided in request {{(pid=96976) get_body /opt/stack/cinder/cinder/api/openstack/wsgi.py:725}}
Aug 19 21:22:46.201388 np0000007811 devstack@c-api.service[96976]: DEBUG cinder.api.openstack.wsgi [None req-5ee4a621-29e9-4679-9792-b15c0eb1c4cb tempest-QosSpecsTestJSON-1449539531 tempest-QosSpecsTestJSON-1449539531-project-admin] Calling method 'show' {{(pid=96976) _process_stack /opt/stack/cinder/cinder/api/openstack/wsgi.py:878}}
Aug 19 21:22:46.212119 np0000007811 devstack@c-api.service[96976]: INFO cinder.api.openstack.wsgi [None req-5ee4a621-29e9-4679-9792-b15c0eb1c4cb tempest-QosSpecsTestJSON-1449539531 tempest-QosSpecsTestJSON-1449539531-project-admin] https://10.4.3.91/volume/v3/qos-specs/c4ce1980-d5c8-4ad9-9c27-af29c2ccff68 returned with HTTP 404
Aug 19 21:22:46.212813 np0000007811 devstack@c-api.service[96976]: [pid: 96976|app: 0|req: 110/321] 10.4.3.91 () {66 vars in 1347 bytes} [Wed Aug 19 21:22:46 2026] GET /volume/v3/qos-specs/c4ce1980-d5c8-4ad9-9c27-af29c2ccff68 => generated 100 bytes in 15 msecs (HTTP/1.1 404) 7 headers in 292 bytes (1 switches on core 0)
Aug 19 21:22:46.216284 np0000007811 devstack@c-api.service[96975]: DEBUG cinder.api.middleware.request_id [None req-2773963e-d730-4df5-87a2-1c7e0864b73e None None] RequestId filter calling following filter/app {{(pid=96975) _context_setter /opt/stack/cinder/cinder/api/middleware/request_id.py:62}}
Aug 19 21:22:46.219186 np0000007811 devstack@c-api.service[96975]: INFO cinder.api.openstack.wsgi [None req-2773963e-d730-4df5-87a2-1c7e0864b73e tempest-GroupTypesTest-818429817 tempest-GroupTypesTest-818429817-project-admin] DELETE https://10.4.3.91/volume/v3/group_types/b16a3176-a23f-4645-a692-499603db727a
Aug 19 21:22:46.219186 np0000007811 devstack@c-api.service[96975]: DEBUG cinder.api.openstack.wsgi [None req-2773963e-d730-4df5-87a2-1c7e0864b73e tempest-GroupTypesTest-818429817 tempest-GroupTypesTest-818429817-project-admin] Empty body provided in request {{(pid=96975) get_body /opt/stack/cinder/cinder/api/openstack/wsgi.py:725}}
Aug 19 21:22:46.219186 np0000007811 devstack@c-api.service[96975]: DEBUG cinder.api.openstack.wsgi [None req-2773963e-d730-4df5-87a2-1c7e0864b73e tempest-GroupTypesTest-818429817 tempest-GroupTypesTest-818429817-project-admin] Calling method 'version_select' {{(pid=96975) _process_stack /opt/stack/cinder/cinder/api/openstack/wsgi.py:878}}
Aug 19 21:22:46.224305 np0000007811 devstack@c-api.service[96974]: DEBUG cinder.api.middleware.request_id [None req-a930def8-064f-4342-b888-8b0204b78edc None None] RequestId filter calling following filter/app {{(pid=96974) _context_setter /opt/stack/cinder/cinder/api/middleware/request_id.py:62}}
Aug 19 21:22:46.230729 np0000007811 devstack@c-api.service[96974]: INFO cinder.api.openstack.wsgi [None req-a930def8-064f-4342-b888-8b0204b78edc tempest-QosSpecsTestJSON-1449539531 tempest-QosSpecsTestJSON-1449539531-project-admin] POST https://10.4.3.91/volume/v3/qos-specs
Aug 19 21:22:46.231974 np0000007811 devstack@c-api.service[96974]: DEBUG cinder.api.openstack.wsgi [None req-a930def8-064f-4342-b888-8b0204b78edc tempest-QosSpecsTestJSON-1449539531 tempest-QosSpecsTestJSON-1449539531-project-admin] Action: 'create', calling method: create, body: {"qos_specs": {"name": "tempest-QosSpecsTestJSON-qos-1087925395", "consumer": "both"}} {{(pid=96974) _process_stack /opt/stack/cinder/cinder/api/openstack/wsgi.py:876}}
Aug 19 21:22:46.235315 np0000007811 devstack@c-api.service[96974]: DEBUG cinder.volume.qos_specs [None req-a930def8-064f-4342-b888-8b0204b78edc tempest-QosSpecsTestJSON-1449539531 tempest-QosSpecsTestJSON-1449539531-project-admin] Dict for qos_specs: {'name': 'tempest-QosSpecsTestJSON-qos-1087925395', 'consumer': 'both', 'specs': {}} {{(pid=96974) create /opt/stack/cinder/cinder/volume/qos_specs.py:64}}
Aug 19 21:22:46.245761 np0000007811 devstack@c-api.service[96974]: DEBUG cinder.db.api [None req-a930def8-064f-4342-b888-8b0204b78edc tempest-QosSpecsTestJSON-1449539531 tempest-QosSpecsTestJSON-1449539531-project-admin] DB qos_specs_create(): root {'id': '308146e1-38bb-437a-9983-434bf123c566', 'key': 'QoS_Specs_Name', 'value': 'tempest-QosSpecsTestJSON-qos-1087925395'} {{(pid=96974) qos_specs_create /opt/stack/cinder/cinder/db/api.py:5654}}
Aug 19 21:22:46.250170 np0000007811 devstack@c-api.service[96975]: INFO cinder.api.openstack.wsgi [None req-2773963e-d730-4df5-87a2-1c7e0864b73e tempest-GroupTypesTest-818429817 tempest-GroupTypesTest-818429817-project-admin] https://10.4.3.91/volume/v3/group_types/b16a3176-a23f-4645-a692-499603db727a returned with HTTP 202
Aug 19 21:22:46.250758 np0000007811 devstack@c-api.service[96975]: [pid: 96975|app: 0|req: 106/322] 10.4.3.91 () {68 vars in 1397 bytes} [Wed Aug 19 21:22:46 2026] DELETE /volume/v3/group_types/b16a3176-a23f-4645-a692-499603db727a => generated 0 bytes in 35 msecs (HTTP/1.1 202) 6 headers in 234 bytes (1 switches on core 0)
Aug 19 21:22:46.256644 np0000007811 devstack@c-api.service[96974]: INFO cinder.api.openstack.wsgi [None req-a930def8-064f-4342-b888-8b0204b78edc tempest-QosSpecsTestJSON-1449539531 tempest-QosSpecsTestJSON-1449539531-project-admin] https://10.4.3.91/volume/v3/qos-specs returned with HTTP 200
Aug 19 21:22:46.257752 np0000007811 devstack@c-api.service[96974]: [pid: 96974|app: 0|req: 107/323] 10.4.3.91 () {68 vars in 1257 bytes} [Wed Aug 19 21:22:46 2026] POST /volume/v3/qos-specs => generated 363 bytes in 36 msecs (HTTP/1.1 200) 7 headers in 285 bytes (1 switches on core 0)
Aug 19 21:22:46.263937 np0000007811 devstack@c-api.service[96976]: DEBUG cinder.api.middleware.request_id [None req-3dda999f-57ef-499f-ac6c-a272152cd173 None None] RequestId filter calling following filter/app {{(pid=96976) _context_setter /opt/stack/cinder/cinder/api/middleware/request_id.py:62}}
Aug 19 21:22:46.266321 np0000007811 devstack@c-api.service[96976]: INFO cinder.api.openstack.wsgi [None req-3dda999f-57ef-499f-ac6c-a272152cd173 tempest-GroupTypesTest-818429817 tempest-GroupTypesTest-818429817-project-admin] DELETE https://10.4.3.91/volume/v3/group_types/8a9efb90-b7b8-4605-b06c-0a582581ce0c
Aug 19 21:22:46.266642 np0000007811 devstack@c-api.service[96976]: DEBUG cinder.api.openstack.wsgi [None req-3dda999f-57ef-499f-ac6c-a272152cd173 tempest-GroupTypesTest-818429817 tempest-GroupTypesTest-818429817-project-admin] Empty body provided in request {{(pid=96976) get_body /opt/stack/cinder/cinder/api/openstack/wsgi.py:725}}
Aug 19 21:22:46.266922 np0000007811 devstack@c-api.service[96976]: DEBUG cinder.api.openstack.wsgi [None req-3dda999f-57ef-499f-ac6c-a272152cd173 tempest-GroupTypesTest-818429817 tempest-GroupTypesTest-818429817-project-admin] Calling method 'version_select' {{(pid=96976) _process_stack /opt/stack/cinder/cinder/api/openstack/wsgi.py:878}}
Aug 19 21:22:46.271421 np0000007811 devstack@c-api.service[96975]: DEBUG cinder.api.middleware.request_id [None req-08b31664-2c53-4165-8346-1eecf7466afa None None] RequestId filter calling following filter/app {{(pid=96975) _context_setter /opt/stack/cinder/cinder/api/middleware/request_id.py:62}}
Aug 19 21:22:46.285000 np0000007811 devstack@c-api.service[96975]: INFO cinder.api.openstack.wsgi [None req-08b31664-2c53-4165-8346-1eecf7466afa tempest-QosSpecsTestJSON-1449539531 tempest-QosSpecsTestJSON-1449539531-project-admin] DELETE https://10.4.3.91/volume/v3/qos-specs/308146e1-38bb-437a-9983-434bf123c566?force=False
Aug 19 21:22:46.286401 np0000007811 devstack@c-api.service[96975]: DEBUG cinder.api.openstack.wsgi [None req-08b31664-2c53-4165-8346-1eecf7466afa tempest-QosSpecsTestJSON-1449539531 tempest-QosSpecsTestJSON-1449539531-project-admin] Empty body provided in request {{(pid=96975) get_body /opt/stack/cinder/cinder/api/openstack/wsgi.py:725}}
Aug 19 21:22:46.286401 np0000007811 devstack@c-api.service[96975]: DEBUG cinder.api.openstack.wsgi [None req-08b31664-2c53-4165-8346-1eecf7466afa tempest-QosSpecsTestJSON-1449539531 tempest-QosSpecsTestJSON-1449539531-project-admin] Calling method 'delete' {{(pid=96975) _process_stack /opt/stack/cinder/cinder/api/openstack/wsgi.py:878}}
Aug 19 21:22:46.287813 np0000007811 devstack@c-api.service[96975]: DEBUG cinder.api.contrib.qos_specs_manage [None req-08b31664-2c53-4165-8346-1eecf7466afa tempest-QosSpecsTestJSON-1449539531 tempest-QosSpecsTestJSON-1449539531-project-admin] Delete qos_spec: 308146e1-38bb-437a-9983-434bf123c566, force: False {{(pid=96975) delete /opt/stack/cinder/cinder/api/contrib/qos_specs_manage.py:169}}
Aug 19 21:22:46.292339 np0000007811 devstack@c-api.service[96976]: INFO cinder.api.openstack.wsgi [None req-3dda999f-57ef-499f-ac6c-a272152cd173 tempest-GroupTypesTest-818429817 tempest-GroupTypesTest-818429817-project-admin] https://10.4.3.91/volume/v3/group_types/8a9efb90-b7b8-4605-b06c-0a582581ce0c returned with HTTP 202
Aug 19 21:22:46.292339 np0000007811 devstack@c-api.service[96976]: [pid: 96976|app: 0|req: 111/324] 10.4.3.91 () {68 vars in 1397 bytes} [Wed Aug 19 21:22:46 2026] DELETE /volume/v3/group_types/8a9efb90-b7b8-4605-b06c-0a582581ce0c => generated 0 bytes in 29 msecs (HTTP/1.1 202) 6 headers in 234 bytes (1 switches on core 0)
Aug 19 21:22:46.326222 np0000007811 devstack@c-api.service[96975]: INFO cinder.api.openstack.wsgi [None req-08b31664-2c53-4165-8346-1eecf7466afa tempest-QosSpecsTestJSON-1449539531 tempest-QosSpecsTestJSON-1449539531-project-admin] https://10.4.3.91/volume/v3/qos-specs/308146e1-38bb-437a-9983-434bf123c566?force=False returned with HTTP 202
Aug 19 21:22:46.327041 np0000007811 devstack@c-api.service[96975]: [pid: 96975|app: 0|req: 107/325] 10.4.3.91 () {66 vars in 1373 bytes} [Wed Aug 19 21:22:46 2026] DELETE /volume/v3/qos-specs/308146e1-38bb-437a-9983-434bf123c566?force=False => generated 0 bytes in 56 msecs (HTTP/1.1 202) 6 headers in 233 bytes (1 switches on core 0)
Aug 19 21:22:46.336277 np0000007811 devstack@c-api.service[96974]: DEBUG cinder.api.middleware.request_id [None req-fda5d512-b29b-4c9c-a432-73bb02c91ce2 None None] RequestId filter calling following filter/app {{(pid=96974) _context_setter /opt/stack/cinder/cinder/api/middleware/request_id.py:62}}
Aug 19 21:22:46.340684 np0000007811 devstack@c-api.service[96974]: INFO cinder.api.openstack.wsgi [None req-fda5d512-b29b-4c9c-a432-73bb02c91ce2 tempest-QosSpecsTestJSON-1449539531 tempest-QosSpecsTestJSON-1449539531-project-admin] GET https://10.4.3.91/volume/v3/qos-specs/308146e1-38bb-437a-9983-434bf123c566
Aug 19 21:22:46.342133 np0000007811 devstack@c-api.service[96974]: DEBUG cinder.api.openstack.wsgi [None req-fda5d512-b29b-4c9c-a432-73bb02c91ce2 tempest-QosSpecsTestJSON-1449539531 tempest-QosSpecsTestJSON-1449539531-project-admin] Empty body provided in request {{(pid=96974) get_body /opt/stack/cinder/cinder/api/openstack/wsgi.py:725}}
Aug 19 21:22:46.342133 np0000007811 devstack@c-api.service[96974]: DEBUG cinder.api.openstack.wsgi [None req-fda5d512-b29b-4c9c-a432-73bb02c91ce2 tempest-QosSpecsTestJSON-1449539531 tempest-QosSpecsTestJSON-1449539531-project-admin] Calling method 'show' {{(pid=96974) _process_stack /opt/stack/cinder/cinder/api/openstack/wsgi.py:878}}
Aug 19 21:22:46.342133 np0000007811 devstack@c-api.service[96974]: /opt/stack/data/venv/lib/python3.12/site-packages/oslo_context/context.py:102: DeprecationWarning: Policy enforcement is depending on the value of is_admin. This key is deprecated. Please update your policy file to use the standard policy values.
Aug 19 21:22:46.342133 np0000007811 devstack@c-api.service[96974]: warnings.warn(
Aug 19 21:22:46.348816 np0000007811 devstack@c-api.service[96974]: INFO cinder.api.openstack.wsgi [None req-fda5d512-b29b-4c9c-a432-73bb02c91ce2 tempest-QosSpecsTestJSON-1449539531 tempest-QosSpecsTestJSON-1449539531-project-admin] https://10.4.3.91/volume/v3/qos-specs/308146e1-38bb-437a-9983-434bf123c566 returned with HTTP 404
Aug 19 21:22:46.349684 np0000007811 devstack@c-api.service[96974]: [pid: 96974|app: 0|req: 108/326] 10.4.3.91 () {66 vars in 1347 bytes} [Wed Aug 19 21:22:46 2026] GET /volume/v3/qos-specs/308146e1-38bb-437a-9983-434bf123c566 => generated 100 bytes in 15 msecs (HTTP/1.1 404) 7 headers in 292 bytes (1 switches on core 0)
Aug 19 21:22:46.364359 np0000007811 devstack@c-api.service[96976]: DEBUG cinder.api.middleware.request_id [None req-bb6ef66b-f600-4f1b-81a3-24e5d28b2981 None None] RequestId filter calling following filter/app {{(pid=96976) _context_setter /opt/stack/cinder/cinder/api/middleware/request_id.py:62}}
Aug 19 21:22:46.368313 np0000007811 devstack@c-api.service[96976]: INFO cinder.api.openstack.wsgi [None req-bb6ef66b-f600-4f1b-81a3-24e5d28b2981 tempest-QosSpecsTestJSON-1449539531 tempest-QosSpecsTestJSON-1449539531-project-admin] GET https://10.4.3.91/volume/v3/qos-specs
Aug 19 21:22:46.368313 np0000007811 devstack@c-api.service[96976]: DEBUG cinder.api.openstack.wsgi [None req-bb6ef66b-f600-4f1b-81a3-24e5d28b2981 tempest-QosSpecsTestJSON-1449539531 tempest-QosSpecsTestJSON-1449539531-project-admin] Empty body provided in request {{(pid=96976) get_body /opt/stack/cinder/cinder/api/openstack/wsgi.py:725}}
Aug 19 21:22:46.368313 np0000007811 devstack@c-api.service[96976]: DEBUG cinder.api.openstack.wsgi [None req-bb6ef66b-f600-4f1b-81a3-24e5d28b2981 tempest-QosSpecsTestJSON-1449539531 tempest-QosSpecsTestJSON-1449539531-project-admin] Calling method 'index' {{(pid=96976) _process_stack /opt/stack/cinder/cinder/api/openstack/wsgi.py:878}}
Aug 19 21:22:46.375897 np0000007811 devstack@c-api.service[96976]: INFO cinder.api.openstack.wsgi [None req-bb6ef66b-f600-4f1b-81a3-24e5d28b2981 tempest-QosSpecsTestJSON-1449539531 tempest-QosSpecsTestJSON-1449539531-project-admin] https://10.4.3.91/volume/v3/qos-specs returned with HTTP 200
Aug 19 21:22:46.376938 np0000007811 devstack@c-api.service[96976]: [pid: 96976|app: 0|req: 112/327] 10.4.3.91 () {66 vars in 1236 bytes} [Wed Aug 19 21:22:46 2026] GET /volume/v3/qos-specs => generated 175 bytes in 13 msecs (HTTP/1.1 200) 7 headers in 285 bytes (1 switches on core 0)
Aug 19 21:22:46.387402 np0000007811 devstack@c-api.service[96975]: DEBUG cinder.api.middleware.request_id [None req-f07fa446-0708-496e-80cf-1c5fcec7bc28 None None] RequestId filter calling following filter/app {{(pid=96975) _context_setter /opt/stack/cinder/cinder/api/middleware/request_id.py:62}}
Aug 19 21:22:46.390601 np0000007811 devstack@c-api.service[96975]: INFO cinder.api.openstack.wsgi [None req-f07fa446-0708-496e-80cf-1c5fcec7bc28 tempest-QosSpecsTestJSON-1449539531 tempest-QosSpecsTestJSON-1449539531-project-admin] DELETE https://10.4.3.91/volume/v3/qos-specs/308146e1-38bb-437a-9983-434bf123c566?force=False
Aug 19 21:22:46.390601 np0000007811 devstack@c-api.service[96975]: DEBUG cinder.api.openstack.wsgi [None req-f07fa446-0708-496e-80cf-1c5fcec7bc28 tempest-QosSpecsTestJSON-1449539531 tempest-QosSpecsTestJSON-1449539531-project-admin] Empty body provided in request {{(pid=96975) get_body /opt/stack/cinder/cinder/api/openstack/wsgi.py:725}}
Aug 19 21:22:46.390601 np0000007811 devstack@c-api.service[96975]: DEBUG cinder.api.openstack.wsgi [None req-f07fa446-0708-496e-80cf-1c5fcec7bc28 tempest-QosSpecsTestJSON-1449539531 tempest-QosSpecsTestJSON-1449539531-project-admin] Calling method 'delete' {{(pid=96975) _process_stack /opt/stack/cinder/cinder/api/openstack/wsgi.py:878}}
Aug 19 21:22:46.390601 np0000007811 devstack@c-api.service[96975]: /opt/stack/data/venv/lib/python3.12/site-packages/oslo_context/context.py:102: DeprecationWarning: Policy enforcement is depending on the value of is_admin. This key is deprecated. Please update your policy file to use the standard policy values.
Aug 19 21:22:46.390601 np0000007811 devstack@c-api.service[96975]: warnings.warn(
Aug 19 21:22:46.391056 np0000007811 devstack@c-api.service[96975]: DEBUG cinder.api.contrib.qos_specs_manage [None req-f07fa446-0708-496e-80cf-1c5fcec7bc28 tempest-QosSpecsTestJSON-1449539531 tempest-QosSpecsTestJSON-1449539531-project-admin] Delete qos_spec: 308146e1-38bb-437a-9983-434bf123c566, force: False {{(pid=96975) delete /opt/stack/cinder/cinder/api/contrib/qos_specs_manage.py:169}}
Aug 19 21:22:46.397374 np0000007811 devstack@c-api.service[96975]: INFO cinder.api.openstack.wsgi [None req-f07fa446-0708-496e-80cf-1c5fcec7bc28 tempest-QosSpecsTestJSON-1449539531 tempest-QosSpecsTestJSON-1449539531-project-admin] https://10.4.3.91/volume/v3/qos-specs/308146e1-38bb-437a-9983-434bf123c566?force=False returned with HTTP 404
Aug 19 21:22:46.397374 np0000007811 devstack@c-api.service[96975]: [pid: 96975|app: 0|req: 108/328] 10.4.3.91 () {66 vars in 1373 bytes} [Wed Aug 19 21:22:46 2026] DELETE /volume/v3/qos-specs/308146e1-38bb-437a-9983-434bf123c566?force=False => generated 100 bytes in 10 msecs (HTTP/1.1 404) 7 headers in 292 bytes (1 switches on core 0)
Aug 19 21:22:46.406296 np0000007811 devstack@c-api.service[96974]: DEBUG cinder.api.middleware.request_id [None req-724e36da-aa07-459c-9a5a-da976ca0e825 None None] RequestId filter calling following filter/app {{(pid=96974) _context_setter /opt/stack/cinder/cinder/api/middleware/request_id.py:62}}
Aug 19 21:22:46.410160 np0000007811 devstack@c-api.service[96974]: INFO cinder.api.openstack.wsgi [None req-724e36da-aa07-459c-9a5a-da976ca0e825 tempest-QosSpecsTestJSON-1449539531 tempest-QosSpecsTestJSON-1449539531-project-admin] GET https://10.4.3.91/volume/v3/qos-specs/308146e1-38bb-437a-9983-434bf123c566
Aug 19 21:22:46.410160 np0000007811 devstack@c-api.service[96974]: DEBUG cinder.api.openstack.wsgi [None req-724e36da-aa07-459c-9a5a-da976ca0e825 tempest-QosSpecsTestJSON-1449539531 tempest-QosSpecsTestJSON-1449539531-project-admin] Empty body provided in request {{(pid=96974) get_body /opt/stack/cinder/cinder/api/openstack/wsgi.py:725}}
