Jun 26 09:41:50.790032 np0000003725 devstack@g-api.service[102659]: DEBUG glance.api.middleware.version_negotiation [None req-261e56fd-0a07-41e8-ace6-9305356844b0 tempest-ServerActionsV293TestJSON-103766029 tempest-ServerActionsV293TestJSON-103766029-project-member] Matched version: v2 {{(pid=102659) process_request /opt/stack/glance/glance/api/middleware/version_negotiation.py:69}}
Jun 26 09:41:50.790201 np0000003725 devstack@g-api.service[102659]: DEBUG glance.api.middleware.version_negotiation [None req-261e56fd-0a07-41e8-ace6-9305356844b0 tempest-ServerActionsV293TestJSON-103766029 tempest-ServerActionsV293TestJSON-103766029-project-member] new path /v2/schemas/image {{(pid=102659) process_request /opt/stack/glance/glance/api/middleware/version_negotiation.py:70}}
Jun 26 09:41:50.792521 np0000003725 devstack@g-api.service[102659]: [pid: 102659|app: 0|req: 78/309] 127.0.0.1 () {44 vars in 1055 bytes} [Fri Jun 26 09:41:50 2026] GET /v2/schemas/image => generated 6083 bytes in 3 msecs (HTTP/1.1 200) 4 headers in 158 bytes (1 switches on core 0)
Jun 26 09:41:50.884815 np0000003725 devstack@g-api.service[102661]: DEBUG glance.location [None req-0ecc7bd1-c295-4cbb-8073-e29d1b9ccb99 tempest-VolumesActionsTest-468780577 tempest-VolumesActionsTest-468780577-project-member] Enabling in-flight format inspection for raw {{(pid=102661) set_data /opt/stack/glance/glance/location.py:616}}
Jun 26 09:41:50.885129 np0000003725 devstack@g-api.service[102661]: DEBUG glance_store.backend [None req-0ecc7bd1-c295-4cbb-8073-e29d1b9ccb99 tempest-VolumesActionsTest-468780577 tempest-VolumesActionsTest-468780577-project-member] Attempting to import store swift {{(pid=102661) _load_store /opt/stack/data/venv/lib/python3.12/site-packages/glance_store/backend.py:215}}
Jun 26 09:41:50.886389 np0000003725 devstack@g-api.service[102661]: DEBUG glance_store.capabilities [None req-0ecc7bd1-c295-4cbb-8073-e29d1b9ccb99 tempest-VolumesActionsTest-468780577 tempest-VolumesActionsTest-468780577-project-member] Store glance_store._drivers.swift.store.SingleTenantStore doesn't support updating dynamic storage capabilities. Please overwrite 'update_capabilities' method of the store to implement updating logics if needed. {{(pid=102661) update_capabilities /opt/stack/data/venv/lib/python3.12/site-packages/glance_store/capabilities.py:91}}
Jun 26 09:41:50.886490 np0000003725 devstack@g-api.service[102661]: DEBUG glance_store.driver [None req-0ecc7bd1-c295-4cbb-8073-e29d1b9ccb99 tempest-VolumesActionsTest-468780577 tempest-VolumesActionsTest-468780577-project-member] Late loading location class glance_store._drivers.swift.store.StoreLocation {{(pid=102661) get_store_location_class /opt/stack/data/venv/lib/python3.12/site-packages/glance_store/driver.py:134}}
Jun 26 09:41:50.886566 np0000003725 devstack@g-api.service[102661]: DEBUG glance_store.location [None req-0ecc7bd1-c295-4cbb-8073-e29d1b9ccb99 tempest-VolumesActionsTest-468780577 tempest-VolumesActionsTest-468780577-project-member] Registering scheme swift+https with {'store': , 'location_class': , 'store_entry': 'swift'} {{(pid=102661) register_scheme_map /opt/stack/data/venv/lib/python3.12/site-packages/glance_store/location.py:146}}
Jun 26 09:41:50.886658 np0000003725 devstack@g-api.service[102661]: DEBUG glance_store.location [None req-0ecc7bd1-c295-4cbb-8073-e29d1b9ccb99 tempest-VolumesActionsTest-468780577 tempest-VolumesActionsTest-468780577-project-member] Registering scheme swift+https with {'store': , 'location_class': , 'store_entry': 'swift'} {{(pid=102661) register_scheme_map /opt/stack/data/venv/lib/python3.12/site-packages/glance_store/location.py:146}}
Jun 26 09:41:50.886775 np0000003725 devstack@g-api.service[102661]: DEBUG glance_store.location [None req-0ecc7bd1-c295-4cbb-8073-e29d1b9ccb99 tempest-VolumesActionsTest-468780577 tempest-VolumesActionsTest-468780577-project-member] Registering scheme swift with {'store': , 'location_class': , 'store_entry': 'swift'} {{(pid=102661) register_scheme_map /opt/stack/data/venv/lib/python3.12/site-packages/glance_store/location.py:146}}
Jun 26 09:41:50.886876 np0000003725 devstack@g-api.service[102661]: DEBUG glance_store.location [None req-0ecc7bd1-c295-4cbb-8073-e29d1b9ccb99 tempest-VolumesActionsTest-468780577 tempest-VolumesActionsTest-468780577-project-member] Registering scheme swift+https with {'store': , 'location_class': , 'store_entry': 'swift'} {{(pid=102661) register_scheme_map /opt/stack/data/venv/lib/python3.12/site-packages/glance_store/location.py:146}}
Jun 26 09:41:50.886944 np0000003725 devstack@g-api.service[102661]: DEBUG glance_store.location [None req-0ecc7bd1-c295-4cbb-8073-e29d1b9ccb99 tempest-VolumesActionsTest-468780577 tempest-VolumesActionsTest-468780577-project-member] Registering scheme swift with {'store': , 'location_class': , 'store_entry': 'swift'} {{(pid=102661) register_scheme_map /opt/stack/data/venv/lib/python3.12/site-packages/glance_store/location.py:146}}
Jun 26 09:41:50.887009 np0000003725 devstack@g-api.service[102661]: DEBUG glance_store.location [None req-0ecc7bd1-c295-4cbb-8073-e29d1b9ccb99 tempest-VolumesActionsTest-468780577 tempest-VolumesActionsTest-468780577-project-member] Registering scheme swift+http with {'store': , 'location_class': , 'store_entry': 'swift'} {{(pid=102661) register_scheme_map /opt/stack/data/venv/lib/python3.12/site-packages/glance_store/location.py:146}}
Jun 26 09:41:50.887076 np0000003725 devstack@g-api.service[102661]: DEBUG glance_store.location [None req-0ecc7bd1-c295-4cbb-8073-e29d1b9ccb99 tempest-VolumesActionsTest-468780577 tempest-VolumesActionsTest-468780577-project-member] Registering scheme swift+https with {'store': , 'location_class': , 'store_entry': 'swift'} {{(pid=102661) register_scheme_map /opt/stack/data/venv/lib/python3.12/site-packages/glance_store/location.py:146}}
Jun 26 09:41:50.887126 np0000003725 devstack@g-api.service[102661]: DEBUG glance_store.location [None req-0ecc7bd1-c295-4cbb-8073-e29d1b9ccb99 tempest-VolumesActionsTest-468780577 tempest-VolumesActionsTest-468780577-project-member] Registering scheme swift with {'store': , 'location_class': , 'store_entry': 'swift'} {{(pid=102661) register_scheme_map /opt/stack/data/venv/lib/python3.12/site-packages/glance_store/location.py:146}}
Jun 26 09:41:50.887189 np0000003725 devstack@g-api.service[102661]: DEBUG glance_store.location [None req-0ecc7bd1-c295-4cbb-8073-e29d1b9ccb99 tempest-VolumesActionsTest-468780577 tempest-VolumesActionsTest-468780577-project-member] Registering scheme swift+http with {'store': , 'location_class': , 'store_entry': 'swift'} {{(pid=102661) register_scheme_map /opt/stack/data/venv/lib/python3.12/site-packages/glance_store/location.py:146}}
Jun 26 09:41:50.887241 np0000003725 devstack@g-api.service[102661]: DEBUG glance_store.location [None req-0ecc7bd1-c295-4cbb-8073-e29d1b9ccb99 tempest-VolumesActionsTest-468780577 tempest-VolumesActionsTest-468780577-project-member] Registering scheme swift+config with {'store': , 'location_class': , 'store_entry': 'swift'} {{(pid=102661) register_scheme_map /opt/stack/data/venv/lib/python3.12/site-packages/glance_store/location.py:146}}
Jun 26 09:41:51.053210 np0000003725 devstack@g-api.service[102661]: DEBUG swiftclient [None req-0ecc7bd1-c295-4cbb-8073-e29d1b9ccb99 tempest-VolumesActionsTest-468780577 tempest-VolumesActionsTest-468780577-project-member] REQ: curl -i https://10.4.3.130:8080/v1/AUTH_fb4cf73d3aa74a9aa7420b13b4319ede/glance -I -H "X-Auth-Token: gAAAAABqPkleu87g..." {{(pid=102661) http_log /opt/stack/data/venv/lib/python3.12/site-packages/swiftclient/client.py:160}}
Jun 26 09:41:51.053292 np0000003725 devstack@g-api.service[102661]: DEBUG swiftclient [None req-0ecc7bd1-c295-4cbb-8073-e29d1b9ccb99 tempest-VolumesActionsTest-468780577 tempest-VolumesActionsTest-468780577-project-member] RESP STATUS: 204 No Content {{(pid=102661) http_log /opt/stack/data/venv/lib/python3.12/site-packages/swiftclient/client.py:161}}
Jun 26 09:41:51.053481 np0000003725 devstack@g-api.service[102661]: DEBUG swiftclient [None req-0ecc7bd1-c295-4cbb-8073-e29d1b9ccb99 tempest-VolumesActionsTest-468780577 tempest-VolumesActionsTest-468780577-project-member] RESP HEADERS: {'Date': 'Fri, 26 Jun 2026 09:41:51 GMT', 'Server': 'Apache/2.4.58 (Ubuntu)', 'Content-Type': 'text/plain; charset=utf-8', 'X-Container-Object-Count': '3', 'X-Container-Bytes-Used': '64356352', 'X-Timestamp': '1782466452.52686', 'Last-Modified': 'Fri, 26 Jun 2026 09:34:13 GMT', 'Accept-Ranges': 'bytes', 'X-Storage-Policy': 'Policy-0', 'X-Container-Sharding': 'False', 'Vary': 'Accept', 'X-Trans-Id': 'txfedef4da34514b1296aac-006a3e495e', 'X-Openstack-Request-Id': 'txfedef4da34514b1296aac-006a3e495e', 'Connection': 'close'} {{(pid=102661) http_log /opt/stack/data/venv/lib/python3.12/site-packages/swiftclient/client.py:162}}
Jun 26 09:41:51.053672 np0000003725 devstack@g-api.service[102661]: DEBUG glance_store._drivers.swift.store [None req-0ecc7bd1-c295-4cbb-8073-e29d1b9ccb99 tempest-VolumesActionsTest-468780577 tempest-VolumesActionsTest-468780577-project-member] Adding image object '82abd6e3-5f4f-4bdd-a31a-c8d6232b6048' to Swift {{(pid=102661) add /opt/stack/data/venv/lib/python3.12/site-packages/glance_store/_drivers/swift/store.py:970}}
Jun 26 09:41:51.053746 np0000003725 devstack@g-api.service[102661]: DEBUG glance_store._drivers.swift.store [None req-0ecc7bd1-c295-4cbb-8073-e29d1b9ccb99 tempest-VolumesActionsTest-468780577 tempest-VolumesActionsTest-468780577-project-member] Cannot determine image size because it is either not provided in the request or chunked-transfer encoding is used. Adding image as a segmented object to Swift. {{(pid=102661) add /opt/stack/data/venv/lib/python3.12/site-packages/glance_store/_drivers/swift/store.py:994}}
Jun 26 09:41:51.058805 np0000003725 devstack@g-api.service[102661]: DEBUG oslo_utils.imageutils.format_inspector [None req-0ecc7bd1-c295-4cbb-8073-e29d1b9ccb99 tempest-VolumesActionsTest-468780577 tempest-VolumesActionsTest-468780577-project-member] Format inspector for vmdk does not match, excluding from consideration (Signature KDMV not found: b'\x00\x00\x00\x00') {{(pid=102661) _process_chunk /opt/stack/data/venv/lib/python3.12/site-packages/oslo_utils/imageutils/format_inspector.py:1758}}
Jun 26 09:41:51.060837 np0000003725 devstack@g-api.service[102661]: DEBUG oslo_utils.imageutils.format_inspector [None req-0ecc7bd1-c295-4cbb-8073-e29d1b9ccb99 tempest-VolumesActionsTest-468780577 tempest-VolumesActionsTest-468780577-project-member] Format inspector for vhdx does not match, excluding from consideration (Region signature not found at 30000) {{(pid=102661) _process_chunk /opt/stack/data/venv/lib/python3.12/site-packages/oslo_utils/imageutils/format_inspector.py:1758}}
Jun 26 09:41:51.388147 np0000003725 devstack@g-api.service[102662]: DEBUG glance.api.middleware.version_negotiation [None req-85fd8a32-c020-4bfc-aa24-db1ddb3deedc tempest-VolumesActionsTest-468780577 tempest-VolumesActionsTest-468780577-project-member] Determining version of request: GET /v2/images/82abd6e3-5f4f-4bdd-a31a-c8d6232b6048 Accept: application/json {{(pid=102662) process_request /opt/stack/glance/glance/api/middleware/version_negotiation.py:44}}
Jun 26 09:41:51.388565 np0000003725 devstack@g-api.service[102662]: DEBUG glance.api.middleware.version_negotiation [None req-85fd8a32-c020-4bfc-aa24-db1ddb3deedc tempest-VolumesActionsTest-468780577 tempest-VolumesActionsTest-468780577-project-member] Using url versioning {{(pid=102662) process_request /opt/stack/glance/glance/api/middleware/version_negotiation.py:57}}
Jun 26 09:41:51.388565 np0000003725 devstack@g-api.service[102662]: DEBUG glance.api.middleware.version_negotiation [None req-85fd8a32-c020-4bfc-aa24-db1ddb3deedc tempest-VolumesActionsTest-468780577 tempest-VolumesActionsTest-468780577-project-member] Matched version: v2 {{(pid=102662) process_request /opt/stack/glance/glance/api/middleware/version_negotiation.py:69}}
Jun 26 09:41:51.388654 np0000003725 devstack@g-api.service[102662]: DEBUG glance.api.middleware.version_negotiation [None req-85fd8a32-c020-4bfc-aa24-db1ddb3deedc tempest-VolumesActionsTest-468780577 tempest-VolumesActionsTest-468780577-project-member] new path /v2/images/82abd6e3-5f4f-4bdd-a31a-c8d6232b6048 {{(pid=102662) process_request /opt/stack/glance/glance/api/middleware/version_negotiation.py:70}}
Jun 26 09:41:51.397942 np0000003725 devstack@g-api.service[102662]: [pid: 102662|app: 0|req: 78/310] 127.0.0.1 () {40 vars in 838 bytes} [Fri Jun 26 09:41:51 2026] GET /v2/images/82abd6e3-5f4f-4bdd-a31a-c8d6232b6048 => generated 650 bytes in 10 msecs (HTTP/1.1 200) 4 headers in 157 bytes (1 switches on core 0)
Jun 26 09:41:52.412597 np0000003725 devstack@g-api.service[102660]: DEBUG glance.api.middleware.version_negotiation [None req-261e56fd-0a07-41e8-ace6-9305356844b0 tempest-ServerActionsV293TestJSON-103766029 tempest-ServerActionsV293TestJSON-103766029-project-member] Determining version of request: GET /v2/images/82abd6e3-5f4f-4bdd-a31a-c8d6232b6048 Accept: application/json {{(pid=102660) process_request /opt/stack/glance/glance/api/middleware/version_negotiation.py:44}}
Jun 26 09:41:52.412969 np0000003725 devstack@g-api.service[102660]: DEBUG glance.api.middleware.version_negotiation [None req-261e56fd-0a07-41e8-ace6-9305356844b0 tempest-ServerActionsV293TestJSON-103766029 tempest-ServerActionsV293TestJSON-103766029-project-member] Using url versioning {{(pid=102660) process_request /opt/stack/glance/glance/api/middleware/version_negotiation.py:57}}
Jun 26 09:41:52.413017 np0000003725 devstack@g-api.service[102660]: DEBUG glance.api.middleware.version_negotiation [None req-261e56fd-0a07-41e8-ace6-9305356844b0 tempest-ServerActionsV293TestJSON-103766029 tempest-ServerActionsV293TestJSON-103766029-project-member] Matched version: v2 {{(pid=102660) process_request /opt/stack/glance/glance/api/middleware/version_negotiation.py:69}}
Jun 26 09:41:52.413189 np0000003725 devstack@g-api.service[102660]: DEBUG glance.api.middleware.version_negotiation [None req-261e56fd-0a07-41e8-ace6-9305356844b0 tempest-ServerActionsV293TestJSON-103766029 tempest-ServerActionsV293TestJSON-103766029-project-member] new path /v2/images/82abd6e3-5f4f-4bdd-a31a-c8d6232b6048 {{(pid=102660) process_request /opt/stack/glance/glance/api/middleware/version_negotiation.py:70}}
Jun 26 09:41:52.432267 np0000003725 devstack@g-api.service[102660]: [pid: 102660|app: 0|req: 79/311] 127.0.0.1 () {40 vars in 838 bytes} [Fri Jun 26 09:41:52 2026] GET /v2/images/82abd6e3-5f4f-4bdd-a31a-c8d6232b6048 => generated 650 bytes in 19 msecs (HTTP/1.1 200) 4 headers in 157 bytes (1 switches on core 0)
Jun 26 09:41:53.038773 np0000003725 devstack@g-api.service[102661]: DEBUG swiftclient [None req-0ecc7bd1-c295-4cbb-8073-e29d1b9ccb99 tempest-VolumesActionsTest-468780577 tempest-VolumesActionsTest-468780577-project-member] REQ: curl -i https://10.4.3.130:8080/v1/AUTH_fb4cf73d3aa74a9aa7420b13b4319ede/glance/82abd6e3-5f4f-4bdd-a31a-c8d6232b6048-00001 -X PUT -H "X-Auth-Token: gAAAAABqPkleu87g..." {{(pid=102661) http_log /opt/stack/data/venv/lib/python3.12/site-packages/swiftclient/client.py:160}}
Jun 26 09:41:53.039014 np0000003725 devstack@g-api.service[102661]: DEBUG swiftclient [None req-0ecc7bd1-c295-4cbb-8073-e29d1b9ccb99 tempest-VolumesActionsTest-468780577 tempest-VolumesActionsTest-468780577-project-member] RESP STATUS: 201 Created {{(pid=102661) http_log /opt/stack/data/venv/lib/python3.12/site-packages/swiftclient/client.py:161}}
Jun 26 09:41:53.039528 np0000003725 devstack@g-api.service[102661]: DEBUG swiftclient [None req-0ecc7bd1-c295-4cbb-8073-e29d1b9ccb99 tempest-VolumesActionsTest-468780577 tempest-VolumesActionsTest-468780577-project-member] RESP HEADERS: {'Date': 'Fri, 26 Jun 2026 09:41:53 GMT', 'Server': 'Apache/2.4.58 (Ubuntu)', 'Content-Type': 'text/html; charset=UTF-8', 'Content-Length': '0', 'Etag': 'eda9a9889837ac4bc81d6387d92c1bec', 'Last-Modified': 'Fri, 26 Jun 2026 09:41:52 GMT', 'X-Trans-Id': 'txb01dcf31b5304b18b8dc7-006a3e495f', 'X-Openstack-Request-Id': 'txb01dcf31b5304b18b8dc7-006a3e495f', 'Connection': 'close'} {{(pid=102661) http_log /opt/stack/data/venv/lib/python3.12/site-packages/swiftclient/client.py:162}}
Jun 26 09:41:53.039528 np0000003725 devstack@g-api.service[102661]: DEBUG glance_store._drivers.swift.store [None req-0ecc7bd1-c295-4cbb-8073-e29d1b9ccb99 tempest-VolumesActionsTest-468780577 tempest-VolumesActionsTest-468780577-project-member] Wrote chunk 82abd6e3-5f4f-4bdd-a31a-c8d6232b6048-00001 (1/?) of length 204800000 to Swift returning MD5 of content: eda9a9889837ac4bc81d6387d92c1bec {{(pid=102661) add /opt/stack/data/venv/lib/python3.12/site-packages/glance_store/_drivers/swift/store.py:1059}}
Jun 26 09:41:53.451538 np0000003725 devstack@g-api.service[102659]: DEBUG glance.api.middleware.version_negotiation [None req-261e56fd-0a07-41e8-ace6-9305356844b0 tempest-ServerActionsV293TestJSON-103766029 tempest-ServerActionsV293TestJSON-103766029-project-member] Determining version of request: GET /v2/images/82abd6e3-5f4f-4bdd-a31a-c8d6232b6048 Accept: application/json {{(pid=102659) process_request /opt/stack/glance/glance/api/middleware/version_negotiation.py:44}}
Jun 26 09:41:53.451989 np0000003725 devstack@g-api.service[102659]: DEBUG glance.api.middleware.version_negotiation [None req-261e56fd-0a07-41e8-ace6-9305356844b0 tempest-ServerActionsV293TestJSON-103766029 tempest-ServerActionsV293TestJSON-103766029-project-member] Using url versioning {{(pid=102659) process_request /opt/stack/glance/glance/api/middleware/version_negotiation.py:57}}
Jun 26 09:41:53.451989 np0000003725 devstack@g-api.service[102659]: DEBUG glance.api.middleware.version_negotiation [None req-261e56fd-0a07-41e8-ace6-9305356844b0 tempest-ServerActionsV293TestJSON-103766029 tempest-ServerActionsV293TestJSON-103766029-project-member] Matched version: v2 {{(pid=102659) process_request /opt/stack/glance/glance/api/middleware/version_negotiation.py:69}}
Jun 26 09:41:53.451989 np0000003725 devstack@g-api.service[102659]: DEBUG glance.api.middleware.version_negotiation [None req-261e56fd-0a07-41e8-ace6-9305356844b0 tempest-ServerActionsV293TestJSON-103766029 tempest-ServerActionsV293TestJSON-103766029-project-member] new path /v2/images/82abd6e3-5f4f-4bdd-a31a-c8d6232b6048 {{(pid=102659) process_request /opt/stack/glance/glance/api/middleware/version_negotiation.py:70}}
Jun 26 09:41:53.477215 np0000003725 devstack@g-api.service[102659]: [pid: 102659|app: 0|req: 79/312] 127.0.0.1 () {40 vars in 838 bytes} [Fri Jun 26 09:41:53 2026] GET /v2/images/82abd6e3-5f4f-4bdd-a31a-c8d6232b6048 => generated 650 bytes in 26 msecs (HTTP/1.1 200) 4 headers in 157 bytes (1 switches on core 0)
Jun 26 09:41:54.485768 np0000003725 devstack@g-api.service[102662]: DEBUG glance.api.middleware.version_negotiation [None req-ceb32c29-e362-4279-9c2d-79963a28377d tempest-VolumesActionsTest-468780577 tempest-VolumesActionsTest-468780577-project-member] Determining version of request: GET /v2/images/207be123-4451-4e7f-b9cd-f7da10541127 Accept: */* {{(pid=102662) process_request /opt/stack/glance/glance/api/middleware/version_negotiation.py:44}}
Jun 26 09:41:54.486268 np0000003725 devstack@g-api.service[102662]: DEBUG glance.api.middleware.version_negotiation [None req-ceb32c29-e362-4279-9c2d-79963a28377d tempest-VolumesActionsTest-468780577 tempest-VolumesActionsTest-468780577-project-member] Using url versioning {{(pid=102662) process_request /opt/stack/glance/glance/api/middleware/version_negotiation.py:57}}
Jun 26 09:41:54.486268 np0000003725 devstack@g-api.service[102662]: DEBUG glance.api.middleware.version_negotiation [None req-ceb32c29-e362-4279-9c2d-79963a28377d tempest-VolumesActionsTest-468780577 tempest-VolumesActionsTest-468780577-project-member] Matched version: v2 {{(pid=102662) process_request /opt/stack/glance/glance/api/middleware/version_negotiation.py:69}}
Jun 26 09:41:54.486387 np0000003725 devstack@g-api.service[102660]: DEBUG glance.api.middleware.version_negotiation [None req-cf5d3f6f-60cd-441a-bc1a-1b0c504ca619 tempest-VolumesActionsTest-468780577 tempest-VolumesActionsTest-468780577-project-member] Determining version of request: GET /v2/images/82abd6e3-5f4f-4bdd-a31a-c8d6232b6048 Accept: application/json {{(pid=102660) process_request /opt/stack/glance/glance/api/middleware/version_negotiation.py:44}}
Jun 26 09:41:54.486966 np0000003725 devstack@g-api.service[102662]: DEBUG glance.api.middleware.version_negotiation [None req-ceb32c29-e362-4279-9c2d-79963a28377d tempest-VolumesActionsTest-468780577 tempest-VolumesActionsTest-468780577-project-member] new path /v2/images/207be123-4451-4e7f-b9cd-f7da10541127 {{(pid=102662) process_request /opt/stack/glance/glance/api/middleware/version_negotiation.py:70}}
Jun 26 09:41:54.487020 np0000003725 devstack@g-api.service[102660]: DEBUG glance.api.middleware.version_negotiation [None req-cf5d3f6f-60cd-441a-bc1a-1b0c504ca619 tempest-VolumesActionsTest-468780577 tempest-VolumesActionsTest-468780577-project-member] Using url versioning {{(pid=102660) process_request /opt/stack/glance/glance/api/middleware/version_negotiation.py:57}}
Jun 26 09:41:54.487020 np0000003725 devstack@g-api.service[102660]: DEBUG glance.api.middleware.version_negotiation [None req-cf5d3f6f-60cd-441a-bc1a-1b0c504ca619 tempest-VolumesActionsTest-468780577 tempest-VolumesActionsTest-468780577-project-member] Matched version: v2 {{(pid=102660) process_request /opt/stack/glance/glance/api/middleware/version_negotiation.py:69}}
Jun 26 09:41:54.487020 np0000003725 devstack@g-api.service[102660]: DEBUG glance.api.middleware.version_negotiation [None req-cf5d3f6f-60cd-441a-bc1a-1b0c504ca619 tempest-VolumesActionsTest-468780577 tempest-VolumesActionsTest-468780577-project-member] new path /v2/images/82abd6e3-5f4f-4bdd-a31a-c8d6232b6048 {{(pid=102660) process_request /opt/stack/glance/glance/api/middleware/version_negotiation.py:70}}
Jun 26 09:41:54.496836 np0000003725 devstack@g-api.service[102660]: [pid: 102660|app: 0|req: 80/313] 127.0.0.1 () {40 vars in 838 bytes} [Fri Jun 26 09:41:54 2026] GET /v2/images/82abd6e3-5f4f-4bdd-a31a-c8d6232b6048 => generated 650 bytes in 10 msecs (HTTP/1.1 200) 4 headers in 157 bytes (1 switches on core 0)
Jun 26 09:41:54.502766 np0000003725 devstack@g-api.service[102662]: [pid: 102662|app: 0|req: 79/314] 127.0.0.1 () {44 vars in 1115 bytes} [Fri Jun 26 09:41:54 2026] GET /v2/images/207be123-4451-4e7f-b9cd-f7da10541127 => generated 1044 bytes in 17 msecs (HTTP/1.1 200) 4 headers in 158 bytes (1 switches on core 0)
Jun 26 09:41:54.538902 np0000003725 devstack@g-api.service[102659]: DEBUG glance.api.middleware.version_negotiation [None req-7311e487-897a-43f3-8ed0-6e0639383359 tempest-VolumesActionsTest-468780577 tempest-VolumesActionsTest-468780577-project-member] Determining version of request: GET /v2/schemas/image Accept: */* {{(pid=102659) process_request /opt/stack/glance/glance/api/middleware/version_negotiation.py:44}}
Jun 26 09:41:54.539386 np0000003725 devstack@g-api.service[102659]: DEBUG glance.api.middleware.version_negotiation [None req-7311e487-897a-43f3-8ed0-6e0639383359 tempest-VolumesActionsTest-468780577 tempest-VolumesActionsTest-468780577-project-member] Using url versioning {{(pid=102659) process_request /opt/stack/glance/glance/api/middleware/version_negotiation.py:57}}
Jun 26 09:41:54.539386 np0000003725 devstack@g-api.service[102659]: DEBUG glance.api.middleware.version_negotiation [None req-7311e487-897a-43f3-8ed0-6e0639383359 tempest-VolumesActionsTest-468780577 tempest-VolumesActionsTest-468780577-project-member] Matched version: v2 {{(pid=102659) process_request /opt/stack/glance/glance/api/middleware/version_negotiation.py:69}}
Jun 26 09:41:54.539386 np0000003725 devstack@g-api.service[102659]: DEBUG glance.api.middleware.version_negotiation [None req-7311e487-897a-43f3-8ed0-6e0639383359 tempest-VolumesActionsTest-468780577 tempest-VolumesActionsTest-468780577-project-member] new path /v2/schemas/image {{(pid=102659) process_request /opt/stack/glance/glance/api/middleware/version_negotiation.py:70}}
Jun 26 09:41:54.541499 np0000003725 devstack@g-api.service[102659]: [pid: 102659|app: 0|req: 80/315] 127.0.0.1 () {44 vars in 1055 bytes} [Fri Jun 26 09:41:54 2026] GET /v2/schemas/image => generated 6083 bytes in 3 msecs (HTTP/1.1 200) 4 headers in 158 bytes (1 switches on core 0)
Jun 26 09:41:54.607387 np0000003725 devstack@g-api.service[102660]: DEBUG glance.api.middleware.version_negotiation [None req-49e1feac-54ce-4503-b685-11362fff18e7 tempest-VolumesActionsTest-468780577 tempest-VolumesActionsTest-468780577-project-member] Determining version of request: GET /v2/images/207be123-4451-4e7f-b9cd-f7da10541127 Accept: */* {{(pid=102660) process_request /opt/stack/glance/glance/api/middleware/version_negotiation.py:44}}
Jun 26 09:41:54.607521 np0000003725 devstack@g-api.service[102660]: DEBUG glance.api.middleware.version_negotiation [None req-49e1feac-54ce-4503-b685-11362fff18e7 tempest-VolumesActionsTest-468780577 tempest-VolumesActionsTest-468780577-project-member] Using url versioning {{(pid=102660) process_request /opt/stack/glance/glance/api/middleware/version_negotiation.py:57}}
Jun 26 09:41:54.609402 np0000003725 devstack@g-api.service[102660]: DEBUG glance.api.middleware.version_negotiation [None req-49e1feac-54ce-4503-b685-11362fff18e7 tempest-VolumesActionsTest-468780577 tempest-VolumesActionsTest-468780577-project-member] Matched version: v2 {{(pid=102660) process_request /opt/stack/glance/glance/api/middleware/version_negotiation.py:69}}
Jun 26 09:41:54.609402 np0000003725 devstack@g-api.service[102660]: DEBUG glance.api.middleware.version_negotiation [None req-49e1feac-54ce-4503-b685-11362fff18e7 tempest-VolumesActionsTest-468780577 tempest-VolumesActionsTest-468780577-project-member] new path /v2/images/207be123-4451-4e7f-b9cd-f7da10541127 {{(pid=102660) process_request /opt/stack/glance/glance/api/middleware/version_negotiation.py:70}}
Jun 26 09:41:54.619639 np0000003725 devstack@g-api.service[102660]: [pid: 102660|app: 0|req: 81/316] 127.0.0.1 () {44 vars in 1115 bytes} [Fri Jun 26 09:41:54 2026] GET /v2/images/207be123-4451-4e7f-b9cd-f7da10541127 => generated 1044 bytes in 13 msecs (HTTP/1.1 200) 4 headers in 158 bytes (1 switches on core 0)
Jun 26 09:41:54.630775 np0000003725 devstack@g-api.service[102662]: DEBUG glance.api.middleware.version_negotiation [None req-261e56fd-0a07-41e8-ace6-9305356844b0 tempest-ServerActionsV293TestJSON-103766029 tempest-ServerActionsV293TestJSON-103766029-project-member] Determining version of request: GET /v2/schemas/image Accept: */* {{(pid=102662) process_request /opt/stack/glance/glance/api/middleware/version_negotiation.py:44}}
Jun 26 09:41:54.630775 np0000003725 devstack@g-api.service[102662]: DEBUG glance.api.middleware.version_negotiation [None req-261e56fd-0a07-41e8-ace6-9305356844b0 tempest-ServerActionsV293TestJSON-103766029 tempest-ServerActionsV293TestJSON-103766029-project-member] Using url versioning {{(pid=102662) process_request /opt/stack/glance/glance/api/middleware/version_negotiation.py:57}}
Jun 26 09:41:54.630775 np0000003725 devstack@g-api.service[102662]: DEBUG glance.api.middleware.version_negotiation [None req-261e56fd-0a07-41e8-ace6-9305356844b0 tempest-ServerActionsV293TestJSON-103766029 tempest-ServerActionsV293TestJSON-103766029-project-member] Matched version: v2 {{(pid=102662) process_request /opt/stack/glance/glance/api/middleware/version_negotiation.py:69}}
Jun 26 09:41:54.630999 np0000003725 devstack@g-api.service[102662]: DEBUG glance.api.middleware.version_negotiation [None req-261e56fd-0a07-41e8-ace6-9305356844b0 tempest-ServerActionsV293TestJSON-103766029 tempest-ServerActionsV293TestJSON-103766029-project-member] new path /v2/schemas/image {{(pid=102662) process_request /opt/stack/glance/glance/api/middleware/version_negotiation.py:70}}
Jun 26 09:41:54.635875 np0000003725 devstack@g-api.service[102662]: [pid: 102662|app: 0|req: 80/317] 127.0.0.1 () {44 vars in 1055 bytes} [Fri Jun 26 09:41:54 2026] GET /v2/schemas/image => generated 6083 bytes in 6 msecs (HTTP/1.1 200) 4 headers in 158 bytes (1 switches on core 0)
Jun 26 09:41:54.645692 np0000003725 devstack@g-api.service[102659]: DEBUG glance.api.middleware.version_negotiation [None req-261e56fd-0a07-41e8-ace6-9305356844b0 tempest-ServerActionsV293TestJSON-103766029 tempest-ServerActionsV293TestJSON-103766029-project-member] Determining version of request: GET /v2/schemas/image Accept: */* {{(pid=102659) process_request /opt/stack/glance/glance/api/middleware/version_negotiation.py:44}}
Jun 26 09:41:54.645861 np0000003725 devstack@g-api.service[102659]: DEBUG glance.api.middleware.version_negotiation [None req-261e56fd-0a07-41e8-ace6-9305356844b0 tempest-ServerActionsV293TestJSON-103766029 tempest-ServerActionsV293TestJSON-103766029-project-member] Using url versioning {{(pid=102659) process_request /opt/stack/glance/glance/api/middleware/version_negotiation.py:57}}
Jun 26 09:41:54.650438 np0000003725 devstack@g-api.service[102659]: DEBUG glance.api.middleware.version_negotiation [None req-261e56fd-0a07-41e8-ace6-9305356844b0 tempest-ServerActionsV293TestJSON-103766029 tempest-ServerActionsV293TestJSON-103766029-project-member] Matched version: v2 {{(pid=102659) process_request /opt/stack/glance/glance/api/middleware/version_negotiation.py:69}}
Jun 26 09:41:54.650438 np0000003725 devstack@g-api.service[102659]: DEBUG glance.api.middleware.version_negotiation [None req-261e56fd-0a07-41e8-ace6-9305356844b0 tempest-ServerActionsV293TestJSON-103766029 tempest-ServerActionsV293TestJSON-103766029-project-member] new path /v2/schemas/image {{(pid=102659) process_request /opt/stack/glance/glance/api/middleware/version_negotiation.py:70}}
Jun 26 09:41:54.650438 np0000003725 devstack@g-api.service[102659]: [pid: 102659|app: 0|req: 81/318] 127.0.0.1 () {44 vars in 1055 bytes} [Fri Jun 26 09:41:54 2026] GET /v2/schemas/image => generated 6083 bytes in 3 msecs (HTTP/1.1 200) 4 headers in 158 bytes (1 switches on core 0)
Jun 26 09:41:54.694220 np0000003725 devstack@g-api.service[102660]: DEBUG glance.api.middleware.version_negotiation [None req-261e56fd-0a07-41e8-ace6-9305356844b0 tempest-ServerActionsV293TestJSON-103766029 tempest-ServerActionsV293TestJSON-103766029-project-member] Determining version of request: GET /v2/images/207be123-4451-4e7f-b9cd-f7da10541127 Accept: */* {{(pid=102660) process_request /opt/stack/glance/glance/api/middleware/version_negotiation.py:44}}
Jun 26 09:41:54.694390 np0000003725 devstack@g-api.service[102660]: DEBUG glance.api.middleware.version_negotiation [None req-261e56fd-0a07-41e8-ace6-9305356844b0 tempest-ServerActionsV293TestJSON-103766029 tempest-ServerActionsV293TestJSON-103766029-project-member] Using url versioning {{(pid=102660) process_request /opt/stack/glance/glance/api/middleware/version_negotiation.py:57}}
Jun 26 09:41:54.694581 np0000003725 devstack@g-api.service[102660]: DEBUG glance.api.middleware.version_negotiation [None req-261e56fd-0a07-41e8-ace6-9305356844b0 tempest-ServerActionsV293TestJSON-103766029 tempest-ServerActionsV293TestJSON-103766029-project-member] Matched version: v2 {{(pid=102660) process_request /opt/stack/glance/glance/api/middleware/version_negotiation.py:69}}
Jun 26 09:41:54.694667 np0000003725 devstack@g-api.service[102660]: DEBUG glance.api.middleware.version_negotiation [None req-261e56fd-0a07-41e8-ace6-9305356844b0 tempest-ServerActionsV293TestJSON-103766029 tempest-ServerActionsV293TestJSON-103766029-project-member] new path /v2/images/207be123-4451-4e7f-b9cd-f7da10541127 {{(pid=102660) process_request /opt/stack/glance/glance/api/middleware/version_negotiation.py:70}}
Jun 26 09:41:54.714324 np0000003725 devstack@g-api.service[102660]: [pid: 102660|app: 0|req: 82/319] 127.0.0.1 () {44 vars in 1115 bytes} [Fri Jun 26 09:41:54 2026] GET /v2/images/207be123-4451-4e7f-b9cd-f7da10541127 => generated 1044 bytes in 20 msecs (HTTP/1.1 200) 4 headers in 158 bytes (1 switches on core 0)
Jun 26 09:41:54.721445 np0000003725 devstack@g-api.service[102662]: DEBUG glance.api.middleware.version_negotiation [None req-261e56fd-0a07-41e8-ace6-9305356844b0 tempest-ServerActionsV293TestJSON-103766029 tempest-ServerActionsV293TestJSON-103766029-project-member] Determining version of request: GET /v2/schemas/image Accept: */* {{(pid=102662) process_request /opt/stack/glance/glance/api/middleware/version_negotiation.py:44}}
Jun 26 09:41:54.721619 np0000003725 devstack@g-api.service[102662]: DEBUG glance.api.middleware.version_negotiation [None req-261e56fd-0a07-41e8-ace6-9305356844b0 tempest-ServerActionsV293TestJSON-103766029 tempest-ServerActionsV293TestJSON-103766029-project-member] Using url versioning {{(pid=102662) process_request /opt/stack/glance/glance/api/middleware/version_negotiation.py:57}}
Jun 26 09:41:54.721776 np0000003725 devstack@g-api.service[102662]: DEBUG glance.api.middleware.version_negotiation [None req-261e56fd-0a07-41e8-ace6-9305356844b0 tempest-ServerActionsV293TestJSON-103766029 tempest-ServerActionsV293TestJSON-103766029-project-member] Matched version: v2 {{(pid=102662) process_request /opt/stack/glance/glance/api/middleware/version_negotiation.py:69}}
Jun 26 09:41:54.721844 np0000003725 devstack@g-api.service[102662]: DEBUG glance.api.middleware.version_negotiation [None req-261e56fd-0a07-41e8-ace6-9305356844b0 tempest-ServerActionsV293TestJSON-103766029 tempest-ServerActionsV293TestJSON-103766029-project-member] new path /v2/schemas/image {{(pid=102662) process_request /opt/stack/glance/glance/api/middleware/version_negotiation.py:70}}
Jun 26 09:41:54.724778 np0000003725 devstack@g-api.service[102662]: [pid: 102662|app: 0|req: 81/320] 127.0.0.1 () {44 vars in 1055 bytes} [Fri Jun 26 09:41:54 2026] GET /v2/schemas/image => generated 6083 bytes in 3 msecs (HTTP/1.1 200) 4 headers in 158 bytes (1 switches on core 0)
Jun 26 09:41:54.735578 np0000003725 devstack@g-api.service[102659]: DEBUG glance.api.middleware.version_negotiation [None req-261e56fd-0a07-41e8-ace6-9305356844b0 tempest-ServerActionsV293TestJSON-103766029 tempest-ServerActionsV293TestJSON-103766029-project-member] Determining version of request: GET /v2/schemas/image Accept: */* {{(pid=102659) process_request /opt/stack/glance/glance/api/middleware/version_negotiation.py:44}}
Jun 26 09:41:54.736397 np0000003725 devstack@g-api.service[102659]: DEBUG glance.api.middleware.version_negotiation [None req-261e56fd-0a07-41e8-ace6-9305356844b0 tempest-ServerActionsV293TestJSON-103766029 tempest-ServerActionsV293TestJSON-103766029-project-member] Using url versioning {{(pid=102659) process_request /opt/stack/glance/glance/api/middleware/version_negotiation.py:57}}
Jun 26 09:41:54.736397 np0000003725 devstack@g-api.service[102659]: DEBUG glance.api.middleware.version_negotiation [None req-261e56fd-0a07-41e8-ace6-9305356844b0 tempest-ServerActionsV293TestJSON-103766029 tempest-ServerActionsV293TestJSON-103766029-project-member] Matched version: v2 {{(pid=102659) process_request /opt/stack/glance/glance/api/middleware/version_negotiation.py:69}}
Jun 26 09:41:54.736397 np0000003725 devstack@g-api.service[102659]: DEBUG glance.api.middleware.version_negotiation [None req-261e56fd-0a07-41e8-ace6-9305356844b0 tempest-ServerActionsV293TestJSON-103766029 tempest-ServerActionsV293TestJSON-103766029-project-member] new path /v2/schemas/image {{(pid=102659) process_request /opt/stack/glance/glance/api/middleware/version_negotiation.py:70}}
Jun 26 09:41:54.738469 np0000003725 devstack@g-api.service[102659]: [pid: 102659|app: 0|req: 82/321] 127.0.0.1 () {44 vars in 1055 bytes} [Fri Jun 26 09:41:54 2026] GET /v2/schemas/image => generated 6083 bytes in 3 msecs (HTTP/1.1 200) 4 headers in 158 bytes (1 switches on core 0)
Jun 26 09:41:54.869939 np0000003725 devstack@g-api.service[102660]: DEBUG glance.api.middleware.version_negotiation [None req-261e56fd-0a07-41e8-ace6-9305356844b0 tempest-ServerActionsV293TestJSON-103766029 tempest-ServerActionsV293TestJSON-103766029-project-member] Determining version of request: GET /versions Accept: */* {{(pid=102660) process_request /opt/stack/glance/glance/api/middleware/version_negotiation.py:44}}
Jun 26 09:41:54.870970 np0000003725 devstack@g-api.service[102660]: [pid: 102660|app: 0|req: 83/322] 127.0.0.1 () {44 vars in 1039 bytes} [Fri Jun 26 09:41:54 2026] GET /versions => generated 1407 bytes in 1 msecs (HTTP/1.1 200) 3 headers in 92 bytes (1 switches on core 0)
Jun 26 09:41:54.880309 np0000003725 devstack@g-api.service[102662]: DEBUG glance.api.middleware.version_negotiation [None req-261e56fd-0a07-41e8-ace6-9305356844b0 tempest-ServerActionsV293TestJSON-103766029 tempest-ServerActionsV293TestJSON-103766029-project-member] Determining version of request: GET /v2/images/207be123-4451-4e7f-b9cd-f7da10541127/locations Accept: */* {{(pid=102662) process_request /opt/stack/glance/glance/api/middleware/version_negotiation.py:44}}
Jun 26 09:41:54.880605 np0000003725 devstack@g-api.service[102662]: DEBUG glance.api.middleware.version_negotiation [None req-261e56fd-0a07-41e8-ace6-9305356844b0 tempest-ServerActionsV293TestJSON-103766029 tempest-ServerActionsV293TestJSON-103766029-project-member] Using url versioning {{(pid=102662) process_request /opt/stack/glance/glance/api/middleware/version_negotiation.py:57}}
Jun 26 09:41:54.880605 np0000003725 devstack@g-api.service[102662]: DEBUG glance.api.middleware.version_negotiation [None req-261e56fd-0a07-41e8-ace6-9305356844b0 tempest-ServerActionsV293TestJSON-103766029 tempest-ServerActionsV293TestJSON-103766029-project-member] Matched version: v2 {{(pid=102662) process_request /opt/stack/glance/glance/api/middleware/version_negotiation.py:69}}
Jun 26 09:41:54.880690 np0000003725 devstack@g-api.service[102662]: DEBUG glance.api.middleware.version_negotiation [None req-261e56fd-0a07-41e8-ace6-9305356844b0 tempest-ServerActionsV293TestJSON-103766029 tempest-ServerActionsV293TestJSON-103766029-project-member] new path /v2/images/207be123-4451-4e7f-b9cd-f7da10541127/locations {{(pid=102662) process_request /opt/stack/glance/glance/api/middleware/version_negotiation.py:70}}
Jun 26 09:41:54.934069 np0000003725 devstack@g-api.service[102662]: [pid: 102662|app: 0|req: 82/323] 127.0.0.1 () {44 vars in 1135 bytes} [Fri Jun 26 09:41:54 2026] GET /v2/images/207be123-4451-4e7f-b9cd-f7da10541127/locations => generated 92 bytes in 54 msecs (HTTP/1.1 200) 4 headers in 156 bytes (1 switches on core 0)
Jun 26 09:41:54.977962 np0000003725 devstack@g-api.service[102661]: DEBUG swiftclient [None req-0ecc7bd1-c295-4cbb-8073-e29d1b9ccb99 tempest-VolumesActionsTest-468780577 tempest-VolumesActionsTest-468780577-project-member] REQ: curl -i https://10.4.3.130:8080/v1/AUTH_fb4cf73d3aa74a9aa7420b13b4319ede/glance/82abd6e3-5f4f-4bdd-a31a-c8d6232b6048-00002 -X PUT -H "X-Auth-Token: gAAAAABqPkleu87g..." {{(pid=102661) http_log /opt/stack/data/venv/lib/python3.12/site-packages/swiftclient/client.py:160}}
Jun 26 09:41:54.978231 np0000003725 devstack@g-api.service[102661]: DEBUG swiftclient [None req-0ecc7bd1-c295-4cbb-8073-e29d1b9ccb99 tempest-VolumesActionsTest-468780577 tempest-VolumesActionsTest-468780577-project-member] RESP STATUS: 201 Created {{(pid=102661) http_log /opt/stack/data/venv/lib/python3.12/site-packages/swiftclient/client.py:161}}
Jun 26 09:41:54.978231 np0000003725 devstack@g-api.service[102661]: DEBUG swiftclient [None req-0ecc7bd1-c295-4cbb-8073-e29d1b9ccb99 tempest-VolumesActionsTest-468780577 tempest-VolumesActionsTest-468780577-project-member] RESP HEADERS: {'Date': 'Fri, 26 Jun 2026 09:41:54 GMT', 'Server': 'Apache/2.4.58 (Ubuntu)', 'Content-Type': 'text/html; charset=UTF-8', 'Content-Length': '0', 'Etag': 'eda9a9889837ac4bc81d6387d92c1bec', 'Last-Modified': 'Fri, 26 Jun 2026 09:41:54 GMT', 'X-Trans-Id': 'tx51003ea7e4354508b69c3-006a3e4961', 'X-Openstack-Request-Id': 'tx51003ea7e4354508b69c3-006a3e4961', 'Connection': 'close'} {{(pid=102661) http_log /opt/stack/data/venv/lib/python3.12/site-packages/swiftclient/client.py:162}}
Jun 26 09:41:54.978369 np0000003725 devstack@g-api.service[102661]: DEBUG glance_store._drivers.swift.store [None req-0ecc7bd1-c295-4cbb-8073-e29d1b9ccb99 tempest-VolumesActionsTest-468780577 tempest-VolumesActionsTest-468780577-project-member] Wrote chunk 82abd6e3-5f4f-4bdd-a31a-c8d6232b6048-00002 (2/?) of length 204800000 to Swift returning MD5 of content: eda9a9889837ac4bc81d6387d92c1bec {{(pid=102661) add /opt/stack/data/venv/lib/python3.12/site-packages/glance_store/_drivers/swift/store.py:1059}}
Jun 26 09:41:55.511869 np0000003725 devstack@g-api.service[102659]: DEBUG glance.api.middleware.version_negotiation [None req-261e56fd-0a07-41e8-ace6-9305356844b0 tempest-ServerActionsV293TestJSON-103766029 tempest-ServerActionsV293TestJSON-103766029-project-member] Determining version of request: GET /v2/images/82abd6e3-5f4f-4bdd-a31a-c8d6232b6048 Accept: application/json {{(pid=102659) process_request /opt/stack/glance/glance/api/middleware/version_negotiation.py:44}}
Jun 26 09:41:55.512678 np0000003725 devstack@g-api.service[102659]: DEBUG glance.api.middleware.version_negotiation [None req-261e56fd-0a07-41e8-ace6-9305356844b0 tempest-ServerActionsV293TestJSON-103766029 tempest-ServerActionsV293TestJSON-103766029-project-member] Using url versioning {{(pid=102659) process_request /opt/stack/glance/glance/api/middleware/version_negotiation.py:57}}
Jun 26 09:41:55.512678 np0000003725 devstack@g-api.service[102659]: DEBUG glance.api.middleware.version_negotiation [None req-261e56fd-0a07-41e8-ace6-9305356844b0 tempest-ServerActionsV293TestJSON-103766029 tempest-ServerActionsV293TestJSON-103766029-project-member] Matched version: v2 {{(pid=102659) process_request /opt/stack/glance/glance/api/middleware/version_negotiation.py:69}}
Jun 26 09:41:55.512678 np0000003725 devstack@g-api.service[102659]: DEBUG glance.api.middleware.version_negotiation [None req-261e56fd-0a07-41e8-ace6-9305356844b0 tempest-ServerActionsV293TestJSON-103766029 tempest-ServerActionsV293TestJSON-103766029-project-member] new path /v2/images/82abd6e3-5f4f-4bdd-a31a-c8d6232b6048 {{(pid=102659) process_request /opt/stack/glance/glance/api/middleware/version_negotiation.py:70}}
Jun 26 09:41:55.538659 np0000003725 devstack@g-api.service[102659]: [pid: 102659|app: 0|req: 83/324] 127.0.0.1 () {40 vars in 838 bytes} [Fri Jun 26 09:41:55 2026] GET /v2/images/82abd6e3-5f4f-4bdd-a31a-c8d6232b6048 => generated 650 bytes in 27 msecs (HTTP/1.1 200) 4 headers in 157 bytes (1 switches on core 0)
Jun 26 09:41:56.553659 np0000003725 devstack@g-api.service[102660]: DEBUG glance.api.middleware.version_negotiation [None req-261e56fd-0a07-41e8-ace6-9305356844b0 tempest-ServerActionsV293TestJSON-103766029 tempest-ServerActionsV293TestJSON-103766029-project-member] Determining version of request: GET /v2/images/82abd6e3-5f4f-4bdd-a31a-c8d6232b6048 Accept: application/json {{(pid=102660) process_request /opt/stack/glance/glance/api/middleware/version_negotiation.py:44}}
Jun 26 09:41:56.554549 np0000003725 devstack@g-api.service[102660]: DEBUG glance.api.middleware.version_negotiation [None req-261e56fd-0a07-41e8-ace6-9305356844b0 tempest-ServerActionsV293TestJSON-103766029 tempest-ServerActionsV293TestJSON-103766029-project-member] Using url versioning {{(pid=102660) process_request /opt/stack/glance/glance/api/middleware/version_negotiation.py:57}}
Jun 26 09:41:56.554549 np0000003725 devstack@g-api.service[102660]: DEBUG glance.api.middleware.version_negotiation [None req-261e56fd-0a07-41e8-ace6-9305356844b0 tempest-ServerActionsV293TestJSON-103766029 tempest-ServerActionsV293TestJSON-103766029-project-member] Matched version: v2 {{(pid=102660) process_request /opt/stack/glance/glance/api/middleware/version_negotiation.py:69}}
Jun 26 09:41:56.554549 np0000003725 devstack@g-api.service[102660]: DEBUG glance.api.middleware.version_negotiation [None req-261e56fd-0a07-41e8-ace6-9305356844b0 tempest-ServerActionsV293TestJSON-103766029 tempest-ServerActionsV293TestJSON-103766029-project-member] new path /v2/images/82abd6e3-5f4f-4bdd-a31a-c8d6232b6048 {{(pid=102660) process_request /opt/stack/glance/glance/api/middleware/version_negotiation.py:70}}
Jun 26 09:41:56.568010 np0000003725 devstack@g-api.service[102660]: [pid: 102660|app: 0|req: 84/325] 127.0.0.1 () {40 vars in 838 bytes} [Fri Jun 26 09:41:56 2026] GET /v2/images/82abd6e3-5f4f-4bdd-a31a-c8d6232b6048 => generated 650 bytes in 14 msecs (HTTP/1.1 200) 4 headers in 157 bytes (1 switches on core 0)
Jun 26 09:41:56.926699 np0000003725 devstack@g-api.service[102661]: DEBUG swiftclient [None req-0ecc7bd1-c295-4cbb-8073-e29d1b9ccb99 tempest-VolumesActionsTest-468780577 tempest-VolumesActionsTest-468780577-project-member] REQ: curl -i https://10.4.3.130:8080/v1/AUTH_fb4cf73d3aa74a9aa7420b13b4319ede/glance/82abd6e3-5f4f-4bdd-a31a-c8d6232b6048-00003 -X PUT -H "X-Auth-Token: gAAAAABqPkleu87g..." {{(pid=102661) http_log /opt/stack/data/venv/lib/python3.12/site-packages/swiftclient/client.py:160}}
Jun 26 09:41:56.927011 np0000003725 devstack@g-api.service[102661]: DEBUG swiftclient [None req-0ecc7bd1-c295-4cbb-8073-e29d1b9ccb99 tempest-VolumesActionsTest-468780577 tempest-VolumesActionsTest-468780577-project-member] RESP STATUS: 201 Created {{(pid=102661) http_log /opt/stack/data/venv/lib/python3.12/site-packages/swiftclient/client.py:161}}
Jun 26 09:41:56.927011 np0000003725 devstack@g-api.service[102661]: DEBUG swiftclient [None req-0ecc7bd1-c295-4cbb-8073-e29d1b9ccb99 tempest-VolumesActionsTest-468780577 tempest-VolumesActionsTest-468780577-project-member] RESP HEADERS: {'Date': 'Fri, 26 Jun 2026 09:41:56 GMT', 'Server': 'Apache/2.4.58 (Ubuntu)', 'Content-Type': 'text/html; charset=UTF-8', 'Content-Length': '0', 'Etag': 'eda9a9889837ac4bc81d6387d92c1bec', 'Last-Modified': 'Fri, 26 Jun 2026 09:41:55 GMT', 'X-Trans-Id': 'txbbdeaa98618045d090240-006a3e4962', 'X-Openstack-Request-Id': 'txbbdeaa98618045d090240-006a3e4962', 'Connection': 'close'} {{(pid=102661) http_log /opt/stack/data/venv/lib/python3.12/site-packages/swiftclient/client.py:162}}
Jun 26 09:41:56.927130 np0000003725 devstack@g-api.service[102661]: DEBUG glance_store._drivers.swift.store [None req-0ecc7bd1-c295-4cbb-8073-e29d1b9ccb99 tempest-VolumesActionsTest-468780577 tempest-VolumesActionsTest-468780577-project-member] Wrote chunk 82abd6e3-5f4f-4bdd-a31a-c8d6232b6048-00003 (3/?) of length 204800000 to Swift returning MD5 of content: eda9a9889837ac4bc81d6387d92c1bec {{(pid=102661) add /opt/stack/data/venv/lib/python3.12/site-packages/glance_store/_drivers/swift/store.py:1059}}
Jun 26 09:41:57.577893 np0000003725 devstack@g-api.service[102662]: DEBUG glance.api.middleware.version_negotiation [None req-261e56fd-0a07-41e8-ace6-9305356844b0 service glance] Determining version of request: GET /v2/images/82abd6e3-5f4f-4bdd-a31a-c8d6232b6048 Accept: application/json {{(pid=102662) process_request /opt/stack/glance/glance/api/middleware/version_negotiation.py:44}}
Jun 26 09:41:57.578236 np0000003725 devstack@g-api.service[102662]: DEBUG glance.api.middleware.version_negotiation [None req-261e56fd-0a07-41e8-ace6-9305356844b0 service glance] Using url versioning {{(pid=102662) process_request /opt/stack/glance/glance/api/middleware/version_negotiation.py:57}}
Jun 26 09:41:57.578236 np0000003725 devstack@g-api.service[102662]: DEBUG glance.api.middleware.version_negotiation [None req-261e56fd-0a07-41e8-ace6-9305356844b0 service glance] Matched version: v2 {{(pid=102662) process_request /opt/stack/glance/glance/api/middleware/version_negotiation.py:69}}
Jun 26 09:41:57.578357 np0000003725 devstack@g-api.service[102662]: DEBUG glance.api.middleware.version_negotiation [None req-261e56fd-0a07-41e8-ace6-9305356844b0 service glance] new path /v2/images/82abd6e3-5f4f-4bdd-a31a-c8d6232b6048 {{(pid=102662) process_request /opt/stack/glance/glance/api/middleware/version_negotiation.py:70}}
Jun 26 09:41:57.590187 np0000003725 devstack@g-api.service[102662]: [pid: 102662|app: 0|req: 83/326] 127.0.0.1 () {40 vars in 838 bytes} [Fri Jun 26 09:41:57 2026] GET /v2/images/82abd6e3-5f4f-4bdd-a31a-c8d6232b6048 => generated 650 bytes in 12 msecs (HTTP/1.1 200) 4 headers in 157 bytes (1 switches on core 0)
Jun 26 09:41:58.081963 np0000003725 devstack@g-api.service[102659]: DEBUG glance.api.middleware.version_negotiation [None req-64b572cd-1dc8-4105-a15a-424bf65fa375 tempest-VolumesActionsTest-468780577 tempest-VolumesActionsTest-468780577-project-member] Determining version of request: GET /v2/images/207be123-4451-4e7f-b9cd-f7da10541127 Accept: */* {{(pid=102659) process_request /opt/stack/glance/glance/api/middleware/version_negotiation.py:44}}
Jun 26 09:41:58.082908 np0000003725 devstack@g-api.service[102659]: DEBUG glance.api.middleware.version_negotiation [None req-64b572cd-1dc8-4105-a15a-424bf65fa375 tempest-VolumesActionsTest-468780577 tempest-VolumesActionsTest-468780577-project-member] Using url versioning {{(pid=102659) process_request /opt/stack/glance/glance/api/middleware/version_negotiation.py:57}}
Jun 26 09:41:58.082908 np0000003725 devstack@g-api.service[102659]: DEBUG glance.api.middleware.version_negotiation [None req-64b572cd-1dc8-4105-a15a-424bf65fa375 tempest-VolumesActionsTest-468780577 tempest-VolumesActionsTest-468780577-project-member] Matched version: v2 {{(pid=102659) process_request /opt/stack/glance/glance/api/middleware/version_negotiation.py:69}}
Jun 26 09:41:58.082908 np0000003725 devstack@g-api.service[102659]: DEBUG glance.api.middleware.version_negotiation [None req-64b572cd-1dc8-4105-a15a-424bf65fa375 tempest-VolumesActionsTest-468780577 tempest-VolumesActionsTest-468780577-project-member] new path /v2/images/207be123-4451-4e7f-b9cd-f7da10541127 {{(pid=102659) process_request /opt/stack/glance/glance/api/middleware/version_negotiation.py:70}}
