Jun 26 09:33:40.428737 np0000003725 systemd[1]: Starting devstack@n-api-meta.service - Devstack devstack@n-api-meta.service...
Jun 26 09:33:40.434538 np0000003725 devstack@n-api-meta.service[95707]: [uWSGI] getting INI configuration from /etc/nova/nova-metadata-uwsgi.ini
Jun 26 09:33:40.436722 np0000003725 devstack@n-api-meta.service[95707]: *** Starting uWSGI 2.0.24-debian (64bit) on [Fri Jun 26 09:33:40 2026] ***
Jun 26 09:33:40.436722 np0000003725 devstack@n-api-meta.service[95707]: compiled with version: 13.2.0 on 17 April 2024 16:23:48
Jun 26 09:33:40.436722 np0000003725 devstack@n-api-meta.service[95707]: os: Linux-6.8.0-100-generic #100-Ubuntu SMP PREEMPT_DYNAMIC Tue Jan 13 16:40:06 UTC 2026
Jun 26 09:33:40.436722 np0000003725 devstack@n-api-meta.service[95707]: nodename: np0000003725
Jun 26 09:33:40.436722 np0000003725 devstack@n-api-meta.service[95707]: machine: x86_64
Jun 26 09:33:40.436722 np0000003725 devstack@n-api-meta.service[95707]: clock source: unix
Jun 26 09:33:40.436722 np0000003725 devstack@n-api-meta.service[95707]: pcre jit disabled
Jun 26 09:33:40.436722 np0000003725 devstack@n-api-meta.service[95707]: detected number of CPU cores: 16
Jun 26 09:33:40.436722 np0000003725 devstack@n-api-meta.service[95707]: current working directory: /
Jun 26 09:33:40.436722 np0000003725 devstack@n-api-meta.service[95707]: detected binary path: /usr/bin/uwsgi-core
Jun 26 09:33:40.436722 np0000003725 devstack@n-api-meta.service[95707]: your processes number limit is 257052
Jun 26 09:33:40.436722 np0000003725 devstack@n-api-meta.service[95707]: your memory page size is 4096 bytes
Jun 26 09:33:40.436722 np0000003725 devstack@n-api-meta.service[95707]: detected max file descriptor number: 2048
Jun 26 09:33:40.436722 np0000003725 devstack@n-api-meta.service[95707]: lock engine: pthread robust mutexes
Jun 26 09:33:40.437208 np0000003725 devstack@n-api-meta.service[95707]: thunder lock: enabled
Jun 26 09:33:40.437208 np0000003725 devstack@n-api-meta.service[95707]: uWSGI http bound on 0.0.0.0:8775 fd 5
Jun 26 09:33:40.437208 np0000003725 devstack@n-api-meta.service[95707]: uwsgi socket 0 bound to TCP address 127.0.0.1:39307 (port auto-assigned) fd 4
Jun 26 09:33:40.437208 np0000003725 devstack@n-api-meta.service[95707]: Python version: 3.12.3 (main, Mar 23 2026, 19:04:32) [GCC 13.3.0]
Jun 26 09:33:40.437208 np0000003725 devstack@n-api-meta.service[95707]: PEP 405 virtualenv detected: /opt/stack/data/venv
Jun 26 09:33:40.437208 np0000003725 devstack@n-api-meta.service[95707]: Set PythonHome to /opt/stack/data/venv
Jun 26 09:33:40.469989 np0000003725 devstack@n-api-meta.service[95707]: Python main interpreter initialized at 0x765ad9ea3668
Jun 26 09:33:40.469989 np0000003725 devstack@n-api-meta.service[95707]: python threads support enabled
Jun 26 09:33:40.469989 np0000003725 devstack@n-api-meta.service[95707]: your server socket listen backlog is limited to 100 connections
Jun 26 09:33:40.469989 np0000003725 devstack@n-api-meta.service[95707]: your mercy for graceful operations on workers is 80 seconds
Jun 26 09:33:40.470493 np0000003725 devstack@n-api-meta.service[95707]: mapped 671795 bytes (656 KB) for 4 cores
Jun 26 09:33:40.470638 np0000003725 devstack@n-api-meta.service[95707]: *** Operational MODE: preforking ***
Jun 26 09:33:40.470820 np0000003725 devstack@n-api-meta.service[95707]: *** uWSGI is running in multiple interpreter mode ***
Jun 26 09:33:40.470820 np0000003725 devstack@n-api-meta.service[95707]: spawned uWSGI master process (pid: 95707)
Jun 26 09:33:40.470984 np0000003725 systemd[1]: Started devstack@n-api-meta.service - Devstack devstack@n-api-meta.service.
Jun 26 09:33:40.471563 np0000003725 devstack@n-api-meta.service[95707]: spawned uWSGI worker 1 (pid: 95708, cores: 1)
Jun 26 09:33:40.471801 np0000003725 devstack@n-api-meta.service[95707]: spawned uWSGI worker 2 (pid: 95709, cores: 1)
Jun 26 09:33:40.472203 np0000003725 devstack@n-api-meta.service[95707]: spawned uWSGI worker 3 (pid: 95710, cores: 1)
Jun 26 09:33:40.472608 np0000003725 devstack@n-api-meta.service[95707]: spawned uWSGI worker 4 (pid: 95711, cores: 1)
Jun 26 09:33:40.473045 np0000003725 devstack@n-api-meta.service[95707]: spawned uWSGI http 1 (pid: 95712)
Jun 26 09:33:40.473045 np0000003725 devstack@n-api-meta.service[95707]: running "unix_signal:15 gracefully_kill_them_all" (master-start)...
Jun 26 09:33:42.135535 np0000003725 devstack@n-api-meta.service[95708]: INFO dbcounter [None req-55811fb2-93bb-4f56-929f-ba6efc891a30 None None] Registered counter for database nova_api
Jun 26 09:33:42.152913 np0000003725 devstack@n-api-meta.service[95709]: INFO dbcounter [None req-666ef576-96ad-4ca3-ac97-3225d6f208d1 None None] Registered counter for database nova_api
Jun 26 09:33:42.181588 np0000003725 devstack@n-api-meta.service[95708]: DEBUG oslo_db.sqlalchemy.engines [None req-55811fb2-93bb-4f56-929f-ba6efc891a30 None None] MySQL server mode set to STRICT_TRANS_TABLES,STRICT_ALL_TABLES,NO_ZERO_IN_DATE,NO_ZERO_DATE,ERROR_FOR_DIVISION_BY_ZERO,TRADITIONAL,NO_ENGINE_SUBSTITUTION {{(pid=95708) _check_effective_sql_mode /opt/stack/data/venv/lib/python3.12/site-packages/oslo_db/sqlalchemy/engines.py:325}}
Jun 26 09:33:42.185244 np0000003725 devstack@n-api-meta.service[95710]: INFO dbcounter [None req-463a5fb1-5f18-47bc-888f-02769daccfd2 None None] Registered counter for database nova_api
Jun 26 09:33:42.197341 np0000003725 devstack@n-api-meta.service[95709]: DEBUG oslo_db.sqlalchemy.engines [None req-666ef576-96ad-4ca3-ac97-3225d6f208d1 None None] MySQL server mode set to STRICT_TRANS_TABLES,STRICT_ALL_TABLES,NO_ZERO_IN_DATE,NO_ZERO_DATE,ERROR_FOR_DIVISION_BY_ZERO,TRADITIONAL,NO_ENGINE_SUBSTITUTION {{(pid=95709) _check_effective_sql_mode /opt/stack/data/venv/lib/python3.12/site-packages/oslo_db/sqlalchemy/engines.py:325}}
Jun 26 09:33:42.212119 np0000003725 devstack@n-api-meta.service[95708]: DEBUG dbcounter [-] [95708] Writer thread running {{(pid=95708) stat_writer /opt/stack/data/venv/lib/python3.12/site-packages/dbcounter.py:102}}
Jun 26 09:33:42.214554 np0000003725 devstack@n-api-meta.service[95708]: DEBUG nova.context [None req-55811fb2-93bb-4f56-929f-ba6efc891a30 None None] Found 2 cells: 00000000-0000-0000-0000-000000000000(cell0),590e670e-57fd-4d84-84d5-e3323e81f213(cell1) {{(pid=95708) load_cells /opt/stack/nova/nova/context.py:509}}
Jun 26 09:33:42.214728 np0000003725 devstack@n-api-meta.service[95711]: INFO dbcounter [None req-665f4af7-0cb9-43f0-8b5c-1a284c6ecc3f None None] Registered counter for database nova_api
Jun 26 09:33:42.215035 np0000003725 devstack@n-api-meta.service[95708]: INFO nova.utils [None req-55811fb2-93bb-4f56-929f-ba6efc891a30 None None] The cell worker thread pool MainProcess.cell_worker is initialized
Jun 26 09:33:42.216681 np0000003725 devstack@n-api-meta.service[95708]: DEBUG oslo_concurrency.lockutils [None req-55811fb2-93bb-4f56-929f-ba6efc891a30 None None] Acquiring lock "00000000-0000-0000-0000-000000000000" by "nova.context.set_target_cell..get_or_set_cached_cell_and_set_connections" {{(pid=95708) inner /opt/stack/data/venv/lib/python3.12/site-packages/oslo_concurrency/lockutils.py:511}}
Jun 26 09:33:42.216847 np0000003725 devstack@n-api-meta.service[95708]: DEBUG oslo_concurrency.lockutils [None req-55811fb2-93bb-4f56-929f-ba6efc891a30 None None] Lock "00000000-0000-0000-0000-000000000000" acquired by "nova.context.set_target_cell..get_or_set_cached_cell_and_set_connections" :: waited 0.000s {{(pid=95708) inner /opt/stack/data/venv/lib/python3.12/site-packages/oslo_concurrency/lockutils.py:524}}
Jun 26 09:33:42.217295 np0000003725 devstack@n-api-meta.service[95708]: DEBUG oslo_concurrency.lockutils [None req-55811fb2-93bb-4f56-929f-ba6efc891a30 None None] Lock "00000000-0000-0000-0000-000000000000" "released" by "nova.context.set_target_cell..get_or_set_cached_cell_and_set_connections" :: held 0.000s {{(pid=95708) inner /opt/stack/data/venv/lib/python3.12/site-packages/oslo_concurrency/lockutils.py:543}}
Jun 26 09:33:42.218111 np0000003725 devstack@n-api-meta.service[95708]: DEBUG oslo_concurrency.lockutils [None req-55811fb2-93bb-4f56-929f-ba6efc891a30 None None] Acquiring lock "590e670e-57fd-4d84-84d5-e3323e81f213" by "nova.context.set_target_cell..get_or_set_cached_cell_and_set_connections" {{(pid=95708) inner /opt/stack/data/venv/lib/python3.12/site-packages/oslo_concurrency/lockutils.py:511}}
Jun 26 09:33:42.218305 np0000003725 devstack@n-api-meta.service[95708]: DEBUG oslo_concurrency.lockutils [None req-55811fb2-93bb-4f56-929f-ba6efc891a30 None None] Lock "590e670e-57fd-4d84-84d5-e3323e81f213" acquired by "nova.context.set_target_cell..get_or_set_cached_cell_and_set_connections" :: waited 0.000s {{(pid=95708) inner /opt/stack/data/venv/lib/python3.12/site-packages/oslo_concurrency/lockutils.py:524}}
Jun 26 09:33:42.219069 np0000003725 devstack@n-api-meta.service[95708]: DEBUG oslo_concurrency.lockutils [None req-55811fb2-93bb-4f56-929f-ba6efc891a30 None None] Lock "590e670e-57fd-4d84-84d5-e3323e81f213" "released" by "nova.context.set_target_cell..get_or_set_cached_cell_and_set_connections" :: held 0.001s {{(pid=95708) inner /opt/stack/data/venv/lib/python3.12/site-packages/oslo_concurrency/lockutils.py:543}}
Jun 26 09:33:42.220439 np0000003725 devstack@n-api-meta.service[95708]: INFO dbcounter [None req-55811fb2-93bb-4f56-929f-ba6efc891a30 None None] Registered counter for database nova_cell0
Jun 26 09:33:42.222944 np0000003725 devstack@n-api-meta.service[95708]: INFO dbcounter [None req-55811fb2-93bb-4f56-929f-ba6efc891a30 None None] Registered counter for database nova_cell1
Jun 26 09:33:42.230363 np0000003725 devstack@n-api-meta.service[95710]: DEBUG oslo_db.sqlalchemy.engines [None req-463a5fb1-5f18-47bc-888f-02769daccfd2 None None] MySQL server mode set to STRICT_TRANS_TABLES,STRICT_ALL_TABLES,NO_ZERO_IN_DATE,NO_ZERO_DATE,ERROR_FOR_DIVISION_BY_ZERO,TRADITIONAL,NO_ENGINE_SUBSTITUTION {{(pid=95710) _check_effective_sql_mode /opt/stack/data/venv/lib/python3.12/site-packages/oslo_db/sqlalchemy/engines.py:325}}
Jun 26 09:33:42.237854 np0000003725 devstack@n-api-meta.service[95709]: DEBUG dbcounter [-] [95709] Writer thread running {{(pid=95709) stat_writer /opt/stack/data/venv/lib/python3.12/site-packages/dbcounter.py:102}}
Jun 26 09:33:42.241244 np0000003725 devstack@n-api-meta.service[95709]: DEBUG nova.context [None req-666ef576-96ad-4ca3-ac97-3225d6f208d1 None None] Found 2 cells: 00000000-0000-0000-0000-000000000000(cell0),590e670e-57fd-4d84-84d5-e3323e81f213(cell1) {{(pid=95709) load_cells /opt/stack/nova/nova/context.py:509}}
Jun 26 09:33:42.242349 np0000003725 devstack@n-api-meta.service[95709]: INFO nova.utils [None req-666ef576-96ad-4ca3-ac97-3225d6f208d1 None None] The cell worker thread pool MainProcess.cell_worker is initialized
Jun 26 09:33:42.243238 np0000003725 devstack@n-api-meta.service[95709]: DEBUG oslo_concurrency.lockutils [None req-666ef576-96ad-4ca3-ac97-3225d6f208d1 None None] Acquiring lock "00000000-0000-0000-0000-000000000000" by "nova.context.set_target_cell..get_or_set_cached_cell_and_set_connections" {{(pid=95709) inner /opt/stack/data/venv/lib/python3.12/site-packages/oslo_concurrency/lockutils.py:511}}
Jun 26 09:33:42.243458 np0000003725 devstack@n-api-meta.service[95709]: DEBUG oslo_concurrency.lockutils [None req-666ef576-96ad-4ca3-ac97-3225d6f208d1 None None] Lock "00000000-0000-0000-0000-000000000000" acquired by "nova.context.set_target_cell..get_or_set_cached_cell_and_set_connections" :: waited 0.000s {{(pid=95709) inner /opt/stack/data/venv/lib/python3.12/site-packages/oslo_concurrency/lockutils.py:524}}
Jun 26 09:33:42.243831 np0000003725 devstack@n-api-meta.service[95709]: DEBUG oslo_concurrency.lockutils [None req-666ef576-96ad-4ca3-ac97-3225d6f208d1 None None] Lock "00000000-0000-0000-0000-000000000000" "released" by "nova.context.set_target_cell..get_or_set_cached_cell_and_set_connections" :: held 0.000s {{(pid=95709) inner /opt/stack/data/venv/lib/python3.12/site-packages/oslo_concurrency/lockutils.py:543}}
Jun 26 09:33:42.244563 np0000003725 devstack@n-api-meta.service[95709]: DEBUG oslo_concurrency.lockutils [None req-666ef576-96ad-4ca3-ac97-3225d6f208d1 None None] Acquiring lock "590e670e-57fd-4d84-84d5-e3323e81f213" by "nova.context.set_target_cell..get_or_set_cached_cell_and_set_connections" {{(pid=95709) inner /opt/stack/data/venv/lib/python3.12/site-packages/oslo_concurrency/lockutils.py:511}}
Jun 26 09:33:42.244712 np0000003725 devstack@n-api-meta.service[95709]: DEBUG oslo_concurrency.lockutils [None req-666ef576-96ad-4ca3-ac97-3225d6f208d1 None None] Lock "590e670e-57fd-4d84-84d5-e3323e81f213" acquired by "nova.context.set_target_cell..get_or_set_cached_cell_and_set_connections" :: waited 0.000s {{(pid=95709) inner /opt/stack/data/venv/lib/python3.12/site-packages/oslo_concurrency/lockutils.py:524}}
Jun 26 09:33:42.245557 np0000003725 devstack@n-api-meta.service[95709]: DEBUG oslo_concurrency.lockutils [None req-666ef576-96ad-4ca3-ac97-3225d6f208d1 None None] Lock "590e670e-57fd-4d84-84d5-e3323e81f213" "released" by "nova.context.set_target_cell..get_or_set_cached_cell_and_set_connections" :: held 0.001s {{(pid=95709) inner /opt/stack/data/venv/lib/python3.12/site-packages/oslo_concurrency/lockutils.py:543}}
Jun 26 09:33:42.247300 np0000003725 devstack@n-api-meta.service[95709]: INFO dbcounter [None req-666ef576-96ad-4ca3-ac97-3225d6f208d1 None None] Registered counter for database nova_cell0
Jun 26 09:33:42.250654 np0000003725 devstack@n-api-meta.service[95709]: INFO dbcounter [None req-666ef576-96ad-4ca3-ac97-3225d6f208d1 None None] Registered counter for database nova_cell1
Jun 26 09:33:42.260523 np0000003725 devstack@n-api-meta.service[95710]: DEBUG dbcounter [-] [95710] Writer thread running {{(pid=95710) stat_writer /opt/stack/data/venv/lib/python3.12/site-packages/dbcounter.py:102}}
Jun 26 09:33:42.262516 np0000003725 devstack@n-api-meta.service[95711]: DEBUG oslo_db.sqlalchemy.engines [None req-665f4af7-0cb9-43f0-8b5c-1a284c6ecc3f None None] MySQL server mode set to STRICT_TRANS_TABLES,STRICT_ALL_TABLES,NO_ZERO_IN_DATE,NO_ZERO_DATE,ERROR_FOR_DIVISION_BY_ZERO,TRADITIONAL,NO_ENGINE_SUBSTITUTION {{(pid=95711) _check_effective_sql_mode /opt/stack/data/venv/lib/python3.12/site-packages/oslo_db/sqlalchemy/engines.py:325}}
Jun 26 09:33:42.263164 np0000003725 devstack@n-api-meta.service[95710]: DEBUG nova.context [None req-463a5fb1-5f18-47bc-888f-02769daccfd2 None None] Found 2 cells: 00000000-0000-0000-0000-000000000000(cell0),590e670e-57fd-4d84-84d5-e3323e81f213(cell1) {{(pid=95710) load_cells /opt/stack/nova/nova/context.py:509}}
Jun 26 09:33:42.263412 np0000003725 devstack@n-api-meta.service[95710]: INFO nova.utils [None req-463a5fb1-5f18-47bc-888f-02769daccfd2 None None] The cell worker thread pool MainProcess.cell_worker is initialized
Jun 26 09:33:42.265462 np0000003725 devstack@n-api-meta.service[95710]: DEBUG oslo_concurrency.lockutils [None req-463a5fb1-5f18-47bc-888f-02769daccfd2 None None] Acquiring lock "00000000-0000-0000-0000-000000000000" by "nova.context.set_target_cell..get_or_set_cached_cell_and_set_connections" {{(pid=95710) inner /opt/stack/data/venv/lib/python3.12/site-packages/oslo_concurrency/lockutils.py:511}}
Jun 26 09:33:42.265681 np0000003725 devstack@n-api-meta.service[95710]: DEBUG oslo_concurrency.lockutils [None req-463a5fb1-5f18-47bc-888f-02769daccfd2 None None] Lock "00000000-0000-0000-0000-000000000000" acquired by "nova.context.set_target_cell..get_or_set_cached_cell_and_set_connections" :: waited 0.000s {{(pid=95710) inner /opt/stack/data/venv/lib/python3.12/site-packages/oslo_concurrency/lockutils.py:524}}
Jun 26 09:33:42.266144 np0000003725 devstack@n-api-meta.service[95710]: DEBUG oslo_concurrency.lockutils [None req-463a5fb1-5f18-47bc-888f-02769daccfd2 None None] Lock "00000000-0000-0000-0000-000000000000" "released" by "nova.context.set_target_cell..get_or_set_cached_cell_and_set_connections" :: held 0.000s {{(pid=95710) inner /opt/stack/data/venv/lib/python3.12/site-packages/oslo_concurrency/lockutils.py:543}}
Jun 26 09:33:42.268544 np0000003725 devstack@n-api-meta.service[95710]: DEBUG oslo_concurrency.lockutils [None req-463a5fb1-5f18-47bc-888f-02769daccfd2 None None] Acquiring lock "590e670e-57fd-4d84-84d5-e3323e81f213" by "nova.context.set_target_cell..get_or_set_cached_cell_and_set_connections" {{(pid=95710) inner /opt/stack/data/venv/lib/python3.12/site-packages/oslo_concurrency/lockutils.py:511}}
Jun 26 09:33:42.268544 np0000003725 devstack@n-api-meta.service[95710]: DEBUG oslo_concurrency.lockutils [None req-463a5fb1-5f18-47bc-888f-02769daccfd2 None None] Lock "590e670e-57fd-4d84-84d5-e3323e81f213" acquired by "nova.context.set_target_cell..get_or_set_cached_cell_and_set_connections" :: waited 0.000s {{(pid=95710) inner /opt/stack/data/venv/lib/python3.12/site-packages/oslo_concurrency/lockutils.py:524}}
Jun 26 09:33:42.268544 np0000003725 devstack@n-api-meta.service[95710]: DEBUG oslo_concurrency.lockutils [None req-463a5fb1-5f18-47bc-888f-02769daccfd2 None None] Lock "590e670e-57fd-4d84-84d5-e3323e81f213" "released" by "nova.context.set_target_cell..get_or_set_cached_cell_and_set_connections" :: held 0.001s {{(pid=95710) inner /opt/stack/data/venv/lib/python3.12/site-packages/oslo_concurrency/lockutils.py:543}}
Jun 26 09:33:42.269428 np0000003725 devstack@n-api-meta.service[95710]: INFO dbcounter [None req-463a5fb1-5f18-47bc-888f-02769daccfd2 None None] Registered counter for database nova_cell0
Jun 26 09:33:42.272457 np0000003725 devstack@n-api-meta.service[95710]: INFO dbcounter [None req-463a5fb1-5f18-47bc-888f-02769daccfd2 None None] Registered counter for database nova_cell1
Jun 26 09:33:42.273671 np0000003725 devstack@n-api-meta.service[95708]: DEBUG oslo_db.sqlalchemy.engines [None req-55811fb2-93bb-4f56-929f-ba6efc891a30 None None] MySQL server mode set to STRICT_TRANS_TABLES,STRICT_ALL_TABLES,NO_ZERO_IN_DATE,NO_ZERO_DATE,ERROR_FOR_DIVISION_BY_ZERO,TRADITIONAL,NO_ENGINE_SUBSTITUTION {{(pid=95708) _check_effective_sql_mode /opt/stack/data/venv/lib/python3.12/site-packages/oslo_db/sqlalchemy/engines.py:325}}
Jun 26 09:33:42.278403 np0000003725 devstack@n-api-meta.service[95708]: DEBUG oslo_db.sqlalchemy.engines [None req-55811fb2-93bb-4f56-929f-ba6efc891a30 None None] MySQL server mode set to STRICT_TRANS_TABLES,STRICT_ALL_TABLES,NO_ZERO_IN_DATE,NO_ZERO_DATE,ERROR_FOR_DIVISION_BY_ZERO,TRADITIONAL,NO_ENGINE_SUBSTITUTION {{(pid=95708) _check_effective_sql_mode /opt/stack/data/venv/lib/python3.12/site-packages/oslo_db/sqlalchemy/engines.py:325}}
Jun 26 09:33:42.294675 np0000003725 devstack@n-api-meta.service[95711]: DEBUG dbcounter [-] [95711] Writer thread running {{(pid=95711) stat_writer /opt/stack/data/venv/lib/python3.12/site-packages/dbcounter.py:102}}
Jun 26 09:33:42.298059 np0000003725 devstack@n-api-meta.service[95711]: DEBUG nova.context [None req-665f4af7-0cb9-43f0-8b5c-1a284c6ecc3f None None] Found 2 cells: 00000000-0000-0000-0000-000000000000(cell0),590e670e-57fd-4d84-84d5-e3323e81f213(cell1) {{(pid=95711) load_cells /opt/stack/nova/nova/context.py:509}}
Jun 26 09:33:42.298322 np0000003725 devstack@n-api-meta.service[95711]: INFO nova.utils [None req-665f4af7-0cb9-43f0-8b5c-1a284c6ecc3f None None] The cell worker thread pool MainProcess.cell_worker is initialized
Jun 26 09:33:42.300080 np0000003725 devstack@n-api-meta.service[95711]: DEBUG oslo_concurrency.lockutils [None req-665f4af7-0cb9-43f0-8b5c-1a284c6ecc3f None None] Acquiring lock "00000000-0000-0000-0000-000000000000" by "nova.context.set_target_cell..get_or_set_cached_cell_and_set_connections" {{(pid=95711) inner /opt/stack/data/venv/lib/python3.12/site-packages/oslo_concurrency/lockutils.py:511}}
Jun 26 09:33:42.300255 np0000003725 devstack@n-api-meta.service[95711]: DEBUG oslo_concurrency.lockutils [None req-665f4af7-0cb9-43f0-8b5c-1a284c6ecc3f None None] Lock "00000000-0000-0000-0000-000000000000" acquired by "nova.context.set_target_cell..get_or_set_cached_cell_and_set_connections" :: waited 0.000s {{(pid=95711) inner /opt/stack/data/venv/lib/python3.12/site-packages/oslo_concurrency/lockutils.py:524}}
Jun 26 09:33:42.300671 np0000003725 devstack@n-api-meta.service[95711]: DEBUG oslo_concurrency.lockutils [None req-665f4af7-0cb9-43f0-8b5c-1a284c6ecc3f None None] Lock "00000000-0000-0000-0000-000000000000" "released" by "nova.context.set_target_cell..get_or_set_cached_cell_and_set_connections" :: held 0.000s {{(pid=95711) inner /opt/stack/data/venv/lib/python3.12/site-packages/oslo_concurrency/lockutils.py:543}}
Jun 26 09:33:42.301368 np0000003725 devstack@n-api-meta.service[95711]: DEBUG oslo_concurrency.lockutils [None req-665f4af7-0cb9-43f0-8b5c-1a284c6ecc3f None None] Acquiring lock "590e670e-57fd-4d84-84d5-e3323e81f213" by "nova.context.set_target_cell..get_or_set_cached_cell_and_set_connections" {{(pid=95711) inner /opt/stack/data/venv/lib/python3.12/site-packages/oslo_concurrency/lockutils.py:511}}
Jun 26 09:33:42.301520 np0000003725 devstack@n-api-meta.service[95711]: DEBUG oslo_concurrency.lockutils [None req-665f4af7-0cb9-43f0-8b5c-1a284c6ecc3f None None] Lock "590e670e-57fd-4d84-84d5-e3323e81f213" acquired by "nova.context.set_target_cell..get_or_set_cached_cell_and_set_connections" :: waited 0.000s {{(pid=95711) inner /opt/stack/data/venv/lib/python3.12/site-packages/oslo_concurrency/lockutils.py:524}}
Jun 26 09:33:42.302360 np0000003725 devstack@n-api-meta.service[95711]: DEBUG oslo_concurrency.lockutils [None req-665f4af7-0cb9-43f0-8b5c-1a284c6ecc3f None None] Lock "590e670e-57fd-4d84-84d5-e3323e81f213" "released" by "nova.context.set_target_cell..get_or_set_cached_cell_and_set_connections" :: held 0.001s {{(pid=95711) inner /opt/stack/data/venv/lib/python3.12/site-packages/oslo_concurrency/lockutils.py:543}}
Jun 26 09:33:42.303806 np0000003725 devstack@n-api-meta.service[95711]: INFO dbcounter [None req-665f4af7-0cb9-43f0-8b5c-1a284c6ecc3f None None] Registered counter for database nova_cell0
Jun 26 09:33:42.306229 np0000003725 devstack@n-api-meta.service[95709]: DEBUG oslo_db.sqlalchemy.engines [None req-666ef576-96ad-4ca3-ac97-3225d6f208d1 None None] MySQL server mode set to STRICT_TRANS_TABLES,STRICT_ALL_TABLES,NO_ZERO_IN_DATE,NO_ZERO_DATE,ERROR_FOR_DIVISION_BY_ZERO,TRADITIONAL,NO_ENGINE_SUBSTITUTION {{(pid=95709) _check_effective_sql_mode /opt/stack/data/venv/lib/python3.12/site-packages/oslo_db/sqlalchemy/engines.py:325}}
Jun 26 09:33:42.307061 np0000003725 devstack@n-api-meta.service[95711]: INFO dbcounter [None req-665f4af7-0cb9-43f0-8b5c-1a284c6ecc3f None None] Registered counter for database nova_cell1
Jun 26 09:33:42.311464 np0000003725 devstack@n-api-meta.service[95709]: DEBUG oslo_db.sqlalchemy.engines [None req-666ef576-96ad-4ca3-ac97-3225d6f208d1 None None] MySQL server mode set to STRICT_TRANS_TABLES,STRICT_ALL_TABLES,NO_ZERO_IN_DATE,NO_ZERO_DATE,ERROR_FOR_DIVISION_BY_ZERO,TRADITIONAL,NO_ENGINE_SUBSTITUTION {{(pid=95709) _check_effective_sql_mode /opt/stack/data/venv/lib/python3.12/site-packages/oslo_db/sqlalchemy/engines.py:325}}
Jun 26 09:33:42.326796 np0000003725 devstack@n-api-meta.service[95710]: DEBUG oslo_db.sqlalchemy.engines [None req-463a5fb1-5f18-47bc-888f-02769daccfd2 None None] MySQL server mode set to STRICT_TRANS_TABLES,STRICT_ALL_TABLES,NO_ZERO_IN_DATE,NO_ZERO_DATE,ERROR_FOR_DIVISION_BY_ZERO,TRADITIONAL,NO_ENGINE_SUBSTITUTION {{(pid=95710) _check_effective_sql_mode /opt/stack/data/venv/lib/python3.12/site-packages/oslo_db/sqlalchemy/engines.py:325}}
Jun 26 09:33:42.331087 np0000003725 devstack@n-api-meta.service[95710]: DEBUG oslo_db.sqlalchemy.engines [None req-463a5fb1-5f18-47bc-888f-02769daccfd2 None None] MySQL server mode set to STRICT_TRANS_TABLES,STRICT_ALL_TABLES,NO_ZERO_IN_DATE,NO_ZERO_DATE,ERROR_FOR_DIVISION_BY_ZERO,TRADITIONAL,NO_ENGINE_SUBSTITUTION {{(pid=95710) _check_effective_sql_mode /opt/stack/data/venv/lib/python3.12/site-packages/oslo_db/sqlalchemy/engines.py:325}}
Jun 26 09:33:42.359211 np0000003725 devstack@n-api-meta.service[95711]: DEBUG oslo_db.sqlalchemy.engines [None req-665f4af7-0cb9-43f0-8b5c-1a284c6ecc3f None None] MySQL server mode set to STRICT_TRANS_TABLES,STRICT_ALL_TABLES,NO_ZERO_IN_DATE,NO_ZERO_DATE,ERROR_FOR_DIVISION_BY_ZERO,TRADITIONAL,NO_ENGINE_SUBSTITUTION {{(pid=95711) _check_effective_sql_mode /opt/stack/data/venv/lib/python3.12/site-packages/oslo_db/sqlalchemy/engines.py:325}}
Jun 26 09:33:42.363846 np0000003725 devstack@n-api-meta.service[95708]: DEBUG dbcounter [-] [95708] Writer thread running {{(pid=95708) stat_writer /opt/stack/data/venv/lib/python3.12/site-packages/dbcounter.py:102}}
Jun 26 09:33:42.368391 np0000003725 devstack@n-api-meta.service[95708]: DEBUG dbcounter [-] [95708] Writer thread running {{(pid=95708) stat_writer /opt/stack/data/venv/lib/python3.12/site-packages/dbcounter.py:102}}
Jun 26 09:33:42.372370 np0000003725 devstack@n-api-meta.service[95708]: INFO dbcounter [None req-55811fb2-93bb-4f56-929f-ba6efc891a30 None None] Registered counter for database nova_cell0
Jun 26 09:33:42.376103 np0000003725 devstack@n-api-meta.service[95711]: DEBUG oslo_db.sqlalchemy.engines [None req-665f4af7-0cb9-43f0-8b5c-1a284c6ecc3f None None] MySQL server mode set to STRICT_TRANS_TABLES,STRICT_ALL_TABLES,NO_ZERO_IN_DATE,NO_ZERO_DATE,ERROR_FOR_DIVISION_BY_ZERO,TRADITIONAL,NO_ENGINE_SUBSTITUTION {{(pid=95711) _check_effective_sql_mode /opt/stack/data/venv/lib/python3.12/site-packages/oslo_db/sqlalchemy/engines.py:325}}
Jun 26 09:33:42.403609 np0000003725 devstack@n-api-meta.service[95709]: DEBUG dbcounter [-] [95709] Writer thread running {{(pid=95709) stat_writer /opt/stack/data/venv/lib/python3.12/site-packages/dbcounter.py:102}}
Jun 26 09:33:42.404608 np0000003725 devstack@n-api-meta.service[95708]: DEBUG oslo_db.sqlalchemy.engines [None req-55811fb2-93bb-4f56-929f-ba6efc891a30 None None] MySQL server mode set to STRICT_TRANS_TABLES,STRICT_ALL_TABLES,NO_ZERO_IN_DATE,NO_ZERO_DATE,ERROR_FOR_DIVISION_BY_ZERO,TRADITIONAL,NO_ENGINE_SUBSTITUTION {{(pid=95708) _check_effective_sql_mode /opt/stack/data/venv/lib/python3.12/site-packages/oslo_db/sqlalchemy/engines.py:325}}
Jun 26 09:33:42.408841 np0000003725 devstack@n-api-meta.service[95709]: DEBUG dbcounter [-] [95709] Writer thread running {{(pid=95709) stat_writer /opt/stack/data/venv/lib/python3.12/site-packages/dbcounter.py:102}}
Jun 26 09:33:42.410557 np0000003725 devstack@n-api-meta.service[95708]: DEBUG dbcounter [-] [95708] Writer thread running {{(pid=95708) stat_writer /opt/stack/data/venv/lib/python3.12/site-packages/dbcounter.py:102}}
Jun 26 09:33:42.413704 np0000003725 devstack@n-api-meta.service[95709]: INFO dbcounter [None req-666ef576-96ad-4ca3-ac97-3225d6f208d1 None None] Registered counter for database nova_cell0
Jun 26 09:33:42.422236 np0000003725 devstack@n-api-meta.service[95710]: DEBUG dbcounter [-] [95710] Writer thread running {{(pid=95710) stat_writer /opt/stack/data/venv/lib/python3.12/site-packages/dbcounter.py:102}}
Jun 26 09:33:42.426349 np0000003725 devstack@n-api-meta.service[95710]: DEBUG dbcounter [-] [95710] Writer thread running {{(pid=95710) stat_writer /opt/stack/data/venv/lib/python3.12/site-packages/dbcounter.py:102}}
Jun 26 09:33:42.429380 np0000003725 devstack@n-api-meta.service[95710]: INFO dbcounter [None req-463a5fb1-5f18-47bc-888f-02769daccfd2 None None] Registered counter for database nova_cell0
Jun 26 09:33:42.448990 np0000003725 devstack@n-api-meta.service[95708]: WARNING nova.api.metadata.handler [None req-55811fb2-93bb-4f56-929f-ba6efc891a30 None None] metadata_proxy_shared_secret is not configured, the metadata information returned by the proxy cannot be trusted
Jun 26 09:33:42.451767 np0000003725 devstack@n-api-meta.service[95708]: DEBUG nova.api.openstack.wsgi_app [None req-55811fb2-93bb-4f56-929f-ba6efc891a30 None None] ******************************************************************************** {{(pid=95708) log_opt_values /opt/stack/data/venv/lib/python3.12/site-packages/oslo_config/cfg.py:3226}}
Jun 26 09:33:42.451767 np0000003725 devstack@n-api-meta.service[95708]: DEBUG nova.api.openstack.wsgi_app [None req-55811fb2-93bb-4f56-929f-ba6efc891a30 None None] Configuration options gathered from: {{(pid=95708) log_opt_values /opt/stack/data/venv/lib/python3.12/site-packages/oslo_config/cfg.py:3227}}
Jun 26 09:33:42.451767 np0000003725 devstack@n-api-meta.service[95708]: DEBUG nova.api.openstack.wsgi_app [None req-55811fb2-93bb-4f56-929f-ba6efc891a30 None None] command line args: [] {{(pid=95708) log_opt_values /opt/stack/data/venv/lib/python3.12/site-packages/oslo_config/cfg.py:3228}}
Jun 26 09:33:42.451926 np0000003725 devstack@n-api-meta.service[95708]: DEBUG nova.api.openstack.wsgi_app [None req-55811fb2-93bb-4f56-929f-ba6efc891a30 None None] config files: ['/etc/nova/api-paste.ini', '/etc/nova/nova.conf'] {{(pid=95708) log_opt_values /opt/stack/data/venv/lib/python3.12/site-packages/oslo_config/cfg.py:3229}}
Jun 26 09:33:42.451951 np0000003725 devstack@n-api-meta.service[95708]: DEBUG nova.api.openstack.wsgi_app [None req-55811fb2-93bb-4f56-929f-ba6efc891a30 None None] ================================================================================ {{(pid=95708) log_opt_values /opt/stack/data/venv/lib/python3.12/site-packages/oslo_config/cfg.py:3234}}
Jun 26 09:33:42.452457 np0000003725 devstack@n-api-meta.service[95708]: DEBUG nova.api.openstack.wsgi_app [None req-55811fb2-93bb-4f56-929f-ba6efc891a30 None None] allow_resize_to_same_host = True {{(pid=95708) log_opt_values /opt/stack/data/venv/lib/python3.12/site-packages/oslo_config/cfg.py:3242}}
Jun 26 09:33:42.452457 np0000003725 devstack@n-api-meta.service[95708]: DEBUG nova.api.openstack.wsgi_app [None req-55811fb2-93bb-4f56-929f-ba6efc891a30 None None] arq_binding_timeout = 300 {{(pid=95708) log_opt_values /opt/stack/data/venv/lib/python3.12/site-packages/oslo_config/cfg.py:3242}}
Jun 26 09:33:42.452457 np0000003725 devstack@n-api-meta.service[95708]: DEBUG nova.api.openstack.wsgi_app [None req-55811fb2-93bb-4f56-929f-ba6efc891a30 None None] block_device_allocate_retries = 60 {{(pid=95708) log_opt_values /opt/stack/data/venv/lib/python3.12/site-packages/oslo_config/cfg.py:3242}}
Jun 26 09:33:42.452692 np0000003725 devstack@n-api-meta.service[95708]: DEBUG nova.api.openstack.wsgi_app [None req-55811fb2-93bb-4f56-929f-ba6efc891a30 None None] block_device_allocate_retries_interval = 3 {{(pid=95708) log_opt_values /opt/stack/data/venv/lib/python3.12/site-packages/oslo_config/cfg.py:3242}}
Jun 26 09:33:42.452738 np0000003725 devstack@n-api-meta.service[95708]: DEBUG nova.api.openstack.wsgi_app [None req-55811fb2-93bb-4f56-929f-ba6efc891a30 None None] cell_worker_thread_pool_size = 5 {{(pid=95708) log_opt_values /opt/stack/data/venv/lib/python3.12/site-packages/oslo_config/cfg.py:3242}}
Jun 26 09:33:42.452926 np0000003725 devstack@n-api-meta.service[95708]: DEBUG nova.api.openstack.wsgi_app [None req-55811fb2-93bb-4f56-929f-ba6efc891a30 None None] cert = self.pem {{(pid=95708) log_opt_values /opt/stack/data/venv/lib/python3.12/site-packages/oslo_config/cfg.py:3242}}
Jun 26 09:33:42.453122 np0000003725 devstack@n-api-meta.service[95708]: DEBUG nova.api.openstack.wsgi_app [None req-55811fb2-93bb-4f56-929f-ba6efc891a30 None None] compute_driver = libvirt.LibvirtDriver {{(pid=95708) log_opt_values /opt/stack/data/venv/lib/python3.12/site-packages/oslo_config/cfg.py:3242}}
Jun 26 09:33:42.453284 np0000003725 devstack@n-api-meta.service[95708]: DEBUG nova.api.openstack.wsgi_app [None req-55811fb2-93bb-4f56-929f-ba6efc891a30 None None] compute_monitors = [] {{(pid=95708) log_opt_values /opt/stack/data/venv/lib/python3.12/site-packages/oslo_config/cfg.py:3242}}
Jun 26 09:33:42.453443 np0000003725 devstack@n-api-meta.service[95708]: DEBUG nova.api.openstack.wsgi_app [None req-55811fb2-93bb-4f56-929f-ba6efc891a30 None None] config_dir = [] {{(pid=95708) log_opt_values /opt/stack/data/venv/lib/python3.12/site-packages/oslo_config/cfg.py:3242}}
Jun 26 09:33:42.453612 np0000003725 devstack@n-api-meta.service[95708]: DEBUG nova.api.openstack.wsgi_app [None req-55811fb2-93bb-4f56-929f-ba6efc891a30 None None] config_drive_format = iso9660 {{(pid=95708) log_opt_values /opt/stack/data/venv/lib/python3.12/site-packages/oslo_config/cfg.py:3242}}
Jun 26 09:33:42.453772 np0000003725 devstack@n-api-meta.service[95708]: DEBUG nova.api.openstack.wsgi_app [None req-55811fb2-93bb-4f56-929f-ba6efc891a30 None None] config_file = ['/etc/nova/api-paste.ini', '/etc/nova/nova.conf'] {{(pid=95708) log_opt_values /opt/stack/data/venv/lib/python3.12/site-packages/oslo_config/cfg.py:3242}}
Jun 26 09:33:42.453855 np0000003725 devstack@n-api-meta.service[95708]: DEBUG nova.api.openstack.wsgi_app [None req-55811fb2-93bb-4f56-929f-ba6efc891a30 None None] config_source = [] {{(pid=95708) log_opt_values /opt/stack/data/venv/lib/python3.12/site-packages/oslo_config/cfg.py:3242}}
Jun 26 09:33:42.453975 np0000003725 devstack@n-api-meta.service[95708]: DEBUG nova.api.openstack.wsgi_app [None req-55811fb2-93bb-4f56-929f-ba6efc891a30 None None] console_host = np0000003725 {{(pid=95708) log_opt_values /opt/stack/data/venv/lib/python3.12/site-packages/oslo_config/cfg.py:3242}}
Jun 26 09:33:42.454112 np0000003725 devstack@n-api-meta.service[95708]: DEBUG nova.api.openstack.wsgi_app [None req-55811fb2-93bb-4f56-929f-ba6efc891a30 None None] control_exchange = nova {{(pid=95708) log_opt_values /opt/stack/data/venv/lib/python3.12/site-packages/oslo_config/cfg.py:3242}}
Jun 26 09:33:42.454227 np0000003725 devstack@n-api-meta.service[95708]: DEBUG nova.api.openstack.wsgi_app [None req-55811fb2-93bb-4f56-929f-ba6efc891a30 None None] cpu_allocation_ratio = None {{(pid=95708) log_opt_values /opt/stack/data/venv/lib/python3.12/site-packages/oslo_config/cfg.py:3242}}
Jun 26 09:33:42.454355 np0000003725 devstack@n-api-meta.service[95708]: DEBUG nova.api.openstack.wsgi_app [None req-55811fb2-93bb-4f56-929f-ba6efc891a30 None None] daemon = False {{(pid=95708) log_opt_values /opt/stack/data/venv/lib/python3.12/site-packages/oslo_config/cfg.py:3242}}
Jun 26 09:33:42.454475 np0000003725 devstack@n-api-meta.service[95708]: DEBUG nova.api.openstack.wsgi_app [None req-55811fb2-93bb-4f56-929f-ba6efc891a30 None None] debug = True {{(pid=95708) log_opt_values /opt/stack/data/venv/lib/python3.12/site-packages/oslo_config/cfg.py:3242}}
Jun 26 09:33:42.454581 np0000003725 devstack@n-api-meta.service[95708]: DEBUG nova.api.openstack.wsgi_app [None req-55811fb2-93bb-4f56-929f-ba6efc891a30 None None] default_access_ip_network_name = None {{(pid=95708) log_opt_values /opt/stack/data/venv/lib/python3.12/site-packages/oslo_config/cfg.py:3242}}
Jun 26 09:33:42.454706 np0000003725 devstack@n-api-meta.service[95708]: DEBUG nova.api.openstack.wsgi_app [None req-55811fb2-93bb-4f56-929f-ba6efc891a30 None None] default_availability_zone = nova {{(pid=95708) log_opt_values /opt/stack/data/venv/lib/python3.12/site-packages/oslo_config/cfg.py:3242}}
Jun 26 09:33:42.454823 np0000003725 devstack@n-api-meta.service[95708]: DEBUG nova.api.openstack.wsgi_app [None req-55811fb2-93bb-4f56-929f-ba6efc891a30 None None] default_ephemeral_format = ext4 {{(pid=95708) log_opt_values /opt/stack/data/venv/lib/python3.12/site-packages/oslo_config/cfg.py:3242}}
Jun 26 09:33:42.454935 np0000003725 devstack@n-api-meta.service[95708]: DEBUG nova.api.openstack.wsgi_app [None req-55811fb2-93bb-4f56-929f-ba6efc891a30 None None] default_green_pool_size = 1000 {{(pid=95708) log_opt_values /opt/stack/data/venv/lib/python3.12/site-packages/oslo_config/cfg.py:3242}}
Jun 26 09:33:42.455158 np0000003725 devstack@n-api-meta.service[95708]: DEBUG nova.api.openstack.wsgi_app [None req-55811fb2-93bb-4f56-929f-ba6efc891a30 None None] default_log_levels = ['amqp=WARN', 'boto=WARN', 'sqlalchemy=WARN', 'suds=INFO', 'oslo.messaging=INFO', 'oslo_messaging=INFO', 'iso8601=WARN', 'requests.packages.urllib3.connectionpool=WARN', 'urllib3.connectionpool=WARN', 'websocket=WARN', 'requests.packages.urllib3.util.retry=WARN', 'urllib3.util.retry=WARN', 'keystonemiddleware=WARN', 'routes.middleware=WARN', 'stevedore=WARN', 'taskflow=WARN', 'keystoneauth=WARN', 'oslo.cache=INFO', 'oslo_policy=INFO', 'dogpile.core.dogpile=INFO', 'glanceclient=WARN', 'oslo.privsep.daemon=INFO'] {{(pid=95708) log_opt_values /opt/stack/data/venv/lib/python3.12/site-packages/oslo_config/cfg.py:3242}}
Jun 26 09:33:42.455291 np0000003725 devstack@n-api-meta.service[95708]: DEBUG nova.api.openstack.wsgi_app [None req-55811fb2-93bb-4f56-929f-ba6efc891a30 None None] default_schedule_zone = None {{(pid=95708) log_opt_values /opt/stack/data/venv/lib/python3.12/site-packages/oslo_config/cfg.py:3242}}
Jun 26 09:33:42.455411 np0000003725 devstack@n-api-meta.service[95708]: DEBUG nova.api.openstack.wsgi_app [None req-55811fb2-93bb-4f56-929f-ba6efc891a30 None None] default_thread_pool_size = 10 {{(pid=95708) log_opt_values /opt/stack/data/venv/lib/python3.12/site-packages/oslo_config/cfg.py:3242}}
Jun 26 09:33:42.456047 np0000003725 devstack@n-api-meta.service[95708]: DEBUG nova.api.openstack.wsgi_app [None req-55811fb2-93bb-4f56-929f-ba6efc891a30 None None] disk_allocation_ratio = None {{(pid=95708) log_opt_values /opt/stack/data/venv/lib/python3.12/site-packages/oslo_config/cfg.py:3242}}
Jun 26 09:33:42.456047 np0000003725 devstack@n-api-meta.service[95708]: DEBUG nova.api.openstack.wsgi_app [None req-55811fb2-93bb-4f56-929f-ba6efc891a30 None None] enable_new_services = True {{(pid=95708) log_opt_values /opt/stack/data/venv/lib/python3.12/site-packages/oslo_config/cfg.py:3242}}
Jun 26 09:33:42.456047 np0000003725 devstack@n-api-meta.service[95708]: DEBUG nova.api.openstack.wsgi_app [None req-55811fb2-93bb-4f56-929f-ba6efc891a30 None None] flat_injected = False {{(pid=95708) log_opt_values /opt/stack/data/venv/lib/python3.12/site-packages/oslo_config/cfg.py:3242}}
Jun 26 09:33:42.456047 np0000003725 devstack@n-api-meta.service[95708]: DEBUG nova.api.openstack.wsgi_app [None req-55811fb2-93bb-4f56-929f-ba6efc891a30 None None] force_config_drive = True {{(pid=95708) log_opt_values /opt/stack/data/venv/lib/python3.12/site-packages/oslo_config/cfg.py:3242}}
Jun 26 09:33:42.456047 np0000003725 devstack@n-api-meta.service[95708]: DEBUG nova.api.openstack.wsgi_app [None req-55811fb2-93bb-4f56-929f-ba6efc891a30 None None] force_raw_images = True {{(pid=95708) log_opt_values /opt/stack/data/venv/lib/python3.12/site-packages/oslo_config/cfg.py:3242}}
Jun 26 09:33:42.456169 np0000003725 devstack@n-api-meta.service[95708]: DEBUG nova.api.openstack.wsgi_app [None req-55811fb2-93bb-4f56-929f-ba6efc891a30 None None] graceful_shutdown_timeout = 5 {{(pid=95708) log_opt_values /opt/stack/data/venv/lib/python3.12/site-packages/oslo_config/cfg.py:3242}}
Jun 26 09:33:42.456297 np0000003725 devstack@n-api-meta.service[95708]: DEBUG nova.api.openstack.wsgi_app [None req-55811fb2-93bb-4f56-929f-ba6efc891a30 None None] heal_instance_info_cache_interval = -1 {{(pid=95708) log_opt_values /opt/stack/data/venv/lib/python3.12/site-packages/oslo_config/cfg.py:3242}}
Jun 26 09:33:42.456555 np0000003725 devstack@n-api-meta.service[95708]: DEBUG nova.api.openstack.wsgi_app [None req-55811fb2-93bb-4f56-929f-ba6efc891a30 None None] host = np0000003725 {{(pid=95708) log_opt_values /opt/stack/data/venv/lib/python3.12/site-packages/oslo_config/cfg.py:3242}}
Jun 26 09:33:42.456599 np0000003725 devstack@n-api-meta.service[95711]: DEBUG dbcounter [-] [95711] Writer thread running {{(pid=95711) stat_writer /opt/stack/data/venv/lib/python3.12/site-packages/dbcounter.py:102}}
Jun 26 09:33:42.456703 np0000003725 devstack@n-api-meta.service[95708]: DEBUG nova.api.openstack.wsgi_app [None req-55811fb2-93bb-4f56-929f-ba6efc891a30 None None] initial_cpu_allocation_ratio = 4.0 {{(pid=95708) log_opt_values /opt/stack/data/venv/lib/python3.12/site-packages/oslo_config/cfg.py:3242}}
Jun 26 09:33:42.457082 np0000003725 devstack@n-api-meta.service[95708]: DEBUG nova.api.openstack.wsgi_app [None req-55811fb2-93bb-4f56-929f-ba6efc891a30 None None] initial_disk_allocation_ratio = 1.0 {{(pid=95708) log_opt_values /opt/stack/data/venv/lib/python3.12/site-packages/oslo_config/cfg.py:3242}}
Jun 26 09:33:42.457082 np0000003725 devstack@n-api-meta.service[95708]: DEBUG nova.api.openstack.wsgi_app [None req-55811fb2-93bb-4f56-929f-ba6efc891a30 None None] initial_ram_allocation_ratio = 1.0 {{(pid=95708) log_opt_values /opt/stack/data/venv/lib/python3.12/site-packages/oslo_config/cfg.py:3242}}
Jun 26 09:33:42.457219 np0000003725 devstack@n-api-meta.service[95708]: DEBUG nova.api.openstack.wsgi_app [None req-55811fb2-93bb-4f56-929f-ba6efc891a30 None None] injected_network_template = /opt/stack/nova/nova/virt/interfaces.template {{(pid=95708) log_opt_values /opt/stack/data/venv/lib/python3.12/site-packages/oslo_config/cfg.py:3242}}
Jun 26 09:33:42.457374 np0000003725 devstack@n-api-meta.service[95708]: DEBUG nova.api.openstack.wsgi_app [None req-55811fb2-93bb-4f56-929f-ba6efc891a30 None None] instance_build_timeout = 0 {{(pid=95708) log_opt_values /opt/stack/data/venv/lib/python3.12/site-packages/oslo_config/cfg.py:3242}}
Jun 26 09:33:42.457489 np0000003725 devstack@n-api-meta.service[95708]: DEBUG nova.api.openstack.wsgi_app [None req-55811fb2-93bb-4f56-929f-ba6efc891a30 None None] instance_delete_interval = 300 {{(pid=95708) log_opt_values /opt/stack/data/venv/lib/python3.12/site-packages/oslo_config/cfg.py:3242}}
Jun 26 09:33:42.457619 np0000003725 devstack@n-api-meta.service[95708]: DEBUG nova.api.openstack.wsgi_app [None req-55811fb2-93bb-4f56-929f-ba6efc891a30 None None] instance_format = [instance: %(uuid)s] {{(pid=95708) log_opt_values /opt/stack/data/venv/lib/python3.12/site-packages/oslo_config/cfg.py:3242}}
Jun 26 09:33:42.457724 np0000003725 devstack@n-api-meta.service[95708]: DEBUG nova.api.openstack.wsgi_app [None req-55811fb2-93bb-4f56-929f-ba6efc891a30 None None] instance_name_template = instance-%08x {{(pid=95708) log_opt_values /opt/stack/data/venv/lib/python3.12/site-packages/oslo_config/cfg.py:3242}}
Jun 26 09:33:42.457873 np0000003725 devstack@n-api-meta.service[95708]: DEBUG nova.api.openstack.wsgi_app [None req-55811fb2-93bb-4f56-929f-ba6efc891a30 None None] instance_usage_audit = False {{(pid=95708) log_opt_values /opt/stack/data/venv/lib/python3.12/site-packages/oslo_config/cfg.py:3242}}
Jun 26 09:33:42.458003 np0000003725 devstack@n-api-meta.service[95708]: DEBUG nova.api.openstack.wsgi_app [None req-55811fb2-93bb-4f56-929f-ba6efc891a30 None None] instance_usage_audit_period = month {{(pid=95708) log_opt_values /opt/stack/data/venv/lib/python3.12/site-packages/oslo_config/cfg.py:3242}}
Jun 26 09:33:42.458128 np0000003725 devstack@n-api-meta.service[95708]: DEBUG nova.api.openstack.wsgi_app [None req-55811fb2-93bb-4f56-929f-ba6efc891a30 None None] instance_uuid_format = [instance: %(uuid)s] {{(pid=95708) log_opt_values /opt/stack/data/venv/lib/python3.12/site-packages/oslo_config/cfg.py:3242}}
Jun 26 09:33:42.458297 np0000003725 devstack@n-api-meta.service[95708]: DEBUG nova.api.openstack.wsgi_app [None req-55811fb2-93bb-4f56-929f-ba6efc891a30 None None] instances_path = /opt/stack/data/nova/instances {{(pid=95708) log_opt_values /opt/stack/data/venv/lib/python3.12/site-packages/oslo_config/cfg.py:3242}}
Jun 26 09:33:42.458510 np0000003725 devstack@n-api-meta.service[95708]: DEBUG nova.api.openstack.wsgi_app [None req-55811fb2-93bb-4f56-929f-ba6efc891a30 None None] internal_service_availability_zone = internal {{(pid=95708) log_opt_values /opt/stack/data/venv/lib/python3.12/site-packages/oslo_config/cfg.py:3242}}
Jun 26 09:33:42.458770 np0000003725 devstack@n-api-meta.service[95708]: DEBUG nova.api.openstack.wsgi_app [None req-55811fb2-93bb-4f56-929f-ba6efc891a30 None None] key = None {{(pid=95708) log_opt_values /opt/stack/data/venv/lib/python3.12/site-packages/oslo_config/cfg.py:3242}}
Jun 26 09:33:42.458770 np0000003725 devstack@n-api-meta.service[95708]: DEBUG nova.api.openstack.wsgi_app [None req-55811fb2-93bb-4f56-929f-ba6efc891a30 None None] live_migration_retry_count = 30 {{(pid=95708) log_opt_values /opt/stack/data/venv/lib/python3.12/site-packages/oslo_config/cfg.py:3242}}
Jun 26 09:33:42.458876 np0000003725 devstack@n-api-meta.service[95708]: DEBUG nova.api.openstack.wsgi_app [None req-55811fb2-93bb-4f56-929f-ba6efc891a30 None None] log_color = False {{(pid=95708) log_opt_values /opt/stack/data/venv/lib/python3.12/site-packages/oslo_config/cfg.py:3242}}
Jun 26 09:33:42.459880 np0000003725 devstack@n-api-meta.service[95708]: DEBUG nova.api.openstack.wsgi_app [None req-55811fb2-93bb-4f56-929f-ba6efc891a30 None None] log_config_append = None {{(pid=95708) log_opt_values /opt/stack/data/venv/lib/python3.12/site-packages/oslo_config/cfg.py:3242}}
Jun 26 09:33:42.459880 np0000003725 devstack@n-api-meta.service[95708]: DEBUG nova.api.openstack.wsgi_app [None req-55811fb2-93bb-4f56-929f-ba6efc891a30 None None] log_date_format = %Y-%m-%d %H:%M:%S {{(pid=95708) log_opt_values /opt/stack/data/venv/lib/python3.12/site-packages/oslo_config/cfg.py:3242}}
Jun 26 09:33:42.459880 np0000003725 devstack@n-api-meta.service[95708]: DEBUG nova.api.openstack.wsgi_app [None req-55811fb2-93bb-4f56-929f-ba6efc891a30 None None] log_dir = None {{(pid=95708) log_opt_values /opt/stack/data/venv/lib/python3.12/site-packages/oslo_config/cfg.py:3242}}
Jun 26 09:33:42.459880 np0000003725 devstack@n-api-meta.service[95708]: DEBUG nova.api.openstack.wsgi_app [None req-55811fb2-93bb-4f56-929f-ba6efc891a30 None None] log_file = None {{(pid=95708) log_opt_values /opt/stack/data/venv/lib/python3.12/site-packages/oslo_config/cfg.py:3242}}
Jun 26 09:33:42.459880 np0000003725 devstack@n-api-meta.service[95708]: DEBUG nova.api.openstack.wsgi_app [None req-55811fb2-93bb-4f56-929f-ba6efc891a30 None None] log_options = True {{(pid=95708) log_opt_values /opt/stack/data/venv/lib/python3.12/site-packages/oslo_config/cfg.py:3242}}
Jun 26 09:33:42.459880 np0000003725 devstack@n-api-meta.service[95708]: DEBUG nova.api.openstack.wsgi_app [None req-55811fb2-93bb-4f56-929f-ba6efc891a30 None None] log_rotate_interval = 1 {{(pid=95708) log_opt_values /opt/stack/data/venv/lib/python3.12/site-packages/oslo_config/cfg.py:3242}}
Jun 26 09:33:42.459880 np0000003725 devstack@n-api-meta.service[95708]: DEBUG nova.api.openstack.wsgi_app [None req-55811fb2-93bb-4f56-929f-ba6efc891a30 None None] log_rotate_interval_type = days {{(pid=95708) log_opt_values /opt/stack/data/venv/lib/python3.12/site-packages/oslo_config/cfg.py:3242}}
Jun 26 09:33:42.460065 np0000003725 devstack@n-api-meta.service[95708]: DEBUG nova.api.openstack.wsgi_app [None req-55811fb2-93bb-4f56-929f-ba6efc891a30 None None] log_rotation_type = none {{(pid=95708) log_opt_values /opt/stack/data/venv/lib/python3.12/site-packages/oslo_config/cfg.py:3242}}
Jun 26 09:33:42.460065 np0000003725 devstack@n-api-meta.service[95708]: DEBUG nova.api.openstack.wsgi_app [None req-55811fb2-93bb-4f56-929f-ba6efc891a30 None None] logging_context_format_string = %(color)s%(levelname)s %(name)s [%(global_request_id)s %(request_id)s %(project_name)s %(user_name)s%(color)s] %(instance)s%(color)s%(message)s {{(pid=95708) log_opt_values /opt/stack/data/venv/lib/python3.12/site-packages/oslo_config/cfg.py:3242}}
Jun 26 09:33:42.460065 np0000003725 devstack@n-api-meta.service[95708]: DEBUG nova.api.openstack.wsgi_app [None req-55811fb2-93bb-4f56-929f-ba6efc891a30 None None] logging_debug_format_suffix = {{(pid=%(process)d) %(funcName)s %(pathname)s:%(lineno)d}} {{(pid=95708) log_opt_values /opt/stack/data/venv/lib/python3.12/site-packages/oslo_config/cfg.py:3242}}
Jun 26 09:33:42.460065 np0000003725 devstack@n-api-meta.service[95708]: DEBUG nova.api.openstack.wsgi_app [None req-55811fb2-93bb-4f56-929f-ba6efc891a30 None None] logging_default_format_string = %(color)s%(levelname)s %(name)s [-%(color)s] %(instance)s%(color)s%(message)s {{(pid=95708) log_opt_values /opt/stack/data/venv/lib/python3.12/site-packages/oslo_config/cfg.py:3242}}
Jun 26 09:33:42.460283 np0000003725 devstack@n-api-meta.service[95708]: DEBUG nova.api.openstack.wsgi_app [None req-55811fb2-93bb-4f56-929f-ba6efc891a30 None None] logging_exception_prefix = ERROR %(name)s %(instance)s {{(pid=95708) log_opt_values /opt/stack/data/venv/lib/python3.12/site-packages/oslo_config/cfg.py:3242}}
Jun 26 09:33:42.460283 np0000003725 devstack@n-api-meta.service[95708]: DEBUG nova.api.openstack.wsgi_app [None req-55811fb2-93bb-4f56-929f-ba6efc891a30 None None] logging_user_identity_format = %(user)s %(project)s %(domain)s %(system_scope)s %(user_domain)s %(project_domain)s {{(pid=95708) log_opt_values /opt/stack/data/venv/lib/python3.12/site-packages/oslo_config/cfg.py:3242}}
Jun 26 09:33:42.460427 np0000003725 devstack@n-api-meta.service[95708]: DEBUG nova.api.openstack.wsgi_app [None req-55811fb2-93bb-4f56-929f-ba6efc891a30 None None] long_rpc_timeout = 1800 {{(pid=95708) log_opt_values /opt/stack/data/venv/lib/python3.12/site-packages/oslo_config/cfg.py:3242}}
Jun 26 09:33:42.460561 np0000003725 devstack@n-api-meta.service[95708]: DEBUG nova.api.openstack.wsgi_app [None req-55811fb2-93bb-4f56-929f-ba6efc891a30 None None] manager_shutdown_timeout = 160 {{(pid=95708) log_opt_values /opt/stack/data/venv/lib/python3.12/site-packages/oslo_config/cfg.py:3242}}
Jun 26 09:33:42.460642 np0000003725 devstack@n-api-meta.service[95708]: DEBUG nova.api.openstack.wsgi_app [None req-55811fb2-93bb-4f56-929f-ba6efc891a30 None None] max_concurrent_builds = 10 {{(pid=95708) log_opt_values /opt/stack/data/venv/lib/python3.12/site-packages/oslo_config/cfg.py:3242}}
Jun 26 09:33:42.460753 np0000003725 devstack@n-api-meta.service[95708]: DEBUG nova.api.openstack.wsgi_app [None req-55811fb2-93bb-4f56-929f-ba6efc891a30 None None] max_concurrent_live_migrations = 1 {{(pid=95708) log_opt_values /opt/stack/data/venv/lib/python3.12/site-packages/oslo_config/cfg.py:3242}}
