Jun 14 20:47:26.242331 np0000002792 devstack@c-api.service[96101]: INFO cinder.api.openstack.wsgi [None req-3448c191-e296-4419-8614-eff19f1fba58 tempest-VolumesAssistedSnapshotsTest-984427575 tempest-VolumesAssistedSnapshotsTest-984427575-project-admin] https://10.4.3.67/volume/v3/volumes/588b3c07-fc1d-422b-8ab2-e3eb26761401 returned with HTTP 200
Jun 14 20:47:26.242331 np0000002792 devstack@c-api.service[96101]: [pid: 96101|app: 0|req: 102/188] 10.4.3.67 () {66 vars in 1341 bytes} [Sun Jun 14 20:47:26 2026] GET /volume/v3/volumes/588b3c07-fc1d-422b-8ab2-e3eb26761401 => generated 1022 bytes in 50 msecs (HTTP/1.1 200) 7 headers in 286 bytes (1 switches on core 0)
Jun 14 20:47:26.242473 np0000002792 devstack@c-api.service[96100]: DEBUG cinder.volume.api [None req-3f50286e-aa88-4e8a-9c46-d4e97a408f9b tempest-SnapshotsActionsTest-439670063 tempest-SnapshotsActionsTest-439670063-project-member] Task 'cinder.volume.flows.api.create_volume.QuotaCommitTask;volume:create' (1536430b-ec7c-4db4-a43d-e4d7f3e87679) transitioned into state 'RUNNING' from state 'PENDING' {{(pid=96100) _task_receiver /opt/stack/data/venv/lib/python3.12/site-packages/taskflow/listeners/logging.py:242}}
Jun 14 20:47:26.242902 np0000002792 devstack@c-api.service[96101]: DEBUG cinder.api.middleware.request_id [None req-87781947-1bf9-4334-a93b-abddbeebfbd3 None None] RequestId filter calling following filter/app {{(pid=96101) _context_setter /opt/stack/cinder/cinder/api/middleware/request_id.py:62}}
Jun 14 20:47:26.247644 np0000002792 devstack@c-api.service[96101]: INFO cinder.api.openstack.wsgi [None req-87781947-1bf9-4334-a93b-abddbeebfbd3 tempest-VolumeQuotasNegativeTestJSON-1647737107 tempest-VolumeQuotasNegativeTestJSON-1647737107-project-member] GET https://10.4.3.67/volume/v3/volumes/47d2cf1d-4555-4b43-a757-0941098ae2b0
Jun 14 20:47:26.249202 np0000002792 devstack@c-api.service[96101]: DEBUG cinder.api.openstack.wsgi [None req-87781947-1bf9-4334-a93b-abddbeebfbd3 tempest-VolumeQuotasNegativeTestJSON-1647737107 tempest-VolumeQuotasNegativeTestJSON-1647737107-project-member] Empty body provided in request {{(pid=96101) get_body /opt/stack/cinder/cinder/api/openstack/wsgi.py:725}}
Jun 14 20:47:26.250049 np0000002792 devstack@c-api.service[96101]: DEBUG cinder.api.openstack.wsgi [None req-87781947-1bf9-4334-a93b-abddbeebfbd3 tempest-VolumeQuotasNegativeTestJSON-1647737107 tempest-VolumeQuotasNegativeTestJSON-1647737107-project-member] Calling method 'show' {{(pid=96101) _process_stack /opt/stack/cinder/cinder/api/openstack/wsgi.py:878}}
Jun 14 20:47:26.259620 np0000002792 devstack@c-api.service[96101]: /opt/stack/data/venv/lib/python3.12/site-packages/oslo_context/context.py:102: DeprecationWarning: Policy enforcement is depending on the value of is_admin. This key is deprecated. Please update your policy file to use the standard policy values.
Jun 14 20:47:26.259620 np0000002792 devstack@c-api.service[96101]: warnings.warn(
Jun 14 20:47:26.263540 np0000002792 devstack@c-api.service[96101]: INFO cinder.volume.api [None req-87781947-1bf9-4334-a93b-abddbeebfbd3 tempest-VolumeQuotasNegativeTestJSON-1647737107 tempest-VolumeQuotasNegativeTestJSON-1647737107-project-member] Volume info retrieved successfully.
Jun 14 20:47:26.271367 np0000002792 devstack@c-api.service[96101]: INFO cinder.api.openstack.wsgi [None req-87781947-1bf9-4334-a93b-abddbeebfbd3 tempest-VolumeQuotasNegativeTestJSON-1647737107 tempest-VolumeQuotasNegativeTestJSON-1647737107-project-member] https://10.4.3.67/volume/v3/volumes/47d2cf1d-4555-4b43-a757-0941098ae2b0 returned with HTTP 200
Jun 14 20:47:26.271367 np0000002792 devstack@c-api.service[96101]: [pid: 96101|app: 0|req: 103/189] 10.4.3.67 () {66 vars in 1341 bytes} [Sun Jun 14 20:47:26 2026] GET /volume/v3/volumes/47d2cf1d-4555-4b43-a757-0941098ae2b0 => generated 848 bytes in 25 msecs (HTTP/1.1 200) 7 headers in 285 bytes (1 switches on core 0)
Jun 14 20:47:26.286352 np0000002792 devstack@c-api.service[96101]: DEBUG cinder.api.middleware.request_id [None req-ee916cbc-8ec6-4069-9578-04c3c4012749 None None] RequestId filter calling following filter/app {{(pid=96101) _context_setter /opt/stack/cinder/cinder/api/middleware/request_id.py:62}}
Jun 14 20:47:26.287909 np0000002792 devstack@c-api.service[96101]: INFO cinder.api.openstack.wsgi [None req-ee916cbc-8ec6-4069-9578-04c3c4012749 tempest-VolumeQuotasNegativeTestJSON-1647737107 tempest-VolumeQuotasNegativeTestJSON-1647737107-project-member] DELETE https://10.4.3.67/volume/v3/volumes/47d2cf1d-4555-4b43-a757-0941098ae2b0
Jun 14 20:47:26.288087 np0000002792 devstack@c-api.service[96101]: DEBUG cinder.api.openstack.wsgi [None req-ee916cbc-8ec6-4069-9578-04c3c4012749 tempest-VolumeQuotasNegativeTestJSON-1647737107 tempest-VolumeQuotasNegativeTestJSON-1647737107-project-member] Empty body provided in request {{(pid=96101) get_body /opt/stack/cinder/cinder/api/openstack/wsgi.py:725}}
Jun 14 20:47:26.288338 np0000002792 devstack@c-api.service[96101]: DEBUG cinder.api.openstack.wsgi [None req-ee916cbc-8ec6-4069-9578-04c3c4012749 tempest-VolumeQuotasNegativeTestJSON-1647737107 tempest-VolumeQuotasNegativeTestJSON-1647737107-project-member] Calling method 'delete' {{(pid=96101) _process_stack /opt/stack/cinder/cinder/api/openstack/wsgi.py:878}}
Jun 14 20:47:26.288443 np0000002792 devstack@c-api.service[96101]: INFO cinder.api.v3.volumes [None req-ee916cbc-8ec6-4069-9578-04c3c4012749 tempest-VolumeQuotasNegativeTestJSON-1647737107 tempest-VolumeQuotasNegativeTestJSON-1647737107-project-member] Delete volume with id: 47d2cf1d-4555-4b43-a757-0941098ae2b0
Jun 14 20:47:26.294880 np0000002792 devstack@c-api.service[96101]: /opt/stack/data/venv/lib/python3.12/site-packages/oslo_context/context.py:102: DeprecationWarning: Policy enforcement is depending on the value of is_admin. This key is deprecated. Please update your policy file to use the standard policy values.
Jun 14 20:47:26.294880 np0000002792 devstack@c-api.service[96101]: warnings.warn(
Jun 14 20:47:26.295357 np0000002792 devstack@c-api.service[96101]: INFO cinder.volume.api [None req-ee916cbc-8ec6-4069-9578-04c3c4012749 tempest-VolumeQuotasNegativeTestJSON-1647737107 tempest-VolumeQuotasNegativeTestJSON-1647737107-project-member] Volume info retrieved successfully.
Jun 14 20:47:26.334759 np0000002792 devstack@c-api.service[96100]: DEBUG cinder.volume.api [None req-3f50286e-aa88-4e8a-9c46-d4e97a408f9b tempest-SnapshotsActionsTest-439670063 tempest-SnapshotsActionsTest-439670063-project-member] Task 'cinder.volume.flows.api.create_volume.QuotaCommitTask;volume:create' (1536430b-ec7c-4db4-a43d-e4d7f3e87679) transitioned into state 'SUCCESS' from state 'RUNNING' with result '{'volume_properties': VolumeProperties(attach_status='detached',availability_zone='nova',cgsnapshot_id=None,consistencygroup_id=None,display_description=None,display_name='tempest-SnapshotsActionsTest-Volume-1544198696',encryption_key_id=None,group_id=None,group_type_id=,metadata={},multiattach=False,project_id='116403885c32464192ab89d58c9d8559',qos_specs=None,replication_status=,reservations=['291c09aa-d5b4-48b0-b0ac-a9357c64f0f3','23808b2c-418b-4791-a9fe-3e036a5ee2a3','84798c39-7fe5-46b3-907f-877a50621084','32436975-4ef7-4618-a452-d24dfeebc5d7'],size=1,snapshot_id=None,source_replicaid=,source_volid=None,status='creating',user_id='d11a7f206a3b4620bd0877c2f43c60ed',volume_type_id=f321f1a4-941b-472e-bdaf-c7c8db68e263)}' {{(pid=96100) _task_receiver /opt/stack/data/venv/lib/python3.12/site-packages/taskflow/listeners/logging.py:218}}
Jun 14 20:47:26.334759 np0000002792 devstack@c-api.service[96100]: DEBUG cinder.volume.api [None req-3f50286e-aa88-4e8a-9c46-d4e97a408f9b tempest-SnapshotsActionsTest-439670063 tempest-SnapshotsActionsTest-439670063-project-member] Task 'cinder.volume.flows.api.create_volume.VolumeCastTask;volume:create' (7bd4d70a-a2c8-4951-8d9b-2345ca7eaa37) transitioned into state 'RUNNING' from state 'PENDING' {{(pid=96100) _task_receiver /opt/stack/data/venv/lib/python3.12/site-packages/taskflow/listeners/logging.py:242}}
Jun 14 20:47:26.347943 np0000002792 devstack@c-api.service[96100]: DEBUG cinder.volume.api [None req-3f50286e-aa88-4e8a-9c46-d4e97a408f9b tempest-SnapshotsActionsTest-439670063 tempest-SnapshotsActionsTest-439670063-project-member] Task 'cinder.volume.flows.api.create_volume.VolumeCastTask;volume:create' (7bd4d70a-a2c8-4951-8d9b-2345ca7eaa37) transitioned into state 'SUCCESS' from state 'RUNNING' with result 'None' {{(pid=96100) _task_receiver /opt/stack/data/venv/lib/python3.12/site-packages/taskflow/listeners/logging.py:218}}
Jun 14 20:47:26.348637 np0000002792 devstack@c-api.service[96100]: DEBUG cinder.volume.api [None req-3f50286e-aa88-4e8a-9c46-d4e97a408f9b tempest-SnapshotsActionsTest-439670063 tempest-SnapshotsActionsTest-439670063-project-member] Flow 'volume_create_api' (273daaad-b15c-4511-9fda-8a2a345154dd) transitioned into state 'SUCCESS' from state 'RUNNING' {{(pid=96100) _flow_receiver /opt/stack/data/venv/lib/python3.12/site-packages/taskflow/listeners/logging.py:160}}
Jun 14 20:47:26.348963 np0000002792 devstack@c-api.service[96100]: INFO cinder.volume.api [None req-3f50286e-aa88-4e8a-9c46-d4e97a408f9b tempest-SnapshotsActionsTest-439670063 tempest-SnapshotsActionsTest-439670063-project-member] Create volume request issued successfully.
Jun 14 20:47:26.349568 np0000002792 devstack@c-api.service[96100]: INFO cinder.api.openstack.wsgi [None req-3f50286e-aa88-4e8a-9c46-d4e97a408f9b tempest-SnapshotsActionsTest-439670063 tempest-SnapshotsActionsTest-439670063-project-member] https://10.4.3.67/volume/v3/volumes returned with HTTP 202
Jun 14 20:47:26.352420 np0000002792 devstack@c-api.service[96100]: [pid: 96100|app: 0|req: 87/190] 10.4.3.67 () {68 vars in 1251 bytes} [Sun Jun 14 20:47:25 2026] POST /volume/v3/volumes => generated 749 bytes in 749 msecs (HTTP/1.1 202) 7 headers in 291 bytes (1 switches on core 0)
Jun 14 20:47:26.366986 np0000002792 devstack@c-api.service[96100]: DEBUG cinder.api.middleware.request_id [None req-bc1ddb4d-cd8b-4f8b-b669-a8ac6e1fd03c None None] RequestId filter calling following filter/app {{(pid=96100) _context_setter /opt/stack/cinder/cinder/api/middleware/request_id.py:62}}
Jun 14 20:47:26.369151 np0000002792 devstack@c-api.service[96100]: INFO cinder.api.openstack.wsgi [None req-bc1ddb4d-cd8b-4f8b-b669-a8ac6e1fd03c tempest-SnapshotsActionsTest-439670063 tempest-SnapshotsActionsTest-439670063-project-member] GET https://10.4.3.67/volume/v3/volumes/6b785516-dbbc-4b8c-ab13-037146cc81bd
Jun 14 20:47:26.369457 np0000002792 devstack@c-api.service[96100]: DEBUG cinder.api.openstack.wsgi [None req-bc1ddb4d-cd8b-4f8b-b669-a8ac6e1fd03c tempest-SnapshotsActionsTest-439670063 tempest-SnapshotsActionsTest-439670063-project-member] Empty body provided in request {{(pid=96100) get_body /opt/stack/cinder/cinder/api/openstack/wsgi.py:725}}
Jun 14 20:47:26.369745 np0000002792 devstack@c-api.service[96100]: DEBUG cinder.api.openstack.wsgi [None req-bc1ddb4d-cd8b-4f8b-b669-a8ac6e1fd03c tempest-SnapshotsActionsTest-439670063 tempest-SnapshotsActionsTest-439670063-project-member] Calling method 'show' {{(pid=96100) _process_stack /opt/stack/cinder/cinder/api/openstack/wsgi.py:878}}
Jun 14 20:47:26.377070 np0000002792 devstack@c-api.service[96101]: INFO cinder.volume.api [None req-ee916cbc-8ec6-4069-9578-04c3c4012749 tempest-VolumeQuotasNegativeTestJSON-1647737107 tempest-VolumeQuotasNegativeTestJSON-1647737107-project-member] Delete volume request issued successfully.
Jun 14 20:47:26.379046 np0000002792 devstack@c-api.service[96101]: INFO cinder.api.openstack.wsgi [None req-ee916cbc-8ec6-4069-9578-04c3c4012749 tempest-VolumeQuotasNegativeTestJSON-1647737107 tempest-VolumeQuotasNegativeTestJSON-1647737107-project-member] https://10.4.3.67/volume/v3/volumes/47d2cf1d-4555-4b43-a757-0941098ae2b0 returned with HTTP 202
Jun 14 20:47:26.379046 np0000002792 devstack@c-api.service[96101]: [pid: 96101|app: 0|req: 104/191] 10.4.3.67 () {66 vars in 1344 bytes} [Sun Jun 14 20:47:26 2026] DELETE /volume/v3/volumes/47d2cf1d-4555-4b43-a757-0941098ae2b0 => generated 0 bytes in 92 msecs (HTTP/1.1 202) 6 headers in 233 bytes (2 switches on core 0)
Jun 14 20:47:26.387653 np0000002792 devstack@c-api.service[96100]: /opt/stack/data/venv/lib/python3.12/site-packages/oslo_context/context.py:102: DeprecationWarning: Policy enforcement is depending on the value of is_admin. This key is deprecated. Please update your policy file to use the standard policy values.
Jun 14 20:47:26.387653 np0000002792 devstack@c-api.service[96100]: warnings.warn(
Jun 14 20:47:26.388001 np0000002792 devstack@c-api.service[96101]: DEBUG cinder.api.middleware.request_id [None req-c20beb58-1f63-4950-8318-0369eb621fbf None None] RequestId filter calling following filter/app {{(pid=96101) _context_setter /opt/stack/cinder/cinder/api/middleware/request_id.py:62}}
Jun 14 20:47:26.394127 np0000002792 devstack@c-api.service[96101]: INFO cinder.api.openstack.wsgi [None req-c20beb58-1f63-4950-8318-0369eb621fbf tempest-VolumeQuotasNegativeTestJSON-1647737107 tempest-VolumeQuotasNegativeTestJSON-1647737107-project-member] GET https://10.4.3.67/volume/v3/volumes/47d2cf1d-4555-4b43-a757-0941098ae2b0
Jun 14 20:47:26.394127 np0000002792 devstack@c-api.service[96101]: DEBUG cinder.api.openstack.wsgi [None req-c20beb58-1f63-4950-8318-0369eb621fbf tempest-VolumeQuotasNegativeTestJSON-1647737107 tempest-VolumeQuotasNegativeTestJSON-1647737107-project-member] Empty body provided in request {{(pid=96101) get_body /opt/stack/cinder/cinder/api/openstack/wsgi.py:725}}
Jun 14 20:47:26.394127 np0000002792 devstack@c-api.service[96101]: DEBUG cinder.api.openstack.wsgi [None req-c20beb58-1f63-4950-8318-0369eb621fbf tempest-VolumeQuotasNegativeTestJSON-1647737107 tempest-VolumeQuotasNegativeTestJSON-1647737107-project-member] Calling method 'show' {{(pid=96101) _process_stack /opt/stack/cinder/cinder/api/openstack/wsgi.py:878}}
Jun 14 20:47:26.395132 np0000002792 devstack@c-api.service[96100]: INFO cinder.volume.api [None req-bc1ddb4d-cd8b-4f8b-b669-a8ac6e1fd03c tempest-SnapshotsActionsTest-439670063 tempest-SnapshotsActionsTest-439670063-project-member] Volume info retrieved successfully.
Jun 14 20:47:26.399360 np0000002792 devstack@c-api.service[96101]: /opt/stack/data/venv/lib/python3.12/site-packages/oslo_context/context.py:102: DeprecationWarning: Policy enforcement is depending on the value of is_admin. This key is deprecated. Please update your policy file to use the standard policy values.
Jun 14 20:47:26.399360 np0000002792 devstack@c-api.service[96101]: warnings.warn(
Jun 14 20:47:26.400411 np0000002792 devstack@c-api.service[96100]: INFO cinder.api.openstack.wsgi [None req-bc1ddb4d-cd8b-4f8b-b669-a8ac6e1fd03c tempest-SnapshotsActionsTest-439670063 tempest-SnapshotsActionsTest-439670063-project-member] https://10.4.3.67/volume/v3/volumes/6b785516-dbbc-4b8c-ab13-037146cc81bd returned with HTTP 200
Jun 14 20:47:26.401101 np0000002792 devstack@c-api.service[96100]: [pid: 96100|app: 0|req: 88/192] 10.4.3.67 () {66 vars in 1341 bytes} [Sun Jun 14 20:47:26 2026] GET /volume/v3/volumes/6b785516-dbbc-4b8c-ab13-037146cc81bd => generated 817 bytes in 35 msecs (HTTP/1.1 200) 7 headers in 285 bytes (1 switches on core 0)
Jun 14 20:47:26.404103 np0000002792 devstack@c-api.service[96101]: INFO cinder.volume.api [None req-c20beb58-1f63-4950-8318-0369eb621fbf tempest-VolumeQuotasNegativeTestJSON-1647737107 tempest-VolumeQuotasNegativeTestJSON-1647737107-project-member] Volume info retrieved successfully.
Jun 14 20:47:26.409719 np0000002792 devstack@c-api.service[96101]: INFO cinder.api.openstack.wsgi [None req-c20beb58-1f63-4950-8318-0369eb621fbf tempest-VolumeQuotasNegativeTestJSON-1647737107 tempest-VolumeQuotasNegativeTestJSON-1647737107-project-member] https://10.4.3.67/volume/v3/volumes/47d2cf1d-4555-4b43-a757-0941098ae2b0 returned with HTTP 200
Jun 14 20:47:26.410224 np0000002792 devstack@c-api.service[96101]: [pid: 96101|app: 0|req: 105/193] 10.4.3.67 () {66 vars in 1341 bytes} [Sun Jun 14 20:47:26 2026] GET /volume/v3/volumes/47d2cf1d-4555-4b43-a757-0941098ae2b0 => generated 847 bytes in 23 msecs (HTTP/1.1 200) 7 headers in 285 bytes (1 switches on core 0)
Jun 14 20:47:27.423012 np0000002792 devstack@c-api.service[96101]: DEBUG cinder.api.middleware.request_id [None req-66210b66-a064-4d93-b1cc-b0cf9410c207 None None] RequestId filter calling following filter/app {{(pid=96101) _context_setter /opt/stack/cinder/cinder/api/middleware/request_id.py:62}}
Jun 14 20:47:27.423470 np0000002792 devstack@c-api.service[96100]: DEBUG cinder.api.middleware.request_id [None req-31645ba4-efd8-4a97-93c4-275a3e807cd7 None None] RequestId filter calling following filter/app {{(pid=96100) _context_setter /opt/stack/cinder/cinder/api/middleware/request_id.py:62}}
Jun 14 20:47:27.425803 np0000002792 devstack@c-api.service[96101]: INFO cinder.api.openstack.wsgi [None req-66210b66-a064-4d93-b1cc-b0cf9410c207 tempest-VolumeQuotasNegativeTestJSON-1647737107 tempest-VolumeQuotasNegativeTestJSON-1647737107-project-member] GET https://10.4.3.67/volume/v3/volumes/47d2cf1d-4555-4b43-a757-0941098ae2b0
Jun 14 20:47:27.430816 np0000002792 devstack@c-api.service[96100]: INFO cinder.api.openstack.wsgi [None req-31645ba4-efd8-4a97-93c4-275a3e807cd7 tempest-SnapshotsActionsTest-439670063 tempest-SnapshotsActionsTest-439670063-project-member] GET https://10.4.3.67/volume/v3/volumes/6b785516-dbbc-4b8c-ab13-037146cc81bd
Jun 14 20:47:27.430940 np0000002792 devstack@c-api.service[96101]: DEBUG cinder.api.openstack.wsgi [None req-66210b66-a064-4d93-b1cc-b0cf9410c207 tempest-VolumeQuotasNegativeTestJSON-1647737107 tempest-VolumeQuotasNegativeTestJSON-1647737107-project-member] Empty body provided in request {{(pid=96101) get_body /opt/stack/cinder/cinder/api/openstack/wsgi.py:725}}
Jun 14 20:47:27.430986 np0000002792 devstack@c-api.service[96100]: DEBUG cinder.api.openstack.wsgi [None req-31645ba4-efd8-4a97-93c4-275a3e807cd7 tempest-SnapshotsActionsTest-439670063 tempest-SnapshotsActionsTest-439670063-project-member] Empty body provided in request {{(pid=96100) get_body /opt/stack/cinder/cinder/api/openstack/wsgi.py:725}}
Jun 14 20:47:27.431024 np0000002792 devstack@c-api.service[96101]: DEBUG cinder.api.openstack.wsgi [None req-66210b66-a064-4d93-b1cc-b0cf9410c207 tempest-VolumeQuotasNegativeTestJSON-1647737107 tempest-VolumeQuotasNegativeTestJSON-1647737107-project-member] Calling method 'show' {{(pid=96101) _process_stack /opt/stack/cinder/cinder/api/openstack/wsgi.py:878}}
Jun 14 20:47:27.431053 np0000002792 devstack@c-api.service[96100]: DEBUG cinder.api.openstack.wsgi [None req-31645ba4-efd8-4a97-93c4-275a3e807cd7 tempest-SnapshotsActionsTest-439670063 tempest-SnapshotsActionsTest-439670063-project-member] Calling method 'show' {{(pid=96100) _process_stack /opt/stack/cinder/cinder/api/openstack/wsgi.py:878}}
Jun 14 20:47:27.443282 np0000002792 devstack@c-api.service[96101]: INFO cinder.api.openstack.wsgi [None req-66210b66-a064-4d93-b1cc-b0cf9410c207 tempest-VolumeQuotasNegativeTestJSON-1647737107 tempest-VolumeQuotasNegativeTestJSON-1647737107-project-member] https://10.4.3.67/volume/v3/volumes/47d2cf1d-4555-4b43-a757-0941098ae2b0 returned with HTTP 404
Jun 14 20:47:27.443932 np0000002792 devstack@c-api.service[96101]: [pid: 96101|app: 0|req: 106/194] 10.4.3.67 () {66 vars in 1341 bytes} [Sun Jun 14 20:47:27 2026] GET /volume/v3/volumes/47d2cf1d-4555-4b43-a757-0941098ae2b0 => generated 109 bytes in 21 msecs (HTTP/1.1 404) 7 headers in 292 bytes (1 switches on core 0)
Jun 14 20:47:27.444434 np0000002792 devstack@c-api.service[96100]: /opt/stack/data/venv/lib/python3.12/site-packages/oslo_context/context.py:102: DeprecationWarning: Policy enforcement is depending on the value of is_admin. This key is deprecated. Please update your policy file to use the standard policy values.
Jun 14 20:47:27.444434 np0000002792 devstack@c-api.service[96100]: warnings.warn(
Jun 14 20:47:27.452261 np0000002792 devstack@c-api.service[96101]: DEBUG cinder.api.middleware.request_id [None req-c7fb473d-ca47-44ad-ba38-a982e3f0d642 None None] RequestId filter calling following filter/app {{(pid=96101) _context_setter /opt/stack/cinder/cinder/api/middleware/request_id.py:62}}
Jun 14 20:47:27.454030 np0000002792 devstack@c-api.service[96101]: INFO cinder.api.openstack.wsgi [None req-c7fb473d-ca47-44ad-ba38-a982e3f0d642 tempest-VolumeQuotasNegativeTestJSON-1143853394 tempest-VolumeQuotasNegativeTestJSON-1143853394-project-admin] PUT https://10.4.3.67/volume/v3/os-quota-sets/701ef4d3ee484a31bff7b6476e6101c4
Jun 14 20:47:27.454414 np0000002792 devstack@c-api.service[96101]: DEBUG cinder.api.openstack.wsgi [None req-c7fb473d-ca47-44ad-ba38-a982e3f0d642 tempest-VolumeQuotasNegativeTestJSON-1143853394 tempest-VolumeQuotasNegativeTestJSON-1143853394-project-admin] Action: 'update', calling method: update, body: {"quota_set": {"volumes": 10, "per_volume_gigabytes": -1, "snapshots": 10, "gigabytes": 1000, "backups": 10, "backup_gigabytes": 1000}} {{(pid=96101) _process_stack /opt/stack/cinder/cinder/api/openstack/wsgi.py:876}}
Jun 14 20:47:27.471277 np0000002792 devstack@c-api.service[96100]: INFO cinder.volume.api [None req-31645ba4-efd8-4a97-93c4-275a3e807cd7 tempest-SnapshotsActionsTest-439670063 tempest-SnapshotsActionsTest-439670063-project-member] Volume info retrieved successfully.
Jun 14 20:47:27.517312 np0000002792 devstack@c-api.service[96100]: INFO cinder.api.openstack.wsgi [None req-31645ba4-efd8-4a97-93c4-275a3e807cd7 tempest-SnapshotsActionsTest-439670063 tempest-SnapshotsActionsTest-439670063-project-member] https://10.4.3.67/volume/v3/volumes/6b785516-dbbc-4b8c-ab13-037146cc81bd returned with HTTP 200
Jun 14 20:47:27.517785 np0000002792 devstack@c-api.service[96100]: [pid: 96100|app: 0|req: 89/195] 10.4.3.67 () {66 vars in 1341 bytes} [Sun Jun 14 20:47:27 2026] GET /volume/v3/volumes/6b785516-dbbc-4b8c-ab13-037146cc81bd => generated 842 bytes in 95 msecs (HTTP/1.1 200) 7 headers in 285 bytes (1 switches on core 0)
Jun 14 20:47:27.532150 np0000002792 devstack@c-api.service[96100]: DEBUG cinder.api.middleware.request_id [None req-96566afd-69b5-4139-a658-f1f277aa1e2e None None] RequestId filter calling following filter/app {{(pid=96100) _context_setter /opt/stack/cinder/cinder/api/middleware/request_id.py:62}}
Jun 14 20:47:27.534962 np0000002792 devstack@c-api.service[96100]: INFO cinder.api.openstack.wsgi [None req-96566afd-69b5-4139-a658-f1f277aa1e2e tempest-SnapshotsActionsTest-439670063 tempest-SnapshotsActionsTest-439670063-project-member] POST https://10.4.3.67/volume/v3/snapshots
Jun 14 20:47:27.535419 np0000002792 devstack@c-api.service[96100]: DEBUG cinder.api.openstack.wsgi [None req-96566afd-69b5-4139-a658-f1f277aa1e2e tempest-SnapshotsActionsTest-439670063 tempest-SnapshotsActionsTest-439670063-project-member] Action: 'create', calling method: create, body: {"snapshot": {"volume_id": "6b785516-dbbc-4b8c-ab13-037146cc81bd", "name": "tempest-SnapshotsActionsTest-Snapshot-1287879178"}} {{(pid=96100) _process_stack /opt/stack/cinder/cinder/api/openstack/wsgi.py:876}}
Jun 14 20:47:27.548380 np0000002792 devstack@c-api.service[96100]: /opt/stack/data/venv/lib/python3.12/site-packages/oslo_context/context.py:102: DeprecationWarning: Policy enforcement is depending on the value of is_admin. This key is deprecated. Please update your policy file to use the standard policy values.
Jun 14 20:47:27.548380 np0000002792 devstack@c-api.service[96100]: warnings.warn(
Jun 14 20:47:27.548975 np0000002792 devstack@c-api.service[96100]: INFO cinder.volume.api [None req-96566afd-69b5-4139-a658-f1f277aa1e2e tempest-SnapshotsActionsTest-439670063 tempest-SnapshotsActionsTest-439670063-project-member] Volume info retrieved successfully.
Jun 14 20:47:27.549138 np0000002792 devstack@c-api.service[96100]: INFO cinder.api.v3.snapshots [None req-96566afd-69b5-4139-a658-f1f277aa1e2e tempest-SnapshotsActionsTest-439670063 tempest-SnapshotsActionsTest-439670063-project-member] Create snapshot from volume 6b785516-dbbc-4b8c-ab13-037146cc81bd
Jun 14 20:47:27.648271 np0000002792 devstack@c-api.service[96100]: DEBUG cinder.quota [None req-96566afd-69b5-4139-a658-f1f277aa1e2e tempest-SnapshotsActionsTest-439670063 tempest-SnapshotsActionsTest-439670063-project-member] Created reservations ['107b19cf-bf57-4066-aebd-bd36a0e3e480', '2007dc36-ba48-4ed6-bd18-a1a04a16bad5', 'fd7aa844-6953-4034-ac00-f53c8b9eda8c', '749326e4-a4e4-4b75-aac2-bd2390c0746e'] {{(pid=96100) reserve /opt/stack/cinder/cinder/quota.py:752}}
Jun 14 20:47:27.712328 np0000002792 devstack@c-api.service[96101]: INFO cinder.api.openstack.wsgi [None req-c7fb473d-ca47-44ad-ba38-a982e3f0d642 tempest-VolumeQuotasNegativeTestJSON-1143853394 tempest-VolumeQuotasNegativeTestJSON-1143853394-project-admin] https://10.4.3.67/volume/v3/os-quota-sets/701ef4d3ee484a31bff7b6476e6101c4 returned with HTTP 200
Jun 14 20:47:27.712747 np0000002792 devstack@c-api.service[96101]: [pid: 96101|app: 0|req: 107/196] 10.4.3.67 () {68 vars in 1368 bytes} [Sun Jun 14 20:47:27 2026] PUT /volume/v3/os-quota-sets/701ef4d3ee484a31bff7b6476e6101c4 => generated 310 bytes in 261 msecs (HTTP/1.1 200) 7 headers in 285 bytes (1 switches on core 0)
Jun 14 20:47:27.740329 np0000002792 devstack@c-api.service[96100]: INFO cinder.volume.api [None req-96566afd-69b5-4139-a658-f1f277aa1e2e tempest-SnapshotsActionsTest-439670063 tempest-SnapshotsActionsTest-439670063-project-member] Snapshot create request issued successfully.
Jun 14 20:47:27.740685 np0000002792 devstack@c-api.service[96100]: INFO cinder.api.openstack.wsgi [None req-96566afd-69b5-4139-a658-f1f277aa1e2e tempest-SnapshotsActionsTest-439670063 tempest-SnapshotsActionsTest-439670063-project-member] https://10.4.3.67/volume/v3/snapshots returned with HTTP 202
Jun 14 20:47:27.741146 np0000002792 devstack@c-api.service[96100]: [pid: 96100|app: 0|req: 90/197] 10.4.3.67 () {68 vars in 1258 bytes} [Sun Jun 14 20:47:27 2026] POST /volume/v3/snapshots => generated 307 bytes in 210 msecs (HTTP/1.1 202) 7 headers in 291 bytes (1 switches on core 0)
Jun 14 20:47:27.750811 np0000002792 devstack@c-api.service[96101]: DEBUG cinder.api.middleware.request_id [None req-f3c26150-a6bb-41d5-87f9-d624a6453090 None None] RequestId filter calling following filter/app {{(pid=96101) _context_setter /opt/stack/cinder/cinder/api/middleware/request_id.py:62}}
Jun 14 20:47:27.752985 np0000002792 devstack@c-api.service[96101]: INFO cinder.api.openstack.wsgi [None req-f3c26150-a6bb-41d5-87f9-d624a6453090 tempest-SnapshotsActionsTest-439670063 tempest-SnapshotsActionsTest-439670063-project-member] GET https://10.4.3.67/volume/v3/snapshots/339698ba-9745-4364-9670-2f43d465f4e9
Jun 14 20:47:27.753251 np0000002792 devstack@c-api.service[96101]: DEBUG cinder.api.openstack.wsgi [None req-f3c26150-a6bb-41d5-87f9-d624a6453090 tempest-SnapshotsActionsTest-439670063 tempest-SnapshotsActionsTest-439670063-project-member] Empty body provided in request {{(pid=96101) get_body /opt/stack/cinder/cinder/api/openstack/wsgi.py:725}}
Jun 14 20:47:27.753463 np0000002792 devstack@c-api.service[96101]: DEBUG cinder.api.openstack.wsgi [None req-f3c26150-a6bb-41d5-87f9-d624a6453090 tempest-SnapshotsActionsTest-439670063 tempest-SnapshotsActionsTest-439670063-project-member] Calling method 'show' {{(pid=96101) _process_stack /opt/stack/cinder/cinder/api/openstack/wsgi.py:878}}
Jun 14 20:47:27.758184 np0000002792 devstack@c-api.service[96101]: /opt/stack/data/venv/lib/python3.12/site-packages/oslo_context/context.py:102: DeprecationWarning: Policy enforcement is depending on the value of is_admin. This key is deprecated. Please update your policy file to use the standard policy values.
Jun 14 20:47:27.758184 np0000002792 devstack@c-api.service[96101]: warnings.warn(
Jun 14 20:47:27.762222 np0000002792 devstack@c-api.service[96101]: INFO cinder.volume.api [None req-f3c26150-a6bb-41d5-87f9-d624a6453090 tempest-SnapshotsActionsTest-439670063 tempest-SnapshotsActionsTest-439670063-project-member] Snapshot retrieved successfully.
Jun 14 20:47:27.762222 np0000002792 devstack@c-api.service[96101]: INFO cinder.api.openstack.wsgi [None req-f3c26150-a6bb-41d5-87f9-d624a6453090 tempest-SnapshotsActionsTest-439670063 tempest-SnapshotsActionsTest-439670063-project-member] https://10.4.3.67/volume/v3/snapshots/339698ba-9745-4364-9670-2f43d465f4e9 returned with HTTP 200
Jun 14 20:47:27.762222 np0000002792 devstack@c-api.service[96101]: [pid: 96101|app: 0|req: 108/198] 10.4.3.67 () {66 vars in 1347 bytes} [Sun Jun 14 20:47:27 2026] GET /volume/v3/snapshots/339698ba-9745-4364-9670-2f43d465f4e9 => generated 439 bytes in 11 msecs (HTTP/1.1 200) 7 headers in 285 bytes (1 switches on core 0)
Jun 14 20:47:28.770728 np0000002792 devstack@c-api.service[96100]: DEBUG cinder.api.middleware.request_id [None req-09a993e9-0573-4a7c-8306-06291356165f None None] RequestId filter calling following filter/app {{(pid=96100) _context_setter /opt/stack/cinder/cinder/api/middleware/request_id.py:62}}
Jun 14 20:47:28.771071 np0000002792 devstack@c-api.service[96100]: INFO cinder.api.openstack.wsgi [None req-09a993e9-0573-4a7c-8306-06291356165f tempest-SnapshotsActionsTest-439670063 tempest-SnapshotsActionsTest-439670063-project-member] GET https://10.4.3.67/volume/v3/snapshots/339698ba-9745-4364-9670-2f43d465f4e9
Jun 14 20:47:28.771173 np0000002792 devstack@c-api.service[96100]: DEBUG cinder.api.openstack.wsgi [None req-09a993e9-0573-4a7c-8306-06291356165f tempest-SnapshotsActionsTest-439670063 tempest-SnapshotsActionsTest-439670063-project-member] Empty body provided in request {{(pid=96100) get_body /opt/stack/cinder/cinder/api/openstack/wsgi.py:725}}
Jun 14 20:47:28.771352 np0000002792 devstack@c-api.service[96100]: DEBUG cinder.api.openstack.wsgi [None req-09a993e9-0573-4a7c-8306-06291356165f tempest-SnapshotsActionsTest-439670063 tempest-SnapshotsActionsTest-439670063-project-member] Calling method 'show' {{(pid=96100) _process_stack /opt/stack/cinder/cinder/api/openstack/wsgi.py:878}}
Jun 14 20:47:28.800293 np0000002792 devstack@c-api.service[96100]: /opt/stack/data/venv/lib/python3.12/site-packages/oslo_context/context.py:102: DeprecationWarning: Policy enforcement is depending on the value of is_admin. This key is deprecated. Please update your policy file to use the standard policy values.
Jun 14 20:47:28.800293 np0000002792 devstack@c-api.service[96100]: warnings.warn(
Jun 14 20:47:28.800772 np0000002792 devstack@c-api.service[96100]: INFO cinder.volume.api [None req-09a993e9-0573-4a7c-8306-06291356165f tempest-SnapshotsActionsTest-439670063 tempest-SnapshotsActionsTest-439670063-project-member] Snapshot retrieved successfully.
Jun 14 20:47:28.801796 np0000002792 devstack@c-api.service[96100]: INFO cinder.api.openstack.wsgi [None req-09a993e9-0573-4a7c-8306-06291356165f tempest-SnapshotsActionsTest-439670063 tempest-SnapshotsActionsTest-439670063-project-member] https://10.4.3.67/volume/v3/snapshots/339698ba-9745-4364-9670-2f43d465f4e9 returned with HTTP 200
Jun 14 20:47:28.802322 np0000002792 devstack@c-api.service[96100]: [pid: 96100|app: 0|req: 91/199] 10.4.3.67 () {66 vars in 1347 bytes} [Sun Jun 14 20:47:28 2026] GET /volume/v3/snapshots/339698ba-9745-4364-9670-2f43d465f4e9 => generated 466 bytes in 34 msecs (HTTP/1.1 200) 7 headers in 285 bytes (1 switches on core 0)
Jun 14 20:47:28.812624 np0000002792 devstack@c-api.service[96101]: DEBUG cinder.api.middleware.request_id [None req-47e9889b-2378-4c4c-b27d-bab3aaa49bbd None None] RequestId filter calling following filter/app {{(pid=96101) _context_setter /opt/stack/cinder/cinder/api/middleware/request_id.py:62}}
Jun 14 20:47:29.057972 np0000002792 devstack@c-api.service[96101]: INFO cinder.api.openstack.wsgi [None req-47e9889b-2378-4c4c-b27d-bab3aaa49bbd tempest-SnapshotsActionsTest-1820682535 tempest-SnapshotsActionsTest-1820682535-project-admin] POST https://10.4.3.67/volume/v3/snapshots/339698ba-9745-4364-9670-2f43d465f4e9/action
Jun 14 20:47:29.058464 np0000002792 devstack@c-api.service[96101]: DEBUG cinder.api.openstack.wsgi [None req-47e9889b-2378-4c4c-b27d-bab3aaa49bbd tempest-SnapshotsActionsTest-1820682535 tempest-SnapshotsActionsTest-1820682535-project-admin] Action body: b'{"os-reset_status": {"status": "creating"}}' {{(pid=96101) get_method /opt/stack/cinder/cinder/api/openstack/wsgi.py:993}}
Jun 14 20:47:29.058599 np0000002792 devstack@c-api.service[96101]: DEBUG cinder.api.openstack.wsgi [None req-47e9889b-2378-4c4c-b27d-bab3aaa49bbd tempest-SnapshotsActionsTest-1820682535 tempest-SnapshotsActionsTest-1820682535-project-admin] Action: 'action', calling method: _reset_status, body: {"os-reset_status": {"status": "creating"}} {{(pid=96101) _process_stack /opt/stack/cinder/cinder/api/openstack/wsgi.py:876}}
Jun 14 20:47:29.060270 np0000002792 devstack@c-api.service[96101]: DEBUG cinder.api.contrib.admin_actions [None req-47e9889b-2378-4c4c-b27d-bab3aaa49bbd tempest-SnapshotsActionsTest-1820682535 tempest-SnapshotsActionsTest-1820682535-project-admin] Updating snapshot '339698ba-9745-4364-9670-2f43d465f4e9' with '{'status': 'creating'}' {{(pid=96101) _reset_status /opt/stack/cinder/cinder/api/contrib/admin_actions.py:263}}
Jun 14 20:47:29.084103 np0000002792 devstack@c-api.service[96101]: /opt/stack/data/venv/lib/python3.12/site-packages/oslo_context/context.py:102: DeprecationWarning: Policy enforcement is depending on the value of is_admin. This key is deprecated. Please update your policy file to use the standard policy values.
Jun 14 20:47:29.084103 np0000002792 devstack@c-api.service[96101]: warnings.warn(
Jun 14 20:47:29.115606 np0000002792 devstack@c-api.service[96101]: INFO cinder.api.openstack.wsgi [None req-47e9889b-2378-4c4c-b27d-bab3aaa49bbd tempest-SnapshotsActionsTest-1820682535 tempest-SnapshotsActionsTest-1820682535-project-admin] https://10.4.3.67/volume/v3/snapshots/339698ba-9745-4364-9670-2f43d465f4e9/action returned with HTTP 202
Jun 14 20:47:29.116082 np0000002792 devstack@c-api.service[96101]: [pid: 96101|app: 0|req: 109/200] 10.4.3.67 () {68 vars in 1389 bytes} [Sun Jun 14 20:47:28 2026] POST /volume/v3/snapshots/339698ba-9745-4364-9670-2f43d465f4e9/action => generated 0 bytes in 304 msecs (HTTP/1.1 202) 7 headers in 289 bytes (1 switches on core 0)
Jun 14 20:47:29.124434 np0000002792 devstack@c-api.service[96100]: DEBUG cinder.api.middleware.request_id [None req-2f4e3a2d-cb0e-4c79-98b9-7c2dbf801083 None None] RequestId filter calling following filter/app {{(pid=96100) _context_setter /opt/stack/cinder/cinder/api/middleware/request_id.py:62}}
Jun 14 20:47:29.126445 np0000002792 devstack@c-api.service[96100]: INFO cinder.api.openstack.wsgi [None req-2f4e3a2d-cb0e-4c79-98b9-7c2dbf801083 tempest-SnapshotsActionsTest-439670063 tempest-SnapshotsActionsTest-439670063-project-member] GET https://10.4.3.67/volume/v3/snapshots/339698ba-9745-4364-9670-2f43d465f4e9
Jun 14 20:47:29.126658 np0000002792 devstack@c-api.service[96100]: DEBUG cinder.api.openstack.wsgi [None req-2f4e3a2d-cb0e-4c79-98b9-7c2dbf801083 tempest-SnapshotsActionsTest-439670063 tempest-SnapshotsActionsTest-439670063-project-member] Empty body provided in request {{(pid=96100) get_body /opt/stack/cinder/cinder/api/openstack/wsgi.py:725}}
Jun 14 20:47:29.126896 np0000002792 devstack@c-api.service[96100]: DEBUG cinder.api.openstack.wsgi [None req-2f4e3a2d-cb0e-4c79-98b9-7c2dbf801083 tempest-SnapshotsActionsTest-439670063 tempest-SnapshotsActionsTest-439670063-project-member] Calling method 'show' {{(pid=96100) _process_stack /opt/stack/cinder/cinder/api/openstack/wsgi.py:878}}
Jun 14 20:47:29.132515 np0000002792 devstack@c-api.service[96100]: /opt/stack/data/venv/lib/python3.12/site-packages/oslo_context/context.py:102: DeprecationWarning: Policy enforcement is depending on the value of is_admin. This key is deprecated. Please update your policy file to use the standard policy values.
Jun 14 20:47:29.132515 np0000002792 devstack@c-api.service[96100]: warnings.warn(
Jun 14 20:47:29.133222 np0000002792 devstack@c-api.service[96100]: INFO cinder.volume.api [None req-2f4e3a2d-cb0e-4c79-98b9-7c2dbf801083 tempest-SnapshotsActionsTest-439670063 tempest-SnapshotsActionsTest-439670063-project-member] Snapshot retrieved successfully.
Jun 14 20:47:29.134196 np0000002792 devstack@c-api.service[96100]: INFO cinder.api.openstack.wsgi [None req-2f4e3a2d-cb0e-4c79-98b9-7c2dbf801083 tempest-SnapshotsActionsTest-439670063 tempest-SnapshotsActionsTest-439670063-project-member] https://10.4.3.67/volume/v3/snapshots/339698ba-9745-4364-9670-2f43d465f4e9 returned with HTTP 200
Jun 14 20:47:29.134650 np0000002792 devstack@c-api.service[96100]: [pid: 96100|app: 0|req: 92/201] 10.4.3.67 () {66 vars in 1347 bytes} [Sun Jun 14 20:47:29 2026] GET /volume/v3/snapshots/339698ba-9745-4364-9670-2f43d465f4e9 => generated 465 bytes in 11 msecs (HTTP/1.1 200) 7 headers in 285 bytes (1 switches on core 0)
Jun 14 20:47:29.148108 np0000002792 devstack@c-api.service[96101]: DEBUG cinder.api.middleware.request_id [None req-630b998c-82ee-4a95-b41b-25a749731658 None None] RequestId filter calling following filter/app {{(pid=96101) _context_setter /opt/stack/cinder/cinder/api/middleware/request_id.py:62}}
Jun 14 20:47:29.150186 np0000002792 devstack@c-api.service[96101]: INFO cinder.api.openstack.wsgi [None req-630b998c-82ee-4a95-b41b-25a749731658 tempest-SnapshotsActionsTest-1820682535 tempest-SnapshotsActionsTest-1820682535-project-admin] POST https://10.4.3.67/volume/v3/snapshots/339698ba-9745-4364-9670-2f43d465f4e9/action
Jun 14 20:47:29.150765 np0000002792 devstack@c-api.service[96101]: DEBUG cinder.api.openstack.wsgi [None req-630b998c-82ee-4a95-b41b-25a749731658 tempest-SnapshotsActionsTest-1820682535 tempest-SnapshotsActionsTest-1820682535-project-admin] Action body: b'{"os-reset_status": {"status": "available"}}' {{(pid=96101) get_method /opt/stack/cinder/cinder/api/openstack/wsgi.py:993}}
Jun 14 20:47:29.150765 np0000002792 devstack@c-api.service[96101]: DEBUG cinder.api.openstack.wsgi [None req-630b998c-82ee-4a95-b41b-25a749731658 tempest-SnapshotsActionsTest-1820682535 tempest-SnapshotsActionsTest-1820682535-project-admin] Action: 'action', calling method: _reset_status, body: {"os-reset_status": {"status": "available"}} {{(pid=96101) _process_stack /opt/stack/cinder/cinder/api/openstack/wsgi.py:876}}
Jun 14 20:47:29.152856 np0000002792 devstack@c-api.service[96101]: DEBUG cinder.api.contrib.admin_actions [None req-630b998c-82ee-4a95-b41b-25a749731658 tempest-SnapshotsActionsTest-1820682535 tempest-SnapshotsActionsTest-1820682535-project-admin] Updating snapshot '339698ba-9745-4364-9670-2f43d465f4e9' with '{'status': 'available'}' {{(pid=96101) _reset_status /opt/stack/cinder/cinder/api/contrib/admin_actions.py:263}}
Jun 14 20:47:29.163712 np0000002792 devstack@c-api.service[96101]: /opt/stack/data/venv/lib/python3.12/site-packages/oslo_context/context.py:102: DeprecationWarning: Policy enforcement is depending on the value of is_admin. This key is deprecated. Please update your policy file to use the standard policy values.
Jun 14 20:47:29.163712 np0000002792 devstack@c-api.service[96101]: warnings.warn(
Jun 14 20:47:29.184028 np0000002792 devstack@c-api.service[96101]: INFO cinder.api.openstack.wsgi [None req-630b998c-82ee-4a95-b41b-25a749731658 tempest-SnapshotsActionsTest-1820682535 tempest-SnapshotsActionsTest-1820682535-project-admin] https://10.4.3.67/volume/v3/snapshots/339698ba-9745-4364-9670-2f43d465f4e9/action returned with HTTP 202
Jun 14 20:47:29.184632 np0000002792 devstack@c-api.service[96101]: [pid: 96101|app: 0|req: 110/202] 10.4.3.67 () {68 vars in 1389 bytes} [Sun Jun 14 20:47:29 2026] POST /volume/v3/snapshots/339698ba-9745-4364-9670-2f43d465f4e9/action => generated 0 bytes in 37 msecs (HTTP/1.1 202) 7 headers in 289 bytes (1 switches on core 0)
Jun 14 20:47:29.196253 np0000002792 devstack@c-api.service[96100]: DEBUG cinder.api.middleware.request_id [None req-92e99fb9-d99f-499f-9d7a-07362d8cc146 None None] RequestId filter calling following filter/app {{(pid=96100) _context_setter /opt/stack/cinder/cinder/api/middleware/request_id.py:62}}
Jun 14 20:47:29.197876 np0000002792 devstack@c-api.service[96100]: INFO cinder.api.openstack.wsgi [None req-92e99fb9-d99f-499f-9d7a-07362d8cc146 tempest-SnapshotsActionsTest-439670063 tempest-SnapshotsActionsTest-439670063-project-member] GET https://10.4.3.67/volume/v3/snapshots/339698ba-9745-4364-9670-2f43d465f4e9
Jun 14 20:47:29.198112 np0000002792 devstack@c-api.service[96100]: DEBUG cinder.api.openstack.wsgi [None req-92e99fb9-d99f-499f-9d7a-07362d8cc146 tempest-SnapshotsActionsTest-439670063 tempest-SnapshotsActionsTest-439670063-project-member] Empty body provided in request {{(pid=96100) get_body /opt/stack/cinder/cinder/api/openstack/wsgi.py:725}}
Jun 14 20:47:29.198377 np0000002792 devstack@c-api.service[96100]: DEBUG cinder.api.openstack.wsgi [None req-92e99fb9-d99f-499f-9d7a-07362d8cc146 tempest-SnapshotsActionsTest-439670063 tempest-SnapshotsActionsTest-439670063-project-member] Calling method 'show' {{(pid=96100) _process_stack /opt/stack/cinder/cinder/api/openstack/wsgi.py:878}}
Jun 14 20:47:29.203751 np0000002792 devstack@c-api.service[96100]: /opt/stack/data/venv/lib/python3.12/site-packages/oslo_context/context.py:102: DeprecationWarning: Policy enforcement is depending on the value of is_admin. This key is deprecated. Please update your policy file to use the standard policy values.
Jun 14 20:47:29.203751 np0000002792 devstack@c-api.service[96100]: warnings.warn(
Jun 14 20:47:29.204194 np0000002792 devstack@c-api.service[96100]: INFO cinder.volume.api [None req-92e99fb9-d99f-499f-9d7a-07362d8cc146 tempest-SnapshotsActionsTest-439670063 tempest-SnapshotsActionsTest-439670063-project-member] Snapshot retrieved successfully.
Jun 14 20:47:29.208080 np0000002792 devstack@c-api.service[96100]: INFO cinder.api.openstack.wsgi [None req-92e99fb9-d99f-499f-9d7a-07362d8cc146 tempest-SnapshotsActionsTest-439670063 tempest-SnapshotsActionsTest-439670063-project-member] https://10.4.3.67/volume/v3/snapshots/339698ba-9745-4364-9670-2f43d465f4e9 returned with HTTP 200
Jun 14 20:47:29.208080 np0000002792 devstack@c-api.service[96100]: [pid: 96100|app: 0|req: 93/203] 10.4.3.67 () {66 vars in 1347 bytes} [Sun Jun 14 20:47:29 2026] GET /volume/v3/snapshots/339698ba-9745-4364-9670-2f43d465f4e9 => generated 466 bytes in 10 msecs (HTTP/1.1 200) 7 headers in 285 bytes (1 switches on core 0)
Jun 14 20:47:29.220675 np0000002792 devstack@c-api.service[96101]: DEBUG cinder.api.middleware.request_id [None req-6a02abda-9bd1-41c9-991d-02254d526eb8 None None] RequestId filter calling following filter/app {{(pid=96101) _context_setter /opt/stack/cinder/cinder/api/middleware/request_id.py:62}}
Jun 14 20:47:29.222679 np0000002792 devstack@c-api.service[96101]: INFO cinder.api.openstack.wsgi [None req-6a02abda-9bd1-41c9-991d-02254d526eb8 tempest-SnapshotsActionsTest-439670063 tempest-SnapshotsActionsTest-439670063-project-member] POST https://10.4.3.67/volume/v3/snapshots
Jun 14 20:47:29.223082 np0000002792 devstack@c-api.service[96101]: DEBUG cinder.api.openstack.wsgi [None req-6a02abda-9bd1-41c9-991d-02254d526eb8 tempest-SnapshotsActionsTest-439670063 tempest-SnapshotsActionsTest-439670063-project-member] Action: 'create', calling method: create, body: {"snapshot": {"volume_id": "6b785516-dbbc-4b8c-ab13-037146cc81bd", "name": "tempest-SnapshotsActionsTest-Snapshot-190420074"}} {{(pid=96101) _process_stack /opt/stack/cinder/cinder/api/openstack/wsgi.py:876}}
Jun 14 20:47:29.251712 np0000002792 devstack@c-api.service[96101]: /opt/stack/data/venv/lib/python3.12/site-packages/oslo_context/context.py:102: DeprecationWarning: Policy enforcement is depending on the value of is_admin. This key is deprecated. Please update your policy file to use the standard policy values.
Jun 14 20:47:29.251712 np0000002792 devstack@c-api.service[96101]: warnings.warn(
Jun 14 20:47:29.254356 np0000002792 devstack@c-api.service[96101]: INFO cinder.volume.api [None req-6a02abda-9bd1-41c9-991d-02254d526eb8 tempest-SnapshotsActionsTest-439670063 tempest-SnapshotsActionsTest-439670063-project-member] Volume info retrieved successfully.
Jun 14 20:47:29.254356 np0000002792 devstack@c-api.service[96101]: INFO cinder.api.v3.snapshots [None req-6a02abda-9bd1-41c9-991d-02254d526eb8 tempest-SnapshotsActionsTest-439670063 tempest-SnapshotsActionsTest-439670063-project-member] Create snapshot from volume 6b785516-dbbc-4b8c-ab13-037146cc81bd
Jun 14 20:47:29.353426 np0000002792 devstack@c-api.service[96101]: DEBUG cinder.quota [None req-6a02abda-9bd1-41c9-991d-02254d526eb8 tempest-SnapshotsActionsTest-439670063 tempest-SnapshotsActionsTest-439670063-project-member] Created reservations ['50ec839f-4529-492b-b462-68dd6072dc8b', '77a193c1-a7e8-46d3-85ed-ccf6e26bce91', 'f0ee258e-de11-414e-84c0-d09340fd0d70', 'fcacbf2c-5a36-4bf0-92f5-caeec6af5921'] {{(pid=96101) reserve /opt/stack/cinder/cinder/quota.py:752}}
Jun 14 20:47:29.462056 np0000002792 devstack@c-api.service[96101]: INFO cinder.volume.api [None req-6a02abda-9bd1-41c9-991d-02254d526eb8 tempest-SnapshotsActionsTest-439670063 tempest-SnapshotsActionsTest-439670063-project-member] Snapshot create request issued successfully.
Jun 14 20:47:29.462541 np0000002792 devstack@c-api.service[96101]: INFO cinder.api.openstack.wsgi [None req-6a02abda-9bd1-41c9-991d-02254d526eb8 tempest-SnapshotsActionsTest-439670063 tempest-SnapshotsActionsTest-439670063-project-member] https://10.4.3.67/volume/v3/snapshots returned with HTTP 202
Jun 14 20:47:29.462968 np0000002792 devstack@c-api.service[96101]: [pid: 96101|app: 0|req: 111/204] 10.4.3.67 () {68 vars in 1258 bytes} [Sun Jun 14 20:47:29 2026] POST /volume/v3/snapshots => generated 306 bytes in 243 msecs (HTTP/1.1 202) 7 headers in 291 bytes (1 switches on core 0)
Jun 14 20:47:29.472466 np0000002792 devstack@c-api.service[96100]: DEBUG cinder.api.middleware.request_id [None req-18af7cbe-c17d-4e75-bf51-fe400d7c7e74 None None] RequestId filter calling following filter/app {{(pid=96100) _context_setter /opt/stack/cinder/cinder/api/middleware/request_id.py:62}}
Jun 14 20:47:29.474848 np0000002792 devstack@c-api.service[96100]: INFO cinder.api.openstack.wsgi [None req-18af7cbe-c17d-4e75-bf51-fe400d7c7e74 tempest-SnapshotsActionsTest-439670063 tempest-SnapshotsActionsTest-439670063-project-member] GET https://10.4.3.67/volume/v3/snapshots/1da6223f-2979-413a-bd37-5ca0af65a3c3
Jun 14 20:47:29.474848 np0000002792 devstack@c-api.service[96100]: DEBUG cinder.api.openstack.wsgi [None req-18af7cbe-c17d-4e75-bf51-fe400d7c7e74 tempest-SnapshotsActionsTest-439670063 tempest-SnapshotsActionsTest-439670063-project-member] Empty body provided in request {{(pid=96100) get_body /opt/stack/cinder/cinder/api/openstack/wsgi.py:725}}
Jun 14 20:47:29.474848 np0000002792 devstack@c-api.service[96100]: DEBUG cinder.api.openstack.wsgi [None req-18af7cbe-c17d-4e75-bf51-fe400d7c7e74 tempest-SnapshotsActionsTest-439670063 tempest-SnapshotsActionsTest-439670063-project-member] Calling method 'show' {{(pid=96100) _process_stack /opt/stack/cinder/cinder/api/openstack/wsgi.py:878}}
Jun 14 20:47:29.483459 np0000002792 devstack@c-api.service[96100]: /opt/stack/data/venv/lib/python3.12/site-packages/oslo_context/context.py:102: DeprecationWarning: Policy enforcement is depending on the value of is_admin. This key is deprecated. Please update your policy file to use the standard policy values.
Jun 14 20:47:29.483459 np0000002792 devstack@c-api.service[96100]: warnings.warn(
Jun 14 20:47:29.483939 np0000002792 devstack@c-api.service[96100]: INFO cinder.volume.api [None req-18af7cbe-c17d-4e75-bf51-fe400d7c7e74 tempest-SnapshotsActionsTest-439670063 tempest-SnapshotsActionsTest-439670063-project-member] Snapshot retrieved successfully.
Jun 14 20:47:29.485038 np0000002792 devstack@c-api.service[96100]: INFO cinder.api.openstack.wsgi [None req-18af7cbe-c17d-4e75-bf51-fe400d7c7e74 tempest-SnapshotsActionsTest-439670063 tempest-SnapshotsActionsTest-439670063-project-member] https://10.4.3.67/volume/v3/snapshots/1da6223f-2979-413a-bd37-5ca0af65a3c3 returned with HTTP 200
Jun 14 20:47:29.485985 np0000002792 devstack@c-api.service[96100]: [pid: 96100|app: 0|req: 94/205] 10.4.3.67 () {66 vars in 1347 bytes} [Sun Jun 14 20:47:29 2026] GET /volume/v3/snapshots/1da6223f-2979-413a-bd37-5ca0af65a3c3 => generated 438 bytes in 14 msecs (HTTP/1.1 200) 7 headers in 285 bytes (2 switches on core 0)
Jun 14 20:47:30.496019 np0000002792 devstack@c-api.service[96101]: DEBUG cinder.api.middleware.request_id [None req-cc778f1e-6d30-4924-9b1c-6e6b34f4413a None None] RequestId filter calling following filter/app {{(pid=96101) _context_setter /opt/stack/cinder/cinder/api/middleware/request_id.py:62}}
Jun 14 20:47:30.499016 np0000002792 devstack@c-api.service[96101]: INFO cinder.api.openstack.wsgi [None req-cc778f1e-6d30-4924-9b1c-6e6b34f4413a tempest-SnapshotsActionsTest-439670063 tempest-SnapshotsActionsTest-439670063-project-member] GET https://10.4.3.67/volume/v3/snapshots/1da6223f-2979-413a-bd37-5ca0af65a3c3
Jun 14 20:47:30.499244 np0000002792 devstack@c-api.service[96101]: DEBUG cinder.api.openstack.wsgi [None req-cc778f1e-6d30-4924-9b1c-6e6b34f4413a tempest-SnapshotsActionsTest-439670063 tempest-SnapshotsActionsTest-439670063-project-member] Empty body provided in request {{(pid=96101) get_body /opt/stack/cinder/cinder/api/openstack/wsgi.py:725}}
Jun 14 20:47:30.499473 np0000002792 devstack@c-api.service[96101]: DEBUG cinder.api.openstack.wsgi [None req-cc778f1e-6d30-4924-9b1c-6e6b34f4413a tempest-SnapshotsActionsTest-439670063 tempest-SnapshotsActionsTest-439670063-project-member] Calling method 'show' {{(pid=96101) _process_stack /opt/stack/cinder/cinder/api/openstack/wsgi.py:878}}
