Jun 14 20:53:55.010004 np0000002792 devstack@g-api.service[98856]: DEBUG glance.api.middleware.version_negotiation [None req-240d389d-686c-4b9b-902e-f811123a25bc tempest-AttachVolumeShelveTestJSON-791865673 tempest-AttachVolumeShelveTestJSON-791865673-project-member] new path /v2/images/9658bd9b-c3db-42fc-b189-d3a3b1b5e2f4 {{(pid=98856) process_request /opt/stack/glance/glance/api/middleware/version_negotiation.py:70}}
Jun 14 20:53:55.025468 np0000002792 devstack@g-api.service[98856]: [pid: 98856|app: 0|req: 155/316] 127.0.0.1 () {44 vars in 1111 bytes} [Sun Jun 14 20:53:55 2026] GET /v2/images/9658bd9b-c3db-42fc-b189-d3a3b1b5e2f4 => generated 1337 bytes in 16 msecs (HTTP/1.1 200) 4 headers in 158 bytes (1 switches on core 0)
Jun 14 20:53:55.071614 np0000002792 devstack@g-api.service[98855]: DEBUG glance.api.middleware.version_negotiation [None req-240d389d-686c-4b9b-902e-f811123a25bc tempest-AttachVolumeShelveTestJSON-791865673 tempest-AttachVolumeShelveTestJSON-791865673-project-member] Determining version of request: GET /v2/schemas/image Accept: */* {{(pid=98855) process_request /opt/stack/glance/glance/api/middleware/version_negotiation.py:44}}
Jun 14 20:53:55.072105 np0000002792 devstack@g-api.service[98855]: DEBUG glance.api.middleware.version_negotiation [None req-240d389d-686c-4b9b-902e-f811123a25bc tempest-AttachVolumeShelveTestJSON-791865673 tempest-AttachVolumeShelveTestJSON-791865673-project-member] Using url versioning {{(pid=98855) process_request /opt/stack/glance/glance/api/middleware/version_negotiation.py:57}}
Jun 14 20:53:55.072105 np0000002792 devstack@g-api.service[98855]: DEBUG glance.api.middleware.version_negotiation [None req-240d389d-686c-4b9b-902e-f811123a25bc tempest-AttachVolumeShelveTestJSON-791865673 tempest-AttachVolumeShelveTestJSON-791865673-project-member] Matched version: v2 {{(pid=98855) process_request /opt/stack/glance/glance/api/middleware/version_negotiation.py:69}}
Jun 14 20:53:55.072105 np0000002792 devstack@g-api.service[98855]: DEBUG glance.api.middleware.version_negotiation [None req-240d389d-686c-4b9b-902e-f811123a25bc tempest-AttachVolumeShelveTestJSON-791865673 tempest-AttachVolumeShelveTestJSON-791865673-project-member] new path /v2/schemas/image {{(pid=98855) process_request /opt/stack/glance/glance/api/middleware/version_negotiation.py:70}}
Jun 14 20:53:55.074675 np0000002792 devstack@g-api.service[98855]: [pid: 98855|app: 0|req: 162/317] 127.0.0.1 () {44 vars in 1051 bytes} [Sun Jun 14 20:53:55 2026] GET /v2/schemas/image => generated 6083 bytes in 3 msecs (HTTP/1.1 200) 4 headers in 158 bytes (1 switches on core 0)
Jun 14 20:53:57.455518 np0000002792 devstack@g-api.service[98856]: DEBUG glance.api.middleware.version_negotiation [None req-240d389d-686c-4b9b-902e-f811123a25bc tempest-AttachVolumeShelveTestJSON-791865673 tempest-AttachVolumeShelveTestJSON-791865673-project-member] Determining version of request: GET /v2/images/9658bd9b-c3db-42fc-b189-d3a3b1b5e2f4 Accept: */* {{(pid=98856) process_request /opt/stack/glance/glance/api/middleware/version_negotiation.py:44}}
Jun 14 20:53:57.456048 np0000002792 devstack@g-api.service[98856]: DEBUG glance.api.middleware.version_negotiation [None req-240d389d-686c-4b9b-902e-f811123a25bc tempest-AttachVolumeShelveTestJSON-791865673 tempest-AttachVolumeShelveTestJSON-791865673-project-member] Using url versioning {{(pid=98856) process_request /opt/stack/glance/glance/api/middleware/version_negotiation.py:57}}
Jun 14 20:53:57.456048 np0000002792 devstack@g-api.service[98856]: DEBUG glance.api.middleware.version_negotiation [None req-240d389d-686c-4b9b-902e-f811123a25bc tempest-AttachVolumeShelveTestJSON-791865673 tempest-AttachVolumeShelveTestJSON-791865673-project-member] Matched version: v2 {{(pid=98856) process_request /opt/stack/glance/glance/api/middleware/version_negotiation.py:69}}
Jun 14 20:53:57.456048 np0000002792 devstack@g-api.service[98856]: DEBUG glance.api.middleware.version_negotiation [None req-240d389d-686c-4b9b-902e-f811123a25bc tempest-AttachVolumeShelveTestJSON-791865673 tempest-AttachVolumeShelveTestJSON-791865673-project-member] new path /v2/images/9658bd9b-c3db-42fc-b189-d3a3b1b5e2f4 {{(pid=98856) process_request /opt/stack/glance/glance/api/middleware/version_negotiation.py:70}}
Jun 14 20:53:57.468884 np0000002792 devstack@g-api.service[98856]: [pid: 98856|app: 0|req: 156/318] 127.0.0.1 () {44 vars in 1111 bytes} [Sun Jun 14 20:53:57 2026] GET /v2/images/9658bd9b-c3db-42fc-b189-d3a3b1b5e2f4 => generated 1337 bytes in 13 msecs (HTTP/1.1 200) 4 headers in 158 bytes (1 switches on core 0)
Jun 14 20:53:57.531623 np0000002792 devstack@g-api.service[98855]: DEBUG glance.api.middleware.version_negotiation [None req-240d389d-686c-4b9b-902e-f811123a25bc tempest-AttachVolumeShelveTestJSON-791865673 tempest-AttachVolumeShelveTestJSON-791865673-project-member] Determining version of request: GET /v2/schemas/image Accept: */* {{(pid=98855) process_request /opt/stack/glance/glance/api/middleware/version_negotiation.py:44}}
Jun 14 20:53:57.532130 np0000002792 devstack@g-api.service[98855]: DEBUG glance.api.middleware.version_negotiation [None req-240d389d-686c-4b9b-902e-f811123a25bc tempest-AttachVolumeShelveTestJSON-791865673 tempest-AttachVolumeShelveTestJSON-791865673-project-member] Using url versioning {{(pid=98855) process_request /opt/stack/glance/glance/api/middleware/version_negotiation.py:57}}
Jun 14 20:53:57.532130 np0000002792 devstack@g-api.service[98855]: DEBUG glance.api.middleware.version_negotiation [None req-240d389d-686c-4b9b-902e-f811123a25bc tempest-AttachVolumeShelveTestJSON-791865673 tempest-AttachVolumeShelveTestJSON-791865673-project-member] Matched version: v2 {{(pid=98855) process_request /opt/stack/glance/glance/api/middleware/version_negotiation.py:69}}
Jun 14 20:53:57.532235 np0000002792 devstack@g-api.service[98855]: DEBUG glance.api.middleware.version_negotiation [None req-240d389d-686c-4b9b-902e-f811123a25bc tempest-AttachVolumeShelveTestJSON-791865673 tempest-AttachVolumeShelveTestJSON-791865673-project-member] new path /v2/schemas/image {{(pid=98855) process_request /opt/stack/glance/glance/api/middleware/version_negotiation.py:70}}
Jun 14 20:53:57.534971 np0000002792 devstack@g-api.service[98855]: [pid: 98855|app: 0|req: 163/319] 127.0.0.1 () {44 vars in 1051 bytes} [Sun Jun 14 20:53:57 2026] GET /v2/schemas/image => generated 6083 bytes in 3 msecs (HTTP/1.1 200) 4 headers in 158 bytes (1 switches on core 0)
Jun 14 20:53:57.574014 np0000002792 devstack@g-api.service[98856]: DEBUG glance.api.middleware.version_negotiation [None req-240d389d-686c-4b9b-902e-f811123a25bc tempest-AttachVolumeShelveTestJSON-791865673 tempest-AttachVolumeShelveTestJSON-791865673-project-member] Determining version of request: GET /v2/schemas/image Accept: */* {{(pid=98856) process_request /opt/stack/glance/glance/api/middleware/version_negotiation.py:44}}
Jun 14 20:53:57.575725 np0000002792 devstack@g-api.service[98856]: DEBUG glance.api.middleware.version_negotiation [None req-240d389d-686c-4b9b-902e-f811123a25bc tempest-AttachVolumeShelveTestJSON-791865673 tempest-AttachVolumeShelveTestJSON-791865673-project-member] Using url versioning {{(pid=98856) process_request /opt/stack/glance/glance/api/middleware/version_negotiation.py:57}}
Jun 14 20:53:57.576007 np0000002792 devstack@g-api.service[98856]: DEBUG glance.api.middleware.version_negotiation [None req-240d389d-686c-4b9b-902e-f811123a25bc tempest-AttachVolumeShelveTestJSON-791865673 tempest-AttachVolumeShelveTestJSON-791865673-project-member] Matched version: v2 {{(pid=98856) process_request /opt/stack/glance/glance/api/middleware/version_negotiation.py:69}}
Jun 14 20:53:57.576742 np0000002792 devstack@g-api.service[98856]: DEBUG glance.api.middleware.version_negotiation [None req-240d389d-686c-4b9b-902e-f811123a25bc tempest-AttachVolumeShelveTestJSON-791865673 tempest-AttachVolumeShelveTestJSON-791865673-project-member] new path /v2/schemas/image {{(pid=98856) process_request /opt/stack/glance/glance/api/middleware/version_negotiation.py:70}}
Jun 14 20:53:57.579925 np0000002792 devstack@g-api.service[98856]: [pid: 98856|app: 0|req: 157/320] 127.0.0.1 () {44 vars in 1051 bytes} [Sun Jun 14 20:53:57 2026] GET /v2/schemas/image => generated 6083 bytes in 6 msecs (HTTP/1.1 200) 4 headers in 158 bytes (1 switches on core 0)
Jun 14 20:53:57.615520 np0000002792 devstack@g-api.service[98855]: DEBUG glance.api.middleware.version_negotiation [None req-240d389d-686c-4b9b-902e-f811123a25bc tempest-AttachVolumeShelveTestJSON-791865673 tempest-AttachVolumeShelveTestJSON-791865673-project-member] Determining version of request: PATCH /v2/images/9658bd9b-c3db-42fc-b189-d3a3b1b5e2f4 Accept: */* {{(pid=98855) process_request /opt/stack/glance/glance/api/middleware/version_negotiation.py:44}}
Jun 14 20:53:57.615697 np0000002792 devstack@g-api.service[98855]: DEBUG glance.api.middleware.version_negotiation [None req-240d389d-686c-4b9b-902e-f811123a25bc tempest-AttachVolumeShelveTestJSON-791865673 tempest-AttachVolumeShelveTestJSON-791865673-project-member] Using url versioning {{(pid=98855) process_request /opt/stack/glance/glance/api/middleware/version_negotiation.py:57}}
Jun 14 20:53:57.615852 np0000002792 devstack@g-api.service[98855]: DEBUG glance.api.middleware.version_negotiation [None req-240d389d-686c-4b9b-902e-f811123a25bc tempest-AttachVolumeShelveTestJSON-791865673 tempest-AttachVolumeShelveTestJSON-791865673-project-member] Matched version: v2 {{(pid=98855) process_request /opt/stack/glance/glance/api/middleware/version_negotiation.py:69}}
Jun 14 20:53:57.616050 np0000002792 devstack@g-api.service[98855]: DEBUG glance.api.middleware.version_negotiation [None req-240d389d-686c-4b9b-902e-f811123a25bc tempest-AttachVolumeShelveTestJSON-791865673 tempest-AttachVolumeShelveTestJSON-791865673-project-member] new path /v2/images/9658bd9b-c3db-42fc-b189-d3a3b1b5e2f4 {{(pid=98855) process_request /opt/stack/glance/glance/api/middleware/version_negotiation.py:70}}
Jun 14 20:53:57.816999 np0000002792 devstack@g-api.service[98855]: [pid: 98855|app: 0|req: 164/321] 127.0.0.1 () {46 vars in 1154 bytes} [Sun Jun 14 20:53:57 2026] PATCH /v2/images/9658bd9b-c3db-42fc-b189-d3a3b1b5e2f4 => generated 1448 bytes in 198 msecs (HTTP/1.1 200) 4 headers in 158 bytes (1 switches on core 0)
Jun 14 20:53:57.870698 np0000002792 devstack@g-api.service[98856]: DEBUG glance.api.middleware.version_negotiation [None req-240d389d-686c-4b9b-902e-f811123a25bc tempest-AttachVolumeShelveTestJSON-791865673 tempest-AttachVolumeShelveTestJSON-791865673-project-member] Determining version of request: GET /v2/images/9658bd9b-c3db-42fc-b189-d3a3b1b5e2f4 Accept: */* {{(pid=98856) process_request /opt/stack/glance/glance/api/middleware/version_negotiation.py:44}}
Jun 14 20:53:57.871152 np0000002792 devstack@g-api.service[98856]: DEBUG glance.api.middleware.version_negotiation [None req-240d389d-686c-4b9b-902e-f811123a25bc tempest-AttachVolumeShelveTestJSON-791865673 tempest-AttachVolumeShelveTestJSON-791865673-project-member] Using url versioning {{(pid=98856) process_request /opt/stack/glance/glance/api/middleware/version_negotiation.py:57}}
Jun 14 20:53:57.871230 np0000002792 devstack@g-api.service[98856]: DEBUG glance.api.middleware.version_negotiation [None req-240d389d-686c-4b9b-902e-f811123a25bc tempest-AttachVolumeShelveTestJSON-791865673 tempest-AttachVolumeShelveTestJSON-791865673-project-member] Matched version: v2 {{(pid=98856) process_request /opt/stack/glance/glance/api/middleware/version_negotiation.py:69}}
Jun 14 20:53:57.871346 np0000002792 devstack@g-api.service[98856]: DEBUG glance.api.middleware.version_negotiation [None req-240d389d-686c-4b9b-902e-f811123a25bc tempest-AttachVolumeShelveTestJSON-791865673 tempest-AttachVolumeShelveTestJSON-791865673-project-member] new path /v2/images/9658bd9b-c3db-42fc-b189-d3a3b1b5e2f4 {{(pid=98856) process_request /opt/stack/glance/glance/api/middleware/version_negotiation.py:70}}
Jun 14 20:53:57.892950 np0000002792 devstack@g-api.service[98856]: [pid: 98856|app: 0|req: 158/322] 127.0.0.1 () {44 vars in 1111 bytes} [Sun Jun 14 20:53:57 2026] GET /v2/images/9658bd9b-c3db-42fc-b189-d3a3b1b5e2f4 => generated 1448 bytes in 22 msecs (HTTP/1.1 200) 4 headers in 158 bytes (1 switches on core 0)
Jun 14 20:53:57.940167 np0000002792 devstack@g-api.service[98855]: DEBUG glance.api.middleware.version_negotiation [None req-240d389d-686c-4b9b-902e-f811123a25bc tempest-AttachVolumeShelveTestJSON-791865673 tempest-AttachVolumeShelveTestJSON-791865673-project-member] Determining version of request: PUT /v2/images/9658bd9b-c3db-42fc-b189-d3a3b1b5e2f4/file Accept: */* {{(pid=98855) process_request /opt/stack/glance/glance/api/middleware/version_negotiation.py:44}}
Jun 14 20:53:57.940485 np0000002792 devstack@g-api.service[98855]: DEBUG glance.api.middleware.version_negotiation [None req-240d389d-686c-4b9b-902e-f811123a25bc tempest-AttachVolumeShelveTestJSON-791865673 tempest-AttachVolumeShelveTestJSON-791865673-project-member] Using url versioning {{(pid=98855) process_request /opt/stack/glance/glance/api/middleware/version_negotiation.py:57}}
Jun 14 20:53:57.940706 np0000002792 devstack@g-api.service[98855]: DEBUG glance.api.middleware.version_negotiation [None req-240d389d-686c-4b9b-902e-f811123a25bc tempest-AttachVolumeShelveTestJSON-791865673 tempest-AttachVolumeShelveTestJSON-791865673-project-member] Matched version: v2 {{(pid=98855) process_request /opt/stack/glance/glance/api/middleware/version_negotiation.py:69}}
Jun 14 20:53:57.940851 np0000002792 devstack@g-api.service[98855]: DEBUG glance.api.middleware.version_negotiation [None req-240d389d-686c-4b9b-902e-f811123a25bc tempest-AttachVolumeShelveTestJSON-791865673 tempest-AttachVolumeShelveTestJSON-791865673-project-member] new path /v2/images/9658bd9b-c3db-42fc-b189-d3a3b1b5e2f4/file {{(pid=98855) process_request /opt/stack/glance/glance/api/middleware/version_negotiation.py:70}}
Jun 14 20:53:58.609519 np0000002792 devstack@g-api.service[98855]: INFO glance.api.v2.image_data [None req-240d389d-686c-4b9b-902e-f811123a25bc tempest-AttachVolumeShelveTestJSON-791865673 tempest-AttachVolumeShelveTestJSON-791865673-project-member] Unable to create trust: no such option collect_timing in group [keystone_authtoken] Use the existing user token.
Jun 14 20:53:59.275884 np0000002792 devstack@g-api.service[98855]: DEBUG glance.location [None req-240d389d-686c-4b9b-902e-f811123a25bc tempest-AttachVolumeShelveTestJSON-791865673 tempest-AttachVolumeShelveTestJSON-791865673-project-member] Enabling in-flight format inspection for qcow2 {{(pid=98855) set_data /opt/stack/glance/glance/location.py:616}}
Jun 14 20:53:59.277963 np0000002792 devstack@g-api.service[98855]: DEBUG glance_store.backend [None req-240d389d-686c-4b9b-902e-f811123a25bc tempest-AttachVolumeShelveTestJSON-791865673 tempest-AttachVolumeShelveTestJSON-791865673-project-member] Attempting to import store swift {{(pid=98855) _load_store /opt/stack/data/venv/lib/python3.12/site-packages/glance_store/backend.py:215}}
Jun 14 20:53:59.278527 np0000002792 devstack@g-api.service[98855]: DEBUG glance_store.capabilities [None req-240d389d-686c-4b9b-902e-f811123a25bc tempest-AttachVolumeShelveTestJSON-791865673 tempest-AttachVolumeShelveTestJSON-791865673-project-member] Store glance_store._drivers.swift.store.SingleTenantStore doesn't support updating dynamic storage capabilities. Please overwrite 'update_capabilities' method of the store to implement updating logics if needed. {{(pid=98855) update_capabilities /opt/stack/data/venv/lib/python3.12/site-packages/glance_store/capabilities.py:91}}
Jun 14 20:53:59.278933 np0000002792 devstack@g-api.service[98855]: DEBUG glance_store.driver [None req-240d389d-686c-4b9b-902e-f811123a25bc tempest-AttachVolumeShelveTestJSON-791865673 tempest-AttachVolumeShelveTestJSON-791865673-project-member] Late loading location class glance_store._drivers.swift.store.StoreLocation {{(pid=98855) get_store_location_class /opt/stack/data/venv/lib/python3.12/site-packages/glance_store/driver.py:134}}
Jun 14 20:53:59.279116 np0000002792 devstack@g-api.service[98855]: DEBUG glance_store.location [None req-240d389d-686c-4b9b-902e-f811123a25bc tempest-AttachVolumeShelveTestJSON-791865673 tempest-AttachVolumeShelveTestJSON-791865673-project-member] Registering scheme swift+https with {'store': , 'location_class': , 'store_entry': 'swift'} {{(pid=98855) register_scheme_map /opt/stack/data/venv/lib/python3.12/site-packages/glance_store/location.py:146}}
Jun 14 20:53:59.279283 np0000002792 devstack@g-api.service[98855]: DEBUG glance_store.location [None req-240d389d-686c-4b9b-902e-f811123a25bc tempest-AttachVolumeShelveTestJSON-791865673 tempest-AttachVolumeShelveTestJSON-791865673-project-member] Registering scheme swift+https with {'store': , 'location_class': , 'store_entry': 'swift'} {{(pid=98855) register_scheme_map /opt/stack/data/venv/lib/python3.12/site-packages/glance_store/location.py:146}}
Jun 14 20:53:59.279392 np0000002792 devstack@g-api.service[98855]: DEBUG glance_store.location [None req-240d389d-686c-4b9b-902e-f811123a25bc tempest-AttachVolumeShelveTestJSON-791865673 tempest-AttachVolumeShelveTestJSON-791865673-project-member] Registering scheme swift with {'store': , 'location_class': , 'store_entry': 'swift'} {{(pid=98855) register_scheme_map /opt/stack/data/venv/lib/python3.12/site-packages/glance_store/location.py:146}}
Jun 14 20:53:59.281261 np0000002792 devstack@g-api.service[98855]: DEBUG glance_store.location [None req-240d389d-686c-4b9b-902e-f811123a25bc tempest-AttachVolumeShelveTestJSON-791865673 tempest-AttachVolumeShelveTestJSON-791865673-project-member] Registering scheme swift+https with {'store': , 'location_class': , 'store_entry': 'swift'} {{(pid=98855) register_scheme_map /opt/stack/data/venv/lib/python3.12/site-packages/glance_store/location.py:146}}
Jun 14 20:53:59.281261 np0000002792 devstack@g-api.service[98855]: DEBUG glance_store.location [None req-240d389d-686c-4b9b-902e-f811123a25bc tempest-AttachVolumeShelveTestJSON-791865673 tempest-AttachVolumeShelveTestJSON-791865673-project-member] Registering scheme swift with {'store': , 'location_class': , 'store_entry': 'swift'} {{(pid=98855) register_scheme_map /opt/stack/data/venv/lib/python3.12/site-packages/glance_store/location.py:146}}
Jun 14 20:53:59.281261 np0000002792 devstack@g-api.service[98855]: DEBUG glance_store.location [None req-240d389d-686c-4b9b-902e-f811123a25bc tempest-AttachVolumeShelveTestJSON-791865673 tempest-AttachVolumeShelveTestJSON-791865673-project-member] Registering scheme swift+http with {'store': , 'location_class': , 'store_entry': 'swift'} {{(pid=98855) register_scheme_map /opt/stack/data/venv/lib/python3.12/site-packages/glance_store/location.py:146}}
Jun 14 20:53:59.281261 np0000002792 devstack@g-api.service[98855]: DEBUG glance_store.location [None req-240d389d-686c-4b9b-902e-f811123a25bc tempest-AttachVolumeShelveTestJSON-791865673 tempest-AttachVolumeShelveTestJSON-791865673-project-member] Registering scheme swift+https with {'store': , 'location_class': , 'store_entry': 'swift'} {{(pid=98855) register_scheme_map /opt/stack/data/venv/lib/python3.12/site-packages/glance_store/location.py:146}}
Jun 14 20:53:59.281261 np0000002792 devstack@g-api.service[98855]: DEBUG glance_store.location [None req-240d389d-686c-4b9b-902e-f811123a25bc tempest-AttachVolumeShelveTestJSON-791865673 tempest-AttachVolumeShelveTestJSON-791865673-project-member] Registering scheme swift with {'store': , 'location_class': , 'store_entry': 'swift'} {{(pid=98855) register_scheme_map /opt/stack/data/venv/lib/python3.12/site-packages/glance_store/location.py:146}}
Jun 14 20:53:59.281261 np0000002792 devstack@g-api.service[98855]: DEBUG glance_store.location [None req-240d389d-686c-4b9b-902e-f811123a25bc tempest-AttachVolumeShelveTestJSON-791865673 tempest-AttachVolumeShelveTestJSON-791865673-project-member] Registering scheme swift+http with {'store': , 'location_class': , 'store_entry': 'swift'} {{(pid=98855) register_scheme_map /opt/stack/data/venv/lib/python3.12/site-packages/glance_store/location.py:146}}
Jun 14 20:53:59.281261 np0000002792 devstack@g-api.service[98855]: DEBUG glance_store.location [None req-240d389d-686c-4b9b-902e-f811123a25bc tempest-AttachVolumeShelveTestJSON-791865673 tempest-AttachVolumeShelveTestJSON-791865673-project-member] Registering scheme swift+config with {'store': , 'location_class': , 'store_entry': 'swift'} {{(pid=98855) register_scheme_map /opt/stack/data/venv/lib/python3.12/site-packages/glance_store/location.py:146}}
Jun 14 20:53:59.493698 np0000002792 devstack@g-api.service[98855]: DEBUG swiftclient [None req-240d389d-686c-4b9b-902e-f811123a25bc tempest-AttachVolumeShelveTestJSON-791865673 tempest-AttachVolumeShelveTestJSON-791865673-project-member] REQ: curl -i https://10.4.3.67:8080/v1/AUTH_661cb827977242d9ab1537f6e9fb377d/glance -I -H "X-Auth-Token: gAAAAABqLxTnAD1t..." {{(pid=98855) http_log /opt/stack/data/venv/lib/python3.12/site-packages/swiftclient/client.py:160}}
Jun 14 20:53:59.493875 np0000002792 devstack@g-api.service[98855]: DEBUG swiftclient [None req-240d389d-686c-4b9b-902e-f811123a25bc tempest-AttachVolumeShelveTestJSON-791865673 tempest-AttachVolumeShelveTestJSON-791865673-project-member] RESP STATUS: 204 No Content {{(pid=98855) http_log /opt/stack/data/venv/lib/python3.12/site-packages/swiftclient/client.py:161}}
Jun 14 20:53:59.494173 np0000002792 devstack@g-api.service[98855]: DEBUG swiftclient [None req-240d389d-686c-4b9b-902e-f811123a25bc tempest-AttachVolumeShelveTestJSON-791865673 tempest-AttachVolumeShelveTestJSON-791865673-project-member] RESP HEADERS: {'Date': 'Sun, 14 Jun 2026 20:53:59 GMT', 'Server': 'Apache/2.4.58 (Ubuntu)', 'Content-Type': 'text/plain; charset=utf-8', 'X-Container-Object-Count': '7', 'X-Container-Bytes-Used': '111411200', 'X-Timestamp': '1781469890.27236', 'Last-Modified': 'Sun, 14 Jun 2026 20:44:51 GMT', 'Accept-Ranges': 'bytes', 'X-Storage-Policy': 'Policy-0', 'X-Container-Sharding': 'False', 'Vary': 'Accept', 'X-Trans-Id': 'tx9b006e0cbd3d41ce8d9ec-006a2f14e7', 'X-Openstack-Request-Id': 'tx9b006e0cbd3d41ce8d9ec-006a2f14e7', 'Connection': 'close'} {{(pid=98855) http_log /opt/stack/data/venv/lib/python3.12/site-packages/swiftclient/client.py:162}}
Jun 14 20:53:59.494431 np0000002792 devstack@g-api.service[98855]: DEBUG glance_store._drivers.swift.store [None req-240d389d-686c-4b9b-902e-f811123a25bc tempest-AttachVolumeShelveTestJSON-791865673 tempest-AttachVolumeShelveTestJSON-791865673-project-member] Adding image object '9658bd9b-c3db-42fc-b189-d3a3b1b5e2f4' to Swift {{(pid=98855) add /opt/stack/data/venv/lib/python3.12/site-packages/glance_store/_drivers/swift/store.py:970}}
Jun 14 20:53:59.494516 np0000002792 devstack@g-api.service[98855]: DEBUG glance_store._drivers.swift.store [None req-240d389d-686c-4b9b-902e-f811123a25bc tempest-AttachVolumeShelveTestJSON-791865673 tempest-AttachVolumeShelveTestJSON-791865673-project-member] Cannot determine image size because it is either not provided in the request or chunked-transfer encoding is used. Adding image as a segmented object to Swift. {{(pid=98855) add /opt/stack/data/venv/lib/python3.12/site-packages/glance_store/_drivers/swift/store.py:994}}
Jun 14 20:53:59.502596 np0000002792 devstack@g-api.service[98855]: DEBUG oslo_utils.imageutils.format_inspector [None req-240d389d-686c-4b9b-902e-f811123a25bc tempest-AttachVolumeShelveTestJSON-791865673 tempest-AttachVolumeShelveTestJSON-791865673-project-member] Format inspector for vmdk does not match, excluding from consideration (Signature KDMV not found: b'QFI\xfb') {{(pid=98855) _process_chunk /opt/stack/data/venv/lib/python3.12/site-packages/oslo_utils/imageutils/format_inspector.py:1758}}
Jun 14 20:53:59.505976 np0000002792 devstack@g-api.service[98855]: DEBUG oslo_utils.imageutils.format_inspector [None req-240d389d-686c-4b9b-902e-f811123a25bc tempest-AttachVolumeShelveTestJSON-791865673 tempest-AttachVolumeShelveTestJSON-791865673-project-member] Format inspector for vhdx does not match, excluding from consideration (Region signature not found at 30000) {{(pid=98855) _process_chunk /opt/stack/data/venv/lib/python3.12/site-packages/oslo_utils/imageutils/format_inspector.py:1758}}
Jun 14 20:54:00.219975 np0000002792 devstack@g-api.service[98855]: DEBUG swiftclient [None req-240d389d-686c-4b9b-902e-f811123a25bc tempest-AttachVolumeShelveTestJSON-791865673 tempest-AttachVolumeShelveTestJSON-791865673-project-member] REQ: curl -i https://10.4.3.67:8080/v1/AUTH_661cb827977242d9ab1537f6e9fb377d/glance/9658bd9b-c3db-42fc-b189-d3a3b1b5e2f4-00001 -X PUT -H "X-Auth-Token: gAAAAABqLxTnAD1t..." {{(pid=98855) http_log /opt/stack/data/venv/lib/python3.12/site-packages/swiftclient/client.py:160}}
Jun 14 20:54:00.219975 np0000002792 devstack@g-api.service[98855]: DEBUG swiftclient [None req-240d389d-686c-4b9b-902e-f811123a25bc tempest-AttachVolumeShelveTestJSON-791865673 tempest-AttachVolumeShelveTestJSON-791865673-project-member] RESP STATUS: 201 Created {{(pid=98855) http_log /opt/stack/data/venv/lib/python3.12/site-packages/swiftclient/client.py:161}}
Jun 14 20:54:00.219975 np0000002792 devstack@g-api.service[98855]: DEBUG swiftclient [None req-240d389d-686c-4b9b-902e-f811123a25bc tempest-AttachVolumeShelveTestJSON-791865673 tempest-AttachVolumeShelveTestJSON-791865673-project-member] RESP HEADERS: {'Date': 'Sun, 14 Jun 2026 20:54:00 GMT', 'Server': 'Apache/2.4.58 (Ubuntu)', 'Content-Type': 'text/html; charset=UTF-8', 'Content-Length': '0', 'Etag': '960cae42b52e34506518d565112a8d5b', 'Last-Modified': 'Sun, 14 Jun 2026 20:54:00 GMT', 'X-Trans-Id': 'tx368ab635fd0649cdb547e-006a2f14e7', 'X-Openstack-Request-Id': 'tx368ab635fd0649cdb547e-006a2f14e7', 'Connection': 'close'} {{(pid=98855) http_log /opt/stack/data/venv/lib/python3.12/site-packages/swiftclient/client.py:162}}
Jun 14 20:54:00.219975 np0000002792 devstack@g-api.service[98855]: DEBUG glance_store._drivers.swift.store [None req-240d389d-686c-4b9b-902e-f811123a25bc tempest-AttachVolumeShelveTestJSON-791865673 tempest-AttachVolumeShelveTestJSON-791865673-project-member] Wrote chunk 9658bd9b-c3db-42fc-b189-d3a3b1b5e2f4-00001 (1/?) of length 53477376 to Swift returning MD5 of content: 960cae42b52e34506518d565112a8d5b {{(pid=98855) add /opt/stack/data/venv/lib/python3.12/site-packages/glance_store/_drivers/swift/store.py:1059}}
Jun 14 20:54:00.224976 np0000002792 devstack@g-api.service[98855]: DEBUG glance_store._drivers.swift.store [None req-240d389d-686c-4b9b-902e-f811123a25bc tempest-AttachVolumeShelveTestJSON-791865673 tempest-AttachVolumeShelveTestJSON-791865673-project-member] Not writing zero-length chunk. {{(pid=98855) add /opt/stack/data/venv/lib/python3.12/site-packages/glance_store/_drivers/swift/store.py:1028}}
Jun 14 20:54:00.262714 np0000002792 devstack@g-api.service[98856]: DEBUG glance.api.middleware.version_negotiation [None req-240d389d-686c-4b9b-902e-f811123a25bc tempest-AttachVolumeShelveTestJSON-791865673 tempest-AttachVolumeShelveTestJSON-791865673-project-member] Determining version of request: GET /v2/images/205cbc5b-173f-4cdf-a5ea-a8d918b6dc92 Accept: application/json {{(pid=98856) process_request /opt/stack/glance/glance/api/middleware/version_negotiation.py:44}}
Jun 14 20:54:00.263152 np0000002792 devstack@g-api.service[98856]: DEBUG glance.api.middleware.version_negotiation [None req-240d389d-686c-4b9b-902e-f811123a25bc tempest-AttachVolumeShelveTestJSON-791865673 tempest-AttachVolumeShelveTestJSON-791865673-project-member] Using url versioning {{(pid=98856) process_request /opt/stack/glance/glance/api/middleware/version_negotiation.py:57}}
Jun 14 20:54:00.263152 np0000002792 devstack@g-api.service[98856]: DEBUG glance.api.middleware.version_negotiation [None req-240d389d-686c-4b9b-902e-f811123a25bc tempest-AttachVolumeShelveTestJSON-791865673 tempest-AttachVolumeShelveTestJSON-791865673-project-member] Matched version: v2 {{(pid=98856) process_request /opt/stack/glance/glance/api/middleware/version_negotiation.py:69}}
Jun 14 20:54:00.263152 np0000002792 devstack@g-api.service[98856]: DEBUG glance.api.middleware.version_negotiation [None req-240d389d-686c-4b9b-902e-f811123a25bc tempest-AttachVolumeShelveTestJSON-791865673 tempest-AttachVolumeShelveTestJSON-791865673-project-member] new path /v2/images/205cbc5b-173f-4cdf-a5ea-a8d918b6dc92 {{(pid=98856) process_request /opt/stack/glance/glance/api/middleware/version_negotiation.py:70}}
Jun 14 20:54:00.264009 np0000002792 devstack@g-api.service[98855]: DEBUG swiftclient [None req-240d389d-686c-4b9b-902e-f811123a25bc tempest-AttachVolumeShelveTestJSON-791865673 tempest-AttachVolumeShelveTestJSON-791865673-project-member] REQ: curl -i https://10.4.3.67:8080/v1/AUTH_661cb827977242d9ab1537f6e9fb377d/glance/9658bd9b-c3db-42fc-b189-d3a3b1b5e2f4 -X PUT -H "X-Object-Manifest: glance/9658bd9b-c3db-42fc-b189-d3a3b1b5e2f4-" -H "X-Auth-Token: gAAAAABqLxTnAD1t..." -H "Content-Length: 0" {{(pid=98855) http_log /opt/stack/data/venv/lib/python3.12/site-packages/swiftclient/client.py:160}}
Jun 14 20:54:00.264252 np0000002792 devstack@g-api.service[98855]: DEBUG swiftclient [None req-240d389d-686c-4b9b-902e-f811123a25bc tempest-AttachVolumeShelveTestJSON-791865673 tempest-AttachVolumeShelveTestJSON-791865673-project-member] RESP STATUS: 201 Created {{(pid=98855) http_log /opt/stack/data/venv/lib/python3.12/site-packages/swiftclient/client.py:161}}
Jun 14 20:54:00.264430 np0000002792 devstack@g-api.service[98855]: DEBUG swiftclient [None req-240d389d-686c-4b9b-902e-f811123a25bc tempest-AttachVolumeShelveTestJSON-791865673 tempest-AttachVolumeShelveTestJSON-791865673-project-member] RESP HEADERS: {'Date': 'Sun, 14 Jun 2026 20:54:00 GMT', 'Server': 'Apache/2.4.58 (Ubuntu)', 'Content-Type': 'text/html; charset=UTF-8', 'Content-Length': '0', 'Etag': 'd41d8cd98f00b204e9800998ecf8427e', 'Last-Modified': 'Sun, 14 Jun 2026 20:54:01 GMT', 'X-Trans-Id': 'txa97fd4dfd9384a1387984-006a2f14e8', 'X-Openstack-Request-Id': 'txa97fd4dfd9384a1387984-006a2f14e8', 'Connection': 'close'} {{(pid=98855) http_log /opt/stack/data/venv/lib/python3.12/site-packages/swiftclient/client.py:162}}
Jun 14 20:54:00.265619 np0000002792 devstack@g-api.service[98855]: INFO glance.location [None req-240d389d-686c-4b9b-902e-f811123a25bc tempest-AttachVolumeShelveTestJSON-791865673 tempest-AttachVolumeShelveTestJSON-791865673-project-member] Image format matched and virtual size computed: 1073741824
Jun 14 20:54:00.289733 np0000002792 devstack@g-api.service[98856]: [pid: 98856|app: 0|req: 159/323] 127.0.0.1 () {40 vars in 834 bytes} [Sun Jun 14 20:54:00 2026] GET /v2/images/205cbc5b-173f-4cdf-a5ea-a8d918b6dc92 => generated 1044 bytes in 27 msecs (HTTP/1.1 200) 4 headers in 158 bytes (1 switches on core 0)
Jun 14 20:54:00.318267 np0000002792 devstack@g-api.service[98856]: DEBUG glance.api.middleware.version_negotiation [None req-144e7a22-0011-4346-969f-a363a0c3a4cd tempest-TestVolumeBootPattern-1594901110 tempest-TestVolumeBootPattern-1594901110-project-member] Determining version of request: GET /v2/images/205cbc5b-173f-4cdf-a5ea-a8d918b6dc92 Accept: */* {{(pid=98856) process_request /opt/stack/glance/glance/api/middleware/version_negotiation.py:44}}
Jun 14 20:54:00.318506 np0000002792 devstack@g-api.service[98856]: DEBUG glance.api.middleware.version_negotiation [None req-144e7a22-0011-4346-969f-a363a0c3a4cd tempest-TestVolumeBootPattern-1594901110 tempest-TestVolumeBootPattern-1594901110-project-member] Using url versioning {{(pid=98856) process_request /opt/stack/glance/glance/api/middleware/version_negotiation.py:57}}
Jun 14 20:54:00.318689 np0000002792 devstack@g-api.service[98856]: DEBUG glance.api.middleware.version_negotiation [None req-144e7a22-0011-4346-969f-a363a0c3a4cd tempest-TestVolumeBootPattern-1594901110 tempest-TestVolumeBootPattern-1594901110-project-member] Matched version: v2 {{(pid=98856) process_request /opt/stack/glance/glance/api/middleware/version_negotiation.py:69}}
Jun 14 20:54:00.318825 np0000002792 devstack@g-api.service[98856]: DEBUG glance.api.middleware.version_negotiation [None req-144e7a22-0011-4346-969f-a363a0c3a4cd tempest-TestVolumeBootPattern-1594901110 tempest-TestVolumeBootPattern-1594901110-project-member] new path /v2/images/205cbc5b-173f-4cdf-a5ea-a8d918b6dc92 {{(pid=98856) process_request /opt/stack/glance/glance/api/middleware/version_negotiation.py:70}}
Jun 14 20:54:00.330699 np0000002792 devstack@g-api.service[98855]: DEBUG glance_store.backend [None req-240d389d-686c-4b9b-902e-f811123a25bc tempest-AttachVolumeShelveTestJSON-791865673 tempest-AttachVolumeShelveTestJSON-791865673-project-member] Attempting to import store swift {{(pid=98855) _load_store /opt/stack/data/venv/lib/python3.12/site-packages/glance_store/backend.py:215}}
Jun 14 20:54:00.331896 np0000002792 devstack@g-api.service[98855]: DEBUG glance_store.capabilities [None req-240d389d-686c-4b9b-902e-f811123a25bc tempest-AttachVolumeShelveTestJSON-791865673 tempest-AttachVolumeShelveTestJSON-791865673-project-member] Store glance_store._drivers.swift.store.SingleTenantStore doesn't support updating dynamic storage capabilities. Please overwrite 'update_capabilities' method of the store to implement updating logics if needed. {{(pid=98855) update_capabilities /opt/stack/data/venv/lib/python3.12/site-packages/glance_store/capabilities.py:91}}
Jun 14 20:54:00.332089 np0000002792 devstack@g-api.service[98855]: DEBUG glance_store.driver [None req-240d389d-686c-4b9b-902e-f811123a25bc tempest-AttachVolumeShelveTestJSON-791865673 tempest-AttachVolumeShelveTestJSON-791865673-project-member] Late loading location class glance_store._drivers.swift.store.StoreLocation {{(pid=98855) get_store_location_class /opt/stack/data/venv/lib/python3.12/site-packages/glance_store/driver.py:134}}
Jun 14 20:54:00.332169 np0000002792 devstack@g-api.service[98855]: DEBUG glance_store.location [None req-240d389d-686c-4b9b-902e-f811123a25bc tempest-AttachVolumeShelveTestJSON-791865673 tempest-AttachVolumeShelveTestJSON-791865673-project-member] Registering scheme swift+https with {'store': , 'location_class': , 'store_entry': 'swift'} {{(pid=98855) register_scheme_map /opt/stack/data/venv/lib/python3.12/site-packages/glance_store/location.py:146}}
Jun 14 20:54:00.332283 np0000002792 devstack@g-api.service[98855]: DEBUG glance_store.location [None req-240d389d-686c-4b9b-902e-f811123a25bc tempest-AttachVolumeShelveTestJSON-791865673 tempest-AttachVolumeShelveTestJSON-791865673-project-member] Registering scheme swift+https with {'store': , 'location_class': , 'store_entry': 'swift'} {{(pid=98855) register_scheme_map /opt/stack/data/venv/lib/python3.12/site-packages/glance_store/location.py:146}}
Jun 14 20:54:00.332509 np0000002792 devstack@g-api.service[98855]: DEBUG glance_store.location [None req-240d389d-686c-4b9b-902e-f811123a25bc tempest-AttachVolumeShelveTestJSON-791865673 tempest-AttachVolumeShelveTestJSON-791865673-project-member] Registering scheme swift with {'store': , 'location_class': , 'store_entry': 'swift'} {{(pid=98855) register_scheme_map /opt/stack/data/venv/lib/python3.12/site-packages/glance_store/location.py:146}}
Jun 14 20:54:00.332509 np0000002792 devstack@g-api.service[98855]: DEBUG glance_store.location [None req-240d389d-686c-4b9b-902e-f811123a25bc tempest-AttachVolumeShelveTestJSON-791865673 tempest-AttachVolumeShelveTestJSON-791865673-project-member] Registering scheme swift+https with {'store': , 'location_class': , 'store_entry': 'swift'} {{(pid=98855) register_scheme_map /opt/stack/data/venv/lib/python3.12/site-packages/glance_store/location.py:146}}
Jun 14 20:54:00.332882 np0000002792 devstack@g-api.service[98855]: DEBUG glance_store.location [None req-240d389d-686c-4b9b-902e-f811123a25bc tempest-AttachVolumeShelveTestJSON-791865673 tempest-AttachVolumeShelveTestJSON-791865673-project-member] Registering scheme swift with {'store': , 'location_class': , 'store_entry': 'swift'} {{(pid=98855) register_scheme_map /opt/stack/data/venv/lib/python3.12/site-packages/glance_store/location.py:146}}
Jun 14 20:54:00.332882 np0000002792 devstack@g-api.service[98855]: DEBUG glance_store.location [None req-240d389d-686c-4b9b-902e-f811123a25bc tempest-AttachVolumeShelveTestJSON-791865673 tempest-AttachVolumeShelveTestJSON-791865673-project-member] Registering scheme swift+http with {'store': , 'location_class': , 'store_entry': 'swift'} {{(pid=98855) register_scheme_map /opt/stack/data/venv/lib/python3.12/site-packages/glance_store/location.py:146}}
Jun 14 20:54:00.332882 np0000002792 devstack@g-api.service[98855]: DEBUG glance_store.location [None req-240d389d-686c-4b9b-902e-f811123a25bc tempest-AttachVolumeShelveTestJSON-791865673 tempest-AttachVolumeShelveTestJSON-791865673-project-member] Registering scheme swift+https with {'store': , 'location_class': , 'store_entry': 'swift'} {{(pid=98855) register_scheme_map /opt/stack/data/venv/lib/python3.12/site-packages/glance_store/location.py:146}}
Jun 14 20:54:00.332882 np0000002792 devstack@g-api.service[98855]: DEBUG glance_store.location [None req-240d389d-686c-4b9b-902e-f811123a25bc tempest-AttachVolumeShelveTestJSON-791865673 tempest-AttachVolumeShelveTestJSON-791865673-project-member] Registering scheme swift with {'store': , 'location_class': , 'store_entry': 'swift'} {{(pid=98855) register_scheme_map /opt/stack/data/venv/lib/python3.12/site-packages/glance_store/location.py:146}}
Jun 14 20:54:00.332882 np0000002792 devstack@g-api.service[98855]: DEBUG glance_store.location [None req-240d389d-686c-4b9b-902e-f811123a25bc tempest-AttachVolumeShelveTestJSON-791865673 tempest-AttachVolumeShelveTestJSON-791865673-project-member] Registering scheme swift+http with {'store': , 'location_class': , 'store_entry': 'swift'} {{(pid=98855) register_scheme_map /opt/stack/data/venv/lib/python3.12/site-packages/glance_store/location.py:146}}
Jun 14 20:54:00.333178 np0000002792 devstack@g-api.service[98855]: DEBUG glance_store.location [None req-240d389d-686c-4b9b-902e-f811123a25bc tempest-AttachVolumeShelveTestJSON-791865673 tempest-AttachVolumeShelveTestJSON-791865673-project-member] Registering scheme swift+config with {'store': , 'location_class': , 'store_entry': 'swift'} {{(pid=98855) register_scheme_map /opt/stack/data/venv/lib/python3.12/site-packages/glance_store/location.py:146}}
Jun 14 20:54:00.333178 np0000002792 devstack@g-api.service[98855]: DEBUG glance_store.backend [None req-240d389d-686c-4b9b-902e-f811123a25bc tempest-AttachVolumeShelveTestJSON-791865673 tempest-AttachVolumeShelveTestJSON-791865673-project-member] Skipping store.set_acls... not implemented. {{(pid=98855) set_acls /opt/stack/data/venv/lib/python3.12/site-packages/glance_store/backend.py:507}}
Jun 14 20:54:00.335633 np0000002792 devstack@g-api.service[98856]: [pid: 98856|app: 0|req: 160/324] 127.0.0.1 () {44 vars in 1111 bytes} [Sun Jun 14 20:54:00 2026] GET /v2/images/205cbc5b-173f-4cdf-a5ea-a8d918b6dc92 => generated 1044 bytes in 17 msecs (HTTP/1.1 200) 4 headers in 158 bytes (1 switches on core 0)
Jun 14 20:54:00.338606 np0000002792 devstack@g-api.service[98855]: [pid: 98855|app: 0|req: 165/325] 127.0.0.1 () {46 vars in 1154 bytes} [Sun Jun 14 20:53:57 2026] PUT /v2/images/9658bd9b-c3db-42fc-b189-d3a3b1b5e2f4/file => generated 0 bytes in 2399 msecs (HTTP/1.1 204) 4 headers in 171 bytes (1 switches on core 0)
Jun 14 20:54:00.348116 np0000002792 devstack@g-api.service[98856]: DEBUG glance.api.middleware.version_negotiation [None req-b36659e4-3880-4f13-9b14-6c2985d67904 tempest-TestVolumeBootPattern-1594901110 tempest-TestVolumeBootPattern-1594901110-project-member] Determining version of request: GET /v2/schemas/image Accept: */* {{(pid=98856) process_request /opt/stack/glance/glance/api/middleware/version_negotiation.py:44}}
Jun 14 20:54:00.348435 np0000002792 devstack@g-api.service[98856]: DEBUG glance.api.middleware.version_negotiation [None req-b36659e4-3880-4f13-9b14-6c2985d67904 tempest-TestVolumeBootPattern-1594901110 tempest-TestVolumeBootPattern-1594901110-project-member] Using url versioning {{(pid=98856) process_request /opt/stack/glance/glance/api/middleware/version_negotiation.py:57}}
Jun 14 20:54:00.348502 np0000002792 devstack@g-api.service[98856]: DEBUG glance.api.middleware.version_negotiation [None req-b36659e4-3880-4f13-9b14-6c2985d67904 tempest-TestVolumeBootPattern-1594901110 tempest-TestVolumeBootPattern-1594901110-project-member] Matched version: v2 {{(pid=98856) process_request /opt/stack/glance/glance/api/middleware/version_negotiation.py:69}}
Jun 14 20:54:00.348685 np0000002792 devstack@g-api.service[98856]: DEBUG glance.api.middleware.version_negotiation [None req-b36659e4-3880-4f13-9b14-6c2985d67904 tempest-TestVolumeBootPattern-1594901110 tempest-TestVolumeBootPattern-1594901110-project-member] new path /v2/schemas/image {{(pid=98856) process_request /opt/stack/glance/glance/api/middleware/version_negotiation.py:70}}
Jun 14 20:54:00.351886 np0000002792 devstack@g-api.service[98856]: [pid: 98856|app: 0|req: 161/326] 127.0.0.1 () {44 vars in 1051 bytes} [Sun Jun 14 20:54:00 2026] GET /v2/schemas/image => generated 6083 bytes in 4 msecs (HTTP/1.1 200) 4 headers in 158 bytes (1 switches on core 0)
Jun 14 20:54:00.368320 np0000002792 devstack@g-api.service[98855]: DEBUG glance.api.middleware.version_negotiation [None req-240d389d-686c-4b9b-902e-f811123a25bc tempest-AttachVolumeShelveTestJSON-791865673 tempest-AttachVolumeShelveTestJSON-791865673-project-member] Determining version of request: GET /v2/schemas/image Accept: */* {{(pid=98855) process_request /opt/stack/glance/glance/api/middleware/version_negotiation.py:44}}
Jun 14 20:54:00.369327 np0000002792 devstack@g-api.service[98855]: DEBUG glance.api.middleware.version_negotiation [None req-240d389d-686c-4b9b-902e-f811123a25bc tempest-AttachVolumeShelveTestJSON-791865673 tempest-AttachVolumeShelveTestJSON-791865673-project-member] Using url versioning {{(pid=98855) process_request /opt/stack/glance/glance/api/middleware/version_negotiation.py:57}}
Jun 14 20:54:00.369405 np0000002792 devstack@g-api.service[98855]: DEBUG glance.api.middleware.version_negotiation [None req-240d389d-686c-4b9b-902e-f811123a25bc tempest-AttachVolumeShelveTestJSON-791865673 tempest-AttachVolumeShelveTestJSON-791865673-project-member] Matched version: v2 {{(pid=98855) process_request /opt/stack/glance/glance/api/middleware/version_negotiation.py:69}}
Jun 14 20:54:00.370546 np0000002792 devstack@g-api.service[98855]: DEBUG glance.api.middleware.version_negotiation [None req-240d389d-686c-4b9b-902e-f811123a25bc tempest-AttachVolumeShelveTestJSON-791865673 tempest-AttachVolumeShelveTestJSON-791865673-project-member] new path /v2/schemas/image {{(pid=98855) process_request /opt/stack/glance/glance/api/middleware/version_negotiation.py:70}}
Jun 14 20:54:00.378469 np0000002792 devstack@g-api.service[98855]: [pid: 98855|app: 0|req: 166/327] 127.0.0.1 () {44 vars in 1051 bytes} [Sun Jun 14 20:54:00 2026] GET /v2/schemas/image => generated 6083 bytes in 11 msecs (HTTP/1.1 200) 4 headers in 158 bytes (1 switches on core 0)
Jun 14 20:54:00.388252 np0000002792 devstack@g-api.service[98856]: DEBUG glance.api.middleware.version_negotiation [None req-b36659e4-3880-4f13-9b14-6c2985d67904 tempest-TestVolumeBootPattern-1594901110 tempest-TestVolumeBootPattern-1594901110-project-member] Determining version of request: GET /v2/images/9658bd9b-c3db-42fc-b189-d3a3b1b5e2f4 Accept: */* {{(pid=98856) process_request /opt/stack/glance/glance/api/middleware/version_negotiation.py:44}}
Jun 14 20:54:00.388530 np0000002792 devstack@g-api.service[98856]: DEBUG glance.api.middleware.version_negotiation [None req-b36659e4-3880-4f13-9b14-6c2985d67904 tempest-TestVolumeBootPattern-1594901110 tempest-TestVolumeBootPattern-1594901110-project-member] Using url versioning {{(pid=98856) process_request /opt/stack/glance/glance/api/middleware/version_negotiation.py:57}}
Jun 14 20:54:00.388813 np0000002792 devstack@g-api.service[98856]: DEBUG glance.api.middleware.version_negotiation [None req-b36659e4-3880-4f13-9b14-6c2985d67904 tempest-TestVolumeBootPattern-1594901110 tempest-TestVolumeBootPattern-1594901110-project-member] Matched version: v2 {{(pid=98856) process_request /opt/stack/glance/glance/api/middleware/version_negotiation.py:69}}
Jun 14 20:54:00.388866 np0000002792 devstack@g-api.service[98856]: DEBUG glance.api.middleware.version_negotiation [None req-b36659e4-3880-4f13-9b14-6c2985d67904 tempest-TestVolumeBootPattern-1594901110 tempest-TestVolumeBootPattern-1594901110-project-member] new path /v2/images/9658bd9b-c3db-42fc-b189-d3a3b1b5e2f4 {{(pid=98856) process_request /opt/stack/glance/glance/api/middleware/version_negotiation.py:70}}
Jun 14 20:54:00.389802 np0000002792 devstack@g-api.service[98855]: DEBUG glance.api.middleware.version_negotiation [None req-b36659e4-3880-4f13-9b14-6c2985d67904 tempest-TestVolumeBootPattern-1594901110 tempest-TestVolumeBootPattern-1594901110-project-member] Determining version of request: GET /v2/images/205cbc5b-173f-4cdf-a5ea-a8d918b6dc92 Accept: */* {{(pid=98855) process_request /opt/stack/glance/glance/api/middleware/version_negotiation.py:44}}
Jun 14 20:54:00.391108 np0000002792 devstack@g-api.service[98855]: DEBUG glance.api.middleware.version_negotiation [None req-b36659e4-3880-4f13-9b14-6c2985d67904 tempest-TestVolumeBootPattern-1594901110 tempest-TestVolumeBootPattern-1594901110-project-member] Using url versioning {{(pid=98855) process_request /opt/stack/glance/glance/api/middleware/version_negotiation.py:57}}
Jun 14 20:54:00.391108 np0000002792 devstack@g-api.service[98855]: DEBUG glance.api.middleware.version_negotiation [None req-b36659e4-3880-4f13-9b14-6c2985d67904 tempest-TestVolumeBootPattern-1594901110 tempest-TestVolumeBootPattern-1594901110-project-member] Matched version: v2 {{(pid=98855) process_request /opt/stack/glance/glance/api/middleware/version_negotiation.py:69}}
Jun 14 20:54:00.391108 np0000002792 devstack@g-api.service[98855]: DEBUG glance.api.middleware.version_negotiation [None req-b36659e4-3880-4f13-9b14-6c2985d67904 tempest-TestVolumeBootPattern-1594901110 tempest-TestVolumeBootPattern-1594901110-project-member] new path /v2/images/205cbc5b-173f-4cdf-a5ea-a8d918b6dc92 {{(pid=98855) process_request /opt/stack/glance/glance/api/middleware/version_negotiation.py:70}}
Jun 14 20:54:00.404587 np0000002792 devstack@g-api.service[98856]: [pid: 98856|app: 0|req: 162/328] 127.0.0.1 () {44 vars in 1111 bytes} [Sun Jun 14 20:54:00 2026] GET /v2/images/9658bd9b-c3db-42fc-b189-d3a3b1b5e2f4 => generated 1618 bytes in 17 msecs (HTTP/1.1 200) 4 headers in 158 bytes (1 switches on core 0)
Jun 14 20:54:00.407657 np0000002792 devstack@g-api.service[98855]: [pid: 98855|app: 0|req: 167/329] 127.0.0.1 () {44 vars in 1111 bytes} [Sun Jun 14 20:54:00 2026] GET /v2/images/205cbc5b-173f-4cdf-a5ea-a8d918b6dc92 => generated 1044 bytes in 18 msecs (HTTP/1.1 200) 4 headers in 158 bytes (1 switches on core 0)
Jun 14 20:54:00.415751 np0000002792 devstack@g-api.service[98856]: DEBUG glance.api.middleware.version_negotiation [None req-240d389d-686c-4b9b-902e-f811123a25bc tempest-AttachVolumeShelveTestJSON-791865673 tempest-AttachVolumeShelveTestJSON-791865673-project-member] Determining version of request: GET /v2/schemas/image Accept: */* {{(pid=98856) process_request /opt/stack/glance/glance/api/middleware/version_negotiation.py:44}}
Jun 14 20:54:00.416075 np0000002792 devstack@g-api.service[98856]: DEBUG glance.api.middleware.version_negotiation [None req-240d389d-686c-4b9b-902e-f811123a25bc tempest-AttachVolumeShelveTestJSON-791865673 tempest-AttachVolumeShelveTestJSON-791865673-project-member] Using url versioning {{(pid=98856) process_request /opt/stack/glance/glance/api/middleware/version_negotiation.py:57}}
Jun 14 20:54:00.416268 np0000002792 devstack@g-api.service[98856]: DEBUG glance.api.middleware.version_negotiation [None req-240d389d-686c-4b9b-902e-f811123a25bc tempest-AttachVolumeShelveTestJSON-791865673 tempest-AttachVolumeShelveTestJSON-791865673-project-member] Matched version: v2 {{(pid=98856) process_request /opt/stack/glance/glance/api/middleware/version_negotiation.py:69}}
Jun 14 20:54:00.416446 np0000002792 devstack@g-api.service[98856]: DEBUG glance.api.middleware.version_negotiation [None req-240d389d-686c-4b9b-902e-f811123a25bc tempest-AttachVolumeShelveTestJSON-791865673 tempest-AttachVolumeShelveTestJSON-791865673-project-member] new path /v2/schemas/image {{(pid=98856) process_request /opt/stack/glance/glance/api/middleware/version_negotiation.py:70}}
Jun 14 20:54:00.419170 np0000002792 devstack@g-api.service[98856]: [pid: 98856|app: 0|req: 163/330] 127.0.0.1 () {44 vars in 1051 bytes} [Sun Jun 14 20:54:00 2026] GET /v2/schemas/image => generated 6083 bytes in 3 msecs (HTTP/1.1 200) 4 headers in 158 bytes (1 switches on core 0)
Jun 14 20:54:00.431962 np0000002792 devstack@g-api.service[98855]: DEBUG glance.api.middleware.version_negotiation [None req-b36659e4-3880-4f13-9b14-6c2985d67904 tempest-TestVolumeBootPattern-1594901110 tempest-TestVolumeBootPattern-1594901110-project-member] Determining version of request: GET /v2/schemas/image Accept: */* {{(pid=98855) process_request /opt/stack/glance/glance/api/middleware/version_negotiation.py:44}}
Jun 14 20:54:00.432193 np0000002792 devstack@g-api.service[98855]: DEBUG glance.api.middleware.version_negotiation [None req-b36659e4-3880-4f13-9b14-6c2985d67904 tempest-TestVolumeBootPattern-1594901110 tempest-TestVolumeBootPattern-1594901110-project-member] Using url versioning {{(pid=98855) process_request /opt/stack/glance/glance/api/middleware/version_negotiation.py:57}}
