Aug 21 14:00:14.800208 np0000007901 devstack@neutron-api.service[87627]: DEBUG neutron.plugins.ml2.ovo_rpc [None req-be28dc85-7f44-4719-87ba-125f652c277b None None] ML2 OVO RPC backend initialized. {{(pid=87627) __init__ /opt/stack/neutron/neutron/plugins/ml2/ovo_rpc.py:117}}
Aug 21 14:00:14.800279 np0000007901 devstack@neutron-api.service[87628]: DEBUG neutron.api.extensions [None req-ac3b9be5-e534-47fd-849d-017a35cf85e0 None None] Ext name="Enforce Router's Admin State Down Before Update Extension" alias="router-admin-state-down-before-update" description="Ensure that the admin state of a router is DOWN (admin_state_up=False) before updating the distributed attribute" updated="2019-07-02T15:56:00" {{(pid=87628) _check_extension /opt/stack/neutron/neutron/api/extensions.py:415}}
Aug 21 14:00:14.800521 np0000007901 devstack@neutron-api.service[87628]: INFO neutron.api.extensions [None req-ac3b9be5-e534-47fd-849d-017a35cf85e0 None None] Extension router-admin-state-down-before-update not supported by any of loaded plugins
Aug 21 14:00:14.800678 np0000007901 devstack@neutron-api.service[87628]: DEBUG neutron.api.extensions [None req-ac3b9be5-e534-47fd-849d-017a35cf85e0 None None] Loading extension file: agent.py {{(pid=87628) _load_all_extensions_from_path /opt/stack/neutron/neutron/api/extensions.py:449}}
Aug 21 14:00:14.801015 np0000007901 devstack@neutron-api.service[87628]: DEBUG neutron.api.extensions [None req-ac3b9be5-e534-47fd-849d-017a35cf85e0 None None] Ext name="agent" alias="agent" description="The agent management extension." updated="2013-02-03T10:00:00-00:00" {{(pid=87628) _check_extension /opt/stack/neutron/neutron/api/extensions.py:415}}
Aug 21 14:00:14.801200 np0000007901 devstack@neutron-api.service[87628]: INFO neutron.api.extensions [None req-ac3b9be5-e534-47fd-849d-017a35cf85e0 None None] Loaded extension: agent
Aug 21 14:00:14.801306 np0000007901 devstack@neutron-api.service[87628]: DEBUG neutron.api.extensions [None req-ac3b9be5-e534-47fd-849d-017a35cf85e0 None None] Loading extension file: agent_resources_synced.py {{(pid=87628) _load_all_extensions_from_path /opt/stack/neutron/neutron/api/extensions.py:449}}
Aug 21 14:00:14.801355 np0000007901 devstack@neutron-api.service[87627]: INFO neutron.quota [None req-be28dc85-7f44-4719-87ba-125f652c277b None None] Loaded quota_driver: .
Aug 21 14:00:14.801501 np0000007901 devstack@neutron-api.service[87627]: INFO neutron.plugins.ml2.plugin [None req-be28dc85-7f44-4719-87ba-125f652c277b None None] Modular L2 Plugin initialization complete
Aug 21 14:00:14.801575 np0000007901 devstack@neutron-api.service[87628]: DEBUG neutron.api.extensions [None req-ac3b9be5-e534-47fd-849d-017a35cf85e0 None None] Ext name="Agent's Resource View Synced to Placement" alias="agent-resources-synced" description="Stores success/failure of last sync to Placement" updated="2018-12-19T00:00:00-00:00" {{(pid=87628) _check_extension /opt/stack/neutron/neutron/api/extensions.py:415}}
Aug 21 14:00:14.801714 np0000007901 devstack@neutron-api.service[87627]: DEBUG neutron.manager [None req-be28dc85-7f44-4719-87ba-125f652c277b None None] Loading services supported by the core plugin {{(pid=87627) _load_services_from_core_plugin /opt/stack/neutron/neutron/manager.py:167}}
Aug 21 14:00:14.801820 np0000007901 devstack@neutron-api.service[87628]: INFO neutron.api.extensions [None req-ac3b9be5-e534-47fd-849d-017a35cf85e0 None None] Extension agent-resources-synced not supported by any of loaded plugins
Aug 21 14:00:14.801883 np0000007901 devstack@neutron-api.service[87627]: INFO neutron.plugins.ml2.managers [None req-be28dc85-7f44-4719-87ba-125f652c277b None None] Got port-security extension from driver 'port_security'
Aug 21 14:00:14.801928 np0000007901 devstack@neutron-api.service[87628]: DEBUG neutron.api.extensions [None req-ac3b9be5-e534-47fd-849d-017a35cf85e0 None None] Loading extension file: agent_sort_key.py {{(pid=87628) _load_all_extensions_from_path /opt/stack/neutron/neutron/api/extensions.py:449}}
Aug 21 14:00:14.802200 np0000007901 devstack@neutron-api.service[87628]: DEBUG neutron.api.extensions [None req-ac3b9be5-e534-47fd-849d-017a35cf85e0 None None] Ext name="Agents Sort Key" alias="agent_sort_key" description="Enabling the keyword sort_key for sorting in agents." updated="2013-02-03T10:00:00-00:00" {{(pid=87628) _check_extension /opt/stack/neutron/neutron/api/extensions.py:415}}
Aug 21 14:00:14.802256 np0000007901 devstack@neutron-api.service[87627]: DEBUG neutron.manager [None req-be28dc85-7f44-4719-87ba-125f652c277b None None] Loading service plugins: ['ovn-router', 'auto_allocate', 'tag', 'timestamp', 'network_ip_availability', 'flavors', 'revisions'] {{(pid=87627) _load_service_plugins /opt/stack/neutron/neutron/manager.py:192}}
Aug 21 14:00:14.802322 np0000007901 devstack@neutron-api.service[87627]: INFO neutron.manager [None req-be28dc85-7f44-4719-87ba-125f652c277b None None] Loading Plugin: ovn-router
Aug 21 14:00:14.802418 np0000007901 devstack@neutron-api.service[87628]: INFO neutron.api.extensions [None req-ac3b9be5-e534-47fd-849d-017a35cf85e0 None None] Extension agent_sort_key not supported by any of loaded plugins
Aug 21 14:00:14.802520 np0000007901 devstack@neutron-api.service[87628]: DEBUG neutron.api.extensions [None req-ac3b9be5-e534-47fd-849d-017a35cf85e0 None None] Loading extension file: allowedaddresspairs.py {{(pid=87628) _load_all_extensions_from_path /opt/stack/neutron/neutron/api/extensions.py:449}}
Aug 21 14:00:14.803258 np0000007901 devstack@neutron-api.service[87628]: DEBUG neutron.api.extensions [None req-ac3b9be5-e534-47fd-849d-017a35cf85e0 None None] Ext name="Allowed Address Pairs" alias="allowed-address-pairs" description="Provides allowed address pairs" updated="2013-07-23T10:00:00-00:00" {{(pid=87628) _check_extension /opt/stack/neutron/neutron/api/extensions.py:415}}
Aug 21 14:00:14.803449 np0000007901 devstack@neutron-api.service[87628]: INFO neutron.api.extensions [None req-ac3b9be5-e534-47fd-849d-017a35cf85e0 None None] Loaded extension: allowed-address-pairs
Aug 21 14:00:14.803559 np0000007901 devstack@neutron-api.service[87628]: DEBUG neutron.api.extensions [None req-ac3b9be5-e534-47fd-849d-017a35cf85e0 None None] Loading extension file: auto_allocated_topology.py {{(pid=87628) _load_all_extensions_from_path /opt/stack/neutron/neutron/api/extensions.py:449}}
Aug 21 14:00:14.803862 np0000007901 devstack@neutron-api.service[87628]: DEBUG neutron.api.extensions [None req-ac3b9be5-e534-47fd-849d-017a35cf85e0 None None] Ext name="Auto Allocated Topology Services" alias="auto-allocated-topology" description="Auto Allocated Topology Services." updated="2016-01-01T00:00:00-00:00" {{(pid=87628) _check_extension /opt/stack/neutron/neutron/api/extensions.py:415}}
Aug 21 14:00:14.804046 np0000007901 devstack@neutron-api.service[87628]: INFO neutron.api.extensions [None req-ac3b9be5-e534-47fd-849d-017a35cf85e0 None None] Loaded extension: auto-allocated-topology
Aug 21 14:00:14.804152 np0000007901 devstack@neutron-api.service[87628]: DEBUG neutron.api.extensions [None req-ac3b9be5-e534-47fd-849d-017a35cf85e0 None None] Loading extension file: availability_zone.py {{(pid=87628) _load_all_extensions_from_path /opt/stack/neutron/neutron/api/extensions.py:449}}
Aug 21 14:00:14.804450 np0000007901 devstack@neutron-api.service[87628]: DEBUG neutron.api.extensions [None req-ac3b9be5-e534-47fd-849d-017a35cf85e0 None None] Ext name="Availability Zone" alias="availability_zone" description="The availability zone extension." updated="2015-01-01T10:00:00-00:00" {{(pid=87628) _check_extension /opt/stack/neutron/neutron/api/extensions.py:415}}
Aug 21 14:00:14.804671 np0000007901 devstack@neutron-api.service[87628]: INFO neutron.api.extensions [None req-ac3b9be5-e534-47fd-849d-017a35cf85e0 None None] Loaded extension: availability_zone
Aug 21 14:00:14.804780 np0000007901 devstack@neutron-api.service[87628]: DEBUG neutron.api.extensions [None req-ac3b9be5-e534-47fd-849d-017a35cf85e0 None None] Loading extension file: availability_zone_filter.py {{(pid=87628) _load_all_extensions_from_path /opt/stack/neutron/neutron/api/extensions.py:449}}
Aug 21 14:00:14.805219 np0000007901 devstack@neutron-api.service[87628]: DEBUG neutron.api.extensions [None req-ac3b9be5-e534-47fd-849d-017a35cf85e0 None None] Ext name="Availability Zone Filter Extension" alias="availability_zone_filter" description="Add filter parameters to AvailabilityZone resource" updated="2018-06-22T10:00:00-00:00" {{(pid=87628) _check_extension /opt/stack/neutron/neutron/api/extensions.py:415}}
Aug 21 14:00:14.805356 np0000007901 devstack@neutron-api.service[87628]: INFO neutron.api.extensions [None req-ac3b9be5-e534-47fd-849d-017a35cf85e0 None None] Extension availability_zone_filter not supported by any of loaded plugins
Aug 21 14:00:14.805715 np0000007901 devstack@neutron-api.service[87628]: DEBUG neutron.api.extensions [None req-ac3b9be5-e534-47fd-849d-017a35cf85e0 None None] Loading extension file: data_plane_status.py {{(pid=87628) _load_all_extensions_from_path /opt/stack/neutron/neutron/api/extensions.py:449}}
Aug 21 14:00:14.805758 np0000007901 devstack@neutron-api.service[87628]: DEBUG neutron.api.extensions [None req-ac3b9be5-e534-47fd-849d-017a35cf85e0 None None] Ext name="Port data plane status extension" alias="data-plane-status" description="Expose status of underlying data plane" updated="2017-01-24T10:00:00-00:00" {{(pid=87628) _check_extension /opt/stack/neutron/neutron/api/extensions.py:415}}
Aug 21 14:00:14.805947 np0000007901 devstack@neutron-api.service[87628]: INFO neutron.api.extensions [None req-ac3b9be5-e534-47fd-849d-017a35cf85e0 None None] Extension data-plane-status not supported by any of loaded plugins
Aug 21 14:00:14.806054 np0000007901 devstack@neutron-api.service[87628]: DEBUG neutron.api.extensions [None req-ac3b9be5-e534-47fd-849d-017a35cf85e0 None None] Loading extension file: default_subnetpools.py {{(pid=87628) _load_all_extensions_from_path /opt/stack/neutron/neutron/api/extensions.py:449}}
Aug 21 14:00:14.806333 np0000007901 devstack@neutron-api.service[87628]: DEBUG neutron.api.extensions [None req-ac3b9be5-e534-47fd-849d-017a35cf85e0 None None] Ext name="Default Subnetpools" alias="default-subnetpools" description="Provides ability to mark and use a subnetpool as the default." updated="2016-02-18T18:00:00-00:00" {{(pid=87628) _check_extension /opt/stack/neutron/neutron/api/extensions.py:415}}
Aug 21 14:00:14.806516 np0000007901 devstack@neutron-api.service[87628]: INFO neutron.api.extensions [None req-ac3b9be5-e534-47fd-849d-017a35cf85e0 None None] Loaded extension: default-subnetpools
Aug 21 14:00:14.806641 np0000007901 devstack@neutron-api.service[87628]: DEBUG neutron.api.extensions [None req-ac3b9be5-e534-47fd-849d-017a35cf85e0 None None] Loading extension file: dhcpagentscheduler.py {{(pid=87628) _load_all_extensions_from_path /opt/stack/neutron/neutron/api/extensions.py:449}}
Aug 21 14:00:14.807045 np0000007901 devstack@neutron-api.service[87628]: DEBUG neutron.api.extensions [None req-ac3b9be5-e534-47fd-849d-017a35cf85e0 None None] Ext name="DHCP Agent Scheduler" alias="dhcp_agent_scheduler" description="Schedule networks among dhcp agents" updated="2013-02-07T10:00:00-00:00" {{(pid=87628) _check_extension /opt/stack/neutron/neutron/api/extensions.py:415}}
Aug 21 14:00:14.807220 np0000007901 devstack@neutron-api.service[87628]: INFO neutron.api.extensions [None req-ac3b9be5-e534-47fd-849d-017a35cf85e0 None None] Loaded extension: dhcp_agent_scheduler
Aug 21 14:00:14.807328 np0000007901 devstack@neutron-api.service[87628]: DEBUG neutron.api.extensions [None req-ac3b9be5-e534-47fd-849d-017a35cf85e0 None None] Loading extension file: dns.py {{(pid=87628) _load_all_extensions_from_path /opt/stack/neutron/neutron/api/extensions.py:449}}
Aug 21 14:00:14.807590 np0000007901 devstack@neutron-api.service[87628]: DEBUG neutron.api.extensions [None req-ac3b9be5-e534-47fd-849d-017a35cf85e0 None None] Ext name="DNS Integration" alias="dns-integration" description="Provides integration with DNS." updated="2015-08-15T18:00:00-00:00" {{(pid=87628) _check_extension /opt/stack/neutron/neutron/api/extensions.py:415}}
Aug 21 14:00:14.807819 np0000007901 devstack@neutron-api.service[87628]: INFO neutron.api.extensions [None req-ac3b9be5-e534-47fd-849d-017a35cf85e0 None None] Loaded extension: dns-integration
Aug 21 14:00:14.807936 np0000007901 devstack@neutron-api.service[87628]: DEBUG neutron.api.extensions [None req-ac3b9be5-e534-47fd-849d-017a35cf85e0 None None] Loading extension file: dns_domain_ports.py {{(pid=87628) _load_all_extensions_from_path /opt/stack/neutron/neutron/api/extensions.py:449}}
Aug 21 14:00:14.808192 np0000007901 devstack@neutron-api.service[87628]: DEBUG neutron.api.extensions [None req-ac3b9be5-e534-47fd-849d-017a35cf85e0 None None] Ext name="dns_domain for ports" alias="dns-domain-ports" description="Allows the DNS domain to be specified for a network port." updated="2017-04-24T10:00:00-00:00" {{(pid=87628) _check_extension /opt/stack/neutron/neutron/api/extensions.py:415}}
Aug 21 14:00:14.808364 np0000007901 devstack@neutron-api.service[87628]: INFO neutron.api.extensions [None req-ac3b9be5-e534-47fd-849d-017a35cf85e0 None None] Loaded extension: dns-domain-ports
Aug 21 14:00:14.808481 np0000007901 devstack@neutron-api.service[87628]: DEBUG neutron.api.extensions [None req-ac3b9be5-e534-47fd-849d-017a35cf85e0 None None] Loading extension file: dns_integration_domain_keywords.py {{(pid=87628) _load_all_extensions_from_path /opt/stack/neutron/neutron/api/extensions.py:449}}
Aug 21 14:00:14.808768 np0000007901 devstack@neutron-api.service[87628]: DEBUG neutron.api.extensions [None req-ac3b9be5-e534-47fd-849d-017a35cf85e0 None None] Ext name="DNS domain names with keywords allowed" alias="dns-integration-domain-keywords" description="Allows to use keywords like , , and as DNS domain name" updated="2020-06-15T18:00:00-00:00" {{(pid=87628) _check_extension /opt/stack/neutron/neutron/api/extensions.py:415}}
Aug 21 14:00:14.809369 np0000007901 devstack@neutron-api.service[87628]: INFO neutron.api.extensions [None req-ac3b9be5-e534-47fd-849d-017a35cf85e0 None None] Loaded extension: dns-integration-domain-keywords
Aug 21 14:00:14.809369 np0000007901 devstack@neutron-api.service[87628]: DEBUG neutron.api.extensions [None req-ac3b9be5-e534-47fd-849d-017a35cf85e0 None None] Loading extension file: dvr.py {{(pid=87628) _load_all_extensions_from_path /opt/stack/neutron/neutron/api/extensions.py:449}}
Aug 21 14:00:14.809486 np0000007901 devstack@neutron-api.service[87628]: DEBUG neutron.api.extensions [None req-ac3b9be5-e534-47fd-849d-017a35cf85e0 None None] Ext name="Distributed Virtual Router" alias="dvr" description="Enables configuration of Distributed Virtual Routers." updated="2014-06-1T10:00:00-00:00" {{(pid=87628) _check_extension /opt/stack/neutron/neutron/api/extensions.py:415}}
Aug 21 14:00:14.809654 np0000007901 devstack@neutron-api.service[87628]: INFO neutron.api.extensions [None req-ac3b9be5-e534-47fd-849d-017a35cf85e0 None None] Extension dvr not supported by any of loaded plugins
Aug 21 14:00:14.809782 np0000007901 devstack@neutron-api.service[87628]: DEBUG neutron.api.extensions [None req-ac3b9be5-e534-47fd-849d-017a35cf85e0 None None] Loading extension file: ecmp_routes.py {{(pid=87628) _load_all_extensions_from_path /opt/stack/neutron/neutron/api/extensions.py:449}}
Aug 21 14:00:14.810057 np0000007901 devstack@neutron-api.service[87628]: DEBUG neutron.api.extensions [None req-ac3b9be5-e534-47fd-849d-017a35cf85e0 None None] Ext name="Equal Cost Multipath Routing" alias="ecmp_routes" description="Allows traffic to reach thesame destination via multiple different links " updated="2020-11-26T18:00:00-00:00" {{(pid=87628) _check_extension /opt/stack/neutron/neutron/api/extensions.py:415}}
Aug 21 14:00:14.810285 np0000007901 devstack@neutron-api.service[87628]: INFO neutron.api.extensions [None req-ac3b9be5-e534-47fd-849d-017a35cf85e0 None None] Extension ecmp_routes not supported by any of loaded plugins
Aug 21 14:00:14.810482 np0000007901 devstack@neutron-api.service[87628]: DEBUG neutron.api.extensions [None req-ac3b9be5-e534-47fd-849d-017a35cf85e0 None None] Loading extension file: empty_string_filtering.py {{(pid=87628) _load_all_extensions_from_path /opt/stack/neutron/neutron/api/extensions.py:449}}
Aug 21 14:00:14.810817 np0000007901 devstack@neutron-api.service[87628]: DEBUG neutron.api.extensions [None req-ac3b9be5-e534-47fd-849d-017a35cf85e0 None None] Ext name="Empty String Filtering Extension" alias="empty-string-filtering" description="Allow filtering by attributes with empty string value" updated="2018-05-01T10:00:00-00:00" {{(pid=87628) _check_extension /opt/stack/neutron/neutron/api/extensions.py:415}}
Aug 21 14:00:14.811069 np0000007901 devstack@neutron-api.service[87628]: INFO neutron.api.extensions [None req-ac3b9be5-e534-47fd-849d-017a35cf85e0 None None] Loaded extension: empty-string-filtering
Aug 21 14:00:14.811224 np0000007901 devstack@neutron-api.service[87628]: DEBUG neutron.api.extensions [None req-ac3b9be5-e534-47fd-849d-017a35cf85e0 None None] Loading extension file: evpn.py {{(pid=87628) _load_all_extensions_from_path /opt/stack/neutron/neutron/api/extensions.py:449}}
Aug 21 14:00:14.811432 np0000007901 devstack@neutron-api.service[87628]: DEBUG neutron.api.extensions [None req-ac3b9be5-e534-47fd-849d-017a35cf85e0 None None] Ext name="EVPN" alias="evpn" description="Router extension to support EVPN Type-5 route advertisement" updated="2026-04-28T00:00:00-00:00" {{(pid=87628) _check_extension /opt/stack/neutron/neutron/api/extensions.py:415}}
Aug 21 14:00:14.811672 np0000007901 devstack@neutron-api.service[87628]: INFO neutron.api.extensions [None req-ac3b9be5-e534-47fd-849d-017a35cf85e0 None None] Extension evpn not supported by any of loaded plugins
Aug 21 14:00:14.811774 np0000007901 devstack@neutron-api.service[87628]: DEBUG neutron.api.extensions [None req-ac3b9be5-e534-47fd-849d-017a35cf85e0 None None] Loading extension file: expose_l3_conntrack_helper.py {{(pid=87628) _load_all_extensions_from_path /opt/stack/neutron/neutron/api/extensions.py:449}}
Aug 21 14:00:14.812080 np0000007901 devstack@neutron-api.service[87628]: DEBUG neutron.api.extensions [None req-ac3b9be5-e534-47fd-849d-017a35cf85e0 None None] Ext name="Expose CT target rules for conntrack helper" alias="expose-l3-conntrack-helper" description="Expose allow adding CT target rules for conntrack helper" updated="2019-04-04T10:00:00-00:00" {{(pid=87628) _check_extension /opt/stack/neutron/neutron/api/extensions.py:415}}
Aug 21 14:00:14.812293 np0000007901 devstack@neutron-api.service[87628]: INFO neutron.api.extensions [None req-ac3b9be5-e534-47fd-849d-017a35cf85e0 None None] Extension expose-l3-conntrack-helper not supported by any of loaded plugins
Aug 21 14:00:14.812410 np0000007901 devstack@neutron-api.service[87628]: DEBUG neutron.api.extensions [None req-ac3b9be5-e534-47fd-849d-017a35cf85e0 None None] Loading extension file: expose_port_forwarding_in_fip.py {{(pid=87628) _load_all_extensions_from_path /opt/stack/neutron/neutron/api/extensions.py:449}}
Aug 21 14:00:14.812707 np0000007901 devstack@neutron-api.service[87628]: DEBUG neutron.api.extensions [None req-ac3b9be5-e534-47fd-849d-017a35cf85e0 None None] Ext name="Expose Floating IP port forwardings" alias="expose-port-forwarding-in-fip" description="Expose port forwarding fields in floating IP response" updated="2018-06-28T16:00:00-00:00" {{(pid=87628) _check_extension /opt/stack/neutron/neutron/api/extensions.py:415}}
Aug 21 14:00:14.812970 np0000007901 devstack@neutron-api.service[87628]: INFO neutron.api.extensions [None req-ac3b9be5-e534-47fd-849d-017a35cf85e0 None None] Extension expose-port-forwarding-in-fip not supported by any of loaded plugins
Aug 21 14:00:14.813044 np0000007901 devstack@neutron-api.service[87628]: DEBUG neutron.api.extensions [None req-ac3b9be5-e534-47fd-849d-017a35cf85e0 None None] Loading extension file: external_net.py {{(pid=87628) _load_all_extensions_from_path /opt/stack/neutron/neutron/api/extensions.py:449}}
Aug 21 14:00:14.813424 np0000007901 devstack@neutron-api.service[87628]: DEBUG neutron.api.extensions [None req-ac3b9be5-e534-47fd-849d-017a35cf85e0 None None] Ext name="Neutron external network" alias="external-net" description="Adds external network attribute to network resource." updated="2013-01-14T10:00:00-00:00" {{(pid=87628) _check_extension /opt/stack/neutron/neutron/api/extensions.py:415}}
Aug 21 14:00:14.813540 np0000007901 devstack@neutron-api.service[87628]: INFO neutron.api.extensions [None req-ac3b9be5-e534-47fd-849d-017a35cf85e0 None None] Loaded extension: external-net
Aug 21 14:00:14.813886 np0000007901 devstack@neutron-api.service[87628]: DEBUG neutron.api.extensions [None req-ac3b9be5-e534-47fd-849d-017a35cf85e0 None None] Loading extension file: extra_dhcp_opt.py {{(pid=87628) _load_all_extensions_from_path /opt/stack/neutron/neutron/api/extensions.py:449}}
Aug 21 14:00:14.814098 np0000007901 devstack@neutron-api.service[87628]: DEBUG neutron.api.extensions [None req-ac3b9be5-e534-47fd-849d-017a35cf85e0 None None] Ext name="Neutron Extra DHCP options" alias="extra_dhcp_opt" description="Extra options configuration for DHCP. For example PXE boot options to DHCP clients can be specified (e.g. tftp-server, server-ip-address, bootfile-name)" updated="2013-03-17T12:00:00-00:00" {{(pid=87628) _check_extension /opt/stack/neutron/neutron/api/extensions.py:415}}
Aug 21 14:00:14.814307 np0000007901 devstack@neutron-api.service[87628]: INFO neutron.api.extensions [None req-ac3b9be5-e534-47fd-849d-017a35cf85e0 None None] Loaded extension: extra_dhcp_opt
Aug 21 14:00:14.814377 np0000007901 devstack@neutron-api.service[87628]: DEBUG neutron.api.extensions [None req-ac3b9be5-e534-47fd-849d-017a35cf85e0 None None] Loading extension file: extraroute.py {{(pid=87628) _load_all_extensions_from_path /opt/stack/neutron/neutron/api/extensions.py:449}}
Aug 21 14:00:14.814768 np0000007901 devstack@neutron-api.service[87628]: DEBUG neutron.api.extensions [None req-ac3b9be5-e534-47fd-849d-017a35cf85e0 None None] Ext name="Neutron Extra Route" alias="extraroute" description="Extra routes configuration for L3 router" updated="2013-02-01T10:00:00-00:00" {{(pid=87628) _check_extension /opt/stack/neutron/neutron/api/extensions.py:415}}
Aug 21 14:00:14.814985 np0000007901 devstack@neutron-api.service[87628]: INFO neutron.api.extensions [None req-ac3b9be5-e534-47fd-849d-017a35cf85e0 None None] Loaded extension: extraroute
Aug 21 14:00:14.815059 np0000007901 devstack@neutron-api.service[87628]: DEBUG neutron.api.extensions [None req-ac3b9be5-e534-47fd-849d-017a35cf85e0 None None] Loading extension file: extraroute_atomic.py {{(pid=87628) _load_all_extensions_from_path /opt/stack/neutron/neutron/api/extensions.py:449}}
Aug 21 14:00:14.815179 np0000007901 devstack@neutron-api.service[87627]: DEBUG neutron_lib.callbacks.manager [None req-be28dc85-7f44-4719-87ba-125f652c277b None None] Subscribe: > router before_delete 55550000, False {{(pid=87627) subscribe /opt/stack/data/venv/lib/python3.12/site-packages/neutron_lib/callbacks/manager.py:52}}
Aug 21 14:00:14.815318 np0000007901 devstack@neutron-api.service[87628]: DEBUG neutron.api.extensions [None req-ac3b9be5-e534-47fd-849d-017a35cf85e0 None None] Ext name="Atomically add/remove extra routes" alias="extraroute-atomic" description="Edit extra routes of a router on server side by atomically adding/removing extra routes" updated="2019-07-10T00:00:00+00:00" {{(pid=87628) _check_extension /opt/stack/neutron/neutron/api/extensions.py:415}}
Aug 21 14:00:14.815345 np0000007901 devstack@neutron-api.service[87627]: DEBUG neutron_lib.callbacks.manager [None req-be28dc85-7f44-4719-87ba-125f652c277b None None] Subscribe: port before_update 55550000, False {{(pid=87627) subscribe /opt/stack/data/venv/lib/python3.12/site-packages/neutron_lib/callbacks/manager.py:52}}
Aug 21 14:00:14.815443 np0000007901 devstack@neutron-api.service[87627]: DEBUG neutron_lib.callbacks.manager [None req-be28dc85-7f44-4719-87ba-125f652c277b None None] Subscribe: port after_update 55550000, False {{(pid=87627) subscribe /opt/stack/data/venv/lib/python3.12/site-packages/neutron_lib/callbacks/manager.py:52}}
Aug 21 14:00:14.815515 np0000007901 devstack@neutron-api.service[87627]: DEBUG neutron_lib.callbacks.manager [None req-be28dc85-7f44-4719-87ba-125f652c277b None None] Subscribe: > port precommit_delete 55550000, False {{(pid=87627) subscribe /opt/stack/data/venv/lib/python3.12/site-packages/neutron_lib/callbacks/manager.py:52}}
Aug 21 14:00:14.815564 np0000007901 devstack@neutron-api.service[87628]: INFO neutron.api.extensions [None req-ac3b9be5-e534-47fd-849d-017a35cf85e0 None None] Loaded extension: extraroute-atomic
Aug 21 14:00:14.815607 np0000007901 devstack@neutron-api.service[87627]: DEBUG neutron_lib.callbacks.manager [None req-be28dc85-7f44-4719-87ba-125f652c277b None None] Subscribe: port before_update 55550000, False {{(pid=87627) subscribe /opt/stack/data/venv/lib/python3.12/site-packages/neutron_lib/callbacks/manager.py:52}}
Aug 21 14:00:14.815760 np0000007901 devstack@neutron-api.service[87628]: DEBUG neutron.api.extensions [None req-ac3b9be5-e534-47fd-849d-017a35cf85e0 None None] Loading extension file: filter_validation.py {{(pid=87628) _load_all_extensions_from_path /opt/stack/neutron/neutron/api/extensions.py:449}}
Aug 21 14:00:14.815837 np0000007901 devstack@neutron-api.service[87627]: DEBUG neutron_lib.callbacks.manager [None req-be28dc85-7f44-4719-87ba-125f652c277b None None] Subscribe: port before_delete 55550000, False {{(pid=87627) subscribe /opt/stack/data/venv/lib/python3.12/site-packages/neutron_lib/callbacks/manager.py:52}}
Aug 21 14:00:14.815837 np0000007901 devstack@neutron-api.service[87627]: DEBUG neutron_lib.callbacks.manager [None req-be28dc85-7f44-4719-87ba-125f652c277b None None] Subscribe: > router precommit_create 55550000, False {{(pid=87627) subscribe /opt/stack/data/venv/lib/python3.12/site-packages/neutron_lib/callbacks/manager.py:52}}
Aug 21 14:00:14.815900 np0000007901 devstack@neutron-api.service[87627]: DEBUG neutron_lib.callbacks.manager [None req-be28dc85-7f44-4719-87ba-125f652c277b None None] Subscribe: > router precommit_create 55550000, False {{(pid=87627) subscribe /opt/stack/data/venv/lib/python3.12/site-packages/neutron_lib/callbacks/manager.py:52}}
Aug 21 14:00:14.816102 np0000007901 devstack@neutron-api.service[87627]: DEBUG neutron_lib.callbacks.manager [None req-be28dc85-7f44-4719-87ba-125f652c277b None None] Subscribe: > router precommit_update 55550000, False {{(pid=87627) subscribe /opt/stack/data/venv/lib/python3.12/site-packages/neutron_lib/callbacks/manager.py:52}}
Aug 21 14:00:14.816164 np0000007901 devstack@neutron-api.service[87628]: DEBUG neutron.api.extensions [None req-ac3b9be5-e534-47fd-849d-017a35cf85e0 None None] Ext name="Filter parameters validation" alias="filter-validation" description="Provides validation on filter parameters." updated="2018-07-04T10:00:00-00:00" {{(pid=87628) _check_extension /opt/stack/neutron/neutron/api/extensions.py:415}}
Aug 21 14:00:14.816192 np0000007901 devstack@neutron-api.service[87627]: DEBUG neutron_lib.callbacks.manager [None req-be28dc85-7f44-4719-87ba-125f652c277b None None] Subscribe: subnet after_update 55550000, False {{(pid=87627) subscribe /opt/stack/data/venv/lib/python3.12/site-packages/neutron_lib/callbacks/manager.py:52}}
Aug 21 14:00:14.816242 np0000007901 devstack@neutron-api.service[87628]: INFO neutron.api.extensions [None req-ac3b9be5-e534-47fd-849d-017a35cf85e0 None None] Loaded extension: filter-validation
Aug 21 14:00:14.816298 np0000007901 devstack@neutron-api.service[87627]: DEBUG neutron.quota.resource_registry [None req-be28dc85-7f44-4719-87ba-125f652c277b None None] Tracking information for resource: router configured {{(pid=87627) set_tracked_resource /opt/stack/neutron/neutron/quota/resource_registry.py:203}}
Aug 21 14:00:14.816298 np0000007901 devstack@neutron-api.service[87627]: DEBUG neutron.quota.resource_registry [None req-be28dc85-7f44-4719-87ba-125f652c277b None None] Tracking information for resource: floatingip configured {{(pid=87627) set_tracked_resource /opt/stack/neutron/neutron/quota/resource_registry.py:203}}
Aug 21 14:00:14.816379 np0000007901 devstack@neutron-api.service[87628]: DEBUG neutron.api.extensions [None req-ac3b9be5-e534-47fd-849d-017a35cf85e0 None None] Loading extension file: fip_pf_description.py {{(pid=87628) _load_all_extensions_from_path /opt/stack/neutron/neutron/api/extensions.py:449}}
Aug 21 14:00:14.816403 np0000007901 devstack@neutron-api.service[87627]: INFO neutron.services.ovn_l3.plugin [None req-be28dc85-7f44-4719-87ba-125f652c277b None None] Starting OVNL3RouterPlugin
Aug 21 14:00:14.816595 np0000007901 devstack@neutron-api.service[87627]: DEBUG neutron_lib.callbacks.manager [None req-be28dc85-7f44-4719-87ba-125f652c277b None None] Subscribe: > port_forwarding_plugin after_init 55550000, False {{(pid=87627) subscribe /opt/stack/data/venv/lib/python3.12/site-packages/neutron_lib/callbacks/manager.py:52}}
Aug 21 14:00:14.816646 np0000007901 devstack@neutron-api.service[87628]: DEBUG neutron.api.extensions [None req-ac3b9be5-e534-47fd-849d-017a35cf85e0 None None] Ext name="Floating IP Port Forwarding new attribute description" alias="floating-ip-port-forwarding-description" description="Add a description field to Port Forwarding rules" updated="2019-11-01T10:00:00-00:00" {{(pid=87628) _check_extension /opt/stack/neutron/neutron/api/extensions.py:415}}
Aug 21 14:00:14.816818 np0000007901 devstack@neutron-api.service[87627]: DEBUG neutron_lib.callbacks.manager [None req-be28dc85-7f44-4719-87ba-125f652c277b None None] Subscribe: > router before_create 55550100, False {{(pid=87627) subscribe /opt/stack/data/venv/lib/python3.12/site-packages/neutron_lib/callbacks/manager.py:52}}
Aug 21 14:00:14.816842 np0000007901 devstack@neutron-api.service[87628]: INFO neutron.api.extensions [None req-ac3b9be5-e534-47fd-849d-017a35cf85e0 None None] Extension floating-ip-port-forwarding-description not supported by any of loaded plugins
Aug 21 14:00:14.816885 np0000007901 devstack@neutron-api.service[87627]: DEBUG neutron_lib.callbacks.manager [None req-be28dc85-7f44-4719-87ba-125f652c277b None None] Subscribe: > router precommit_delete 55550100, False {{(pid=87627) subscribe /opt/stack/data/venv/lib/python3.12/site-packages/neutron_lib/callbacks/manager.py:52}}
Aug 21 14:00:14.816939 np0000007901 devstack@neutron-api.service[87628]: DEBUG neutron.api.extensions [None req-ac3b9be5-e534-47fd-849d-017a35cf85e0 None None] Loading extension file: fip_pf_detail.py {{(pid=87628) _load_all_extensions_from_path /opt/stack/neutron/neutron/api/extensions.py:449}}
Aug 21 14:00:14.816974 np0000007901 devstack@neutron-api.service[87627]: DEBUG neutron_lib.callbacks.manager [None req-be28dc85-7f44-4719-87ba-125f652c277b None None] Subscribe: > router precommit_create 55550100, False {{(pid=87627) subscribe /opt/stack/data/venv/lib/python3.12/site-packages/neutron_lib/callbacks/manager.py:52}}
Aug 21 14:00:14.817093 np0000007901 devstack@neutron-api.service[87627]: DEBUG neutron_lib.callbacks.manager [None req-be28dc85-7f44-4719-87ba-125f652c277b None None] Subscribe: > router precommit_update 55550100, False {{(pid=87627) subscribe /opt/stack/data/venv/lib/python3.12/site-packages/neutron_lib/callbacks/manager.py:52}}
Aug 21 14:00:14.817224 np0000007901 devstack@neutron-api.service[87628]: DEBUG neutron.api.extensions [None req-ac3b9be5-e534-47fd-849d-017a35cf85e0 None None] Ext name="Floating IP port forwarding detail" alias="floating-ip-port-forwarding-detail" description="Allow list floating ip return more port forwarding data, include'id' and 'internal_port_id'" updated="2022-05-06T10:00:00-00:00" {{(pid=87628) _check_extension /opt/stack/neutron/neutron/api/extensions.py:415}}
Aug 21 14:00:14.817434 np0000007901 devstack@neutron-api.service[87628]: INFO neutron.api.extensions [None req-ac3b9be5-e534-47fd-849d-017a35cf85e0 None None] Loaded extension: floating-ip-port-forwarding-detail
Aug 21 14:00:14.817641 np0000007901 devstack@neutron-api.service[87628]: DEBUG neutron.api.extensions [None req-ac3b9be5-e534-47fd-849d-017a35cf85e0 None None] Loading extension file: fip_pf_port_range.py {{(pid=87628) _load_all_extensions_from_path /opt/stack/neutron/neutron/api/extensions.py:449}}
Aug 21 14:00:14.817964 np0000007901 devstack@neutron-api.service[87628]: DEBUG neutron.api.extensions [None req-ac3b9be5-e534-47fd-849d-017a35cf85e0 None None] Ext name="Floating IP Port Forwarding support port ranges" alias="floating-ip-port-forwarding-port-ranges" description="Add support to port ranges" updated="2020-07-01T10:00:00-00:00" {{(pid=87628) _check_extension /opt/stack/neutron/neutron/api/extensions.py:415}}
Aug 21 14:00:14.818237 np0000007901 devstack@neutron-api.service[87628]: INFO neutron.api.extensions [None req-ac3b9be5-e534-47fd-849d-017a35cf85e0 None None] Extension floating-ip-port-forwarding-port-ranges not supported by any of loaded plugins
Aug 21 14:00:14.818381 np0000007901 devstack@neutron-api.service[87628]: DEBUG neutron.api.extensions [None req-ac3b9be5-e534-47fd-849d-017a35cf85e0 None None] Loading extension file: fip_port_details.py {{(pid=87628) _load_all_extensions_from_path /opt/stack/neutron/neutron/api/extensions.py:449}}
Aug 21 14:00:14.818733 np0000007901 devstack@neutron-api.service[87628]: DEBUG neutron.api.extensions [None req-ac3b9be5-e534-47fd-849d-017a35cf85e0 None None] Ext name="Floating IP Port Details Extension" alias="fip-port-details" description="Add port_details attribute to Floating IP resource" updated="2018-04-09T10:00:00-00:00" {{(pid=87628) _check_extension /opt/stack/neutron/neutron/api/extensions.py:415}}
Aug 21 14:00:14.818996 np0000007901 devstack@neutron-api.service[87628]: INFO neutron.api.extensions [None req-ac3b9be5-e534-47fd-849d-017a35cf85e0 None None] Loaded extension: fip-port-details
Aug 21 14:00:14.818996 np0000007901 devstack@neutron-api.service[87628]: DEBUG neutron.api.extensions [None req-ac3b9be5-e534-47fd-849d-017a35cf85e0 None None] Loading extension file: flavors.py {{(pid=87628) _load_all_extensions_from_path /opt/stack/neutron/neutron/api/extensions.py:449}}
Aug 21 14:00:14.819504 np0000007901 devstack@neutron-api.service[87628]: DEBUG neutron.api.extensions [None req-ac3b9be5-e534-47fd-849d-017a35cf85e0 None None] Ext name="Neutron Service Flavors" alias="flavors" description="Flavor specification for Neutron advanced services." updated="2015-09-17T10:00:00-00:00" {{(pid=87628) _check_extension /opt/stack/neutron/neutron/api/extensions.py:415}}
Aug 21 14:00:14.819626 np0000007901 devstack@neutron-api.service[87628]: INFO neutron.api.extensions [None req-ac3b9be5-e534-47fd-849d-017a35cf85e0 None None] Loaded extension: flavors
Aug 21 14:00:14.819778 np0000007901 devstack@neutron-api.service[87628]: DEBUG neutron.api.extensions [None req-ac3b9be5-e534-47fd-849d-017a35cf85e0 None None] Loading extension file: floating_ip_port_forwarding.py {{(pid=87628) _load_all_extensions_from_path /opt/stack/neutron/neutron/api/extensions.py:449}}
Aug 21 14:00:14.820026 np0000007901 devstack@neutron-api.service[87627]: DEBUG neutron.services.provider_configuration [None req-be28dc85-7f44-4719-87ba-125f652c277b None None] Service providers = [] {{(pid=87627) parse_service_provider_opt /opt/stack/neutron/neutron/services/provider_configuration.py:170}}
Aug 21 14:00:14.820026 np0000007901 devstack@neutron-api.service[87627]: DEBUG neutron.db.servicetype_db [None req-be28dc85-7f44-4719-87ba-125f652c277b None None] Adding provider configuration for service L3_ROUTER_NAT {{(pid=87627) add_provider_configuration /opt/stack/neutron/neutron/db/servicetype_db.py:45}}
Aug 21 14:00:14.820341 np0000007901 devstack@neutron-api.service[87628]: DEBUG neutron.api.extensions [None req-ac3b9be5-e534-47fd-849d-017a35cf85e0 None None] Ext name="Floating IP Port Forwarding" alias="floating-ip-port-forwarding" description="Allow port forwarding from floating IP port to an internal port" updated="2018-01-19T10:00:00-00:00" {{(pid=87628) _check_extension /opt/stack/neutron/neutron/api/extensions.py:415}}
Aug 21 14:00:14.820465 np0000007901 devstack@neutron-api.service[87628]: INFO neutron.api.extensions [None req-ac3b9be5-e534-47fd-849d-017a35cf85e0 None None] Extension floating-ip-port-forwarding not supported by any of loaded plugins
Aug 21 14:00:14.820557 np0000007901 devstack@neutron-api.service[87628]: DEBUG neutron.api.extensions [None req-ac3b9be5-e534-47fd-849d-017a35cf85e0 None None] Loading extension file: floatingip_pools.py {{(pid=87628) _load_all_extensions_from_path /opt/stack/neutron/neutron/api/extensions.py:449}}
Aug 21 14:00:14.821157 np0000007901 devstack@neutron-api.service[87628]: DEBUG neutron.api.extensions [None req-ac3b9be5-e534-47fd-849d-017a35cf85e0 None None] Ext name="Floating IP Pools Extension" alias="floatingip-pools" description="Provides a floating IP pools API." updated="2018-03-21T10:00:00-00:00" {{(pid=87628) _check_extension /opt/stack/neutron/neutron/api/extensions.py:415}}
Aug 21 14:00:14.821157 np0000007901 devstack@neutron-api.service[87628]: INFO neutron.api.extensions [None req-ac3b9be5-e534-47fd-849d-017a35cf85e0 None None] Loaded extension: floatingip-pools
Aug 21 14:00:14.821601 np0000007901 devstack@neutron-api.service[87627]: DEBUG neutron_lib.callbacks.manager [None req-be28dc85-7f44-4719-87ba-125f652c277b None None] Subscribe: > router precommit_create 55549900, False {{(pid=87627) subscribe /opt/stack/data/venv/lib/python3.12/site-packages/neutron_lib/callbacks/manager.py:52}}
Aug 21 14:00:14.821782 np0000007901 devstack@neutron-api.service[87628]: DEBUG neutron.api.extensions [None req-ac3b9be5-e534-47fd-849d-017a35cf85e0 None None] Loading extension file: ip_allocation.py {{(pid=87628) _load_all_extensions_from_path /opt/stack/neutron/neutron/api/extensions.py:449}}
Aug 21 14:00:14.821885 np0000007901 devstack@neutron-api.service[87627]: DEBUG neutron_lib.callbacks.manager [None req-be28dc85-7f44-4719-87ba-125f652c277b None None] Subscribe: > router_interface after_create 55550000, False {{(pid=87627) subscribe /opt/stack/data/venv/lib/python3.12/site-packages/neutron_lib/callbacks/manager.py:52}}
Aug 21 14:00:14.821885 np0000007901 devstack@neutron-api.service[87627]: DEBUG neutron_lib.callbacks.manager [None req-be28dc85-7f44-4719-87ba-125f652c277b None None] Subscribe: > floatingip after_create 55550000, False {{(pid=87627) subscribe /opt/stack/data/venv/lib/python3.12/site-packages/neutron_lib/callbacks/manager.py:52}}
Aug 21 14:00:14.821885 np0000007901 devstack@neutron-api.service[87627]: DEBUG neutron_lib.callbacks.manager [None req-be28dc85-7f44-4719-87ba-125f652c277b None None] Subscribe: > floatingip precommit_create 55550000, False {{(pid=87627) subscribe /opt/stack/data/venv/lib/python3.12/site-packages/neutron_lib/callbacks/manager.py:52}}
Aug 21 14:00:14.822005 np0000007901 devstack@neutron-api.service[87628]: DEBUG neutron.api.extensions [None req-ac3b9be5-e534-47fd-849d-017a35cf85e0 None None] Ext name="IP Allocation" alias="ip_allocation" description="IP allocation extension." updated="2016-06-10T23:00:00-00:00" {{(pid=87628) _check_extension /opt/stack/neutron/neutron/api/extensions.py:415}}
Aug 21 14:00:14.822065 np0000007901 devstack@neutron-api.service[87627]: DEBUG neutron_lib.callbacks.manager [None req-be28dc85-7f44-4719-87ba-125f652c277b None None] Subscribe: > floatingip precommit_update 55550000, False {{(pid=87627) subscribe /opt/stack/data/venv/lib/python3.12/site-packages/neutron_lib/callbacks/manager.py:52}}
Aug 21 14:00:14.822065 np0000007901 devstack@neutron-api.service[87627]: DEBUG neutron_lib.callbacks.manager [None req-be28dc85-7f44-4719-87ba-125f652c277b None None] Subscribe: > floatingip after_delete 55550000, False {{(pid=87627) subscribe /opt/stack/data/venv/lib/python3.12/site-packages/neutron_lib/callbacks/manager.py:52}}
Aug 21 14:00:14.822114 np0000007901 devstack@neutron-api.service[87628]: INFO neutron.api.extensions [None req-ac3b9be5-e534-47fd-849d-017a35cf85e0 None None] Extension ip_allocation not supported by any of loaded plugins
Aug 21 14:00:14.822171 np0000007901 devstack@neutron-api.service[87627]: DEBUG neutron_lib.callbacks.manager [None req-be28dc85-7f44-4719-87ba-125f652c277b None None] Subscribe: > floatingip after_status_update 55550000, False {{(pid=87627) subscribe /opt/stack/data/venv/lib/python3.12/site-packages/neutron_lib/callbacks/manager.py:52}}
Aug 21 14:00:14.822171 np0000007901 devstack@neutron-api.service[87627]: DEBUG neutron_lib.callbacks.manager [None req-be28dc85-7f44-4719-87ba-125f652c277b None None] Subscribe: > floatingip after_update 55550000, False {{(pid=87627) subscribe /opt/stack/data/venv/lib/python3.12/site-packages/neutron_lib/callbacks/manager.py:52}}
Aug 21 14:00:14.822252 np0000007901 devstack@neutron-api.service[87628]: DEBUG neutron.api.extensions [None req-ac3b9be5-e534-47fd-849d-017a35cf85e0 None None] Loading extension file: ip_substring_port_filtering.py {{(pid=87628) _load_all_extensions_from_path /opt/stack/neutron/neutron/api/extensions.py:449}}
Aug 21 14:00:14.822275 np0000007901 devstack@neutron-api.service[87627]: DEBUG neutron_lib.callbacks.manager [None req-be28dc85-7f44-4719-87ba-125f652c277b None None] Subscribe: > port_forwarding after_create 55550000, False {{(pid=87627) subscribe /opt/stack/data/venv/lib/python3.12/site-packages/neutron_lib/callbacks/manager.py:52}}
Aug 21 14:00:14.822275 np0000007901 devstack@neutron-api.service[87627]: DEBUG neutron_lib.callbacks.manager [None req-be28dc85-7f44-4719-87ba-125f652c277b None None] Subscribe: > router_interface after_delete 55550000, False {{(pid=87627) subscribe /opt/stack/data/venv/lib/python3.12/site-packages/neutron_lib/callbacks/manager.py:52}}
Aug 21 14:00:14.822275 np0000007901 devstack@neutron-api.service[87627]: DEBUG neutron_lib.callbacks.manager [None req-be28dc85-7f44-4719-87ba-125f652c277b None None] Subscribe: > router after_create 55550000, False {{(pid=87627) subscribe /opt/stack/data/venv/lib/python3.12/site-packages/neutron_lib/callbacks/manager.py:52}}
Aug 21 14:00:14.822376 np0000007901 devstack@neutron-api.service[87628]: DEBUG neutron.api.extensions [None req-ac3b9be5-e534-47fd-849d-017a35cf85e0 None None] Ext name="IP address substring filtering" alias="ip-substring-filtering" description="Provides IP address substring filtering when listing ports" updated="2017-11-28T09:00:00-00:00" {{(pid=87628) _check_extension /opt/stack/neutron/neutron/api/extensions.py:415}}
Aug 21 14:00:14.822441 np0000007901 devstack@neutron-api.service[87627]: DEBUG neutron_lib.callbacks.manager [None req-be28dc85-7f44-4719-87ba-125f652c277b None None] Subscribe: > router precommit_create 55550000, False {{(pid=87627) subscribe /opt/stack/data/venv/lib/python3.12/site-packages/neutron_lib/callbacks/manager.py:52}}
Aug 21 14:00:14.822441 np0000007901 devstack@neutron-api.service[87627]: DEBUG neutron_lib.callbacks.manager [None req-be28dc85-7f44-4719-87ba-125f652c277b None None] Subscribe: > router after_delete 55550000, False {{(pid=87627) subscribe /opt/stack/data/venv/lib/python3.12/site-packages/neutron_lib/callbacks/manager.py:52}}
Aug 21 14:00:14.822525 np0000007901 devstack@neutron-api.service[87628]: INFO neutron.api.extensions [None req-ac3b9be5-e534-47fd-849d-017a35cf85e0 None None] Extension ip-substring-filtering not supported by any of loaded plugins
Aug 21 14:00:14.822573 np0000007901 devstack@neutron-api.service[87627]: DEBUG neutron_lib.callbacks.manager [None req-be28dc85-7f44-4719-87ba-125f652c277b None None] Subscribe: > router after_update 55550000, False {{(pid=87627) subscribe /opt/stack/data/venv/lib/python3.12/site-packages/neutron_lib/callbacks/manager.py:52}}
Aug 21 14:00:14.822629 np0000007901 devstack@neutron-api.service[87628]: DEBUG neutron.api.extensions [None req-ac3b9be5-e534-47fd-849d-017a35cf85e0 None None] Loading extension file: l2_adjacency.py {{(pid=87628) _load_all_extensions_from_path /opt/stack/neutron/neutron/api/extensions.py:449}}
Aug 21 14:00:14.822691 np0000007901 devstack@neutron-api.service[87627]: DEBUG neutron.services.service_base [None req-be28dc85-7f44-4719-87ba-125f652c277b None None] Loaded 'neutron.services.ovn_l3.service_providers.ovn.OvnDriver' provider for service L3_ROUTER_NAT {{(pid=87627) load_drivers /opt/stack/neutron/neutron/services/service_base.py:49}}
Aug 21 14:00:14.822691 np0000007901 devstack@neutron-api.service[87627]: DEBUG neutron_lib.callbacks.manager [None req-be28dc85-7f44-4719-87ba-125f652c277b None None] Subscribe: > process after_init 55550001, True {{(pid=87627) subscribe /opt/stack/data/venv/lib/python3.12/site-packages/neutron_lib/callbacks/manager.py:52}}
Aug 21 14:00:14.822890 np0000007901 devstack@neutron-api.service[87627]: DEBUG neutron.manager [None req-be28dc85-7f44-4719-87ba-125f652c277b None None] Successfully loaded L3_ROUTER_NAT plugin. Description: L3 Router Service Plugin for basic L3 forwarding using OVN {{(pid=87627) _create_and_add_service_plugin /opt/stack/neutron/neutron/manager.py:236}}
Aug 21 14:00:14.823380 np0000007901 devstack@neutron-api.service[87628]: DEBUG neutron.api.extensions [None req-ac3b9be5-e534-47fd-849d-017a35cf85e0 None None] Ext name="L2 Adjacency" alias="l2_adjacency" description="Display L2 Adjacency for Neutron Networks." updated="2016-04-12T16:00:00-00:00" {{(pid=87628) _check_extension /opt/stack/neutron/neutron/api/extensions.py:415}}
Aug 21 14:00:14.823811 np0000007901 devstack@neutron-api.service[87627]: INFO neutron.manager [None req-be28dc85-7f44-4719-87ba-125f652c277b None None] Loading Plugin: auto_allocate
Aug 21 14:00:14.823995 np0000007901 devstack@neutron-api.service[87628]: INFO neutron.api.extensions [None req-ac3b9be5-e534-47fd-849d-017a35cf85e0 None None] Extension l2_adjacency not supported by any of loaded plugins
Aug 21 14:00:14.823995 np0000007901 devstack@neutron-api.service[87628]: DEBUG neutron.api.extensions [None req-ac3b9be5-e534-47fd-849d-017a35cf85e0 None None] Loading extension file: l3.py {{(pid=87628) _load_all_extensions_from_path /opt/stack/neutron/neutron/api/extensions.py:449}}
Aug 21 14:00:14.823995 np0000007901 devstack@neutron-api.service[87628]: DEBUG neutron.api.extensions [None req-ac3b9be5-e534-47fd-849d-017a35cf85e0 None None] Ext name="Neutron L3 Router" alias="router" description="Router abstraction for basic L3 forwarding between L2 Neutron networks and access to external networks via a NAT gateway." updated="2012-07-20T10:00:00-00:00" {{(pid=87628) _check_extension /opt/stack/neutron/neutron/api/extensions.py:415}}
Aug 21 14:00:14.824188 np0000007901 devstack@neutron-api.service[87627]: DEBUG neutron_lib.callbacks.manager [None req-be28dc85-7f44-4719-87ba-125f652c277b None None] Subscribe: network precommit_update 55550000, False {{(pid=87627) subscribe /opt/stack/data/venv/lib/python3.12/site-packages/neutron_lib/callbacks/manager.py:52}}
Aug 21 14:00:14.824188 np0000007901 devstack@neutron-api.service[87627]: DEBUG neutron_lib.callbacks.manager [None req-be28dc85-7f44-4719-87ba-125f652c277b None None] Subscribe: network precommit_create 55550000, False {{(pid=87627) subscribe /opt/stack/data/venv/lib/python3.12/site-packages/neutron_lib/callbacks/manager.py:52}}
Aug 21 14:00:14.824397 np0000007901 devstack@neutron-api.service[87628]: INFO neutron.api.extensions [None req-ac3b9be5-e534-47fd-849d-017a35cf85e0 None None] Loaded extension: router
Aug 21 14:00:14.824490 np0000007901 devstack@neutron-api.service[87627]: DEBUG neutron.manager [None req-be28dc85-7f44-4719-87ba-125f652c277b None None] Successfully loaded auto-allocated-topology plugin. Description: Auto Allocated Topology - aka get me a network. {{(pid=87627) _create_and_add_service_plugin /opt/stack/neutron/neutron/manager.py:236}}
Aug 21 14:00:14.824669 np0000007901 devstack@neutron-api.service[87628]: DEBUG neutron.api.extensions [None req-ac3b9be5-e534-47fd-849d-017a35cf85e0 None None] Loading extension file: l3_agent_scheduler_ha_chassis_priority.py {{(pid=87628) _load_all_extensions_from_path /opt/stack/neutron/neutron/api/extensions.py:449}}
Aug 21 14:00:14.824805 np0000007901 devstack@neutron-api.service[87627]: INFO neutron.manager [None req-be28dc85-7f44-4719-87ba-125f652c277b None None] Loading Plugin: tag
Aug 21 14:00:14.824922 np0000007901 devstack@neutron-api.service[87628]: DEBUG neutron.api.extensions [None req-ac3b9be5-e534-47fd-849d-017a35cf85e0 None None] Ext name="L3 Agent Scheduler HA Chassis Priority" alias="l3-agent-scheduler-ha-chassis-priority" description="Exposes the HA_Chassis priority in the L3 Agent Scheduler API responses and allows setting priority when scheduling a router to a chassis." updated="2026-03-31T00:00:00-00:00" {{(pid=87628) _check_extension /opt/stack/neutron/neutron/api/extensions.py:415}}
Aug 21 14:00:14.824922 np0000007901 devstack@neutron-api.service[87628]: INFO neutron.api.extensions [None req-ac3b9be5-e534-47fd-849d-017a35cf85e0 None None] Loaded extension: l3-agent-scheduler-ha-chassis-priority
Aug 21 14:00:14.824922 np0000007901 devstack@neutron-api.service[87628]: DEBUG neutron.api.extensions [None req-ac3b9be5-e534-47fd-849d-017a35cf85e0 None None] Loading extension file: l3_conntrack_helper.py {{(pid=87628) _load_all_extensions_from_path /opt/stack/neutron/neutron/api/extensions.py:449}}
Aug 21 14:00:14.825708 np0000007901 devstack@neutron-api.service[87628]: DEBUG neutron.api.extensions [None req-ac3b9be5-e534-47fd-849d-017a35cf85e0 None None] Ext name="L3 Conntrack helper" alias="l3-conntrack-helper" description="Allow adding CT target rules for conntrack helper" updated="2019-04-04T10:00:00-00:00" {{(pid=87628) _check_extension /opt/stack/neutron/neutron/api/extensions.py:415}}
