May 22 11:53:53.467090 np0000001259 devstack@g-api.service[98867]: DEBUG glance.api.middleware.version_negotiation [None req-4fed7e5d-48bd-4d01-8bfc-5478934a057d tempest-ImageDependencyTests-1532875235 tempest-ImageDependencyTests-1532875235-project-member] Determining version of request: GET /v2/images/f9e98558-e27b-43dc-8d52-5abc7376f3ba Accept: application/json {{(pid=98867) process_request /opt/stack/glance/glance/api/middleware/version_negotiation.py:44}}
May 22 11:53:53.467296 np0000001259 devstack@g-api.service[98867]: DEBUG glance.api.middleware.version_negotiation [None req-4fed7e5d-48bd-4d01-8bfc-5478934a057d tempest-ImageDependencyTests-1532875235 tempest-ImageDependencyTests-1532875235-project-member] Using url versioning {{(pid=98867) process_request /opt/stack/glance/glance/api/middleware/version_negotiation.py:57}}
May 22 11:53:53.467515 np0000001259 devstack@g-api.service[98867]: DEBUG glance.api.middleware.version_negotiation [None req-4fed7e5d-48bd-4d01-8bfc-5478934a057d tempest-ImageDependencyTests-1532875235 tempest-ImageDependencyTests-1532875235-project-member] Matched version: v2 {{(pid=98867) process_request /opt/stack/glance/glance/api/middleware/version_negotiation.py:69}}
May 22 11:53:53.467679 np0000001259 devstack@g-api.service[98867]: DEBUG glance.api.middleware.version_negotiation [None req-4fed7e5d-48bd-4d01-8bfc-5478934a057d tempest-ImageDependencyTests-1532875235 tempest-ImageDependencyTests-1532875235-project-member] new path /v2/images/f9e98558-e27b-43dc-8d52-5abc7376f3ba {{(pid=98867) process_request /opt/stack/glance/glance/api/middleware/version_negotiation.py:70}}
May 22 11:53:53.482306 np0000001259 devstack@g-api.service[98867]: [pid: 98867|app: 0|req: 258/463] 127.0.0.1 () {40 vars in 838 bytes} [Fri May 22 11:53:53 2026] GET /v2/images/f9e98558-e27b-43dc-8d52-5abc7376f3ba => generated 1301 bytes in 15 msecs (HTTP/1.1 200) 4 headers in 158 bytes (1 switches on core 0)
May 22 11:53:54.493822 np0000001259 devstack@g-api.service[98868]: DEBUG glance.api.middleware.version_negotiation [None req-437d6ded-2a6d-4288-944c-9189c881649e tempest-ImageDependencyTests-1532875235 tempest-ImageDependencyTests-1532875235-project-member] Determining version of request: GET /v2/images/f9e98558-e27b-43dc-8d52-5abc7376f3ba Accept: application/json {{(pid=98868) process_request /opt/stack/glance/glance/api/middleware/version_negotiation.py:44}}
May 22 11:53:54.493822 np0000001259 devstack@g-api.service[98868]: DEBUG glance.api.middleware.version_negotiation [None req-437d6ded-2a6d-4288-944c-9189c881649e tempest-ImageDependencyTests-1532875235 tempest-ImageDependencyTests-1532875235-project-member] Using url versioning {{(pid=98868) process_request /opt/stack/glance/glance/api/middleware/version_negotiation.py:57}}
May 22 11:53:54.493822 np0000001259 devstack@g-api.service[98868]: DEBUG glance.api.middleware.version_negotiation [None req-437d6ded-2a6d-4288-944c-9189c881649e tempest-ImageDependencyTests-1532875235 tempest-ImageDependencyTests-1532875235-project-member] Matched version: v2 {{(pid=98868) process_request /opt/stack/glance/glance/api/middleware/version_negotiation.py:69}}
May 22 11:53:54.493822 np0000001259 devstack@g-api.service[98868]: DEBUG glance.api.middleware.version_negotiation [None req-437d6ded-2a6d-4288-944c-9189c881649e tempest-ImageDependencyTests-1532875235 tempest-ImageDependencyTests-1532875235-project-member] new path /v2/images/f9e98558-e27b-43dc-8d52-5abc7376f3ba {{(pid=98868) process_request /opt/stack/glance/glance/api/middleware/version_negotiation.py:70}}
May 22 11:53:54.504004 np0000001259 devstack@g-api.service[98868]: [pid: 98868|app: 0|req: 206/464] 127.0.0.1 () {40 vars in 838 bytes} [Fri May 22 11:53:54 2026] GET /v2/images/f9e98558-e27b-43dc-8d52-5abc7376f3ba => generated 1301 bytes in 11 msecs (HTTP/1.1 200) 4 headers in 158 bytes (1 switches on core 0)
May 22 11:53:54.510753 np0000001259 devstack@g-api.service[98867]: DEBUG glance.api.middleware.version_negotiation [None req-4e387ccb-41d2-487e-9b72-321a64bc43e6 tempest-TestStampPattern-1767661724 tempest-TestStampPattern-1767661724-project-member] Determining version of request: GET /v2/images/f9e98558-e27b-43dc-8d52-5abc7376f3ba Accept: */* {{(pid=98867) process_request /opt/stack/glance/glance/api/middleware/version_negotiation.py:44}}
May 22 11:53:54.512262 np0000001259 devstack@g-api.service[98867]: DEBUG glance.api.middleware.version_negotiation [None req-4e387ccb-41d2-487e-9b72-321a64bc43e6 tempest-TestStampPattern-1767661724 tempest-TestStampPattern-1767661724-project-member] Using url versioning {{(pid=98867) process_request /opt/stack/glance/glance/api/middleware/version_negotiation.py:57}}
May 22 11:53:54.512324 np0000001259 devstack@g-api.service[98868]: DEBUG glance.api.middleware.version_negotiation [None req-02adc642-d105-446d-b1cf-02e9500fca43 tempest-TestStampPattern-1767661724 tempest-TestStampPattern-1767661724-project-member] Determining version of request: DELETE /v2/images/4623a684-212d-4fb4-906b-73fb98682ba6 Accept: application/json {{(pid=98868) process_request /opt/stack/glance/glance/api/middleware/version_negotiation.py:44}}
May 22 11:53:54.512365 np0000001259 devstack@g-api.service[98867]: DEBUG glance.api.middleware.version_negotiation [None req-4e387ccb-41d2-487e-9b72-321a64bc43e6 tempest-TestStampPattern-1767661724 tempest-TestStampPattern-1767661724-project-member] Matched version: v2 {{(pid=98867) process_request /opt/stack/glance/glance/api/middleware/version_negotiation.py:69}}
May 22 11:53:54.512409 np0000001259 devstack@g-api.service[98868]: DEBUG glance.api.middleware.version_negotiation [None req-02adc642-d105-446d-b1cf-02e9500fca43 tempest-TestStampPattern-1767661724 tempest-TestStampPattern-1767661724-project-member] Using url versioning {{(pid=98868) process_request /opt/stack/glance/glance/api/middleware/version_negotiation.py:57}}
May 22 11:53:54.512484 np0000001259 devstack@g-api.service[98867]: DEBUG glance.api.middleware.version_negotiation [None req-4e387ccb-41d2-487e-9b72-321a64bc43e6 tempest-TestStampPattern-1767661724 tempest-TestStampPattern-1767661724-project-member] new path /v2/images/f9e98558-e27b-43dc-8d52-5abc7376f3ba {{(pid=98867) process_request /opt/stack/glance/glance/api/middleware/version_negotiation.py:70}}
May 22 11:53:54.512515 np0000001259 devstack@g-api.service[98868]: DEBUG glance.api.middleware.version_negotiation [None req-02adc642-d105-446d-b1cf-02e9500fca43 tempest-TestStampPattern-1767661724 tempest-TestStampPattern-1767661724-project-member] Matched version: v2 {{(pid=98868) process_request /opt/stack/glance/glance/api/middleware/version_negotiation.py:69}}
May 22 11:53:54.512515 np0000001259 devstack@g-api.service[98868]: DEBUG glance.api.middleware.version_negotiation [None req-02adc642-d105-446d-b1cf-02e9500fca43 tempest-TestStampPattern-1767661724 tempest-TestStampPattern-1767661724-project-member] new path /v2/images/4623a684-212d-4fb4-906b-73fb98682ba6 {{(pid=98868) process_request /opt/stack/glance/glance/api/middleware/version_negotiation.py:70}}
May 22 11:53:54.521291 np0000001259 devstack@g-api.service[98868]: WARNING glance.api.v2.images [None req-9b692eeb-ef89-4368-94c2-808551eda4c9 tempest-ImageDependencyTests-1532875235 tempest-ImageDependencyTests-1532875235-project-member] After upload to backend, deletion of staged image data has failed because it cannot be found at /tmp/staging//4623a684-212d-4fb4-906b-73fb98682ba6
May 22 11:53:54.521819 np0000001259 devstack@g-api.service[98868]: DEBUG glance_store.backend [None req-9b692eeb-ef89-4368-94c2-808551eda4c9 tempest-ImageDependencyTests-1532875235 tempest-ImageDependencyTests-1532875235-project-member] Attempting to import store swift {{(pid=98868) _load_store /opt/stack/data/venv/lib/python3.12/site-packages/glance_store/backend.py:215}}
May 22 11:53:54.523011 np0000001259 devstack@g-api.service[98868]: DEBUG glance_store.capabilities [None req-9b692eeb-ef89-4368-94c2-808551eda4c9 tempest-ImageDependencyTests-1532875235 tempest-ImageDependencyTests-1532875235-project-member] Store glance_store._drivers.swift.store.SingleTenantStore doesn't support updating dynamic storage capabilities. Please overwrite 'update_capabilities' method of the store to implement updating logics if needed. {{(pid=98868) update_capabilities /opt/stack/data/venv/lib/python3.12/site-packages/glance_store/capabilities.py:91}}
May 22 11:53:54.523148 np0000001259 devstack@g-api.service[98868]: DEBUG glance_store.driver [None req-9b692eeb-ef89-4368-94c2-808551eda4c9 tempest-ImageDependencyTests-1532875235 tempest-ImageDependencyTests-1532875235-project-member] Late loading location class glance_store._drivers.swift.store.StoreLocation {{(pid=98868) get_store_location_class /opt/stack/data/venv/lib/python3.12/site-packages/glance_store/driver.py:134}}
May 22 11:53:54.523213 np0000001259 devstack@g-api.service[98868]: DEBUG glance_store.location [None req-9b692eeb-ef89-4368-94c2-808551eda4c9 tempest-ImageDependencyTests-1532875235 tempest-ImageDependencyTests-1532875235-project-member] Registering scheme swift+https with {'store': , 'location_class': , 'store_entry': 'swift'} {{(pid=98868) register_scheme_map /opt/stack/data/venv/lib/python3.12/site-packages/glance_store/location.py:146}}
May 22 11:53:54.523293 np0000001259 devstack@g-api.service[98868]: DEBUG glance_store.location [None req-9b692eeb-ef89-4368-94c2-808551eda4c9 tempest-ImageDependencyTests-1532875235 tempest-ImageDependencyTests-1532875235-project-member] Registering scheme swift+https with {'store': , 'location_class': , 'store_entry': 'swift'} {{(pid=98868) register_scheme_map /opt/stack/data/venv/lib/python3.12/site-packages/glance_store/location.py:146}}
May 22 11:53:54.523411 np0000001259 devstack@g-api.service[98868]: DEBUG glance_store.location [None req-9b692eeb-ef89-4368-94c2-808551eda4c9 tempest-ImageDependencyTests-1532875235 tempest-ImageDependencyTests-1532875235-project-member] Registering scheme swift with {'store': , 'location_class': , 'store_entry': 'swift'} {{(pid=98868) register_scheme_map /opt/stack/data/venv/lib/python3.12/site-packages/glance_store/location.py:146}}
May 22 11:53:54.523679 np0000001259 devstack@g-api.service[98868]: DEBUG glance_store.location [None req-9b692eeb-ef89-4368-94c2-808551eda4c9 tempest-ImageDependencyTests-1532875235 tempest-ImageDependencyTests-1532875235-project-member] Registering scheme swift+https with {'store': , 'location_class': , 'store_entry': 'swift'} {{(pid=98868) register_scheme_map /opt/stack/data/venv/lib/python3.12/site-packages/glance_store/location.py:146}}
May 22 11:53:54.523778 np0000001259 devstack@g-api.service[98868]: DEBUG glance_store.location [None req-9b692eeb-ef89-4368-94c2-808551eda4c9 tempest-ImageDependencyTests-1532875235 tempest-ImageDependencyTests-1532875235-project-member] Registering scheme swift with {'store': , 'location_class': , 'store_entry': 'swift'} {{(pid=98868) register_scheme_map /opt/stack/data/venv/lib/python3.12/site-packages/glance_store/location.py:146}}
May 22 11:53:54.523885 np0000001259 devstack@g-api.service[98868]: DEBUG glance_store.location [None req-9b692eeb-ef89-4368-94c2-808551eda4c9 tempest-ImageDependencyTests-1532875235 tempest-ImageDependencyTests-1532875235-project-member] Registering scheme swift+http with {'store': , 'location_class': , 'store_entry': 'swift'} {{(pid=98868) register_scheme_map /opt/stack/data/venv/lib/python3.12/site-packages/glance_store/location.py:146}}
May 22 11:53:54.523969 np0000001259 devstack@g-api.service[98868]: DEBUG glance_store.location [None req-9b692eeb-ef89-4368-94c2-808551eda4c9 tempest-ImageDependencyTests-1532875235 tempest-ImageDependencyTests-1532875235-project-member] Registering scheme swift+https with {'store': , 'location_class': , 'store_entry': 'swift'} {{(pid=98868) register_scheme_map /opt/stack/data/venv/lib/python3.12/site-packages/glance_store/location.py:146}}
May 22 11:53:54.524027 np0000001259 devstack@g-api.service[98868]: DEBUG glance_store.location [None req-9b692eeb-ef89-4368-94c2-808551eda4c9 tempest-ImageDependencyTests-1532875235 tempest-ImageDependencyTests-1532875235-project-member] Registering scheme swift with {'store': , 'location_class': , 'store_entry': 'swift'} {{(pid=98868) register_scheme_map /opt/stack/data/venv/lib/python3.12/site-packages/glance_store/location.py:146}}
May 22 11:53:54.524169 np0000001259 devstack@g-api.service[98868]: DEBUG glance_store.location [None req-9b692eeb-ef89-4368-94c2-808551eda4c9 tempest-ImageDependencyTests-1532875235 tempest-ImageDependencyTests-1532875235-project-member] Registering scheme swift+http with {'store': , 'location_class': , 'store_entry': 'swift'} {{(pid=98868) register_scheme_map /opt/stack/data/venv/lib/python3.12/site-packages/glance_store/location.py:146}}
May 22 11:53:54.524169 np0000001259 devstack@g-api.service[98868]: DEBUG glance_store.location [None req-9b692eeb-ef89-4368-94c2-808551eda4c9 tempest-ImageDependencyTests-1532875235 tempest-ImageDependencyTests-1532875235-project-member] Registering scheme swift+config with {'store': , 'location_class': , 'store_entry': 'swift'} {{(pid=98868) register_scheme_map /opt/stack/data/venv/lib/python3.12/site-packages/glance_store/location.py:146}}
May 22 11:53:54.524571 np0000001259 devstack@g-api.service[98868]: DEBUG keystoneclient.auth.identity.v3.base [None req-9b692eeb-ef89-4368-94c2-808551eda4c9 tempest-ImageDependencyTests-1532875235 tempest-ImageDependencyTests-1532875235-project-member] Making authentication request to https://10.4.3.227/identity/v3/auth/tokens {{(pid=98868) get_auth_ref /opt/stack/data/venv/lib/python3.12/site-packages/keystoneclient/auth/identity/v3/base.py:185}}
May 22 11:53:54.525981 np0000001259 devstack@g-api.service[98867]: [pid: 98867|app: 0|req: 259/465] 127.0.0.1 () {44 vars in 1115 bytes} [Fri May 22 11:53:54 2026] GET /v2/images/f9e98558-e27b-43dc-8d52-5abc7376f3ba => generated 1301 bytes in 17 msecs (HTTP/1.1 200) 4 headers in 158 bytes (1 switches on core 0)
May 22 11:53:54.558376 np0000001259 devstack@g-api.service[98868]: DEBUG keystoneclient.auth.identity.v3.base [None req-9b692eeb-ef89-4368-94c2-808551eda4c9 tempest-ImageDependencyTests-1532875235 tempest-ImageDependencyTests-1532875235-project-member] {"token": {"methods": ["password"], "user": {"domain": {"id": "default", "name": "Default"}, "id": "d1bed507dd30418a923ced690324592d", "name": "glance-swift", "password_expires_at": null}, "audit_ids": ["QZp55DKzQ2mrt1SPx4y62g"], "expires_at": "2026-05-22T12:53:54.000000Z", "issued_at": "2026-05-22T11:53:54.000000Z", "project": {"domain": {"id": "default", "name": "Default"}, "id": "993483a78ea8432187742f56abea1657", "name": "service"}, "is_domain": false, "roles": [{"id": "86b3cc1708e14287b37a705019fabf96", "name": "service"}, {"id": "29e07e4e027143cca4e96665421ca531", "name": "ResellerAdmin"}], "catalog": [{"endpoints": [{"id": "356fc21ee0b54bed9615eeddefa41430", "interface": "admin", "region_id": "RegionOne", "url": "https://10.4.3.227:8080", "region": "RegionOne"}, {"id": "cb5f6cd0d7ce4199b9279fb5cfeb8c5e", "interface": "public", "region_id": "RegionOne", "url": "https://10.4.3.227:8080/v1/AUTH_993483a78ea8432187742f56abea1657", "region": "RegionOne"}], "id": "0be18a142c2641999d80bd908ce5d2df", "type": "object-store", "name": "swift"}, {"endpoints": [{"id": "4a4918a17f6d498cb7f0c3a2eccf3201", "interface": "public", "region_id": "RegionOne", "url": "https://10.4.3.227/networking", "region": "RegionOne"}], "id": "27c0e83cc14149119c702fca169986a8", "type": "network", "name": "neutron"}, {"endpoints": [{"id": "ba8032dd390a4d80a4b3b9564c6c01e7", "interface": "public", "region_id": "RegionOne", "url": "https://10.4.3.227/image", "region": "RegionOne"}], "id": "72f667e0c5194ef2b8c6a3a918727766", "type": "image", "name": "glance"}, {"endpoints": [{"id": "02c0a74423ef4cb09bd2c44b7bcb65b4", "interface": "public", "region_id": "RegionOne", "url": "https://10.4.3.227/compute/v2.1", "region": "RegionOne"}], "id": "73897871e3fb4d508b4db95c804d91bd", "type": "compute", "name": "nova"}, {"endpoints": [{"id": "fd5518f3f3514a13b733ae3d25f8ca75", "interface": "public", "region_id": "RegionOne", "url": "https://10.4.3.227/identity", "region": "RegionOne"}], "id": "953a83c046104128853adfe08a8adf30", "type": "identity", "name": "keystone"}, {"endpoints": [{"id": "708f0ad934a8423db92f11f0fb729ead", "interface": "public", "region_id": "RegionOne", "url": "https://10.4.3.227/volume/v3", "region": "RegionOne"}], "id": "b6ddcfdab1f2481d838e24ec092324ef", "type": "block-storage", "name": "cinder"}, {"endpoints": [{"id": "71172b65eec1414fa8fd73984fc216d9", "interface": "public", "region_id": "RegionOne", "url": "https://10.4.3.227/placement", "region": "RegionOne"}], "id": "db01954460e044fd88e9f2a6d69e7b47", "type": "placement", "name": "placement"}, {"endpoints": [{"id": "f31cb0ea8e5741318c0f925bc1e949e7", "interface": "public", "region_id": "RegionOne", "url": "https://10.4.3.227/compute/v2/993483a78ea8432187742f56abea1657", "region": "RegionOne"}], "id": "ec5df95e2fb144cea550e5c966dea99a", "type": "compute_legacy", "name": "nova_legacy"}]}} {{(pid=98868) get_auth_ref /opt/stack/data/venv/lib/python3.12/site-packages/keystoneclient/auth/identity/v3/base.py:190}}
May 22 11:53:54.558801 np0000001259 devstack@g-api.service[98868]: DEBUG keystoneclient.httpclient [None req-9b692eeb-ef89-4368-94c2-808551eda4c9 tempest-ImageDependencyTests-1532875235 tempest-ImageDependencyTests-1532875235-project-member] Failed to find endpoint for management url admin endpoint for identity service not found {{(pid=98868) _process_management_url /opt/stack/data/venv/lib/python3.12/site-packages/keystoneclient/httpclient.py:670}}
May 22 11:53:54.559311 np0000001259 devstack@g-api.service[98867]: DEBUG glance.api.middleware.version_negotiation [None req-1144ef66-d329-4bd1-9c3b-138d5f4bc414 tempest-TestStampPattern-1767661724 tempest-TestStampPattern-1767661724-project-member] Determining version of request: GET /v2/schemas/image Accept: */* {{(pid=98867) process_request /opt/stack/glance/glance/api/middleware/version_negotiation.py:44}}
May 22 11:53:54.562707 np0000001259 devstack@g-api.service[98867]: DEBUG glance.api.middleware.version_negotiation [None req-1144ef66-d329-4bd1-9c3b-138d5f4bc414 tempest-TestStampPattern-1767661724 tempest-TestStampPattern-1767661724-project-member] Using url versioning {{(pid=98867) process_request /opt/stack/glance/glance/api/middleware/version_negotiation.py:57}}
May 22 11:53:54.563003 np0000001259 devstack@g-api.service[98867]: DEBUG glance.api.middleware.version_negotiation [None req-1144ef66-d329-4bd1-9c3b-138d5f4bc414 tempest-TestStampPattern-1767661724 tempest-TestStampPattern-1767661724-project-member] Matched version: v2 {{(pid=98867) process_request /opt/stack/glance/glance/api/middleware/version_negotiation.py:69}}
May 22 11:53:54.563209 np0000001259 devstack@g-api.service[98867]: DEBUG glance.api.middleware.version_negotiation [None req-1144ef66-d329-4bd1-9c3b-138d5f4bc414 tempest-TestStampPattern-1767661724 tempest-TestStampPattern-1767661724-project-member] new path /v2/schemas/image {{(pid=98867) process_request /opt/stack/glance/glance/api/middleware/version_negotiation.py:70}}
May 22 11:53:54.565893 np0000001259 devstack@g-api.service[98867]: [pid: 98867|app: 0|req: 260/466] 127.0.0.1 () {44 vars in 1055 bytes} [Fri May 22 11:53:54 2026] GET /v2/schemas/image => generated 6083 bytes in 7 msecs (HTTP/1.1 200) 4 headers in 158 bytes (1 switches on core 0)
May 22 11:53:54.626706 np0000001259 devstack@g-api.service[98867]: DEBUG glance.api.middleware.version_negotiation [None req-1144ef66-d329-4bd1-9c3b-138d5f4bc414 tempest-TestStampPattern-1767661724 tempest-TestStampPattern-1767661724-project-member] Determining version of request: GET /v2/schemas/image Accept: */* {{(pid=98867) process_request /opt/stack/glance/glance/api/middleware/version_negotiation.py:44}}
May 22 11:53:54.627029 np0000001259 devstack@g-api.service[98868]: DEBUG swiftclient [None req-9b692eeb-ef89-4368-94c2-808551eda4c9 tempest-ImageDependencyTests-1532875235 tempest-ImageDependencyTests-1532875235-project-member] REQ: curl -i https://10.4.3.227:8080/v1/AUTH_993483a78ea8432187742f56abea1657/glance/4623a684-212d-4fb4-906b-73fb98682ba6 -I -H "X-Auth-Token: gAAAAABqEEPS5so6..." {{(pid=98868) http_log /opt/stack/data/venv/lib/python3.12/site-packages/swiftclient/client.py:160}}
May 22 11:53:54.627436 np0000001259 devstack@g-api.service[98868]: DEBUG swiftclient [None req-9b692eeb-ef89-4368-94c2-808551eda4c9 tempest-ImageDependencyTests-1532875235 tempest-ImageDependencyTests-1532875235-project-member] RESP STATUS: 200 OK {{(pid=98868) http_log /opt/stack/data/venv/lib/python3.12/site-packages/swiftclient/client.py:161}}
May 22 11:53:54.627436 np0000001259 devstack@g-api.service[98868]: DEBUG swiftclient [None req-9b692eeb-ef89-4368-94c2-808551eda4c9 tempest-ImageDependencyTests-1532875235 tempest-ImageDependencyTests-1532875235-project-member] RESP HEADERS: {'Date': 'Fri, 22 May 2026 11:53:54 GMT', 'Server': 'Apache/2.4.58 (Ubuntu)', 'Content-Type': 'application/octet-stream', 'X-Object-Manifest': 'glance/4623a684-212d-4fb4-906b-73fb98682ba6-', 'Last-Modified': 'Fri, 22 May 2026 11:53:53 GMT', 'X-Timestamp': '1779450832.94478', 'Accept-Ranges': 'bytes', 'Etag': '"d41d8cd98f00b204e9800998ecf8427e"', 'X-Trans-Id': 'txa5607234c7184d08a05f2-006a1043d2', 'X-Openstack-Request-Id': 'txa5607234c7184d08a05f2-006a1043d2', 'Connection': 'close'} {{(pid=98868) http_log /opt/stack/data/venv/lib/python3.12/site-packages/swiftclient/client.py:162}}
May 22 11:53:54.627741 np0000001259 devstack@g-api.service[98867]: DEBUG glance.api.middleware.version_negotiation [None req-1144ef66-d329-4bd1-9c3b-138d5f4bc414 tempest-TestStampPattern-1767661724 tempest-TestStampPattern-1767661724-project-member] Using url versioning {{(pid=98867) process_request /opt/stack/glance/glance/api/middleware/version_negotiation.py:57}}
May 22 11:53:54.628022 np0000001259 devstack@g-api.service[98867]: DEBUG glance.api.middleware.version_negotiation [None req-1144ef66-d329-4bd1-9c3b-138d5f4bc414 tempest-TestStampPattern-1767661724 tempest-TestStampPattern-1767661724-project-member] Matched version: v2 {{(pid=98867) process_request /opt/stack/glance/glance/api/middleware/version_negotiation.py:69}}
May 22 11:53:54.629633 np0000001259 devstack@g-api.service[98867]: DEBUG glance.api.middleware.version_negotiation [None req-1144ef66-d329-4bd1-9c3b-138d5f4bc414 tempest-TestStampPattern-1767661724 tempest-TestStampPattern-1767661724-project-member] new path /v2/schemas/image {{(pid=98867) process_request /opt/stack/glance/glance/api/middleware/version_negotiation.py:70}}
May 22 11:53:54.632157 np0000001259 devstack@g-api.service[98867]: [pid: 98867|app: 0|req: 261/467] 127.0.0.1 () {44 vars in 1055 bytes} [Fri May 22 11:53:54 2026] GET /v2/schemas/image => generated 6083 bytes in 6 msecs (HTTP/1.1 200) 4 headers in 158 bytes (1 switches on core 0)
May 22 11:53:54.648390 np0000001259 devstack@g-api.service[98868]: DEBUG swiftclient [None req-9b692eeb-ef89-4368-94c2-808551eda4c9 tempest-ImageDependencyTests-1532875235 tempest-ImageDependencyTests-1532875235-project-member] REQ: curl -i https://10.4.3.227:8080/v1/AUTH_993483a78ea8432187742f56abea1657/glance?format=json&prefix=4623a684-212d-4fb4-906b-73fb98682ba6- -X GET -H "X-Auth-Token: gAAAAABqEEPS5so6..." -H "Accept-Encoding: gzip" {{(pid=98868) http_log /opt/stack/data/venv/lib/python3.12/site-packages/swiftclient/client.py:160}}
May 22 11:53:54.648775 np0000001259 devstack@g-api.service[98868]: DEBUG swiftclient [None req-9b692eeb-ef89-4368-94c2-808551eda4c9 tempest-ImageDependencyTests-1532875235 tempest-ImageDependencyTests-1532875235-project-member] RESP STATUS: 200 OK {{(pid=98868) http_log /opt/stack/data/venv/lib/python3.12/site-packages/swiftclient/client.py:161}}
May 22 11:53:54.649018 np0000001259 devstack@g-api.service[98868]: DEBUG swiftclient [None req-9b692eeb-ef89-4368-94c2-808551eda4c9 tempest-ImageDependencyTests-1532875235 tempest-ImageDependencyTests-1532875235-project-member] RESP HEADERS: {'Date': 'Fri, 22 May 2026 11:53:54 GMT', 'Server': 'Apache/2.4.58 (Ubuntu)', 'Content-Type': 'application/json; charset=utf-8', 'Content-Length': '2', 'X-Container-Object-Count': '4', 'X-Container-Bytes-Used': '64356352', 'X-Timestamp': '1779450280.30466', 'Last-Modified': 'Fri, 22 May 2026 11:44:41 GMT', 'Accept-Ranges': 'bytes', 'X-Storage-Policy': 'Policy-0', 'X-Container-Sharding': 'False', 'X-Trans-Id': 'tx94e1ca3bf6924c92b335a-006a1043d2', 'X-Openstack-Request-Id': 'tx94e1ca3bf6924c92b335a-006a1043d2', 'Connection': 'close'} {{(pid=98868) http_log /opt/stack/data/venv/lib/python3.12/site-packages/swiftclient/client.py:162}}
May 22 11:53:54.649232 np0000001259 devstack@g-api.service[98868]: DEBUG swiftclient [None req-9b692eeb-ef89-4368-94c2-808551eda4c9 tempest-ImageDependencyTests-1532875235 tempest-ImageDependencyTests-1532875235-project-member] RESP BODY: b'[]' {{(pid=98868) http_log /opt/stack/data/venv/lib/python3.12/site-packages/swiftclient/client.py:166}}
May 22 11:53:54.684075 np0000001259 devstack@g-api.service[98868]: DEBUG swiftclient [None req-9b692eeb-ef89-4368-94c2-808551eda4c9 tempest-ImageDependencyTests-1532875235 tempest-ImageDependencyTests-1532875235-project-member] REQ: curl -i https://10.4.3.227:8080/v1/AUTH_993483a78ea8432187742f56abea1657/glance/4623a684-212d-4fb4-906b-73fb98682ba6 DELETE -H "X-Auth-Token: gAAAAABqEEPS5so6..." {{(pid=98868) http_log /opt/stack/data/venv/lib/python3.12/site-packages/swiftclient/client.py:160}}
May 22 11:53:54.684249 np0000001259 devstack@g-api.service[98868]: DEBUG swiftclient [None req-9b692eeb-ef89-4368-94c2-808551eda4c9 tempest-ImageDependencyTests-1532875235 tempest-ImageDependencyTests-1532875235-project-member] RESP STATUS: 204 No Content {{(pid=98868) http_log /opt/stack/data/venv/lib/python3.12/site-packages/swiftclient/client.py:161}}
May 22 11:53:54.684477 np0000001259 devstack@g-api.service[98868]: DEBUG swiftclient [None req-9b692eeb-ef89-4368-94c2-808551eda4c9 tempest-ImageDependencyTests-1532875235 tempest-ImageDependencyTests-1532875235-project-member] RESP HEADERS: {'Date': 'Fri, 22 May 2026 11:53:54 GMT', 'Server': 'Apache/2.4.58 (Ubuntu)', 'Content-Type': 'text/html; charset=UTF-8', 'X-Trans-Id': 'tx47b09f5d0190405a88dab-006a1043d2', 'X-Openstack-Request-Id': 'tx47b09f5d0190405a88dab-006a1043d2', 'Connection': 'close'} {{(pid=98868) http_log /opt/stack/data/venv/lib/python3.12/site-packages/swiftclient/client.py:162}}
May 22 11:53:54.687629 np0000001259 devstack@g-api.service[98867]: DEBUG glance.api.middleware.version_negotiation [None req-1144ef66-d329-4bd1-9c3b-138d5f4bc414 tempest-TestStampPattern-1767661724 tempest-TestStampPattern-1767661724-project-member] Determining version of request: PATCH /v2/images/f9e98558-e27b-43dc-8d52-5abc7376f3ba Accept: */* {{(pid=98867) process_request /opt/stack/glance/glance/api/middleware/version_negotiation.py:44}}
May 22 11:53:54.687629 np0000001259 devstack@g-api.service[98867]: DEBUG glance.api.middleware.version_negotiation [None req-1144ef66-d329-4bd1-9c3b-138d5f4bc414 tempest-TestStampPattern-1767661724 tempest-TestStampPattern-1767661724-project-member] Using url versioning {{(pid=98867) process_request /opt/stack/glance/glance/api/middleware/version_negotiation.py:57}}
May 22 11:53:54.687629 np0000001259 devstack@g-api.service[98867]: DEBUG glance.api.middleware.version_negotiation [None req-1144ef66-d329-4bd1-9c3b-138d5f4bc414 tempest-TestStampPattern-1767661724 tempest-TestStampPattern-1767661724-project-member] Matched version: v2 {{(pid=98867) process_request /opt/stack/glance/glance/api/middleware/version_negotiation.py:69}}
May 22 11:53:54.687629 np0000001259 devstack@g-api.service[98867]: DEBUG glance.api.middleware.version_negotiation [None req-1144ef66-d329-4bd1-9c3b-138d5f4bc414 tempest-TestStampPattern-1767661724 tempest-TestStampPattern-1767661724-project-member] new path /v2/images/f9e98558-e27b-43dc-8d52-5abc7376f3ba {{(pid=98867) process_request /opt/stack/glance/glance/api/middleware/version_negotiation.py:70}}
May 22 11:53:54.792393 np0000001259 devstack@g-api.service[98868]: [pid: 98868|app: 0|req: 207/468] 127.0.0.1 () {40 vars in 841 bytes} [Fri May 22 11:53:54 2026] DELETE /v2/images/4623a684-212d-4fb4-906b-73fb98682ba6 => generated 0 bytes in 281 msecs (HTTP/1.1 204) 4 headers in 171 bytes (1 switches on core 0)
May 22 11:53:54.800747 np0000001259 devstack@g-api.service[98868]: DEBUG glance.api.middleware.version_negotiation [None req-9b692eeb-ef89-4368-94c2-808551eda4c9 tempest-ImageDependencyTests-1532875235 tempest-ImageDependencyTests-1532875235-project-member] Determining version of request: GET /v2/images/4623a684-212d-4fb4-906b-73fb98682ba6 Accept: application/json {{(pid=98868) process_request /opt/stack/glance/glance/api/middleware/version_negotiation.py:44}}
May 22 11:53:54.800747 np0000001259 devstack@g-api.service[98868]: DEBUG glance.api.middleware.version_negotiation [None req-9b692eeb-ef89-4368-94c2-808551eda4c9 tempest-ImageDependencyTests-1532875235 tempest-ImageDependencyTests-1532875235-project-member] Using url versioning {{(pid=98868) process_request /opt/stack/glance/glance/api/middleware/version_negotiation.py:57}}
May 22 11:53:54.800747 np0000001259 devstack@g-api.service[98868]: DEBUG glance.api.middleware.version_negotiation [None req-9b692eeb-ef89-4368-94c2-808551eda4c9 tempest-ImageDependencyTests-1532875235 tempest-ImageDependencyTests-1532875235-project-member] Matched version: v2 {{(pid=98868) process_request /opt/stack/glance/glance/api/middleware/version_negotiation.py:69}}
May 22 11:53:54.800747 np0000001259 devstack@g-api.service[98868]: DEBUG glance.api.middleware.version_negotiation [None req-9b692eeb-ef89-4368-94c2-808551eda4c9 tempest-ImageDependencyTests-1532875235 tempest-ImageDependencyTests-1532875235-project-member] new path /v2/images/4623a684-212d-4fb4-906b-73fb98682ba6 {{(pid=98868) process_request /opt/stack/glance/glance/api/middleware/version_negotiation.py:70}}
May 22 11:53:54.805342 np0000001259 devstack@g-api.service[98868]: DEBUG glance.db.sqlalchemy.api [None req-0ce2046e-64e7-426d-a1f6-8e4025d24712 tempest-ImageDependencyTests-1532875235 tempest-ImageDependencyTests-1532875235-project-member] No image found with ID 4623a684-212d-4fb4-906b-73fb98682ba6 {{(pid=98868) _image_get /opt/stack/glance/glance/db/sqlalchemy/api.py:303}}
May 22 11:53:54.806495 np0000001259 devstack@g-api.service[98868]: [pid: 98868|app: 0|req: 208/469] 127.0.0.1 () {40 vars in 838 bytes} [Fri May 22 11:53:54 2026] GET /v2/images/4623a684-212d-4fb4-906b-73fb98682ba6 => generated 139 bytes in 6 msecs (HTTP/1.1 404) 4 headers in 164 bytes (1 switches on core 0)
May 22 11:53:54.895547 np0000001259 devstack@g-api.service[98867]: [pid: 98867|app: 0|req: 262/470] 127.0.0.1 () {46 vars in 1158 bytes} [Fri May 22 11:53:54 2026] PATCH /v2/images/f9e98558-e27b-43dc-8d52-5abc7376f3ba => generated 1412 bytes in 209 msecs (HTTP/1.1 200) 4 headers in 158 bytes (1 switches on core 0)
May 22 11:53:54.902012 np0000001259 devstack@g-api.service[98868]: DEBUG glance.api.middleware.version_negotiation [None req-0ce2046e-64e7-426d-a1f6-8e4025d24712 tempest-ImageDependencyTests-1532875235 tempest-ImageDependencyTests-1532875235-project-member] Determining version of request: GET /v2/schemas/image Accept: */* {{(pid=98868) process_request /opt/stack/glance/glance/api/middleware/version_negotiation.py:44}}
May 22 11:53:54.902122 np0000001259 devstack@g-api.service[98868]: DEBUG glance.api.middleware.version_negotiation [None req-0ce2046e-64e7-426d-a1f6-8e4025d24712 tempest-ImageDependencyTests-1532875235 tempest-ImageDependencyTests-1532875235-project-member] Using url versioning {{(pid=98868) process_request /opt/stack/glance/glance/api/middleware/version_negotiation.py:57}}
May 22 11:53:54.902239 np0000001259 devstack@g-api.service[98868]: DEBUG glance.api.middleware.version_negotiation [None req-0ce2046e-64e7-426d-a1f6-8e4025d24712 tempest-ImageDependencyTests-1532875235 tempest-ImageDependencyTests-1532875235-project-member] Matched version: v2 {{(pid=98868) process_request /opt/stack/glance/glance/api/middleware/version_negotiation.py:69}}
May 22 11:53:54.902334 np0000001259 devstack@g-api.service[98868]: DEBUG glance.api.middleware.version_negotiation [None req-0ce2046e-64e7-426d-a1f6-8e4025d24712 tempest-ImageDependencyTests-1532875235 tempest-ImageDependencyTests-1532875235-project-member] new path /v2/schemas/image {{(pid=98868) process_request /opt/stack/glance/glance/api/middleware/version_negotiation.py:70}}
May 22 11:53:54.906710 np0000001259 devstack@g-api.service[98868]: [pid: 98868|app: 0|req: 209/471] 127.0.0.1 () {44 vars in 1055 bytes} [Fri May 22 11:53:54 2026] GET /v2/schemas/image => generated 6083 bytes in 5 msecs (HTTP/1.1 200) 4 headers in 158 bytes (1 switches on core 0)
May 22 11:53:54.916583 np0000001259 devstack@g-api.service[98867]: DEBUG glance.api.middleware.version_negotiation [None req-1144ef66-d329-4bd1-9c3b-138d5f4bc414 tempest-TestStampPattern-1767661724 tempest-TestStampPattern-1767661724-project-member] Determining version of request: POST /v2/images Accept: */* {{(pid=98867) process_request /opt/stack/glance/glance/api/middleware/version_negotiation.py:44}}
May 22 11:53:54.919431 np0000001259 devstack@g-api.service[98867]: DEBUG glance.api.middleware.version_negotiation [None req-1144ef66-d329-4bd1-9c3b-138d5f4bc414 tempest-TestStampPattern-1767661724 tempest-TestStampPattern-1767661724-project-member] Using url versioning {{(pid=98867) process_request /opt/stack/glance/glance/api/middleware/version_negotiation.py:57}}
May 22 11:53:54.919431 np0000001259 devstack@g-api.service[98867]: DEBUG glance.api.middleware.version_negotiation [None req-1144ef66-d329-4bd1-9c3b-138d5f4bc414 tempest-TestStampPattern-1767661724 tempest-TestStampPattern-1767661724-project-member] Matched version: v2 {{(pid=98867) process_request /opt/stack/glance/glance/api/middleware/version_negotiation.py:69}}
May 22 11:53:54.919431 np0000001259 devstack@g-api.service[98867]: DEBUG glance.api.middleware.version_negotiation [None req-1144ef66-d329-4bd1-9c3b-138d5f4bc414 tempest-TestStampPattern-1767661724 tempest-TestStampPattern-1767661724-project-member] new path /v2/images {{(pid=98867) process_request /opt/stack/glance/glance/api/middleware/version_negotiation.py:70}}
May 22 11:53:54.948658 np0000001259 devstack@g-api.service[98868]: DEBUG glance.api.middleware.version_negotiation [None req-a7f389b4-cee8-4e4f-b52d-2932a7fe80e3 tempest-VolumesActionsTest-1341886101 tempest-VolumesActionsTest-1341886101-project-member] Determining version of request: GET /v2/images/f9e98558-e27b-43dc-8d52-5abc7376f3ba Accept: */* {{(pid=98868) process_request /opt/stack/glance/glance/api/middleware/version_negotiation.py:44}}
May 22 11:53:54.948840 np0000001259 devstack@g-api.service[98868]: DEBUG glance.api.middleware.version_negotiation [None req-a7f389b4-cee8-4e4f-b52d-2932a7fe80e3 tempest-VolumesActionsTest-1341886101 tempest-VolumesActionsTest-1341886101-project-member] Using url versioning {{(pid=98868) process_request /opt/stack/glance/glance/api/middleware/version_negotiation.py:57}}
May 22 11:53:54.948960 np0000001259 devstack@g-api.service[98868]: DEBUG glance.api.middleware.version_negotiation [None req-a7f389b4-cee8-4e4f-b52d-2932a7fe80e3 tempest-VolumesActionsTest-1341886101 tempest-VolumesActionsTest-1341886101-project-member] Matched version: v2 {{(pid=98868) process_request /opt/stack/glance/glance/api/middleware/version_negotiation.py:69}}
May 22 11:53:54.949053 np0000001259 devstack@g-api.service[98868]: DEBUG glance.api.middleware.version_negotiation [None req-a7f389b4-cee8-4e4f-b52d-2932a7fe80e3 tempest-VolumesActionsTest-1341886101 tempest-VolumesActionsTest-1341886101-project-member] new path /v2/images/f9e98558-e27b-43dc-8d52-5abc7376f3ba {{(pid=98868) process_request /opt/stack/glance/glance/api/middleware/version_negotiation.py:70}}
May 22 11:53:54.959604 np0000001259 devstack@g-api.service[98868]: [pid: 98868|app: 0|req: 210/472] 127.0.0.1 () {44 vars in 1115 bytes} [Fri May 22 11:53:54 2026] GET /v2/images/f9e98558-e27b-43dc-8d52-5abc7376f3ba => generated 1412 bytes in 11 msecs (HTTP/1.1 200) 4 headers in 158 bytes (1 switches on core 0)
May 22 11:53:55.013464 np0000001259 devstack@g-api.service[98868]: DEBUG glance.api.middleware.version_negotiation [None req-1144ef66-d329-4bd1-9c3b-138d5f4bc414 tempest-TestStampPattern-1767661724 tempest-TestStampPattern-1767661724-project-member] Determining version of request: PUT /v2/images/f9e98558-e27b-43dc-8d52-5abc7376f3ba/file Accept: */* {{(pid=98868) process_request /opt/stack/glance/glance/api/middleware/version_negotiation.py:44}}
May 22 11:53:55.013583 np0000001259 devstack@g-api.service[98868]: DEBUG glance.api.middleware.version_negotiation [None req-1144ef66-d329-4bd1-9c3b-138d5f4bc414 tempest-TestStampPattern-1767661724 tempest-TestStampPattern-1767661724-project-member] Using url versioning {{(pid=98868) process_request /opt/stack/glance/glance/api/middleware/version_negotiation.py:57}}
May 22 11:53:55.013690 np0000001259 devstack@g-api.service[98868]: DEBUG glance.api.middleware.version_negotiation [None req-1144ef66-d329-4bd1-9c3b-138d5f4bc414 tempest-TestStampPattern-1767661724 tempest-TestStampPattern-1767661724-project-member] Matched version: v2 {{(pid=98868) process_request /opt/stack/glance/glance/api/middleware/version_negotiation.py:69}}
May 22 11:53:55.013808 np0000001259 devstack@g-api.service[98868]: DEBUG glance.api.middleware.version_negotiation [None req-1144ef66-d329-4bd1-9c3b-138d5f4bc414 tempest-TestStampPattern-1767661724 tempest-TestStampPattern-1767661724-project-member] new path /v2/images/f9e98558-e27b-43dc-8d52-5abc7376f3ba/file {{(pid=98868) process_request /opt/stack/glance/glance/api/middleware/version_negotiation.py:70}}
May 22 11:53:55.388703 np0000001259 devstack@g-api.service[98867]: [pid: 98867|app: 0|req: 263/473] 127.0.0.1 () {46 vars in 1055 bytes} [Fri May 22 11:53:54 2026] POST /v2/images => generated 650 bytes in 472 msecs (HTTP/1.1 201) 6 headers in 315 bytes (1 switches on core 0)
May 22 11:53:55.402623 np0000001259 devstack@g-api.service[98867]: DEBUG glance.api.middleware.version_negotiation [None req-a7f389b4-cee8-4e4f-b52d-2932a7fe80e3 tempest-VolumesActionsTest-1341886101 tempest-VolumesActionsTest-1341886101-project-member] Determining version of request: GET /v2/images/6aff0f52-1c94-4878-b13c-05b64226306f Accept: application/json {{(pid=98867) process_request /opt/stack/glance/glance/api/middleware/version_negotiation.py:44}}
May 22 11:53:55.402793 np0000001259 devstack@g-api.service[98867]: DEBUG glance.api.middleware.version_negotiation [None req-a7f389b4-cee8-4e4f-b52d-2932a7fe80e3 tempest-VolumesActionsTest-1341886101 tempest-VolumesActionsTest-1341886101-project-member] Using url versioning {{(pid=98867) process_request /opt/stack/glance/glance/api/middleware/version_negotiation.py:57}}
May 22 11:53:55.402906 np0000001259 devstack@g-api.service[98867]: DEBUG glance.api.middleware.version_negotiation [None req-a7f389b4-cee8-4e4f-b52d-2932a7fe80e3 tempest-VolumesActionsTest-1341886101 tempest-VolumesActionsTest-1341886101-project-member] Matched version: v2 {{(pid=98867) process_request /opt/stack/glance/glance/api/middleware/version_negotiation.py:69}}
May 22 11:53:55.402993 np0000001259 devstack@g-api.service[98867]: DEBUG glance.api.middleware.version_negotiation [None req-a7f389b4-cee8-4e4f-b52d-2932a7fe80e3 tempest-VolumesActionsTest-1341886101 tempest-VolumesActionsTest-1341886101-project-member] new path /v2/images/6aff0f52-1c94-4878-b13c-05b64226306f {{(pid=98867) process_request /opt/stack/glance/glance/api/middleware/version_negotiation.py:70}}
May 22 11:53:55.412791 np0000001259 devstack@g-api.service[98867]: [pid: 98867|app: 0|req: 264/474] 127.0.0.1 () {40 vars in 838 bytes} [Fri May 22 11:53:55 2026] GET /v2/images/6aff0f52-1c94-4878-b13c-05b64226306f => generated 650 bytes in 10 msecs (HTTP/1.1 200) 4 headers in 157 bytes (1 switches on core 0)
May 22 11:53:55.435050 np0000001259 devstack@g-api.service[98868]: INFO glance.api.v2.image_data [None req-1144ef66-d329-4bd1-9c3b-138d5f4bc414 tempest-TestStampPattern-1767661724 tempest-TestStampPattern-1767661724-project-member] Unable to create trust: no such option collect_timing in group [keystone_authtoken] Use the existing user token.
May 22 11:53:55.512231 np0000001259 devstack@g-api.service[98867]: DEBUG glance.api.middleware.version_negotiation [None req-22e833b8-3faa-4e9d-8db6-bf2a559ade51 tempest-VolumesActionsTest-1341886101 tempest-VolumesActionsTest-1341886101-project-member] Determining version of request: GET /v2/images/f9e98558-e27b-43dc-8d52-5abc7376f3ba Accept: application/json {{(pid=98867) process_request /opt/stack/glance/glance/api/middleware/version_negotiation.py:44}}
May 22 11:53:55.512514 np0000001259 devstack@g-api.service[98867]: DEBUG glance.api.middleware.version_negotiation [None req-22e833b8-3faa-4e9d-8db6-bf2a559ade51 tempest-VolumesActionsTest-1341886101 tempest-VolumesActionsTest-1341886101-project-member] Using url versioning {{(pid=98867) process_request /opt/stack/glance/glance/api/middleware/version_negotiation.py:57}}
May 22 11:53:55.512514 np0000001259 devstack@g-api.service[98867]: DEBUG glance.api.middleware.version_negotiation [None req-22e833b8-3faa-4e9d-8db6-bf2a559ade51 tempest-VolumesActionsTest-1341886101 tempest-VolumesActionsTest-1341886101-project-member] Matched version: v2 {{(pid=98867) process_request /opt/stack/glance/glance/api/middleware/version_negotiation.py:69}}
May 22 11:53:55.512615 np0000001259 devstack@g-api.service[98867]: DEBUG glance.api.middleware.version_negotiation [None req-22e833b8-3faa-4e9d-8db6-bf2a559ade51 tempest-VolumesActionsTest-1341886101 tempest-VolumesActionsTest-1341886101-project-member] new path /v2/images/f9e98558-e27b-43dc-8d52-5abc7376f3ba {{(pid=98867) process_request /opt/stack/glance/glance/api/middleware/version_negotiation.py:70}}
May 22 11:53:55.524653 np0000001259 devstack@g-api.service[98867]: [pid: 98867|app: 0|req: 265/475] 127.0.0.1 () {40 vars in 838 bytes} [Fri May 22 11:53:55 2026] GET /v2/images/f9e98558-e27b-43dc-8d52-5abc7376f3ba => generated 1412 bytes in 12 msecs (HTTP/1.1 200) 4 headers in 158 bytes (1 switches on core 0)
May 22 11:53:55.859025 np0000001259 devstack@g-api.service[98867]: DEBUG glance.api.middleware.version_negotiation [None req-d4f95225-d1d1-4631-a735-026723003150 tempest-TestStampPattern-1767661724 tempest-TestStampPattern-1767661724-project-member] Determining version of request: PUT /v2/images/6aff0f52-1c94-4878-b13c-05b64226306f/file Accept: */* {{(pid=98867) process_request /opt/stack/glance/glance/api/middleware/version_negotiation.py:44}}
May 22 11:53:55.859219 np0000001259 devstack@g-api.service[98867]: DEBUG glance.api.middleware.version_negotiation [None req-d4f95225-d1d1-4631-a735-026723003150 tempest-TestStampPattern-1767661724 tempest-TestStampPattern-1767661724-project-member] Using url versioning {{(pid=98867) process_request /opt/stack/glance/glance/api/middleware/version_negotiation.py:57}}
May 22 11:53:55.859336 np0000001259 devstack@g-api.service[98867]: DEBUG glance.api.middleware.version_negotiation [None req-d4f95225-d1d1-4631-a735-026723003150 tempest-TestStampPattern-1767661724 tempest-TestStampPattern-1767661724-project-member] Matched version: v2 {{(pid=98867) process_request /opt/stack/glance/glance/api/middleware/version_negotiation.py:69}}
May 22 11:53:55.859440 np0000001259 devstack@g-api.service[98867]: DEBUG glance.api.middleware.version_negotiation [None req-d4f95225-d1d1-4631-a735-026723003150 tempest-TestStampPattern-1767661724 tempest-TestStampPattern-1767661724-project-member] new path /v2/images/6aff0f52-1c94-4878-b13c-05b64226306f/file {{(pid=98867) process_request /opt/stack/glance/glance/api/middleware/version_negotiation.py:70}}
May 22 11:53:55.919260 np0000001259 devstack@g-api.service[98868]: DEBUG glance.location [None req-1144ef66-d329-4bd1-9c3b-138d5f4bc414 tempest-TestStampPattern-1767661724 tempest-TestStampPattern-1767661724-project-member] Enabling in-flight format inspection for qcow2 {{(pid=98868) set_data /opt/stack/glance/glance/location.py:616}}
May 22 11:53:55.919674 np0000001259 devstack@g-api.service[98868]: DEBUG glance_store.backend [None req-1144ef66-d329-4bd1-9c3b-138d5f4bc414 tempest-TestStampPattern-1767661724 tempest-TestStampPattern-1767661724-project-member] Attempting to import store swift {{(pid=98868) _load_store /opt/stack/data/venv/lib/python3.12/site-packages/glance_store/backend.py:215}}
May 22 11:53:55.921080 np0000001259 devstack@g-api.service[98868]: DEBUG glance_store.capabilities [None req-1144ef66-d329-4bd1-9c3b-138d5f4bc414 tempest-TestStampPattern-1767661724 tempest-TestStampPattern-1767661724-project-member] Store glance_store._drivers.swift.store.SingleTenantStore doesn't support updating dynamic storage capabilities. Please overwrite 'update_capabilities' method of the store to implement updating logics if needed. {{(pid=98868) update_capabilities /opt/stack/data/venv/lib/python3.12/site-packages/glance_store/capabilities.py:91}}
May 22 11:53:55.921398 np0000001259 devstack@g-api.service[98868]: DEBUG glance_store.driver [None req-1144ef66-d329-4bd1-9c3b-138d5f4bc414 tempest-TestStampPattern-1767661724 tempest-TestStampPattern-1767661724-project-member] Late loading location class glance_store._drivers.swift.store.StoreLocation {{(pid=98868) get_store_location_class /opt/stack/data/venv/lib/python3.12/site-packages/glance_store/driver.py:134}}
May 22 11:53:55.921522 np0000001259 devstack@g-api.service[98868]: DEBUG glance_store.location [None req-1144ef66-d329-4bd1-9c3b-138d5f4bc414 tempest-TestStampPattern-1767661724 tempest-TestStampPattern-1767661724-project-member] Registering scheme swift+https with {'store': , 'location_class': , 'store_entry': 'swift'} {{(pid=98868) register_scheme_map /opt/stack/data/venv/lib/python3.12/site-packages/glance_store/location.py:146}}
May 22 11:53:55.921615 np0000001259 devstack@g-api.service[98868]: DEBUG glance_store.location [None req-1144ef66-d329-4bd1-9c3b-138d5f4bc414 tempest-TestStampPattern-1767661724 tempest-TestStampPattern-1767661724-project-member] Registering scheme swift+https with {'store': , 'location_class': , 'store_entry': 'swift'} {{(pid=98868) register_scheme_map /opt/stack/data/venv/lib/python3.12/site-packages/glance_store/location.py:146}}
May 22 11:53:55.921696 np0000001259 devstack@g-api.service[98868]: DEBUG glance_store.location [None req-1144ef66-d329-4bd1-9c3b-138d5f4bc414 tempest-TestStampPattern-1767661724 tempest-TestStampPattern-1767661724-project-member] Registering scheme swift with {'store': , 'location_class': , 'store_entry': 'swift'} {{(pid=98868) register_scheme_map /opt/stack/data/venv/lib/python3.12/site-packages/glance_store/location.py:146}}
May 22 11:53:55.921800 np0000001259 devstack@g-api.service[98868]: DEBUG glance_store.location [None req-1144ef66-d329-4bd1-9c3b-138d5f4bc414 tempest-TestStampPattern-1767661724 tempest-TestStampPattern-1767661724-project-member] Registering scheme swift+https with {'store': , 'location_class': , 'store_entry': 'swift'} {{(pid=98868) register_scheme_map /opt/stack/data/venv/lib/python3.12/site-packages/glance_store/location.py:146}}
May 22 11:53:55.924965 np0000001259 devstack@g-api.service[98868]: DEBUG glance_store.location [None req-1144ef66-d329-4bd1-9c3b-138d5f4bc414 tempest-TestStampPattern-1767661724 tempest-TestStampPattern-1767661724-project-member] Registering scheme swift with {'store': , 'location_class': , 'store_entry': 'swift'} {{(pid=98868) register_scheme_map /opt/stack/data/venv/lib/python3.12/site-packages/glance_store/location.py:146}}
May 22 11:53:55.924965 np0000001259 devstack@g-api.service[98868]: DEBUG glance_store.location [None req-1144ef66-d329-4bd1-9c3b-138d5f4bc414 tempest-TestStampPattern-1767661724 tempest-TestStampPattern-1767661724-project-member] Registering scheme swift+http with {'store': , 'location_class': , 'store_entry': 'swift'} {{(pid=98868) register_scheme_map /opt/stack/data/venv/lib/python3.12/site-packages/glance_store/location.py:146}}
May 22 11:53:55.924965 np0000001259 devstack@g-api.service[98868]: DEBUG glance_store.location [None req-1144ef66-d329-4bd1-9c3b-138d5f4bc414 tempest-TestStampPattern-1767661724 tempest-TestStampPattern-1767661724-project-member] Registering scheme swift+https with {'store': , 'location_class': , 'store_entry': 'swift'} {{(pid=98868) register_scheme_map /opt/stack/data/venv/lib/python3.12/site-packages/glance_store/location.py:146}}
May 22 11:53:55.924965 np0000001259 devstack@g-api.service[98868]: DEBUG glance_store.location [None req-1144ef66-d329-4bd1-9c3b-138d5f4bc414 tempest-TestStampPattern-1767661724 tempest-TestStampPattern-1767661724-project-member] Registering scheme swift with {'store': , 'location_class': , 'store_entry': 'swift'} {{(pid=98868) register_scheme_map /opt/stack/data/venv/lib/python3.12/site-packages/glance_store/location.py:146}}
May 22 11:53:55.924965 np0000001259 devstack@g-api.service[98868]: DEBUG glance_store.location [None req-1144ef66-d329-4bd1-9c3b-138d5f4bc414 tempest-TestStampPattern-1767661724 tempest-TestStampPattern-1767661724-project-member] Registering scheme swift+http with {'store': , 'location_class': , 'store_entry': 'swift'} {{(pid=98868) register_scheme_map /opt/stack/data/venv/lib/python3.12/site-packages/glance_store/location.py:146}}
