May 22 11:51:17.000862 np0000001259 devstack@g-api.service[98867]: DEBUG keystoneclient.auth.identity.v3.base [None req-4b633862-1d07-48f0-928f-d4f8619cc38c tempest-AttachVolumeShelveTestJSON-1624145009 tempest-AttachVolumeShelveTestJSON-1624145009-project-member] {"token": {"methods": ["password"], "user": {"domain": {"id": "default", "name": "Default"}, "id": "d1bed507dd30418a923ced690324592d", "name": "glance-swift", "password_expires_at": null}, "audit_ids": ["i_0wlFqPSyqpGDFs0oo2nQ"], "expires_at": "2026-05-22T12:51:16.000000Z", "issued_at": "2026-05-22T11:51:16.000000Z", "project": {"domain": {"id": "default", "name": "Default"}, "id": "993483a78ea8432187742f56abea1657", "name": "service"}, "is_domain": false, "roles": [{"id": "86b3cc1708e14287b37a705019fabf96", "name": "service"}, {"id": "29e07e4e027143cca4e96665421ca531", "name": "ResellerAdmin"}], "catalog": [{"endpoints": [{"id": "356fc21ee0b54bed9615eeddefa41430", "interface": "admin", "region_id": "RegionOne", "url": "https://10.4.3.227:8080", "region": "RegionOne"}, {"id": "cb5f6cd0d7ce4199b9279fb5cfeb8c5e", "interface": "public", "region_id": "RegionOne", "url": "https://10.4.3.227:8080/v1/AUTH_993483a78ea8432187742f56abea1657", "region": "RegionOne"}], "id": "0be18a142c2641999d80bd908ce5d2df", "type": "object-store", "name": "swift"}, {"endpoints": [{"id": "4a4918a17f6d498cb7f0c3a2eccf3201", "interface": "public", "region_id": "RegionOne", "url": "https://10.4.3.227/networking", "region": "RegionOne"}], "id": "27c0e83cc14149119c702fca169986a8", "type": "network", "name": "neutron"}, {"endpoints": [{"id": "ba8032dd390a4d80a4b3b9564c6c01e7", "interface": "public", "region_id": "RegionOne", "url": "https://10.4.3.227/image", "region": "RegionOne"}], "id": "72f667e0c5194ef2b8c6a3a918727766", "type": "image", "name": "glance"}, {"endpoints": [{"id": "02c0a74423ef4cb09bd2c44b7bcb65b4", "interface": "public", "region_id": "RegionOne", "url": "https://10.4.3.227/compute/v2.1", "region": "RegionOne"}], "id": "73897871e3fb4d508b4db95c804d91bd", "type": "compute", "name": "nova"}, {"endpoints": [{"id": "fd5518f3f3514a13b733ae3d25f8ca75", "interface": "public", "region_id": "RegionOne", "url": "https://10.4.3.227/identity", "region": "RegionOne"}], "id": "953a83c046104128853adfe08a8adf30", "type": "identity", "name": "keystone"}, {"endpoints": [{"id": "708f0ad934a8423db92f11f0fb729ead", "interface": "public", "region_id": "RegionOne", "url": "https://10.4.3.227/volume/v3", "region": "RegionOne"}], "id": "b6ddcfdab1f2481d838e24ec092324ef", "type": "block-storage", "name": "cinder"}, {"endpoints": [{"id": "71172b65eec1414fa8fd73984fc216d9", "interface": "public", "region_id": "RegionOne", "url": "https://10.4.3.227/placement", "region": "RegionOne"}], "id": "db01954460e044fd88e9f2a6d69e7b47", "type": "placement", "name": "placement"}, {"endpoints": [{"id": "f31cb0ea8e5741318c0f925bc1e949e7", "interface": "public", "region_id": "RegionOne", "url": "https://10.4.3.227/compute/v2/993483a78ea8432187742f56abea1657", "region": "RegionOne"}], "id": "ec5df95e2fb144cea550e5c966dea99a", "type": "compute_legacy", "name": "nova_legacy"}]}} {{(pid=98867) get_auth_ref /opt/stack/data/venv/lib/python3.12/site-packages/keystoneclient/auth/identity/v3/base.py:190}}
May 22 11:51:17.001235 np0000001259 devstack@g-api.service[98867]: DEBUG keystoneclient.httpclient [None req-4b633862-1d07-48f0-928f-d4f8619cc38c tempest-AttachVolumeShelveTestJSON-1624145009 tempest-AttachVolumeShelveTestJSON-1624145009-project-member] Failed to find endpoint for management url admin endpoint for identity service not found {{(pid=98867) _process_management_url /opt/stack/data/venv/lib/python3.12/site-packages/keystoneclient/httpclient.py:670}}
May 22 11:51:17.130813 np0000001259 devstack@g-api.service[98868]: DEBUG swiftclient [None req-f0f96758-625a-41e5-82c8-73d82309fadf tempest-TestInstancesWithCinderVolumes-2089623541 tempest-TestInstancesWithCinderVolumes-2089623541-project-member] REQ: curl -i https://10.4.3.227:8080/v1/AUTH_993483a78ea8432187742f56abea1657/glance -I -H "X-Auth-Token: gAAAAABqEEM0ST7J..." {{(pid=98868) http_log /opt/stack/data/venv/lib/python3.12/site-packages/swiftclient/client.py:160}}
May 22 11:51:17.130813 np0000001259 devstack@g-api.service[98868]: DEBUG swiftclient [None req-f0f96758-625a-41e5-82c8-73d82309fadf tempest-TestInstancesWithCinderVolumes-2089623541 tempest-TestInstancesWithCinderVolumes-2089623541-project-member] RESP STATUS: 204 No Content {{(pid=98868) http_log /opt/stack/data/venv/lib/python3.12/site-packages/swiftclient/client.py:161}}
May 22 11:51:17.131272 np0000001259 devstack@g-api.service[98868]: DEBUG swiftclient [None req-f0f96758-625a-41e5-82c8-73d82309fadf tempest-TestInstancesWithCinderVolumes-2089623541 tempest-TestInstancesWithCinderVolumes-2089623541-project-member] RESP HEADERS: {'Date': 'Fri, 22 May 2026 11:51:17 GMT', 'Server': 'Apache/2.4.58 (Ubuntu)', 'Content-Type': 'text/plain; charset=utf-8', 'X-Container-Object-Count': '11', 'X-Container-Bytes-Used': '186712064', 'X-Timestamp': '1779450280.30466', 'Last-Modified': 'Fri, 22 May 2026 11:44:41 GMT', 'Accept-Ranges': 'bytes', 'X-Storage-Policy': 'Policy-0', 'X-Container-Sharding': 'False', 'Vary': 'Accept', 'X-Trans-Id': 'txd0bbe99aa62b4e01a933a-006a104334', 'X-Openstack-Request-Id': 'txd0bbe99aa62b4e01a933a-006a104334', 'Connection': 'close'} {{(pid=98868) http_log /opt/stack/data/venv/lib/python3.12/site-packages/swiftclient/client.py:162}}
May 22 11:51:17.131533 np0000001259 devstack@g-api.service[98868]: DEBUG glance_store._drivers.swift.store [None req-f0f96758-625a-41e5-82c8-73d82309fadf tempest-TestInstancesWithCinderVolumes-2089623541 tempest-TestInstancesWithCinderVolumes-2089623541-project-member] Adding image object 'd115e334-b3aa-49b5-8253-56d9a564b6bf' to Swift {{(pid=98868) add /opt/stack/data/venv/lib/python3.12/site-packages/glance_store/_drivers/swift/store.py:978}}
May 22 11:51:17.131663 np0000001259 devstack@g-api.service[98868]: DEBUG glance_store._drivers.swift.store [None req-f0f96758-625a-41e5-82c8-73d82309fadf tempest-TestInstancesWithCinderVolumes-2089623541 tempest-TestInstancesWithCinderVolumes-2089623541-project-member] Cannot determine image size because it is either not provided in the request or chunked-transfer encoding is used. Adding image as a segmented object to Swift. {{(pid=98868) add /opt/stack/data/venv/lib/python3.12/site-packages/glance_store/_drivers/swift/store.py:1002}}
May 22 11:51:17.145018 np0000001259 devstack@g-api.service[98868]: DEBUG oslo_utils.imageutils.format_inspector [None req-f0f96758-625a-41e5-82c8-73d82309fadf tempest-TestInstancesWithCinderVolumes-2089623541 tempest-TestInstancesWithCinderVolumes-2089623541-project-member] Format inspector for vmdk does not match, excluding from consideration (Signature KDMV not found: b'QFI\xfb') {{(pid=98868) _process_chunk /opt/stack/data/venv/lib/python3.12/site-packages/oslo_utils/imageutils/format_inspector.py:1538}}
May 22 11:51:17.148214 np0000001259 devstack@g-api.service[98868]: DEBUG oslo_utils.imageutils.format_inspector [None req-f0f96758-625a-41e5-82c8-73d82309fadf tempest-TestInstancesWithCinderVolumes-2089623541 tempest-TestInstancesWithCinderVolumes-2089623541-project-member] Format inspector for vhdx does not match, excluding from consideration (Region signature not found at 30000) {{(pid=98868) _process_chunk /opt/stack/data/venv/lib/python3.12/site-packages/oslo_utils/imageutils/format_inspector.py:1538}}
May 22 11:51:17.173631 np0000001259 devstack@g-api.service[98867]: DEBUG swiftclient [None req-4b633862-1d07-48f0-928f-d4f8619cc38c tempest-AttachVolumeShelveTestJSON-1624145009 tempest-AttachVolumeShelveTestJSON-1624145009-project-member] REQ: curl -i https://10.4.3.227:8080/v1/AUTH_993483a78ea8432187742f56abea1657/glance/d7aed485-4b48-40f9-9f27-08c76d286ea6 -I -H "X-Auth-Token: gAAAAABqEEM0t3Cl..." {{(pid=98867) http_log /opt/stack/data/venv/lib/python3.12/site-packages/swiftclient/client.py:160}}
May 22 11:51:17.175320 np0000001259 devstack@g-api.service[98867]: DEBUG swiftclient [None req-4b633862-1d07-48f0-928f-d4f8619cc38c tempest-AttachVolumeShelveTestJSON-1624145009 tempest-AttachVolumeShelveTestJSON-1624145009-project-member] RESP STATUS: 200 OK {{(pid=98867) http_log /opt/stack/data/venv/lib/python3.12/site-packages/swiftclient/client.py:161}}
May 22 11:51:17.176095 np0000001259 devstack@g-api.service[98867]: DEBUG swiftclient [None req-4b633862-1d07-48f0-928f-d4f8619cc38c tempest-AttachVolumeShelveTestJSON-1624145009 tempest-AttachVolumeShelveTestJSON-1624145009-project-member] RESP HEADERS: {'Date': 'Fri, 22 May 2026 11:51:17 GMT', 'Server': 'Apache/2.4.58 (Ubuntu)', 'Content-Type': 'application/octet-stream', 'Content-Length': '53608448', 'X-Object-Manifest': 'glance/d7aed485-4b48-40f9-9f27-08c76d286ea6-', 'Last-Modified': 'Fri, 22 May 2026 11:50:45 GMT', 'X-Timestamp': '1779450644.77902', 'Accept-Ranges': 'bytes', 'Etag': '"28250c2f22e809a126864ac9ba246694"', 'X-Trans-Id': 'tx380d36b22b49440490a8c-006a104335', 'X-Openstack-Request-Id': 'tx380d36b22b49440490a8c-006a104335', 'Connection': 'close'} {{(pid=98867) http_log /opt/stack/data/venv/lib/python3.12/site-packages/swiftclient/client.py:162}}
May 22 11:51:17.206100 np0000001259 devstack@g-api.service[98867]: DEBUG swiftclient [None req-4b633862-1d07-48f0-928f-d4f8619cc38c tempest-AttachVolumeShelveTestJSON-1624145009 tempest-AttachVolumeShelveTestJSON-1624145009-project-member] REQ: curl -i https://10.4.3.227:8080/v1/AUTH_993483a78ea8432187742f56abea1657/glance?format=json&prefix=d7aed485-4b48-40f9-9f27-08c76d286ea6- -X GET -H "X-Auth-Token: gAAAAABqEEM0t3Cl..." -H "Accept-Encoding: gzip" {{(pid=98867) http_log /opt/stack/data/venv/lib/python3.12/site-packages/swiftclient/client.py:160}}
May 22 11:51:17.206220 np0000001259 devstack@g-api.service[98867]: DEBUG swiftclient [None req-4b633862-1d07-48f0-928f-d4f8619cc38c tempest-AttachVolumeShelveTestJSON-1624145009 tempest-AttachVolumeShelveTestJSON-1624145009-project-member] RESP STATUS: 200 OK {{(pid=98867) http_log /opt/stack/data/venv/lib/python3.12/site-packages/swiftclient/client.py:161}}
May 22 11:51:17.206464 np0000001259 devstack@g-api.service[98867]: DEBUG swiftclient [None req-4b633862-1d07-48f0-928f-d4f8619cc38c tempest-AttachVolumeShelveTestJSON-1624145009 tempest-AttachVolumeShelveTestJSON-1624145009-project-member] RESP HEADERS: {'Date': 'Fri, 22 May 2026 11:51:17 GMT', 'Server': 'Apache/2.4.58 (Ubuntu)', 'Content-Type': 'application/json; charset=utf-8', 'Content-Length': '210', 'X-Container-Object-Count': '11', 'X-Container-Bytes-Used': '186712064', 'X-Timestamp': '1779450280.30466', 'Last-Modified': 'Fri, 22 May 2026 11:44:41 GMT', 'Accept-Ranges': 'bytes', 'X-Storage-Policy': 'Policy-0', 'X-Container-Sharding': 'False', 'X-Trans-Id': 'txe71e479c3ac34938bee3b-006a104335', 'X-Openstack-Request-Id': 'txe71e479c3ac34938bee3b-006a104335', 'Connection': 'close'} {{(pid=98867) http_log /opt/stack/data/venv/lib/python3.12/site-packages/swiftclient/client.py:162}}
May 22 11:51:17.206729 np0000001259 devstack@g-api.service[98867]: DEBUG swiftclient [None req-4b633862-1d07-48f0-928f-d4f8619cc38c tempest-AttachVolumeShelveTestJSON-1624145009 tempest-AttachVolumeShelveTestJSON-1624145009-project-member] RESP BODY: b'[{"bytes": 53608448, "hash": "904a9bd139c439f74fd14036b3eb5d72", "name": "d7aed485-4b48-40f9-9f27-08c76d286ea6-00001", "content_type": "application/octet-stream", "last_modified": "2026-05-22T11:50:44.183730"}]' {{(pid=98867) http_log /opt/stack/data/venv/lib/python3.12/site-packages/swiftclient/client.py:166}}
May 22 11:51:17.277943 np0000001259 devstack@g-api.service[98867]: DEBUG swiftclient [None req-4b633862-1d07-48f0-928f-d4f8619cc38c tempest-AttachVolumeShelveTestJSON-1624145009 tempest-AttachVolumeShelveTestJSON-1624145009-project-member] REQ: curl -i https://10.4.3.227:8080/v1/AUTH_993483a78ea8432187742f56abea1657/glance/d7aed485-4b48-40f9-9f27-08c76d286ea6-00001 DELETE -H "X-Auth-Token: gAAAAABqEEM0t3Cl..." {{(pid=98867) http_log /opt/stack/data/venv/lib/python3.12/site-packages/swiftclient/client.py:160}}
May 22 11:51:17.277943 np0000001259 devstack@g-api.service[98867]: DEBUG swiftclient [None req-4b633862-1d07-48f0-928f-d4f8619cc38c tempest-AttachVolumeShelveTestJSON-1624145009 tempest-AttachVolumeShelveTestJSON-1624145009-project-member] RESP STATUS: 204 No Content {{(pid=98867) http_log /opt/stack/data/venv/lib/python3.12/site-packages/swiftclient/client.py:161}}
May 22 11:51:17.278245 np0000001259 devstack@g-api.service[98867]: DEBUG swiftclient [None req-4b633862-1d07-48f0-928f-d4f8619cc38c tempest-AttachVolumeShelveTestJSON-1624145009 tempest-AttachVolumeShelveTestJSON-1624145009-project-member] RESP HEADERS: {'Date': 'Fri, 22 May 2026 11:51:17 GMT', 'Server': 'Apache/2.4.58 (Ubuntu)', 'Content-Type': 'text/html; charset=UTF-8', 'X-Trans-Id': 'txfef76f3e00e1445a9e0c4-006a104335', 'X-Openstack-Request-Id': 'txfef76f3e00e1445a9e0c4-006a104335', 'Connection': 'close'} {{(pid=98867) http_log /opt/stack/data/venv/lib/python3.12/site-packages/swiftclient/client.py:162}}
May 22 11:51:17.466580 np0000001259 devstack@g-api.service[98868]: DEBUG swiftclient [None req-f0f96758-625a-41e5-82c8-73d82309fadf tempest-TestInstancesWithCinderVolumes-2089623541 tempest-TestInstancesWithCinderVolumes-2089623541-project-member] REQ: curl -i https://10.4.3.227:8080/v1/AUTH_993483a78ea8432187742f56abea1657/glance/d115e334-b3aa-49b5-8253-56d9a564b6bf-00001 -X PUT -H "X-Auth-Token: gAAAAABqEEM0ST7J..." {{(pid=98868) http_log /opt/stack/data/venv/lib/python3.12/site-packages/swiftclient/client.py:160}}
May 22 11:51:17.467091 np0000001259 devstack@g-api.service[98868]: DEBUG swiftclient [None req-f0f96758-625a-41e5-82c8-73d82309fadf tempest-TestInstancesWithCinderVolumes-2089623541 tempest-TestInstancesWithCinderVolumes-2089623541-project-member] RESP STATUS: 201 Created {{(pid=98868) http_log /opt/stack/data/venv/lib/python3.12/site-packages/swiftclient/client.py:161}}
May 22 11:51:17.467162 np0000001259 devstack@g-api.service[98868]: DEBUG swiftclient [None req-f0f96758-625a-41e5-82c8-73d82309fadf tempest-TestInstancesWithCinderVolumes-2089623541 tempest-TestInstancesWithCinderVolumes-2089623541-project-member] RESP HEADERS: {'Date': 'Fri, 22 May 2026 11:51:17 GMT', 'Server': 'Apache/2.4.58 (Ubuntu)', 'Content-Type': 'text/html; charset=UTF-8', 'Content-Length': '0', 'Etag': '87617e24a5e30cb3b87fda8c0764838f', 'Last-Modified': 'Fri, 22 May 2026 11:51:18 GMT', 'X-Trans-Id': 'tx3d2f82b96a454cbf8e371-006a104335', 'X-Openstack-Request-Id': 'tx3d2f82b96a454cbf8e371-006a104335', 'Connection': 'close'} {{(pid=98868) http_log /opt/stack/data/venv/lib/python3.12/site-packages/swiftclient/client.py:162}}
May 22 11:51:17.468439 np0000001259 devstack@g-api.service[98868]: DEBUG glance_store._drivers.swift.store [None req-f0f96758-625a-41e5-82c8-73d82309fadf tempest-TestInstancesWithCinderVolumes-2089623541 tempest-TestInstancesWithCinderVolumes-2089623541-project-member] Wrote chunk d115e334-b3aa-49b5-8253-56d9a564b6bf-00001 (1/?) of length 21692416 to Swift returning MD5 of content: 87617e24a5e30cb3b87fda8c0764838f {{(pid=98868) add /opt/stack/data/venv/lib/python3.12/site-packages/glance_store/_drivers/swift/store.py:1067}}
May 22 11:51:17.468439 np0000001259 devstack@g-api.service[98868]: DEBUG glance_store._drivers.swift.store [None req-f0f96758-625a-41e5-82c8-73d82309fadf tempest-TestInstancesWithCinderVolumes-2089623541 tempest-TestInstancesWithCinderVolumes-2089623541-project-member] Not writing zero-length chunk. {{(pid=98868) add /opt/stack/data/venv/lib/python3.12/site-packages/glance_store/_drivers/swift/store.py:1036}}
May 22 11:51:17.468559 np0000001259 devstack@g-api.service[98867]: DEBUG swiftclient [None req-4b633862-1d07-48f0-928f-d4f8619cc38c tempest-AttachVolumeShelveTestJSON-1624145009 tempest-AttachVolumeShelveTestJSON-1624145009-project-member] REQ: curl -i https://10.4.3.227:8080/v1/AUTH_993483a78ea8432187742f56abea1657/glance/d7aed485-4b48-40f9-9f27-08c76d286ea6 DELETE -H "X-Auth-Token: gAAAAABqEEM0t3Cl..." {{(pid=98867) http_log /opt/stack/data/venv/lib/python3.12/site-packages/swiftclient/client.py:160}}
May 22 11:51:17.468559 np0000001259 devstack@g-api.service[98867]: DEBUG swiftclient [None req-4b633862-1d07-48f0-928f-d4f8619cc38c tempest-AttachVolumeShelveTestJSON-1624145009 tempest-AttachVolumeShelveTestJSON-1624145009-project-member] RESP STATUS: 204 No Content {{(pid=98867) http_log /opt/stack/data/venv/lib/python3.12/site-packages/swiftclient/client.py:161}}
May 22 11:51:17.468559 np0000001259 devstack@g-api.service[98867]: DEBUG swiftclient [None req-4b633862-1d07-48f0-928f-d4f8619cc38c tempest-AttachVolumeShelveTestJSON-1624145009 tempest-AttachVolumeShelveTestJSON-1624145009-project-member] RESP HEADERS: {'Date': 'Fri, 22 May 2026 11:51:17 GMT', 'Server': 'Apache/2.4.58 (Ubuntu)', 'Content-Type': 'text/html; charset=UTF-8', 'X-Trans-Id': 'txeb086a74a195492184c8b-006a104335', 'X-Openstack-Request-Id': 'txeb086a74a195492184c8b-006a104335', 'Connection': 'close'} {{(pid=98867) http_log /opt/stack/data/venv/lib/python3.12/site-packages/swiftclient/client.py:162}}
May 22 11:51:17.495339 np0000001259 devstack@g-api.service[98868]: DEBUG swiftclient [None req-f0f96758-625a-41e5-82c8-73d82309fadf tempest-TestInstancesWithCinderVolumes-2089623541 tempest-TestInstancesWithCinderVolumes-2089623541-project-member] REQ: curl -i https://10.4.3.227:8080/v1/AUTH_993483a78ea8432187742f56abea1657/glance/d115e334-b3aa-49b5-8253-56d9a564b6bf -X PUT -H "X-Object-Manifest: glance/d115e334-b3aa-49b5-8253-56d9a564b6bf-" -H "X-Auth-Token: gAAAAABqEEM0ST7J..." -H "Content-Length: 0" {{(pid=98868) http_log /opt/stack/data/venv/lib/python3.12/site-packages/swiftclient/client.py:160}}
May 22 11:51:17.495462 np0000001259 devstack@g-api.service[98868]: DEBUG swiftclient [None req-f0f96758-625a-41e5-82c8-73d82309fadf tempest-TestInstancesWithCinderVolumes-2089623541 tempest-TestInstancesWithCinderVolumes-2089623541-project-member] RESP STATUS: 201 Created {{(pid=98868) http_log /opt/stack/data/venv/lib/python3.12/site-packages/swiftclient/client.py:161}}
May 22 11:51:17.495667 np0000001259 devstack@g-api.service[98868]: DEBUG swiftclient [None req-f0f96758-625a-41e5-82c8-73d82309fadf tempest-TestInstancesWithCinderVolumes-2089623541 tempest-TestInstancesWithCinderVolumes-2089623541-project-member] RESP HEADERS: {'Date': 'Fri, 22 May 2026 11:51:17 GMT', 'Server': 'Apache/2.4.58 (Ubuntu)', 'Content-Type': 'text/html; charset=UTF-8', 'Content-Length': '0', 'Etag': 'd41d8cd98f00b204e9800998ecf8427e', 'Last-Modified': 'Fri, 22 May 2026 11:51:18 GMT', 'X-Trans-Id': 'txc22524f505724164a8d88-006a104335', 'X-Openstack-Request-Id': 'txc22524f505724164a8d88-006a104335', 'Connection': 'close'} {{(pid=98868) http_log /opt/stack/data/venv/lib/python3.12/site-packages/swiftclient/client.py:162}}
May 22 11:51:17.496151 np0000001259 devstack@g-api.service[98868]: INFO glance.location [None req-f0f96758-625a-41e5-82c8-73d82309fadf tempest-TestInstancesWithCinderVolumes-2089623541 tempest-TestInstancesWithCinderVolumes-2089623541-project-member] Image format matched and virtual size computed: 117440512
May 22 11:51:17.526049 np0000001259 devstack@g-api.service[98868]: DEBUG glance_store.backend [None req-f0f96758-625a-41e5-82c8-73d82309fadf tempest-TestInstancesWithCinderVolumes-2089623541 tempest-TestInstancesWithCinderVolumes-2089623541-project-member] Attempting to import store swift {{(pid=98868) _load_store /opt/stack/data/venv/lib/python3.12/site-packages/glance_store/backend.py:215}}
May 22 11:51:17.528107 np0000001259 devstack@g-api.service[98868]: DEBUG glance_store.capabilities [None req-f0f96758-625a-41e5-82c8-73d82309fadf tempest-TestInstancesWithCinderVolumes-2089623541 tempest-TestInstancesWithCinderVolumes-2089623541-project-member] Store glance_store._drivers.swift.store.SingleTenantStore doesn't support updating dynamic storage capabilities. Please overwrite 'update_capabilities' method of the store to implement updating logics if needed. {{(pid=98868) update_capabilities /opt/stack/data/venv/lib/python3.12/site-packages/glance_store/capabilities.py:91}}
May 22 11:51:17.528296 np0000001259 devstack@g-api.service[98868]: DEBUG glance_store.driver [None req-f0f96758-625a-41e5-82c8-73d82309fadf tempest-TestInstancesWithCinderVolumes-2089623541 tempest-TestInstancesWithCinderVolumes-2089623541-project-member] Late loading location class glance_store._drivers.swift.store.StoreLocation {{(pid=98868) get_store_location_class /opt/stack/data/venv/lib/python3.12/site-packages/glance_store/driver.py:134}}
May 22 11:51:17.528296 np0000001259 devstack@g-api.service[98868]: DEBUG glance_store.location [None req-f0f96758-625a-41e5-82c8-73d82309fadf tempest-TestInstancesWithCinderVolumes-2089623541 tempest-TestInstancesWithCinderVolumes-2089623541-project-member] Registering scheme swift+https with {'store': , 'location_class': , 'store_entry': 'swift'} {{(pid=98868) register_scheme_map /opt/stack/data/venv/lib/python3.12/site-packages/glance_store/location.py:146}}
May 22 11:51:17.528296 np0000001259 devstack@g-api.service[98868]: DEBUG glance_store.location [None req-f0f96758-625a-41e5-82c8-73d82309fadf tempest-TestInstancesWithCinderVolumes-2089623541 tempest-TestInstancesWithCinderVolumes-2089623541-project-member] Registering scheme swift+https with {'store': , 'location_class': , 'store_entry': 'swift'} {{(pid=98868) register_scheme_map /opt/stack/data/venv/lib/python3.12/site-packages/glance_store/location.py:146}}
May 22 11:51:17.528296 np0000001259 devstack@g-api.service[98868]: DEBUG glance_store.location [None req-f0f96758-625a-41e5-82c8-73d82309fadf tempest-TestInstancesWithCinderVolumes-2089623541 tempest-TestInstancesWithCinderVolumes-2089623541-project-member] Registering scheme swift with {'store': , 'location_class': , 'store_entry': 'swift'} {{(pid=98868) register_scheme_map /opt/stack/data/venv/lib/python3.12/site-packages/glance_store/location.py:146}}
May 22 11:51:17.528927 np0000001259 devstack@g-api.service[98868]: DEBUG glance_store.location [None req-f0f96758-625a-41e5-82c8-73d82309fadf tempest-TestInstancesWithCinderVolumes-2089623541 tempest-TestInstancesWithCinderVolumes-2089623541-project-member] Registering scheme swift+https with {'store': , 'location_class': , 'store_entry': 'swift'} {{(pid=98868) register_scheme_map /opt/stack/data/venv/lib/python3.12/site-packages/glance_store/location.py:146}}
May 22 11:51:17.528927 np0000001259 devstack@g-api.service[98868]: DEBUG glance_store.location [None req-f0f96758-625a-41e5-82c8-73d82309fadf tempest-TestInstancesWithCinderVolumes-2089623541 tempest-TestInstancesWithCinderVolumes-2089623541-project-member] Registering scheme swift with {'store': , 'location_class': , 'store_entry': 'swift'} {{(pid=98868) register_scheme_map /opt/stack/data/venv/lib/python3.12/site-packages/glance_store/location.py:146}}
May 22 11:51:17.529073 np0000001259 devstack@g-api.service[98868]: DEBUG glance_store.location [None req-f0f96758-625a-41e5-82c8-73d82309fadf tempest-TestInstancesWithCinderVolumes-2089623541 tempest-TestInstancesWithCinderVolumes-2089623541-project-member] Registering scheme swift+http with {'store': , 'location_class': , 'store_entry': 'swift'} {{(pid=98868) register_scheme_map /opt/stack/data/venv/lib/python3.12/site-packages/glance_store/location.py:146}}
May 22 11:51:17.529140 np0000001259 devstack@g-api.service[98868]: DEBUG glance_store.location [None req-f0f96758-625a-41e5-82c8-73d82309fadf tempest-TestInstancesWithCinderVolumes-2089623541 tempest-TestInstancesWithCinderVolumes-2089623541-project-member] Registering scheme swift+https with {'store': , 'location_class': , 'store_entry': 'swift'} {{(pid=98868) register_scheme_map /opt/stack/data/venv/lib/python3.12/site-packages/glance_store/location.py:146}}
May 22 11:51:17.529249 np0000001259 devstack@g-api.service[98868]: DEBUG glance_store.location [None req-f0f96758-625a-41e5-82c8-73d82309fadf tempest-TestInstancesWithCinderVolumes-2089623541 tempest-TestInstancesWithCinderVolumes-2089623541-project-member] Registering scheme swift with {'store': , 'location_class': , 'store_entry': 'swift'} {{(pid=98868) register_scheme_map /opt/stack/data/venv/lib/python3.12/site-packages/glance_store/location.py:146}}
May 22 11:51:17.529495 np0000001259 devstack@g-api.service[98868]: DEBUG glance_store.location [None req-f0f96758-625a-41e5-82c8-73d82309fadf tempest-TestInstancesWithCinderVolumes-2089623541 tempest-TestInstancesWithCinderVolumes-2089623541-project-member] Registering scheme swift+http with {'store': , 'location_class': , 'store_entry': 'swift'} {{(pid=98868) register_scheme_map /opt/stack/data/venv/lib/python3.12/site-packages/glance_store/location.py:146}}
May 22 11:51:17.529658 np0000001259 devstack@g-api.service[98868]: DEBUG glance_store.location [None req-f0f96758-625a-41e5-82c8-73d82309fadf tempest-TestInstancesWithCinderVolumes-2089623541 tempest-TestInstancesWithCinderVolumes-2089623541-project-member] Registering scheme swift+config with {'store': , 'location_class': , 'store_entry': 'swift'} {{(pid=98868) register_scheme_map /opt/stack/data/venv/lib/python3.12/site-packages/glance_store/location.py:146}}
May 22 11:51:17.529802 np0000001259 devstack@g-api.service[98868]: DEBUG glance_store.backend [None req-f0f96758-625a-41e5-82c8-73d82309fadf tempest-TestInstancesWithCinderVolumes-2089623541 tempest-TestInstancesWithCinderVolumes-2089623541-project-member] Skipping store.set_acls... not implemented. {{(pid=98868) set_acls /opt/stack/data/venv/lib/python3.12/site-packages/glance_store/backend.py:507}}
May 22 11:51:17.532032 np0000001259 devstack@g-api.service[98868]: [pid: 98868|app: 0|req: 126/297] 127.0.0.1 () {40 vars in 858 bytes} [Fri May 22 11:51:15 2026] PUT /v2/images/d115e334-b3aa-49b5-8253-56d9a564b6bf/file => generated 0 bytes in 1786 msecs (HTTP/1.1 204) 4 headers in 171 bytes (1 switches on core 0)
May 22 11:51:17.580467 np0000001259 devstack@g-api.service[98867]: DEBUG glance.api.middleware.cache [None req-4b633862-1d07-48f0-928f-d4f8619cc38c tempest-AttachVolumeShelveTestJSON-1624145009 tempest-AttachVolumeShelveTestJSON-1624145009-project-member] Removing image d7aed485-4b48-40f9-9f27-08c76d286ea6 from cache {{(pid=98867) _process_DELETE_response /opt/stack/glance/glance/api/middleware/cache.py:264}}
May 22 11:51:17.580724 np0000001259 devstack@g-api.service[98867]: DEBUG glance.image_cache.drivers.centralized_db [None req-4b633862-1d07-48f0-928f-d4f8619cc38c tempest-AttachVolumeShelveTestJSON-1624145009 tempest-AttachVolumeShelveTestJSON-1624145009-project-member] Deleting image cache file '/opt/stack/data/glance/cache/d7aed485-4b48-40f9-9f27-08c76d286ea6' {{(pid=98867) delete_cached_file /opt/stack/glance/glance/image_cache/drivers/centralized_db.py:395}}
May 22 11:51:17.603710 np0000001259 devstack@g-api.service[98867]: [pid: 98867|app: 0|req: 172/298] 127.0.0.1 () {46 vars in 1137 bytes} [Fri May 22 11:51:16 2026] DELETE /v2/images/d7aed485-4b48-40f9-9f27-08c76d286ea6 => generated 0 bytes in 717 msecs (HTTP/1.1 204) 4 headers in 171 bytes (1 switches on core 0)
May 22 11:51:18.189679 np0000001259 devstack@g-api.service[98868]: DEBUG glance.api.middleware.version_negotiation [None req-f0f96758-625a-41e5-82c8-73d82309fadf tempest-TestInstancesWithCinderVolumes-2089623541 tempest-TestInstancesWithCinderVolumes-2089623541-project-member] Determining version of request: GET /v2/images/d115e334-b3aa-49b5-8253-56d9a564b6bf Accept: application/json {{(pid=98868) process_request /opt/stack/glance/glance/api/middleware/version_negotiation.py:44}}
May 22 11:51:18.190552 np0000001259 devstack@g-api.service[98868]: DEBUG glance.api.middleware.version_negotiation [None req-f0f96758-625a-41e5-82c8-73d82309fadf tempest-TestInstancesWithCinderVolumes-2089623541 tempest-TestInstancesWithCinderVolumes-2089623541-project-member] Using url versioning {{(pid=98868) process_request /opt/stack/glance/glance/api/middleware/version_negotiation.py:57}}
May 22 11:51:18.190914 np0000001259 devstack@g-api.service[98868]: DEBUG glance.api.middleware.version_negotiation [None req-f0f96758-625a-41e5-82c8-73d82309fadf tempest-TestInstancesWithCinderVolumes-2089623541 tempest-TestInstancesWithCinderVolumes-2089623541-project-member] Matched version: v2 {{(pid=98868) process_request /opt/stack/glance/glance/api/middleware/version_negotiation.py:69}}
May 22 11:51:18.190998 np0000001259 devstack@g-api.service[98868]: DEBUG glance.api.middleware.version_negotiation [None req-f0f96758-625a-41e5-82c8-73d82309fadf tempest-TestInstancesWithCinderVolumes-2089623541 tempest-TestInstancesWithCinderVolumes-2089623541-project-member] new path /v2/images/d115e334-b3aa-49b5-8253-56d9a564b6bf {{(pid=98868) process_request /opt/stack/glance/glance/api/middleware/version_negotiation.py:70}}
May 22 11:51:18.207206 np0000001259 devstack@g-api.service[98868]: [pid: 98868|app: 0|req: 127/299] 127.0.0.1 () {40 vars in 838 bytes} [Fri May 22 11:51:18 2026] GET /v2/images/d115e334-b3aa-49b5-8253-56d9a564b6bf => generated 811 bytes in 18 msecs (HTTP/1.1 200) 4 headers in 157 bytes (1 switches on core 0)
May 22 11:51:18.260493 np0000001259 devstack@g-api.service[98867]: DEBUG glance.api.middleware.version_negotiation [None req-4b633862-1d07-48f0-928f-d4f8619cc38c tempest-AttachVolumeShelveTestJSON-1624145009 tempest-AttachVolumeShelveTestJSON-1624145009-project-member] Determining version of request: GET /v2/images/d115e334-b3aa-49b5-8253-56d9a564b6bf Accept: */* {{(pid=98867) process_request /opt/stack/glance/glance/api/middleware/version_negotiation.py:44}}
May 22 11:51:18.260836 np0000001259 devstack@g-api.service[98867]: DEBUG glance.api.middleware.version_negotiation [None req-4b633862-1d07-48f0-928f-d4f8619cc38c tempest-AttachVolumeShelveTestJSON-1624145009 tempest-AttachVolumeShelveTestJSON-1624145009-project-member] Using url versioning {{(pid=98867) process_request /opt/stack/glance/glance/api/middleware/version_negotiation.py:57}}
May 22 11:51:18.264555 np0000001259 devstack@g-api.service[98867]: DEBUG glance.api.middleware.version_negotiation [None req-4b633862-1d07-48f0-928f-d4f8619cc38c tempest-AttachVolumeShelveTestJSON-1624145009 tempest-AttachVolumeShelveTestJSON-1624145009-project-member] Matched version: v2 {{(pid=98867) process_request /opt/stack/glance/glance/api/middleware/version_negotiation.py:69}}
May 22 11:51:18.264938 np0000001259 devstack@g-api.service[98867]: DEBUG glance.api.middleware.version_negotiation [None req-4b633862-1d07-48f0-928f-d4f8619cc38c tempest-AttachVolumeShelveTestJSON-1624145009 tempest-AttachVolumeShelveTestJSON-1624145009-project-member] new path /v2/images/d115e334-b3aa-49b5-8253-56d9a564b6bf {{(pid=98867) process_request /opt/stack/glance/glance/api/middleware/version_negotiation.py:70}}
May 22 11:51:18.280910 np0000001259 devstack@g-api.service[98867]: [pid: 98867|app: 0|req: 173/300] 127.0.0.1 () {44 vars in 1115 bytes} [Fri May 22 11:51:18 2026] GET /v2/images/d115e334-b3aa-49b5-8253-56d9a564b6bf => generated 811 bytes in 20 msecs (HTTP/1.1 200) 4 headers in 157 bytes (1 switches on core 0)
May 22 11:51:18.296838 np0000001259 devstack@g-api.service[98868]: DEBUG glance.api.middleware.version_negotiation [None req-f9856608-aeef-4325-b906-ee01e47b8ee3 tempest-TestInstancesWithCinderVolumes-2089623541 tempest-TestInstancesWithCinderVolumes-2089623541-project-member] Determining version of request: GET /v2/schemas/image Accept: */* {{(pid=98868) process_request /opt/stack/glance/glance/api/middleware/version_negotiation.py:44}}
May 22 11:51:18.296838 np0000001259 devstack@g-api.service[98868]: DEBUG glance.api.middleware.version_negotiation [None req-f9856608-aeef-4325-b906-ee01e47b8ee3 tempest-TestInstancesWithCinderVolumes-2089623541 tempest-TestInstancesWithCinderVolumes-2089623541-project-member] Using url versioning {{(pid=98868) process_request /opt/stack/glance/glance/api/middleware/version_negotiation.py:57}}
May 22 11:51:18.296838 np0000001259 devstack@g-api.service[98868]: DEBUG glance.api.middleware.version_negotiation [None req-f9856608-aeef-4325-b906-ee01e47b8ee3 tempest-TestInstancesWithCinderVolumes-2089623541 tempest-TestInstancesWithCinderVolumes-2089623541-project-member] Matched version: v2 {{(pid=98868) process_request /opt/stack/glance/glance/api/middleware/version_negotiation.py:69}}
May 22 11:51:18.296956 np0000001259 devstack@g-api.service[98868]: DEBUG glance.api.middleware.version_negotiation [None req-f9856608-aeef-4325-b906-ee01e47b8ee3 tempest-TestInstancesWithCinderVolumes-2089623541 tempest-TestInstancesWithCinderVolumes-2089623541-project-member] new path /v2/schemas/image {{(pid=98868) process_request /opt/stack/glance/glance/api/middleware/version_negotiation.py:70}}
May 22 11:51:18.301188 np0000001259 devstack@g-api.service[98868]: [pid: 98868|app: 0|req: 128/301] 127.0.0.1 () {44 vars in 1055 bytes} [Fri May 22 11:51:18 2026] GET /v2/schemas/image => generated 6083 bytes in 5 msecs (HTTP/1.1 200) 4 headers in 158 bytes (1 switches on core 0)
May 22 11:51:18.319366 np0000001259 devstack@g-api.service[98867]: DEBUG glance.api.middleware.version_negotiation [None req-5b48ec9c-85f3-44e5-94c1-43fe9e972cb7 tempest-TestInstancesWithCinderVolumes-2089623541 tempest-TestInstancesWithCinderVolumes-2089623541-project-member] Determining version of request: GET /v2/schemas/image Accept: */* {{(pid=98867) process_request /opt/stack/glance/glance/api/middleware/version_negotiation.py:44}}
May 22 11:51:18.320323 np0000001259 devstack@g-api.service[98867]: DEBUG glance.api.middleware.version_negotiation [None req-5b48ec9c-85f3-44e5-94c1-43fe9e972cb7 tempest-TestInstancesWithCinderVolumes-2089623541 tempest-TestInstancesWithCinderVolumes-2089623541-project-member] Using url versioning {{(pid=98867) process_request /opt/stack/glance/glance/api/middleware/version_negotiation.py:57}}
May 22 11:51:18.320691 np0000001259 devstack@g-api.service[98867]: DEBUG glance.api.middleware.version_negotiation [None req-5b48ec9c-85f3-44e5-94c1-43fe9e972cb7 tempest-TestInstancesWithCinderVolumes-2089623541 tempest-TestInstancesWithCinderVolumes-2089623541-project-member] Matched version: v2 {{(pid=98867) process_request /opt/stack/glance/glance/api/middleware/version_negotiation.py:69}}
May 22 11:51:18.320932 np0000001259 devstack@g-api.service[98867]: DEBUG glance.api.middleware.version_negotiation [None req-5b48ec9c-85f3-44e5-94c1-43fe9e972cb7 tempest-TestInstancesWithCinderVolumes-2089623541 tempest-TestInstancesWithCinderVolumes-2089623541-project-member] new path /v2/schemas/image {{(pid=98867) process_request /opt/stack/glance/glance/api/middleware/version_negotiation.py:70}}
May 22 11:51:18.325157 np0000001259 devstack@g-api.service[98867]: [pid: 98867|app: 0|req: 174/302] 127.0.0.1 () {44 vars in 1055 bytes} [Fri May 22 11:51:18 2026] GET /v2/schemas/image => generated 6083 bytes in 6 msecs (HTTP/1.1 200) 4 headers in 158 bytes (1 switches on core 0)
May 22 11:51:18.337228 np0000001259 devstack@g-api.service[98868]: DEBUG glance.api.middleware.version_negotiation [None req-5b48ec9c-85f3-44e5-94c1-43fe9e972cb7 tempest-TestInstancesWithCinderVolumes-2089623541 tempest-TestInstancesWithCinderVolumes-2089623541-project-member] Determining version of request: GET /v2/images/d115e334-b3aa-49b5-8253-56d9a564b6bf Accept: */* {{(pid=98868) process_request /opt/stack/glance/glance/api/middleware/version_negotiation.py:44}}
May 22 11:51:18.337644 np0000001259 devstack@g-api.service[98868]: DEBUG glance.api.middleware.version_negotiation [None req-5b48ec9c-85f3-44e5-94c1-43fe9e972cb7 tempest-TestInstancesWithCinderVolumes-2089623541 tempest-TestInstancesWithCinderVolumes-2089623541-project-member] Using url versioning {{(pid=98868) process_request /opt/stack/glance/glance/api/middleware/version_negotiation.py:57}}
May 22 11:51:18.337854 np0000001259 devstack@g-api.service[98868]: DEBUG glance.api.middleware.version_negotiation [None req-5b48ec9c-85f3-44e5-94c1-43fe9e972cb7 tempest-TestInstancesWithCinderVolumes-2089623541 tempest-TestInstancesWithCinderVolumes-2089623541-project-member] Matched version: v2 {{(pid=98868) process_request /opt/stack/glance/glance/api/middleware/version_negotiation.py:69}}
May 22 11:51:18.338664 np0000001259 devstack@g-api.service[98868]: DEBUG glance.api.middleware.version_negotiation [None req-5b48ec9c-85f3-44e5-94c1-43fe9e972cb7 tempest-TestInstancesWithCinderVolumes-2089623541 tempest-TestInstancesWithCinderVolumes-2089623541-project-member] new path /v2/images/d115e334-b3aa-49b5-8253-56d9a564b6bf {{(pid=98868) process_request /opt/stack/glance/glance/api/middleware/version_negotiation.py:70}}
May 22 11:51:18.355623 np0000001259 devstack@g-api.service[98868]: [pid: 98868|app: 0|req: 129/303] 127.0.0.1 () {44 vars in 1115 bytes} [Fri May 22 11:51:18 2026] GET /v2/images/d115e334-b3aa-49b5-8253-56d9a564b6bf => generated 811 bytes in 18 msecs (HTTP/1.1 200) 4 headers in 157 bytes (1 switches on core 0)
May 22 11:51:18.365539 np0000001259 devstack@g-api.service[98867]: DEBUG glance.api.middleware.version_negotiation [None req-5b48ec9c-85f3-44e5-94c1-43fe9e972cb7 tempest-TestInstancesWithCinderVolumes-2089623541 tempest-TestInstancesWithCinderVolumes-2089623541-project-member] Determining version of request: GET /v2/schemas/image Accept: */* {{(pid=98867) process_request /opt/stack/glance/glance/api/middleware/version_negotiation.py:44}}
May 22 11:51:18.365539 np0000001259 devstack@g-api.service[98867]: DEBUG glance.api.middleware.version_negotiation [None req-5b48ec9c-85f3-44e5-94c1-43fe9e972cb7 tempest-TestInstancesWithCinderVolumes-2089623541 tempest-TestInstancesWithCinderVolumes-2089623541-project-member] Using url versioning {{(pid=98867) process_request /opt/stack/glance/glance/api/middleware/version_negotiation.py:57}}
May 22 11:51:18.365539 np0000001259 devstack@g-api.service[98867]: DEBUG glance.api.middleware.version_negotiation [None req-5b48ec9c-85f3-44e5-94c1-43fe9e972cb7 tempest-TestInstancesWithCinderVolumes-2089623541 tempest-TestInstancesWithCinderVolumes-2089623541-project-member] Matched version: v2 {{(pid=98867) process_request /opt/stack/glance/glance/api/middleware/version_negotiation.py:69}}
May 22 11:51:18.365539 np0000001259 devstack@g-api.service[98867]: DEBUG glance.api.middleware.version_negotiation [None req-5b48ec9c-85f3-44e5-94c1-43fe9e972cb7 tempest-TestInstancesWithCinderVolumes-2089623541 tempest-TestInstancesWithCinderVolumes-2089623541-project-member] new path /v2/schemas/image {{(pid=98867) process_request /opt/stack/glance/glance/api/middleware/version_negotiation.py:70}}
May 22 11:51:18.367620 np0000001259 devstack@g-api.service[98867]: [pid: 98867|app: 0|req: 175/304] 127.0.0.1 () {44 vars in 1055 bytes} [Fri May 22 11:51:18 2026] GET /v2/schemas/image => generated 6083 bytes in 3 msecs (HTTP/1.1 200) 4 headers in 158 bytes (1 switches on core 0)
May 22 11:51:18.376633 np0000001259 devstack@g-api.service[98868]: DEBUG glance.api.middleware.version_negotiation [None req-5b48ec9c-85f3-44e5-94c1-43fe9e972cb7 tempest-TestInstancesWithCinderVolumes-2089623541 tempest-TestInstancesWithCinderVolumes-2089623541-project-member] Determining version of request: GET /v2/schemas/image Accept: */* {{(pid=98868) process_request /opt/stack/glance/glance/api/middleware/version_negotiation.py:44}}
May 22 11:51:18.377387 np0000001259 devstack@g-api.service[98868]: DEBUG glance.api.middleware.version_negotiation [None req-5b48ec9c-85f3-44e5-94c1-43fe9e972cb7 tempest-TestInstancesWithCinderVolumes-2089623541 tempest-TestInstancesWithCinderVolumes-2089623541-project-member] Using url versioning {{(pid=98868) process_request /opt/stack/glance/glance/api/middleware/version_negotiation.py:57}}
May 22 11:51:18.378231 np0000001259 devstack@g-api.service[98868]: DEBUG glance.api.middleware.version_negotiation [None req-5b48ec9c-85f3-44e5-94c1-43fe9e972cb7 tempest-TestInstancesWithCinderVolumes-2089623541 tempest-TestInstancesWithCinderVolumes-2089623541-project-member] Matched version: v2 {{(pid=98868) process_request /opt/stack/glance/glance/api/middleware/version_negotiation.py:69}}
May 22 11:51:18.378997 np0000001259 devstack@g-api.service[98868]: DEBUG glance.api.middleware.version_negotiation [None req-5b48ec9c-85f3-44e5-94c1-43fe9e972cb7 tempest-TestInstancesWithCinderVolumes-2089623541 tempest-TestInstancesWithCinderVolumes-2089623541-project-member] new path /v2/schemas/image {{(pid=98868) process_request /opt/stack/glance/glance/api/middleware/version_negotiation.py:70}}
May 22 11:51:18.382529 np0000001259 devstack@g-api.service[98868]: [pid: 98868|app: 0|req: 130/305] 127.0.0.1 () {44 vars in 1055 bytes} [Fri May 22 11:51:18 2026] GET /v2/schemas/image => generated 6083 bytes in 5 msecs (HTTP/1.1 200) 4 headers in 158 bytes (1 switches on core 0)
May 22 11:51:18.418496 np0000001259 devstack@g-api.service[98867]: DEBUG glance.api.middleware.version_negotiation [None req-5b48ec9c-85f3-44e5-94c1-43fe9e972cb7 tempest-TestInstancesWithCinderVolumes-2089623541 tempest-TestInstancesWithCinderVolumes-2089623541-project-member] Determining version of request: GET /v2/images/d115e334-b3aa-49b5-8253-56d9a564b6bf Accept: */* {{(pid=98867) process_request /opt/stack/glance/glance/api/middleware/version_negotiation.py:44}}
May 22 11:51:18.418496 np0000001259 devstack@g-api.service[98867]: DEBUG glance.api.middleware.version_negotiation [None req-5b48ec9c-85f3-44e5-94c1-43fe9e972cb7 tempest-TestInstancesWithCinderVolumes-2089623541 tempest-TestInstancesWithCinderVolumes-2089623541-project-member] Using url versioning {{(pid=98867) process_request /opt/stack/glance/glance/api/middleware/version_negotiation.py:57}}
May 22 11:51:18.418496 np0000001259 devstack@g-api.service[98867]: DEBUG glance.api.middleware.version_negotiation [None req-5b48ec9c-85f3-44e5-94c1-43fe9e972cb7 tempest-TestInstancesWithCinderVolumes-2089623541 tempest-TestInstancesWithCinderVolumes-2089623541-project-member] Matched version: v2 {{(pid=98867) process_request /opt/stack/glance/glance/api/middleware/version_negotiation.py:69}}
May 22 11:51:18.418496 np0000001259 devstack@g-api.service[98867]: DEBUG glance.api.middleware.version_negotiation [None req-5b48ec9c-85f3-44e5-94c1-43fe9e972cb7 tempest-TestInstancesWithCinderVolumes-2089623541 tempest-TestInstancesWithCinderVolumes-2089623541-project-member] new path /v2/images/d115e334-b3aa-49b5-8253-56d9a564b6bf {{(pid=98867) process_request /opt/stack/glance/glance/api/middleware/version_negotiation.py:70}}
May 22 11:51:18.430269 np0000001259 devstack@g-api.service[98867]: [pid: 98867|app: 0|req: 176/306] 127.0.0.1 () {44 vars in 1115 bytes} [Fri May 22 11:51:18 2026] GET /v2/images/d115e334-b3aa-49b5-8253-56d9a564b6bf => generated 811 bytes in 13 msecs (HTTP/1.1 200) 4 headers in 157 bytes (1 switches on core 0)
May 22 11:51:18.443208 np0000001259 devstack@g-api.service[98868]: DEBUG glance.api.middleware.version_negotiation [None req-5b48ec9c-85f3-44e5-94c1-43fe9e972cb7 tempest-TestInstancesWithCinderVolumes-2089623541 tempest-TestInstancesWithCinderVolumes-2089623541-project-member] Determining version of request: GET /v2/schemas/image Accept: */* {{(pid=98868) process_request /opt/stack/glance/glance/api/middleware/version_negotiation.py:44}}
May 22 11:51:18.443366 np0000001259 devstack@g-api.service[98868]: DEBUG glance.api.middleware.version_negotiation [None req-5b48ec9c-85f3-44e5-94c1-43fe9e972cb7 tempest-TestInstancesWithCinderVolumes-2089623541 tempest-TestInstancesWithCinderVolumes-2089623541-project-member] Using url versioning {{(pid=98868) process_request /opt/stack/glance/glance/api/middleware/version_negotiation.py:57}}
May 22 11:51:18.443655 np0000001259 devstack@g-api.service[98868]: DEBUG glance.api.middleware.version_negotiation [None req-5b48ec9c-85f3-44e5-94c1-43fe9e972cb7 tempest-TestInstancesWithCinderVolumes-2089623541 tempest-TestInstancesWithCinderVolumes-2089623541-project-member] Matched version: v2 {{(pid=98868) process_request /opt/stack/glance/glance/api/middleware/version_negotiation.py:69}}
May 22 11:51:18.443655 np0000001259 devstack@g-api.service[98868]: DEBUG glance.api.middleware.version_negotiation [None req-5b48ec9c-85f3-44e5-94c1-43fe9e972cb7 tempest-TestInstancesWithCinderVolumes-2089623541 tempest-TestInstancesWithCinderVolumes-2089623541-project-member] new path /v2/schemas/image {{(pid=98868) process_request /opt/stack/glance/glance/api/middleware/version_negotiation.py:70}}
May 22 11:51:18.449308 np0000001259 devstack@g-api.service[98868]: [pid: 98868|app: 0|req: 131/307] 127.0.0.1 () {44 vars in 1055 bytes} [Fri May 22 11:51:18 2026] GET /v2/schemas/image => generated 6083 bytes in 6 msecs (HTTP/1.1 200) 4 headers in 158 bytes (1 switches on core 0)
May 22 11:51:18.854520 np0000001259 devstack@g-api.service[98867]: DEBUG glance.api.middleware.version_negotiation [None req-5b48ec9c-85f3-44e5-94c1-43fe9e972cb7 tempest-TestInstancesWithCinderVolumes-2089623541 tempest-TestInstancesWithCinderVolumes-2089623541-project-member] Determining version of request: GET /versions Accept: */* {{(pid=98867) process_request /opt/stack/glance/glance/api/middleware/version_negotiation.py:44}}
May 22 11:51:18.856354 np0000001259 devstack@g-api.service[98867]: [pid: 98867|app: 0|req: 177/308] 127.0.0.1 () {44 vars in 1039 bytes} [Fri May 22 11:51:18 2026] GET /versions => generated 1407 bytes in 1 msecs (HTTP/1.1 200) 3 headers in 92 bytes (1 switches on core 0)
May 22 11:51:18.862999 np0000001259 devstack@g-api.service[98868]: DEBUG glance.api.middleware.version_negotiation [None req-5b48ec9c-85f3-44e5-94c1-43fe9e972cb7 tempest-TestInstancesWithCinderVolumes-2089623541 tempest-TestInstancesWithCinderVolumes-2089623541-project-member] Determining version of request: GET /v2/images/d115e334-b3aa-49b5-8253-56d9a564b6bf/locations Accept: */* {{(pid=98868) process_request /opt/stack/glance/glance/api/middleware/version_negotiation.py:44}}
May 22 11:51:18.863125 np0000001259 devstack@g-api.service[98868]: DEBUG glance.api.middleware.version_negotiation [None req-5b48ec9c-85f3-44e5-94c1-43fe9e972cb7 tempest-TestInstancesWithCinderVolumes-2089623541 tempest-TestInstancesWithCinderVolumes-2089623541-project-member] Using url versioning {{(pid=98868) process_request /opt/stack/glance/glance/api/middleware/version_negotiation.py:57}}
May 22 11:51:18.863258 np0000001259 devstack@g-api.service[98868]: DEBUG glance.api.middleware.version_negotiation [None req-5b48ec9c-85f3-44e5-94c1-43fe9e972cb7 tempest-TestInstancesWithCinderVolumes-2089623541 tempest-TestInstancesWithCinderVolumes-2089623541-project-member] Matched version: v2 {{(pid=98868) process_request /opt/stack/glance/glance/api/middleware/version_negotiation.py:69}}
May 22 11:51:18.863353 np0000001259 devstack@g-api.service[98868]: DEBUG glance.api.middleware.version_negotiation [None req-5b48ec9c-85f3-44e5-94c1-43fe9e972cb7 tempest-TestInstancesWithCinderVolumes-2089623541 tempest-TestInstancesWithCinderVolumes-2089623541-project-member] new path /v2/images/d115e334-b3aa-49b5-8253-56d9a564b6bf/locations {{(pid=98868) process_request /opt/stack/glance/glance/api/middleware/version_negotiation.py:70}}
May 22 11:51:18.908545 np0000001259 devstack@g-api.service[98868]: [pid: 98868|app: 0|req: 132/309] 127.0.0.1 () {44 vars in 1135 bytes} [Fri May 22 11:51:18 2026] GET /v2/images/d115e334-b3aa-49b5-8253-56d9a564b6bf/locations => generated 92 bytes in 46 msecs (HTTP/1.1 200) 4 headers in 156 bytes (1 switches on core 0)
May 22 11:51:18.917272 np0000001259 devstack@g-api.service[98867]: DEBUG glance.api.middleware.version_negotiation [None req-5b48ec9c-85f3-44e5-94c1-43fe9e972cb7 tempest-TestInstancesWithCinderVolumes-2089623541 tempest-TestInstancesWithCinderVolumes-2089623541-project-member] Determining version of request: GET /v2/images/d115e334-b3aa-49b5-8253-56d9a564b6bf Accept: */* {{(pid=98867) process_request /opt/stack/glance/glance/api/middleware/version_negotiation.py:44}}
May 22 11:51:18.917521 np0000001259 devstack@g-api.service[98867]: DEBUG glance.api.middleware.version_negotiation [None req-5b48ec9c-85f3-44e5-94c1-43fe9e972cb7 tempest-TestInstancesWithCinderVolumes-2089623541 tempest-TestInstancesWithCinderVolumes-2089623541-project-member] Using url versioning {{(pid=98867) process_request /opt/stack/glance/glance/api/middleware/version_negotiation.py:57}}
May 22 11:51:18.917707 np0000001259 devstack@g-api.service[98867]: DEBUG glance.api.middleware.version_negotiation [None req-5b48ec9c-85f3-44e5-94c1-43fe9e972cb7 tempest-TestInstancesWithCinderVolumes-2089623541 tempest-TestInstancesWithCinderVolumes-2089623541-project-member] Matched version: v2 {{(pid=98867) process_request /opt/stack/glance/glance/api/middleware/version_negotiation.py:69}}
May 22 11:51:18.917858 np0000001259 devstack@g-api.service[98867]: DEBUG glance.api.middleware.version_negotiation [None req-5b48ec9c-85f3-44e5-94c1-43fe9e972cb7 tempest-TestInstancesWithCinderVolumes-2089623541 tempest-TestInstancesWithCinderVolumes-2089623541-project-member] new path /v2/images/d115e334-b3aa-49b5-8253-56d9a564b6bf {{(pid=98867) process_request /opt/stack/glance/glance/api/middleware/version_negotiation.py:70}}
May 22 11:51:18.927228 np0000001259 devstack@g-api.service[98867]: [pid: 98867|app: 0|req: 178/310] 127.0.0.1 () {44 vars in 1115 bytes} [Fri May 22 11:51:18 2026] GET /v2/images/d115e334-b3aa-49b5-8253-56d9a564b6bf => generated 811 bytes in 10 msecs (HTTP/1.1 200) 4 headers in 157 bytes (1 switches on core 0)
May 22 11:51:18.935046 np0000001259 devstack@g-api.service[98868]: DEBUG glance.api.middleware.version_negotiation [None req-5b48ec9c-85f3-44e5-94c1-43fe9e972cb7 service glance] Determining version of request: GET /v2/schemas/image Accept: */* {{(pid=98868) process_request /opt/stack/glance/glance/api/middleware/version_negotiation.py:44}}
