Jul 22 23:10:49.218969 np0000005669 devstack@c-api.service[97104]: INFO cinder.api.openstack.wsgi [req-42582d74-e9f9-4fb9-83f2-2a95beb1cad1 req-c028cf53-0e08-470d-93c8-4d8abc6dc531 tempest-AttachVolumeTestJSON-625264254 tempest-AttachVolumeTestJSON-625264254-project-member] POST https://10.4.3.134/volume/v3/attachments/da050095-3682-4cca-942b-d7de77e9c39b/action
Jul 22 23:10:49.219091 np0000005669 devstack@c-api.service[97102]: INFO cinder.api.openstack.wsgi [req-01dd9489-5d21-492e-8fe0-5e04f877ec5e req-6f580f8d-7db1-4f2e-b327-6cb0318994b4 tempest-TaggedBootDevicesTest_v242-1685954224 tempest-TaggedBootDevicesTest_v242-1685954224-project-member] https://10.4.3.134/volume/v3/attachments/50a58c63-0953-43a6-bc3a-eb104b047ef9/action returned with HTTP 204
Jul 22 23:10:49.219091 np0000005669 devstack@c-api.service[97102]: [pid: 97102|app: 0|req: 38/114] 10.4.3.134 () {74 vars in 1725 bytes} [Wed Jul 22 23:10:49 2026] POST /volume/v3/attachments/50a58c63-0953-43a6-bc3a-eb104b047ef9/action => generated 0 bytes in 41 msecs (HTTP/1.1 204) 7 headers in 292 bytes (1 switches on core 0)
Jul 22 23:10:49.220685 np0000005669 devstack@c-api.service[97104]: DEBUG cinder.api.openstack.wsgi [req-42582d74-e9f9-4fb9-83f2-2a95beb1cad1 req-c028cf53-0e08-470d-93c8-4d8abc6dc531 tempest-AttachVolumeTestJSON-625264254 tempest-AttachVolumeTestJSON-625264254-project-member] Action body: b'{"os-complete": null}' {{(pid=97104) get_method /opt/stack/cinder/cinder/api/openstack/wsgi.py:993}}
Jul 22 23:10:49.222587 np0000005669 devstack@c-api.service[97104]: DEBUG cinder.api.openstack.wsgi [req-42582d74-e9f9-4fb9-83f2-2a95beb1cad1 req-c028cf53-0e08-470d-93c8-4d8abc6dc531 tempest-AttachVolumeTestJSON-625264254 tempest-AttachVolumeTestJSON-625264254-project-member] Action: 'action', calling method: version_select, body: {"os-complete": null} {{(pid=97104) _process_stack /opt/stack/cinder/cinder/api/openstack/wsgi.py:876}}
Jul 22 23:10:49.268330 np0000005669 devstack@c-api.service[97104]: /opt/stack/data/venv/lib/python3.12/site-packages/oslo_context/context.py:102: DeprecationWarning: Policy enforcement is depending on the value of is_admin. This key is deprecated. Please update your policy file to use the standard policy values.
Jul 22 23:10:49.268330 np0000005669 devstack@c-api.service[97104]: warnings.warn(
Jul 22 23:10:49.288663 np0000005669 devstack@c-api.service[97104]: INFO cinder.api.openstack.wsgi [req-42582d74-e9f9-4fb9-83f2-2a95beb1cad1 req-c028cf53-0e08-470d-93c8-4d8abc6dc531 tempest-AttachVolumeTestJSON-625264254 tempest-AttachVolumeTestJSON-625264254-project-member] https://10.4.3.134/volume/v3/attachments/da050095-3682-4cca-942b-d7de77e9c39b/action returned with HTTP 204
Jul 22 23:10:49.289248 np0000005669 devstack@c-api.service[97104]: [pid: 97104|app: 0|req: 38/115] 10.4.3.134 () {74 vars in 1725 bytes} [Wed Jul 22 23:10:49 2026] POST /volume/v3/attachments/da050095-3682-4cca-942b-d7de77e9c39b/action => generated 0 bytes in 74 msecs (HTTP/1.1 204) 7 headers in 292 bytes (1 switches on core 0)
Jul 22 23:10:49.329196 np0000005669 devstack@c-api.service[97103]: DEBUG cinder.api.middleware.request_id [None req-43308c2e-cb02-4754-bd34-25a6cf8acb66 None None] RequestId filter calling following filter/app {{(pid=97103) _context_setter /opt/stack/cinder/cinder/api/middleware/request_id.py:62}}
Jul 22 23:10:49.329900 np0000005669 devstack@c-api.service[97103]: INFO cinder.api.openstack.wsgi [None req-43308c2e-cb02-4754-bd34-25a6cf8acb66 None None] GET https://10.4.3.134/volume//
Jul 22 23:10:49.330037 np0000005669 devstack@c-api.service[97103]: DEBUG cinder.api.openstack.wsgi [None req-43308c2e-cb02-4754-bd34-25a6cf8acb66 None None] Empty body provided in request {{(pid=97103) get_body /opt/stack/cinder/cinder/api/openstack/wsgi.py:725}}
Jul 22 23:10:49.330402 np0000005669 devstack@c-api.service[97103]: DEBUG cinder.api.openstack.wsgi [None req-43308c2e-cb02-4754-bd34-25a6cf8acb66 None None] Calling method 'all' {{(pid=97103) _process_stack /opt/stack/cinder/cinder/api/openstack/wsgi.py:878}}
Jul 22 23:10:49.331014 np0000005669 devstack@c-api.service[97103]: INFO cinder.api.openstack.wsgi [None req-43308c2e-cb02-4754-bd34-25a6cf8acb66 None None] https://10.4.3.134/volume// returned with HTTP 300
Jul 22 23:10:49.331465 np0000005669 devstack@c-api.service[97103]: [pid: 97103|app: 0|req: 40/116] 10.4.3.134 () {66 vars in 1426 bytes} [Wed Jul 22 23:10:49 2026] GET /volume/ => generated 386 bytes in 3 msecs (HTTP/1.1 300) 7 headers in 299 bytes (1 switches on core 0)
Jul 22 23:10:49.341783 np0000005669 devstack@c-api.service[97102]: DEBUG cinder.api.middleware.request_id [req-147902c4-94e0-414e-b2ee-df3e6c7ee9bf req-46462cbf-c250-48dc-9818-c530f2f704e4 None None] RequestId filter calling following filter/app {{(pid=97102) _context_setter /opt/stack/cinder/cinder/api/middleware/request_id.py:62}}
Jul 22 23:10:49.344704 np0000005669 devstack@c-api.service[97102]: INFO cinder.api.openstack.wsgi [req-147902c4-94e0-414e-b2ee-df3e6c7ee9bf req-46462cbf-c250-48dc-9818-c530f2f704e4 tempest-ServerActionsV293TestJSON-1546937327 tempest-ServerActionsV293TestJSON-1546937327-project-member] POST https://10.4.3.134/volume/v3/volumes/9d20814c-95f5-4029-a70c-a2a9870db867/action
Jul 22 23:10:49.344910 np0000005669 devstack@c-api.service[97102]: DEBUG cinder.api.openstack.wsgi [req-147902c4-94e0-414e-b2ee-df3e6c7ee9bf req-46462cbf-c250-48dc-9818-c530f2f704e4 tempest-ServerActionsV293TestJSON-1546937327 tempest-ServerActionsV293TestJSON-1546937327-project-member] Action body: b'{"os-reimage": {"image_id": "faee10d6-5a93-4d9e-8bf2-ee6ab2c44cb4", "reimage_reserved": true}}' {{(pid=97102) get_method /opt/stack/cinder/cinder/api/openstack/wsgi.py:993}}
Jul 22 23:10:49.345027 np0000005669 devstack@c-api.service[97102]: DEBUG cinder.api.openstack.wsgi [req-147902c4-94e0-414e-b2ee-df3e6c7ee9bf req-46462cbf-c250-48dc-9818-c530f2f704e4 tempest-ServerActionsV293TestJSON-1546937327 tempest-ServerActionsV293TestJSON-1546937327-project-member] Action: 'action', calling method: version_select, body: {"os-reimage": {"image_id": "faee10d6-5a93-4d9e-8bf2-ee6ab2c44cb4", "reimage_reserved": true}} {{(pid=97102) _process_stack /opt/stack/cinder/cinder/api/openstack/wsgi.py:876}}
Jul 22 23:10:49.363361 np0000005669 devstack@c-api.service[97102]: /opt/stack/data/venv/lib/python3.12/site-packages/oslo_context/context.py:102: DeprecationWarning: Policy enforcement is depending on the value of is_admin. This key is deprecated. Please update your policy file to use the standard policy values.
Jul 22 23:10:49.363361 np0000005669 devstack@c-api.service[97102]: warnings.warn(
Jul 22 23:10:49.364370 np0000005669 devstack@c-api.service[97102]: INFO cinder.volume.api [req-147902c4-94e0-414e-b2ee-df3e6c7ee9bf req-46462cbf-c250-48dc-9818-c530f2f704e4 tempest-ServerActionsV293TestJSON-1546937327 tempest-ServerActionsV293TestJSON-1546937327-project-member] Volume info retrieved successfully.
Jul 22 23:10:49.434057 np0000005669 devstack@c-api.service[97104]: DEBUG cinder.api.middleware.request_id [None req-f6743a25-2403-4b9e-8dd4-6ec60a63de2a None None] RequestId filter calling following filter/app {{(pid=97104) _context_setter /opt/stack/cinder/cinder/api/middleware/request_id.py:62}}
Jul 22 23:10:49.436829 np0000005669 devstack@c-api.service[97104]: INFO cinder.api.openstack.wsgi [None req-f6743a25-2403-4b9e-8dd4-6ec60a63de2a tempest-AttachSCSIVolumeTestJSON-100641745 tempest-AttachSCSIVolumeTestJSON-100641745-project-member] POST https://10.4.3.134/volume/v3/volumes
Jul 22 23:10:49.436829 np0000005669 devstack@c-api.service[97104]: DEBUG cinder.api.openstack.wsgi [None req-f6743a25-2403-4b9e-8dd4-6ec60a63de2a tempest-AttachSCSIVolumeTestJSON-100641745 tempest-AttachSCSIVolumeTestJSON-100641745-project-member] Action: 'create', calling method: create, body: {"volume": {"size": 1, "display_name": "tempest-AttachSCSIVolumeTestJSON-volume-355589283"}} {{(pid=97104) _process_stack /opt/stack/cinder/cinder/api/openstack/wsgi.py:876}}
Jul 22 23:10:49.440527 np0000005669 devstack@c-api.service[97104]: DEBUG cinder.api.v3.volumes [None req-f6743a25-2403-4b9e-8dd4-6ec60a63de2a tempest-AttachSCSIVolumeTestJSON-100641745 tempest-AttachSCSIVolumeTestJSON-100641745-project-member] Create volume request body: {'volume': {'size': 1, 'display_name': 'tempest-AttachSCSIVolumeTestJSON-volume-355589283'}} {{(pid=97104) create /opt/stack/cinder/cinder/api/v3/volumes.py:368}}
Jul 22 23:10:49.440527 np0000005669 devstack@c-api.service[97104]: INFO cinder.api.v3.volumes [None req-f6743a25-2403-4b9e-8dd4-6ec60a63de2a tempest-AttachSCSIVolumeTestJSON-100641745 tempest-AttachSCSIVolumeTestJSON-100641745-project-member] Create volume of 1 GB
Jul 22 23:10:49.446196 np0000005669 devstack@c-api.service[97104]: INFO cinder.volume.api [None req-f6743a25-2403-4b9e-8dd4-6ec60a63de2a tempest-AttachSCSIVolumeTestJSON-100641745 tempest-AttachSCSIVolumeTestJSON-100641745-project-member] Availability Zones retrieved successfully.
Jul 22 23:10:49.453613 np0000005669 devstack@c-api.service[97104]: DEBUG cinder.volume.api [None req-f6743a25-2403-4b9e-8dd4-6ec60a63de2a tempest-AttachSCSIVolumeTestJSON-100641745 tempest-AttachSCSIVolumeTestJSON-100641745-project-member] Flow 'volume_create_api' (76360906-e3c3-4c63-97f0-f96c51dc94ff) transitioned into state 'RUNNING' from state 'PENDING' {{(pid=97104) _flow_receiver /opt/stack/data/venv/lib/python3.12/site-packages/taskflow/listeners/logging.py:160}}
Jul 22 23:10:49.454782 np0000005669 devstack@c-api.service[97104]: DEBUG cinder.volume.api [None req-f6743a25-2403-4b9e-8dd4-6ec60a63de2a tempest-AttachSCSIVolumeTestJSON-100641745 tempest-AttachSCSIVolumeTestJSON-100641745-project-member] Task 'cinder.volume.flows.api.create_volume.ExtractVolumeRequestTask;volume:create' (3c4f925a-4816-452d-af2f-8e6d13a768e1) transitioned into state 'RUNNING' from state 'PENDING' {{(pid=97104) _task_receiver /opt/stack/data/venv/lib/python3.12/site-packages/taskflow/listeners/logging.py:242}}
Jul 22 23:10:49.455824 np0000005669 devstack@c-api.service[97104]: DEBUG cinder.volume.flows.api.create_volume [None req-f6743a25-2403-4b9e-8dd4-6ec60a63de2a tempest-AttachSCSIVolumeTestJSON-100641745 tempest-AttachSCSIVolumeTestJSON-100641745-project-member] Validating volume size '1' using validate_int {{(pid=97104) _extract_size /opt/stack/cinder/cinder/volume/flows/api/create_volume.py:226}}
Jul 22 23:10:49.490934 np0000005669 devstack@c-api.service[97102]: INFO cinder.api.openstack.wsgi [req-147902c4-94e0-414e-b2ee-df3e6c7ee9bf req-46462cbf-c250-48dc-9818-c530f2f704e4 tempest-ServerActionsV293TestJSON-1546937327 tempest-ServerActionsV293TestJSON-1546937327-project-member] https://10.4.3.134/volume/v3/volumes/9d20814c-95f5-4029-a70c-a2a9870db867/action returned with HTTP 202
Jul 22 23:10:49.491602 np0000005669 devstack@c-api.service[97102]: [pid: 97102|app: 0|req: 39/117] 10.4.3.134 () {74 vars in 1713 bytes} [Wed Jul 22 23:10:49 2026] POST /volume/v3/volumes/9d20814c-95f5-4029-a70c-a2a9870db867/action => generated 0 bytes in 151 msecs (HTTP/1.1 202) 7 headers in 290 bytes (1 switches on core 0)
Jul 22 23:10:49.501298 np0000005669 devstack@c-api.service[97104]: DEBUG cinder.volume.api [None req-f6743a25-2403-4b9e-8dd4-6ec60a63de2a tempest-AttachSCSIVolumeTestJSON-100641745 tempest-AttachSCSIVolumeTestJSON-100641745-project-member] Task 'cinder.volume.flows.api.create_volume.ExtractVolumeRequestTask;volume:create' (3c4f925a-4816-452d-af2f-8e6d13a768e1) transitioned into state 'SUCCESS' from state 'RUNNING' with result '{'size': 1, 'snapshot_id': None, 'source_volid': None, 'volume_type': VolumeType(created_at=2026-07-22T23:07:46Z,deleted=False,deleted_at=None,description=None,extra_specs={volume_backend_name='storpool'},id=258c51d2-64f5-45bf-bd22-84dfcbd67d16,is_public=True,name='storpool',projects=[],qos_specs=,qos_specs_id=None,updated_at=None), 'volume_type_id': '258c51d2-64f5-45bf-bd22-84dfcbd67d16', 'encryption_key_id': None, 'qos_specs': None, 'consistencygroup_id': None, 'cgsnapshot_id': None, 'group_id': None, 'replication_status': 'disabled', 'refresh_az': False, 'backup_id': None, 'multiattach': False, 'availability_zones': ['nova']}' {{(pid=97104) _task_receiver /opt/stack/data/venv/lib/python3.12/site-packages/taskflow/listeners/logging.py:218}}
Jul 22 23:10:49.502567 np0000005669 devstack@c-api.service[97104]: DEBUG cinder.volume.api [None req-f6743a25-2403-4b9e-8dd4-6ec60a63de2a tempest-AttachSCSIVolumeTestJSON-100641745 tempest-AttachSCSIVolumeTestJSON-100641745-project-member] Task 'cinder.volume.flows.api.create_volume.QuotaReserveTask;volume:create' (4b4aa7b8-dcd5-4105-88e1-616b635fb5df) transitioned into state 'RUNNING' from state 'PENDING' {{(pid=97104) _task_receiver /opt/stack/data/venv/lib/python3.12/site-packages/taskflow/listeners/logging.py:242}}
Jul 22 23:10:49.578682 np0000005669 devstack@c-api.service[97103]: DEBUG cinder.api.middleware.request_id [None req-6325eda5-f724-45bc-b3fe-464b8e30fdf0 None None] RequestId filter calling following filter/app {{(pid=97103) _context_setter /opt/stack/cinder/cinder/api/middleware/request_id.py:62}}
Jul 22 23:10:49.581282 np0000005669 devstack@c-api.service[97103]: INFO cinder.api.openstack.wsgi [None req-6325eda5-f724-45bc-b3fe-464b8e30fdf0 tempest-AttachVolumeTestJSON-625264254 tempest-AttachVolumeTestJSON-625264254-project-member] GET https://10.4.3.134/volume/v3/volumes/fd11b653-fcac-47d8-a377-129d72285487
Jul 22 23:10:49.581643 np0000005669 devstack@c-api.service[97103]: DEBUG cinder.api.openstack.wsgi [None req-6325eda5-f724-45bc-b3fe-464b8e30fdf0 tempest-AttachVolumeTestJSON-625264254 tempest-AttachVolumeTestJSON-625264254-project-member] Empty body provided in request {{(pid=97103) get_body /opt/stack/cinder/cinder/api/openstack/wsgi.py:725}}
Jul 22 23:10:49.582009 np0000005669 devstack@c-api.service[97103]: DEBUG cinder.api.openstack.wsgi [None req-6325eda5-f724-45bc-b3fe-464b8e30fdf0 tempest-AttachVolumeTestJSON-625264254 tempest-AttachVolumeTestJSON-625264254-project-member] Calling method 'show' {{(pid=97103) _process_stack /opt/stack/cinder/cinder/api/openstack/wsgi.py:878}}
Jul 22 23:10:49.594265 np0000005669 devstack@c-api.service[97103]: /opt/stack/data/venv/lib/python3.12/site-packages/oslo_context/context.py:102: DeprecationWarning: Policy enforcement is depending on the value of is_admin. This key is deprecated. Please update your policy file to use the standard policy values.
Jul 22 23:10:49.594265 np0000005669 devstack@c-api.service[97103]: warnings.warn(
Jul 22 23:10:49.599273 np0000005669 devstack@c-api.service[97104]: DEBUG cinder.quota [None req-f6743a25-2403-4b9e-8dd4-6ec60a63de2a tempest-AttachSCSIVolumeTestJSON-100641745 tempest-AttachSCSIVolumeTestJSON-100641745-project-member] Created reservations ['806023d0-1899-4b77-84f4-8f9852afb78a', '344e2c09-9331-4398-9def-ede9561bd65b', '9bdc8d2f-648b-441a-8e87-56aa0fc06070', '8eca38cd-4e23-4787-96cb-6106c715c7b9'] {{(pid=97104) reserve /opt/stack/cinder/cinder/quota.py:752}}
Jul 22 23:10:49.600571 np0000005669 devstack@c-api.service[97104]: DEBUG cinder.volume.api [None req-f6743a25-2403-4b9e-8dd4-6ec60a63de2a tempest-AttachSCSIVolumeTestJSON-100641745 tempest-AttachSCSIVolumeTestJSON-100641745-project-member] Task 'cinder.volume.flows.api.create_volume.QuotaReserveTask;volume:create' (4b4aa7b8-dcd5-4105-88e1-616b635fb5df) transitioned into state 'SUCCESS' from state 'RUNNING' with result '{'reservations': ['806023d0-1899-4b77-84f4-8f9852afb78a', '344e2c09-9331-4398-9def-ede9561bd65b', '9bdc8d2f-648b-441a-8e87-56aa0fc06070', '8eca38cd-4e23-4787-96cb-6106c715c7b9']}' {{(pid=97104) _task_receiver /opt/stack/data/venv/lib/python3.12/site-packages/taskflow/listeners/logging.py:218}}
Jul 22 23:10:49.601697 np0000005669 devstack@c-api.service[97104]: DEBUG cinder.volume.api [None req-f6743a25-2403-4b9e-8dd4-6ec60a63de2a tempest-AttachSCSIVolumeTestJSON-100641745 tempest-AttachSCSIVolumeTestJSON-100641745-project-member] Task 'cinder.volume.flows.api.create_volume.EntryCreateTask;volume:create' (30320ed6-a3ad-4be4-8bb1-5b89e3426fbc) transitioned into state 'RUNNING' from state 'PENDING' {{(pid=97104) _task_receiver /opt/stack/data/venv/lib/python3.12/site-packages/taskflow/listeners/logging.py:242}}
Jul 22 23:10:49.603124 np0000005669 devstack@c-api.service[97103]: INFO cinder.volume.api [None req-6325eda5-f724-45bc-b3fe-464b8e30fdf0 tempest-AttachVolumeTestJSON-625264254 tempest-AttachVolumeTestJSON-625264254-project-member] Volume info retrieved successfully.
Jul 22 23:10:49.612383 np0000005669 devstack@c-api.service[97103]: INFO cinder.api.openstack.wsgi [None req-6325eda5-f724-45bc-b3fe-464b8e30fdf0 tempest-AttachVolumeTestJSON-625264254 tempest-AttachVolumeTestJSON-625264254-project-member] https://10.4.3.134/volume/v3/volumes/fd11b653-fcac-47d8-a377-129d72285487 returned with HTTP 200
Jul 22 23:10:49.612806 np0000005669 devstack@c-api.service[97103]: [pid: 97103|app: 0|req: 41/118] 10.4.3.134 () {66 vars in 1348 bytes} [Wed Jul 22 23:10:49 2026] GET /volume/v3/volumes/fd11b653-fcac-47d8-a377-129d72285487 => generated 1136 bytes in 35 msecs (HTTP/1.1 200) 7 headers in 286 bytes (1 switches on core 0)
Jul 22 23:10:49.630249 np0000005669 devstack@c-api.service[97102]: DEBUG cinder.api.middleware.request_id [None req-636ff7cc-a2ee-4ba5-8545-926bbf42ee68 None None] RequestId filter calling following filter/app {{(pid=97102) _context_setter /opt/stack/cinder/cinder/api/middleware/request_id.py:62}}
Jul 22 23:10:49.632796 np0000005669 devstack@c-api.service[97104]: DEBUG cinder.volume.api [None req-f6743a25-2403-4b9e-8dd4-6ec60a63de2a tempest-AttachSCSIVolumeTestJSON-100641745 tempest-AttachSCSIVolumeTestJSON-100641745-project-member] Task 'cinder.volume.flows.api.create_volume.EntryCreateTask;volume:create' (30320ed6-a3ad-4be4-8bb1-5b89e3426fbc) transitioned into state 'SUCCESS' from state 'RUNNING' with result '{'volume_id': '70daa5d1-d921-4c65-b574-871c1ebf3105', 'volume_properties': VolumeProperties(attach_status='detached',availability_zone='nova',cgsnapshot_id=None,consistencygroup_id=None,display_description=None,display_name='tempest-AttachSCSIVolumeTestJSON-volume-355589283',encryption_key_id=None,group_id=None,group_type_id=,metadata={},multiattach=False,project_id='a07f898a747448d296b2f19394170c6c',qos_specs=None,replication_status=,reservations=['806023d0-1899-4b77-84f4-8f9852afb78a','344e2c09-9331-4398-9def-ede9561bd65b','9bdc8d2f-648b-441a-8e87-56aa0fc06070','8eca38cd-4e23-4787-96cb-6106c715c7b9'],size=1,snapshot_id=None,source_replicaid=,source_volid=None,status='creating',user_id='4a67acf4c4f44ee08f91488b630baeba',volume_type_id=258c51d2-64f5-45bf-bd22-84dfcbd67d16), 'volume': Volume(_name_id=None,admin_metadata=,attach_status='detached',availability_zone='nova',bootable=False,cluster=,cluster_name=None,consistencygroup=,consistencygroup_id=None,created_at=2026-07-22T23:10:49Z,deleted=False,deleted_at=None,display_description=None,display_name='tempest-AttachSCSIVolumeTestJSON-volume-355589283',ec2_id=None,encryption_key_id=None,glance_metadata=,group=,group_id=None,host=None,id=70daa5d1-d921-4c65-b574-871c1ebf3105,launched_at=None,metadata={},migration_status=None,multiattach=False,previous_status=None,project_id='a07f898a747448d296b2f19394170c6c',provider_auth=None,provider_geometry=None,provider_id=None,provider_location=None,replication_driver_data=None,replication_extended_status=None,replication_status=None,scheduled_at=None,service_uuid=None,shared_targets=True,size=1,snapshot_id=None,snapshots=,source_volid=None,status='creating',terminated_at=None,updated_at=None,use_quota=True,user_id='4a67acf4c4f44ee08f91488b630baeba',volume_attachment=VolumeAttachmentList,volume_type=VolumeType(258c51d2-64f5-45bf-bd22-84dfcbd67d16),volume_type_id=258c51d2-64f5-45bf-bd22-84dfcbd67d16)}' {{(pid=97104) _task_receiver /opt/stack/data/venv/lib/python3.12/site-packages/taskflow/listeners/logging.py:218}}
Jul 22 23:10:49.634452 np0000005669 devstack@c-api.service[97104]: DEBUG cinder.volume.api [None req-f6743a25-2403-4b9e-8dd4-6ec60a63de2a tempest-AttachSCSIVolumeTestJSON-100641745 tempest-AttachSCSIVolumeTestJSON-100641745-project-member] Task 'cinder.volume.flows.api.create_volume.QuotaCommitTask;volume:create' (6f21dba8-499b-412f-af2e-b401b754c6dd) transitioned into state 'RUNNING' from state 'PENDING' {{(pid=97104) _task_receiver /opt/stack/data/venv/lib/python3.12/site-packages/taskflow/listeners/logging.py:242}}
Jul 22 23:10:49.636176 np0000005669 devstack@c-api.service[97102]: INFO cinder.api.openstack.wsgi [None req-636ff7cc-a2ee-4ba5-8545-926bbf42ee68 tempest-AttachVolumeTestJSON-625264254 tempest-AttachVolumeTestJSON-625264254-project-member] GET https://10.4.3.134/volume/v3/volumes/fd11b653-fcac-47d8-a377-129d72285487
Jul 22 23:10:49.636418 np0000005669 devstack@c-api.service[97102]: DEBUG cinder.api.openstack.wsgi [None req-636ff7cc-a2ee-4ba5-8545-926bbf42ee68 tempest-AttachVolumeTestJSON-625264254 tempest-AttachVolumeTestJSON-625264254-project-member] Empty body provided in request {{(pid=97102) get_body /opt/stack/cinder/cinder/api/openstack/wsgi.py:725}}
Jul 22 23:10:49.636680 np0000005669 devstack@c-api.service[97102]: DEBUG cinder.api.openstack.wsgi [None req-636ff7cc-a2ee-4ba5-8545-926bbf42ee68 tempest-AttachVolumeTestJSON-625264254 tempest-AttachVolumeTestJSON-625264254-project-member] Calling method 'show' {{(pid=97102) _process_stack /opt/stack/cinder/cinder/api/openstack/wsgi.py:878}}
Jul 22 23:10:49.651455 np0000005669 devstack@c-api.service[97102]: /opt/stack/data/venv/lib/python3.12/site-packages/oslo_context/context.py:102: DeprecationWarning: Policy enforcement is depending on the value of is_admin. This key is deprecated. Please update your policy file to use the standard policy values.
Jul 22 23:10:49.651455 np0000005669 devstack@c-api.service[97102]: warnings.warn(
Jul 22 23:10:49.654517 np0000005669 devstack@c-api.service[97104]: DEBUG cinder.volume.api [None req-f6743a25-2403-4b9e-8dd4-6ec60a63de2a tempest-AttachSCSIVolumeTestJSON-100641745 tempest-AttachSCSIVolumeTestJSON-100641745-project-member] Task 'cinder.volume.flows.api.create_volume.QuotaCommitTask;volume:create' (6f21dba8-499b-412f-af2e-b401b754c6dd) transitioned into state 'SUCCESS' from state 'RUNNING' with result '{'volume_properties': VolumeProperties(attach_status='detached',availability_zone='nova',cgsnapshot_id=None,consistencygroup_id=None,display_description=None,display_name='tempest-AttachSCSIVolumeTestJSON-volume-355589283',encryption_key_id=None,group_id=None,group_type_id=,metadata={},multiattach=False,project_id='a07f898a747448d296b2f19394170c6c',qos_specs=None,replication_status=,reservations=['806023d0-1899-4b77-84f4-8f9852afb78a','344e2c09-9331-4398-9def-ede9561bd65b','9bdc8d2f-648b-441a-8e87-56aa0fc06070','8eca38cd-4e23-4787-96cb-6106c715c7b9'],size=1,snapshot_id=None,source_replicaid=,source_volid=None,status='creating',user_id='4a67acf4c4f44ee08f91488b630baeba',volume_type_id=258c51d2-64f5-45bf-bd22-84dfcbd67d16)}' {{(pid=97104) _task_receiver /opt/stack/data/venv/lib/python3.12/site-packages/taskflow/listeners/logging.py:218}}
Jul 22 23:10:49.655204 np0000005669 devstack@c-api.service[97104]: DEBUG cinder.volume.api [None req-f6743a25-2403-4b9e-8dd4-6ec60a63de2a tempest-AttachSCSIVolumeTestJSON-100641745 tempest-AttachSCSIVolumeTestJSON-100641745-project-member] Task 'cinder.volume.flows.api.create_volume.VolumeCastTask;volume:create' (e523d59d-7742-4d75-9362-4a473086fc3f) transitioned into state 'RUNNING' from state 'PENDING' {{(pid=97104) _task_receiver /opt/stack/data/venv/lib/python3.12/site-packages/taskflow/listeners/logging.py:242}}
Jul 22 23:10:49.655248 np0000005669 devstack@c-api.service[97102]: INFO cinder.volume.api [None req-636ff7cc-a2ee-4ba5-8545-926bbf42ee68 tempest-AttachVolumeTestJSON-625264254 tempest-AttachVolumeTestJSON-625264254-project-member] Volume info retrieved successfully.
Jul 22 23:10:49.659786 np0000005669 devstack@c-api.service[97102]: INFO cinder.api.openstack.wsgi [None req-636ff7cc-a2ee-4ba5-8545-926bbf42ee68 tempest-AttachVolumeTestJSON-625264254 tempest-AttachVolumeTestJSON-625264254-project-member] https://10.4.3.134/volume/v3/volumes/fd11b653-fcac-47d8-a377-129d72285487 returned with HTTP 200
Jul 22 23:10:49.660242 np0000005669 devstack@c-api.service[97102]: [pid: 97102|app: 0|req: 40/119] 10.4.3.134 () {66 vars in 1348 bytes} [Wed Jul 22 23:10:49 2026] GET /volume/v3/volumes/fd11b653-fcac-47d8-a377-129d72285487 => generated 1136 bytes in 30 msecs (HTTP/1.1 200) 7 headers in 286 bytes (1 switches on core 0)
Jul 22 23:10:49.668044 np0000005669 devstack@c-api.service[97104]: DEBUG cinder.volume.api [None req-f6743a25-2403-4b9e-8dd4-6ec60a63de2a tempest-AttachSCSIVolumeTestJSON-100641745 tempest-AttachSCSIVolumeTestJSON-100641745-project-member] Task 'cinder.volume.flows.api.create_volume.VolumeCastTask;volume:create' (e523d59d-7742-4d75-9362-4a473086fc3f) transitioned into state 'SUCCESS' from state 'RUNNING' with result 'None' {{(pid=97104) _task_receiver /opt/stack/data/venv/lib/python3.12/site-packages/taskflow/listeners/logging.py:218}}
Jul 22 23:10:49.670925 np0000005669 devstack@c-api.service[97104]: DEBUG cinder.volume.api [None req-f6743a25-2403-4b9e-8dd4-6ec60a63de2a tempest-AttachSCSIVolumeTestJSON-100641745 tempest-AttachSCSIVolumeTestJSON-100641745-project-member] Flow 'volume_create_api' (76360906-e3c3-4c63-97f0-f96c51dc94ff) transitioned into state 'SUCCESS' from state 'RUNNING' {{(pid=97104) _flow_receiver /opt/stack/data/venv/lib/python3.12/site-packages/taskflow/listeners/logging.py:160}}
Jul 22 23:10:49.670925 np0000005669 devstack@c-api.service[97104]: INFO cinder.volume.api [None req-f6743a25-2403-4b9e-8dd4-6ec60a63de2a tempest-AttachSCSIVolumeTestJSON-100641745 tempest-AttachSCSIVolumeTestJSON-100641745-project-member] Create volume request issued successfully.
Jul 22 23:10:49.671040 np0000005669 devstack@c-api.service[97104]: INFO cinder.api.openstack.wsgi [None req-f6743a25-2403-4b9e-8dd4-6ec60a63de2a tempest-AttachSCSIVolumeTestJSON-100641745 tempest-AttachSCSIVolumeTestJSON-100641745-project-member] https://10.4.3.134/volume/v3/volumes returned with HTTP 202
Jul 22 23:10:49.671485 np0000005669 devstack@c-api.service[97104]: [pid: 97104|app: 0|req: 39/120] 10.4.3.134 () {68 vars in 1258 bytes} [Wed Jul 22 23:10:49 2026] POST /volume/v3/volumes => generated 754 bytes in 238 msecs (HTTP/1.1 202) 7 headers in 291 bytes (1 switches on core 0)
Jul 22 23:10:49.683647 np0000005669 devstack@c-api.service[97103]: DEBUG cinder.api.middleware.request_id [None req-aecb307a-9552-42ba-a05f-cc46f298fe2b None None] RequestId filter calling following filter/app {{(pid=97103) _context_setter /opt/stack/cinder/cinder/api/middleware/request_id.py:62}}
Jul 22 23:10:49.686122 np0000005669 devstack@c-api.service[97103]: INFO cinder.api.openstack.wsgi [None req-aecb307a-9552-42ba-a05f-cc46f298fe2b tempest-AttachSCSIVolumeTestJSON-100641745 tempest-AttachSCSIVolumeTestJSON-100641745-project-member] GET https://10.4.3.134/volume/v3/volumes/70daa5d1-d921-4c65-b574-871c1ebf3105
Jul 22 23:10:49.686326 np0000005669 devstack@c-api.service[97103]: DEBUG cinder.api.openstack.wsgi [None req-aecb307a-9552-42ba-a05f-cc46f298fe2b tempest-AttachSCSIVolumeTestJSON-100641745 tempest-AttachSCSIVolumeTestJSON-100641745-project-member] Empty body provided in request {{(pid=97103) get_body /opt/stack/cinder/cinder/api/openstack/wsgi.py:725}}
Jul 22 23:10:49.686586 np0000005669 devstack@c-api.service[97103]: DEBUG cinder.api.openstack.wsgi [None req-aecb307a-9552-42ba-a05f-cc46f298fe2b tempest-AttachSCSIVolumeTestJSON-100641745 tempest-AttachSCSIVolumeTestJSON-100641745-project-member] Calling method 'show' {{(pid=97103) _process_stack /opt/stack/cinder/cinder/api/openstack/wsgi.py:878}}
Jul 22 23:10:49.695460 np0000005669 devstack@c-api.service[97103]: /opt/stack/data/venv/lib/python3.12/site-packages/oslo_context/context.py:102: DeprecationWarning: Policy enforcement is depending on the value of is_admin. This key is deprecated. Please update your policy file to use the standard policy values.
Jul 22 23:10:49.695460 np0000005669 devstack@c-api.service[97103]: warnings.warn(
Jul 22 23:10:49.699921 np0000005669 devstack@c-api.service[97103]: INFO cinder.volume.api [None req-aecb307a-9552-42ba-a05f-cc46f298fe2b tempest-AttachSCSIVolumeTestJSON-100641745 tempest-AttachSCSIVolumeTestJSON-100641745-project-member] Volume info retrieved successfully.
Jul 22 23:10:49.705405 np0000005669 devstack@c-api.service[97103]: INFO cinder.api.openstack.wsgi [None req-aecb307a-9552-42ba-a05f-cc46f298fe2b tempest-AttachSCSIVolumeTestJSON-100641745 tempest-AttachSCSIVolumeTestJSON-100641745-project-member] https://10.4.3.134/volume/v3/volumes/70daa5d1-d921-4c65-b574-871c1ebf3105 returned with HTTP 200
Jul 22 23:10:49.706007 np0000005669 devstack@c-api.service[97103]: [pid: 97103|app: 0|req: 42/121] 10.4.3.134 () {66 vars in 1348 bytes} [Wed Jul 22 23:10:49 2026] GET /volume/v3/volumes/70daa5d1-d921-4c65-b574-871c1ebf3105 => generated 822 bytes in 23 msecs (HTTP/1.1 200) 7 headers in 285 bytes (1 switches on core 0)
Jul 22 23:10:50.348320 np0000005669 devstack@c-api.service[97102]: DEBUG cinder.api.middleware.request_id [req-e49570dc-3a76-4aff-a58f-8cceaa56a077 req-af54153f-0a82-49e0-9460-24efc1fded1d None None] RequestId filter calling following filter/app {{(pid=97102) _context_setter /opt/stack/cinder/cinder/api/middleware/request_id.py:62}}
Jul 22 23:10:50.353724 np0000005669 devstack@c-api.service[97102]: INFO cinder.api.openstack.wsgi [req-e49570dc-3a76-4aff-a58f-8cceaa56a077 req-af54153f-0a82-49e0-9460-24efc1fded1d tempest-ServerBootFromVolumeStableRescueTest-647031797 tempest-ServerBootFromVolumeStableRescueTest-647031797-project-member] GET https://10.4.3.134/volume/v3/volumes/9b8fd45c-e1b3-4cb4-9f72-b4c7f50a8af0
Jul 22 23:10:50.353724 np0000005669 devstack@c-api.service[97102]: DEBUG cinder.api.openstack.wsgi [req-e49570dc-3a76-4aff-a58f-8cceaa56a077 req-af54153f-0a82-49e0-9460-24efc1fded1d tempest-ServerBootFromVolumeStableRescueTest-647031797 tempest-ServerBootFromVolumeStableRescueTest-647031797-project-member] Empty body provided in request {{(pid=97102) get_body /opt/stack/cinder/cinder/api/openstack/wsgi.py:725}}
Jul 22 23:10:50.353724 np0000005669 devstack@c-api.service[97102]: DEBUG cinder.api.openstack.wsgi [req-e49570dc-3a76-4aff-a58f-8cceaa56a077 req-af54153f-0a82-49e0-9460-24efc1fded1d tempest-ServerBootFromVolumeStableRescueTest-647031797 tempest-ServerBootFromVolumeStableRescueTest-647031797-project-member] Calling method 'show' {{(pid=97102) _process_stack /opt/stack/cinder/cinder/api/openstack/wsgi.py:878}}
Jul 22 23:10:50.369579 np0000005669 devstack@c-api.service[97102]: /opt/stack/data/venv/lib/python3.12/site-packages/oslo_context/context.py:102: DeprecationWarning: Policy enforcement is depending on the value of is_admin. This key is deprecated. Please update your policy file to use the standard policy values.
Jul 22 23:10:50.369579 np0000005669 devstack@c-api.service[97102]: warnings.warn(
Jul 22 23:10:50.381670 np0000005669 devstack@c-api.service[97102]: INFO cinder.volume.api [req-e49570dc-3a76-4aff-a58f-8cceaa56a077 req-af54153f-0a82-49e0-9460-24efc1fded1d tempest-ServerBootFromVolumeStableRescueTest-647031797 tempest-ServerBootFromVolumeStableRescueTest-647031797-project-member] Volume info retrieved successfully.
Jul 22 23:10:50.392075 np0000005669 devstack@c-api.service[97102]: INFO cinder.api.openstack.wsgi [req-e49570dc-3a76-4aff-a58f-8cceaa56a077 req-af54153f-0a82-49e0-9460-24efc1fded1d tempest-ServerBootFromVolumeStableRescueTest-647031797 tempest-ServerBootFromVolumeStableRescueTest-647031797-project-member] https://10.4.3.134/volume/v3/volumes/9b8fd45c-e1b3-4cb4-9f72-b4c7f50a8af0 returned with HTTP 200
Jul 22 23:10:50.392535 np0000005669 devstack@c-api.service[97102]: [pid: 97102|app: 0|req: 41/122] 10.4.3.134 () {68 vars in 1598 bytes} [Wed Jul 22 23:10:50 2026] GET /volume/v3/volumes/9b8fd45c-e1b3-4cb4-9f72-b4c7f50a8af0 => generated 1603 bytes in 45 msecs (HTTP/1.1 200) 7 headers in 286 bytes (1 switches on core 0)
Jul 22 23:10:50.724503 np0000005669 devstack@c-api.service[97104]: DEBUG cinder.api.middleware.request_id [None req-67247aff-f205-4758-bbe5-a6161a9ff978 None None] RequestId filter calling following filter/app {{(pid=97104) _context_setter /opt/stack/cinder/cinder/api/middleware/request_id.py:62}}
Jul 22 23:10:50.729550 np0000005669 devstack@c-api.service[97104]: INFO cinder.api.openstack.wsgi [None req-67247aff-f205-4758-bbe5-a6161a9ff978 tempest-AttachSCSIVolumeTestJSON-100641745 tempest-AttachSCSIVolumeTestJSON-100641745-project-member] GET https://10.4.3.134/volume/v3/volumes/70daa5d1-d921-4c65-b574-871c1ebf3105
Jul 22 23:10:50.729788 np0000005669 devstack@c-api.service[97104]: DEBUG cinder.api.openstack.wsgi [None req-67247aff-f205-4758-bbe5-a6161a9ff978 tempest-AttachSCSIVolumeTestJSON-100641745 tempest-AttachSCSIVolumeTestJSON-100641745-project-member] Empty body provided in request {{(pid=97104) get_body /opt/stack/cinder/cinder/api/openstack/wsgi.py:725}}
Jul 22 23:10:50.730231 np0000005669 devstack@c-api.service[97104]: DEBUG cinder.api.openstack.wsgi [None req-67247aff-f205-4758-bbe5-a6161a9ff978 tempest-AttachSCSIVolumeTestJSON-100641745 tempest-AttachSCSIVolumeTestJSON-100641745-project-member] Calling method 'show' {{(pid=97104) _process_stack /opt/stack/cinder/cinder/api/openstack/wsgi.py:878}}
Jul 22 23:10:50.747483 np0000005669 devstack@c-api.service[97104]: /opt/stack/data/venv/lib/python3.12/site-packages/oslo_context/context.py:102: DeprecationWarning: Policy enforcement is depending on the value of is_admin. This key is deprecated. Please update your policy file to use the standard policy values.
Jul 22 23:10:50.747483 np0000005669 devstack@c-api.service[97104]: warnings.warn(
Jul 22 23:10:50.758779 np0000005669 devstack@c-api.service[97104]: INFO cinder.volume.api [None req-67247aff-f205-4758-bbe5-a6161a9ff978 tempest-AttachSCSIVolumeTestJSON-100641745 tempest-AttachSCSIVolumeTestJSON-100641745-project-member] Volume info retrieved successfully.
Jul 22 23:10:50.766250 np0000005669 devstack@c-api.service[97104]: INFO cinder.api.openstack.wsgi [None req-67247aff-f205-4758-bbe5-a6161a9ff978 tempest-AttachSCSIVolumeTestJSON-100641745 tempest-AttachSCSIVolumeTestJSON-100641745-project-member] https://10.4.3.134/volume/v3/volumes/70daa5d1-d921-4c65-b574-871c1ebf3105 returned with HTTP 200
Jul 22 23:10:50.766784 np0000005669 devstack@c-api.service[97104]: [pid: 97104|app: 0|req: 40/123] 10.4.3.134 () {66 vars in 1348 bytes} [Wed Jul 22 23:10:50 2026] GET /volume/v3/volumes/70daa5d1-d921-4c65-b574-871c1ebf3105 => generated 847 bytes in 46 msecs (HTTP/1.1 200) 7 headers in 285 bytes (1 switches on core 0)
Jul 22 23:10:50.907089 np0000005669 devstack@c-api.service[97103]: DEBUG cinder.api.middleware.request_id [req-82cd8d60-af8a-4e32-ab2d-61357b347b3b req-d4740e87-fd1c-4e55-9209-644ca009d860 None None] RequestId filter calling following filter/app {{(pid=97103) _context_setter /opt/stack/cinder/cinder/api/middleware/request_id.py:62}}
Jul 22 23:10:50.909383 np0000005669 devstack@c-api.service[97103]: INFO cinder.api.openstack.wsgi [req-82cd8d60-af8a-4e32-ab2d-61357b347b3b req-d4740e87-fd1c-4e55-9209-644ca009d860 tempest-AttachSCSIVolumeTestJSON-100641745 tempest-AttachSCSIVolumeTestJSON-100641745-project-member] GET https://10.4.3.134/volume/v3/volumes/70daa5d1-d921-4c65-b574-871c1ebf3105
Jul 22 23:10:50.909614 np0000005669 devstack@c-api.service[97103]: DEBUG cinder.api.openstack.wsgi [req-82cd8d60-af8a-4e32-ab2d-61357b347b3b req-d4740e87-fd1c-4e55-9209-644ca009d860 tempest-AttachSCSIVolumeTestJSON-100641745 tempest-AttachSCSIVolumeTestJSON-100641745-project-member] Empty body provided in request {{(pid=97103) get_body /opt/stack/cinder/cinder/api/openstack/wsgi.py:725}}
Jul 22 23:10:50.909722 np0000005669 devstack@c-api.service[97102]: DEBUG cinder.api.middleware.request_id [req-fa7f2c75-a83b-440a-b999-c4300dc3c10f req-1254b178-41bc-4478-9959-ec57f07d6666 None None] RequestId filter calling following filter/app {{(pid=97102) _context_setter /opt/stack/cinder/cinder/api/middleware/request_id.py:62}}
Jul 22 23:10:50.910072 np0000005669 devstack@c-api.service[97103]: DEBUG cinder.api.openstack.wsgi [req-82cd8d60-af8a-4e32-ab2d-61357b347b3b req-d4740e87-fd1c-4e55-9209-644ca009d860 tempest-AttachSCSIVolumeTestJSON-100641745 tempest-AttachSCSIVolumeTestJSON-100641745-project-member] Calling method 'show' {{(pid=97103) _process_stack /opt/stack/cinder/cinder/api/openstack/wsgi.py:878}}
Jul 22 23:10:50.911677 np0000005669 devstack@c-api.service[97102]: INFO cinder.api.openstack.wsgi [req-fa7f2c75-a83b-440a-b999-c4300dc3c10f req-1254b178-41bc-4478-9959-ec57f07d6666 tempest-TaggedAttachmentsTest-1204258743 tempest-TaggedAttachmentsTest-1204258743-project-member] GET https://10.4.3.134/volume/v3/volumes/559bc990-f640-4a2d-9162-3eb2a411354f
Jul 22 23:10:50.911877 np0000005669 devstack@c-api.service[97102]: DEBUG cinder.api.openstack.wsgi [req-fa7f2c75-a83b-440a-b999-c4300dc3c10f req-1254b178-41bc-4478-9959-ec57f07d6666 tempest-TaggedAttachmentsTest-1204258743 tempest-TaggedAttachmentsTest-1204258743-project-member] Empty body provided in request {{(pid=97102) get_body /opt/stack/cinder/cinder/api/openstack/wsgi.py:725}}
Jul 22 23:10:50.912046 np0000005669 devstack@c-api.service[97102]: DEBUG cinder.api.openstack.wsgi [req-fa7f2c75-a83b-440a-b999-c4300dc3c10f req-1254b178-41bc-4478-9959-ec57f07d6666 tempest-TaggedAttachmentsTest-1204258743 tempest-TaggedAttachmentsTest-1204258743-project-member] Calling method 'show' {{(pid=97102) _process_stack /opt/stack/cinder/cinder/api/openstack/wsgi.py:878}}
Jul 22 23:10:50.917645 np0000005669 devstack@c-api.service[97103]: /opt/stack/data/venv/lib/python3.12/site-packages/oslo_context/context.py:102: DeprecationWarning: Policy enforcement is depending on the value of is_admin. This key is deprecated. Please update your policy file to use the standard policy values.
Jul 22 23:10:50.917645 np0000005669 devstack@c-api.service[97103]: warnings.warn(
Jul 22 23:10:50.919942 np0000005669 devstack@c-api.service[97102]: /opt/stack/data/venv/lib/python3.12/site-packages/oslo_context/context.py:102: DeprecationWarning: Policy enforcement is depending on the value of is_admin. This key is deprecated. Please update your policy file to use the standard policy values.
Jul 22 23:10:50.919942 np0000005669 devstack@c-api.service[97102]: warnings.warn(
Jul 22 23:10:50.922447 np0000005669 devstack@c-api.service[97102]: INFO cinder.volume.api [req-fa7f2c75-a83b-440a-b999-c4300dc3c10f req-1254b178-41bc-4478-9959-ec57f07d6666 tempest-TaggedAttachmentsTest-1204258743 tempest-TaggedAttachmentsTest-1204258743-project-member] Volume info retrieved successfully.
Jul 22 23:10:50.922565 np0000005669 devstack@c-api.service[97103]: INFO cinder.volume.api [req-82cd8d60-af8a-4e32-ab2d-61357b347b3b req-d4740e87-fd1c-4e55-9209-644ca009d860 tempest-AttachSCSIVolumeTestJSON-100641745 tempest-AttachSCSIVolumeTestJSON-100641745-project-member] Volume info retrieved successfully.
Jul 22 23:10:50.926212 np0000005669 devstack@c-api.service[97102]: INFO cinder.api.openstack.wsgi [req-fa7f2c75-a83b-440a-b999-c4300dc3c10f req-1254b178-41bc-4478-9959-ec57f07d6666 tempest-TaggedAttachmentsTest-1204258743 tempest-TaggedAttachmentsTest-1204258743-project-member] https://10.4.3.134/volume/v3/volumes/559bc990-f640-4a2d-9162-3eb2a411354f returned with HTTP 200
Jul 22 23:10:50.926591 np0000005669 devstack@c-api.service[97102]: [pid: 97102|app: 0|req: 42/124] 10.4.3.134 () {68 vars in 1598 bytes} [Wed Jul 22 23:10:50 2026] GET /volume/v3/volumes/559bc990-f640-4a2d-9162-3eb2a411354f => generated 845 bytes in 17 msecs (HTTP/1.1 200) 7 headers in 285 bytes (1 switches on core 0)
Jul 22 23:10:50.926866 np0000005669 devstack@c-api.service[97103]: INFO cinder.api.openstack.wsgi [req-82cd8d60-af8a-4e32-ab2d-61357b347b3b req-d4740e87-fd1c-4e55-9209-644ca009d860 tempest-AttachSCSIVolumeTestJSON-100641745 tempest-AttachSCSIVolumeTestJSON-100641745-project-member] https://10.4.3.134/volume/v3/volumes/70daa5d1-d921-4c65-b574-871c1ebf3105 returned with HTTP 200
Jul 22 23:10:50.927218 np0000005669 devstack@c-api.service[97103]: [pid: 97103|app: 0|req: 43/125] 10.4.3.134 () {68 vars in 1598 bytes} [Wed Jul 22 23:10:50 2026] GET /volume/v3/volumes/70daa5d1-d921-4c65-b574-871c1ebf3105 => generated 847 bytes in 21 msecs (HTTP/1.1 200) 7 headers in 285 bytes (1 switches on core 0)
Jul 22 23:10:51.039114 np0000005669 devstack@c-api.service[97104]: DEBUG cinder.api.middleware.request_id [None req-0902d328-c157-4b30-824a-0b35e0124776 None None] RequestId filter calling following filter/app {{(pid=97104) _context_setter /opt/stack/cinder/cinder/api/middleware/request_id.py:62}}
Jul 22 23:10:51.039623 np0000005669 devstack@c-api.service[97104]: INFO cinder.api.openstack.wsgi [None req-0902d328-c157-4b30-824a-0b35e0124776 None None] GET https://10.4.3.134/volume//
Jul 22 23:10:51.039623 np0000005669 devstack@c-api.service[97104]: DEBUG cinder.api.openstack.wsgi [None req-0902d328-c157-4b30-824a-0b35e0124776 None None] Empty body provided in request {{(pid=97104) get_body /opt/stack/cinder/cinder/api/openstack/wsgi.py:725}}
Jul 22 23:10:51.039788 np0000005669 devstack@c-api.service[97102]: DEBUG cinder.api.middleware.request_id [None req-83543714-9188-4846-bac6-6416d8ea1899 None None] RequestId filter calling following filter/app {{(pid=97102) _context_setter /opt/stack/cinder/cinder/api/middleware/request_id.py:62}}
Jul 22 23:10:51.039835 np0000005669 devstack@c-api.service[97104]: DEBUG cinder.api.openstack.wsgi [None req-0902d328-c157-4b30-824a-0b35e0124776 None None] Calling method 'all' {{(pid=97104) _process_stack /opt/stack/cinder/cinder/api/openstack/wsgi.py:878}}
Jul 22 23:10:51.040068 np0000005669 devstack@c-api.service[97104]: INFO cinder.api.openstack.wsgi [None req-0902d328-c157-4b30-824a-0b35e0124776 None None] https://10.4.3.134/volume// returned with HTTP 300
Jul 22 23:10:51.040138 np0000005669 devstack@c-api.service[97102]: INFO cinder.api.openstack.wsgi [None req-83543714-9188-4846-bac6-6416d8ea1899 None None] GET https://10.4.3.134/volume//
Jul 22 23:10:51.040316 np0000005669 devstack@c-api.service[97104]: [pid: 97104|app: 0|req: 41/126] 10.4.3.134 () {66 vars in 1428 bytes} [Wed Jul 22 23:10:51 2026] GET /volume/ => generated 386 bytes in 1 msecs (HTTP/1.1 300) 7 headers in 299 bytes (1 switches on core 0)
Jul 22 23:10:51.040350 np0000005669 devstack@c-api.service[97102]: DEBUG cinder.api.openstack.wsgi [None req-83543714-9188-4846-bac6-6416d8ea1899 None None] Empty body provided in request {{(pid=97102) get_body /opt/stack/cinder/cinder/api/openstack/wsgi.py:725}}
Jul 22 23:10:51.040521 np0000005669 devstack@c-api.service[97102]: DEBUG cinder.api.openstack.wsgi [None req-83543714-9188-4846-bac6-6416d8ea1899 None None] Calling method 'all' {{(pid=97102) _process_stack /opt/stack/cinder/cinder/api/openstack/wsgi.py:878}}
Jul 22 23:10:51.040860 np0000005669 devstack@c-api.service[97102]: INFO cinder.api.openstack.wsgi [None req-83543714-9188-4846-bac6-6416d8ea1899 None None] https://10.4.3.134/volume// returned with HTTP 300
Jul 22 23:10:51.041144 np0000005669 devstack@c-api.service[97102]: [pid: 97102|app: 0|req: 43/127] 10.4.3.134 () {66 vars in 1428 bytes} [Wed Jul 22 23:10:51 2026] GET /volume/ => generated 386 bytes in 2 msecs (HTTP/1.1 300) 7 headers in 299 bytes (1 switches on core 0)
Jul 22 23:10:51.051178 np0000005669 devstack@c-api.service[97103]: DEBUG cinder.api.middleware.request_id [req-82cd8d60-af8a-4e32-ab2d-61357b347b3b req-1c3b557a-d99b-4451-bd57-68dc709e9c9a None None] RequestId filter calling following filter/app {{(pid=97103) _context_setter /opt/stack/cinder/cinder/api/middleware/request_id.py:62}}
Jul 22 23:10:51.053208 np0000005669 devstack@c-api.service[97103]: INFO cinder.api.openstack.wsgi [req-82cd8d60-af8a-4e32-ab2d-61357b347b3b req-1c3b557a-d99b-4451-bd57-68dc709e9c9a tempest-AttachSCSIVolumeTestJSON-100641745 tempest-AttachSCSIVolumeTestJSON-100641745-project-member] POST https://10.4.3.134/volume/v3/attachments
Jul 22 23:10:51.053810 np0000005669 devstack@c-api.service[97103]: DEBUG cinder.api.openstack.wsgi [req-82cd8d60-af8a-4e32-ab2d-61357b347b3b req-1c3b557a-d99b-4451-bd57-68dc709e9c9a tempest-AttachSCSIVolumeTestJSON-100641745 tempest-AttachSCSIVolumeTestJSON-100641745-project-member] Action: 'create', calling method: version_select, body: {"attachment": {"volume_uuid": "70daa5d1-d921-4c65-b574-871c1ebf3105", "connector": null, "instance_uuid": "10a41b62-34fb-4656-8284-ca5db687a185"}} {{(pid=97103) _process_stack /opt/stack/cinder/cinder/api/openstack/wsgi.py:876}}
Jul 22 23:10:51.062992 np0000005669 devstack@c-api.service[97104]: DEBUG cinder.api.middleware.request_id [req-fa7f2c75-a83b-440a-b999-c4300dc3c10f req-3c0c0728-9f9b-41de-b184-7c93ea21b10f None None] RequestId filter calling following filter/app {{(pid=97104) _context_setter /opt/stack/cinder/cinder/api/middleware/request_id.py:62}}
Jul 22 23:10:51.065933 np0000005669 devstack@c-api.service[97104]: INFO cinder.api.openstack.wsgi [req-fa7f2c75-a83b-440a-b999-c4300dc3c10f req-3c0c0728-9f9b-41de-b184-7c93ea21b10f tempest-TaggedAttachmentsTest-1204258743 tempest-TaggedAttachmentsTest-1204258743-project-member] POST https://10.4.3.134/volume/v3/attachments
Jul 22 23:10:51.066378 np0000005669 devstack@c-api.service[97104]: DEBUG cinder.api.openstack.wsgi [req-fa7f2c75-a83b-440a-b999-c4300dc3c10f req-3c0c0728-9f9b-41de-b184-7c93ea21b10f tempest-TaggedAttachmentsTest-1204258743 tempest-TaggedAttachmentsTest-1204258743-project-member] Action: 'create', calling method: version_select, body: {"attachment": {"volume_uuid": "559bc990-f640-4a2d-9162-3eb2a411354f", "connector": null, "instance_uuid": "3f96a232-471a-4471-8b14-b1d255e78b01"}} {{(pid=97104) _process_stack /opt/stack/cinder/cinder/api/openstack/wsgi.py:876}}
Jul 22 23:10:51.066800 np0000005669 devstack@c-api.service[97103]: /opt/stack/data/venv/lib/python3.12/site-packages/oslo_context/context.py:102: DeprecationWarning: Policy enforcement is depending on the value of is_admin. This key is deprecated. Please update your policy file to use the standard policy values.
Jul 22 23:10:51.066800 np0000005669 devstack@c-api.service[97103]: warnings.warn(
Jul 22 23:10:51.074206 np0000005669 devstack@c-api.service[97104]: /opt/stack/data/venv/lib/python3.12/site-packages/oslo_context/context.py:102: DeprecationWarning: Policy enforcement is depending on the value of is_admin. This key is deprecated. Please update your policy file to use the standard policy values.
Jul 22 23:10:51.074206 np0000005669 devstack@c-api.service[97104]: warnings.warn(
Jul 22 23:10:51.092618 np0000005669 devstack@c-api.service[97103]: INFO cinder.api.openstack.wsgi [req-82cd8d60-af8a-4e32-ab2d-61357b347b3b req-1c3b557a-d99b-4451-bd57-68dc709e9c9a tempest-AttachSCSIVolumeTestJSON-100641745 tempest-AttachSCSIVolumeTestJSON-100641745-project-member] https://10.4.3.134/volume/v3/attachments returned with HTTP 200
Jul 22 23:10:51.093104 np0000005669 devstack@c-api.service[97103]: [pid: 97103|app: 0|req: 44/128] 10.4.3.134 () {74 vars in 1594 bytes} [Wed Jul 22 23:10:51 2026] POST /volume/v3/attachments => generated 273 bytes in 42 msecs (HTTP/1.1 200) 7 headers in 286 bytes (1 switches on core 0)
Jul 22 23:10:51.101518 np0000005669 devstack@c-api.service[97104]: INFO cinder.api.openstack.wsgi [req-fa7f2c75-a83b-440a-b999-c4300dc3c10f req-3c0c0728-9f9b-41de-b184-7c93ea21b10f tempest-TaggedAttachmentsTest-1204258743 tempest-TaggedAttachmentsTest-1204258743-project-member] https://10.4.3.134/volume/v3/attachments returned with HTTP 200
Jul 22 23:10:51.102076 np0000005669 devstack@c-api.service[97104]: [pid: 97104|app: 0|req: 42/129] 10.4.3.134 () {74 vars in 1594 bytes} [Wed Jul 22 23:10:51 2026] POST /volume/v3/attachments => generated 273 bytes in 39 msecs (HTTP/1.1 200) 7 headers in 286 bytes (1 switches on core 0)
Jul 22 23:10:51.129312 np0000005669 devstack@c-api.service[97102]: DEBUG cinder.api.middleware.request_id [None req-150397f9-478f-4835-a209-3eeac5ac376e None None] RequestId filter calling following filter/app {{(pid=97102) _context_setter /opt/stack/cinder/cinder/api/middleware/request_id.py:62}}
Jul 22 23:10:51.139181 np0000005669 devstack@c-api.service[97102]: INFO cinder.api.openstack.wsgi [None req-150397f9-478f-4835-a209-3eeac5ac376e tempest-AttachSCSIVolumeTestJSON-100641745 tempest-AttachSCSIVolumeTestJSON-100641745-project-member] GET https://10.4.3.134/volume/v3/volumes/70daa5d1-d921-4c65-b574-871c1ebf3105
Jul 22 23:10:51.141707 np0000005669 devstack@c-api.service[97102]: DEBUG cinder.api.openstack.wsgi [None req-150397f9-478f-4835-a209-3eeac5ac376e tempest-AttachSCSIVolumeTestJSON-100641745 tempest-AttachSCSIVolumeTestJSON-100641745-project-member] Empty body provided in request {{(pid=97102) get_body /opt/stack/cinder/cinder/api/openstack/wsgi.py:725}}
Jul 22 23:10:51.142235 np0000005669 devstack@c-api.service[97102]: DEBUG cinder.api.openstack.wsgi [None req-150397f9-478f-4835-a209-3eeac5ac376e tempest-AttachSCSIVolumeTestJSON-100641745 tempest-AttachSCSIVolumeTestJSON-100641745-project-member] Calling method 'show' {{(pid=97102) _process_stack /opt/stack/cinder/cinder/api/openstack/wsgi.py:878}}
Jul 22 23:10:51.153817 np0000005669 devstack@c-api.service[97103]: DEBUG cinder.api.middleware.request_id [None req-8a0e182f-5b9d-4af4-87aa-ab28b7843bf5 None None] RequestId filter calling following filter/app {{(pid=97103) _context_setter /opt/stack/cinder/cinder/api/middleware/request_id.py:62}}
Jul 22 23:10:51.156214 np0000005669 devstack@c-api.service[97102]: /opt/stack/data/venv/lib/python3.12/site-packages/oslo_context/context.py:102: DeprecationWarning: Policy enforcement is depending on the value of is_admin. This key is deprecated. Please update your policy file to use the standard policy values.
