Jul 22 23:07:29.093028 np0000005669 nova-scheduler[93552]: DEBUG cotyledon.oslo_config_glue [-] oslo_messaging_rabbit.rabbit_quorum_max_memory_bytes = 0 {{(pid=93552) log_opt_values /opt/stack/data/venv/lib/python3.12/site-packages/oslo_config/cfg.py:3253}}
Jul 22 23:07:29.093028 np0000005669 nova-scheduler[93552]: DEBUG cotyledon.oslo_config_glue [-] oslo_messaging_rabbit.rabbit_quorum_max_memory_length = 0 {{(pid=93552) log_opt_values /opt/stack/data/venv/lib/python3.12/site-packages/oslo_config/cfg.py:3253}}
Jul 22 23:07:29.093230 np0000005669 nova-scheduler[93552]: DEBUG cotyledon.oslo_config_glue [-] oslo_messaging_rabbit.rabbit_quorum_queue = False {{(pid=93552) log_opt_values /opt/stack/data/venv/lib/python3.12/site-packages/oslo_config/cfg.py:3253}}
Jul 22 23:07:29.093230 np0000005669 nova-scheduler[93552]: DEBUG cotyledon.oslo_config_glue [-] oslo_messaging_rabbit.rabbit_retry_backoff = 2 {{(pid=93552) log_opt_values /opt/stack/data/venv/lib/python3.12/site-packages/oslo_config/cfg.py:3253}}
Jul 22 23:07:29.093230 np0000005669 nova-scheduler[93552]: DEBUG cotyledon.oslo_config_glue [-] oslo_messaging_rabbit.rabbit_retry_interval = 1 {{(pid=93552) log_opt_values /opt/stack/data/venv/lib/python3.12/site-packages/oslo_config/cfg.py:3253}}
Jul 22 23:07:29.093230 np0000005669 nova-scheduler[93552]: DEBUG cotyledon.oslo_config_glue [-] oslo_messaging_rabbit.rabbit_stream_fanout = False {{(pid=93552) log_opt_values /opt/stack/data/venv/lib/python3.12/site-packages/oslo_config/cfg.py:3253}}
Jul 22 23:07:29.093230 np0000005669 nova-scheduler[93552]: DEBUG cotyledon.oslo_config_glue [-] oslo_messaging_rabbit.rabbit_transient_queues_ttl = 1800 {{(pid=93552) log_opt_values /opt/stack/data/venv/lib/python3.12/site-packages/oslo_config/cfg.py:3253}}
Jul 22 23:07:29.093230 np0000005669 nova-scheduler[93552]: DEBUG cotyledon.oslo_config_glue [-] oslo_messaging_rabbit.rabbit_transient_quorum_queue = False {{(pid=93552) log_opt_values /opt/stack/data/venv/lib/python3.12/site-packages/oslo_config/cfg.py:3253}}
Jul 22 23:07:29.093230 np0000005669 nova-scheduler[93552]: DEBUG cotyledon.oslo_config_glue [-] oslo_messaging_rabbit.rpc_conn_pool_size = 30 {{(pid=93552) log_opt_values /opt/stack/data/venv/lib/python3.12/site-packages/oslo_config/cfg.py:3253}}
Jul 22 23:07:29.093230 np0000005669 nova-scheduler[93552]: DEBUG cotyledon.oslo_config_glue [-] oslo_messaging_rabbit.ssl = False {{(pid=93552) log_opt_values /opt/stack/data/venv/lib/python3.12/site-packages/oslo_config/cfg.py:3253}}
Jul 22 23:07:29.093230 np0000005669 nova-scheduler[93552]: DEBUG cotyledon.oslo_config_glue [-] oslo_messaging_rabbit.ssl_ca_file = {{(pid=93552) log_opt_values /opt/stack/data/venv/lib/python3.12/site-packages/oslo_config/cfg.py:3253}}
Jul 22 23:07:29.093396 np0000005669 nova-scheduler[93552]: DEBUG cotyledon.oslo_config_glue [-] oslo_messaging_rabbit.ssl_cert_file = {{(pid=93552) log_opt_values /opt/stack/data/venv/lib/python3.12/site-packages/oslo_config/cfg.py:3253}}
Jul 22 23:07:29.093396 np0000005669 nova-scheduler[93552]: DEBUG cotyledon.oslo_config_glue [-] oslo_messaging_rabbit.ssl_enforce_fips_mode = False {{(pid=93552) log_opt_values /opt/stack/data/venv/lib/python3.12/site-packages/oslo_config/cfg.py:3253}}
Jul 22 23:07:29.093396 np0000005669 nova-scheduler[93552]: DEBUG cotyledon.oslo_config_glue [-] oslo_messaging_rabbit.ssl_enforce_hostname_verification = True {{(pid=93552) log_opt_values /opt/stack/data/venv/lib/python3.12/site-packages/oslo_config/cfg.py:3253}}
Jul 22 23:07:29.093396 np0000005669 nova-scheduler[93552]: DEBUG cotyledon.oslo_config_glue [-] oslo_messaging_rabbit.ssl_key_file = {{(pid=93552) log_opt_values /opt/stack/data/venv/lib/python3.12/site-packages/oslo_config/cfg.py:3253}}
Jul 22 23:07:29.093396 np0000005669 nova-scheduler[93552]: DEBUG cotyledon.oslo_config_glue [-] oslo_messaging_rabbit.ssl_version = {{(pid=93552) log_opt_values /opt/stack/data/venv/lib/python3.12/site-packages/oslo_config/cfg.py:3253}}
Jul 22 23:07:29.093396 np0000005669 nova-scheduler[93552]: DEBUG cotyledon.oslo_config_glue [-] oslo_messaging_rabbit.use_queue_manager = False {{(pid=93552) log_opt_values /opt/stack/data/venv/lib/python3.12/site-packages/oslo_config/cfg.py:3253}}
Jul 22 23:07:29.093396 np0000005669 nova-scheduler[93552]: DEBUG cotyledon.oslo_config_glue [-] oslo_messaging_notifications.driver = ['messagingv2'] {{(pid=93552) log_opt_values /opt/stack/data/venv/lib/python3.12/site-packages/oslo_config/cfg.py:3253}}
Jul 22 23:07:29.093396 np0000005669 nova-scheduler[93552]: DEBUG cotyledon.oslo_config_glue [-] oslo_messaging_notifications.retry = -1 {{(pid=93552) log_opt_values /opt/stack/data/venv/lib/python3.12/site-packages/oslo_config/cfg.py:3253}}
Jul 22 23:07:29.093396 np0000005669 nova-scheduler[93552]: DEBUG cotyledon.oslo_config_glue [-] oslo_messaging_notifications.topics = ['notifications'] {{(pid=93552) log_opt_values /opt/stack/data/venv/lib/python3.12/site-packages/oslo_config/cfg.py:3253}}
Jul 22 23:07:29.093571 np0000005669 nova-scheduler[93552]: DEBUG cotyledon.oslo_config_glue [-] oslo_messaging_notifications.transport_url = **** {{(pid=93552) log_opt_values /opt/stack/data/venv/lib/python3.12/site-packages/oslo_config/cfg.py:3253}}
Jul 22 23:07:29.093571 np0000005669 nova-scheduler[93552]: DEBUG cotyledon.oslo_config_glue [-] oslo_limit.auth_section = None {{(pid=93552) log_opt_values /opt/stack/data/venv/lib/python3.12/site-packages/oslo_config/cfg.py:3253}}
Jul 22 23:07:29.093571 np0000005669 nova-scheduler[93552]: DEBUG cotyledon.oslo_config_glue [-] oslo_limit.auth_type = None {{(pid=93552) log_opt_values /opt/stack/data/venv/lib/python3.12/site-packages/oslo_config/cfg.py:3253}}
Jul 22 23:07:29.093571 np0000005669 nova-scheduler[93552]: DEBUG cotyledon.oslo_config_glue [-] oslo_limit.cafile = None {{(pid=93552) log_opt_values /opt/stack/data/venv/lib/python3.12/site-packages/oslo_config/cfg.py:3253}}
Jul 22 23:07:29.093571 np0000005669 nova-scheduler[93552]: DEBUG cotyledon.oslo_config_glue [-] oslo_limit.certfile = None {{(pid=93552) log_opt_values /opt/stack/data/venv/lib/python3.12/site-packages/oslo_config/cfg.py:3253}}
Jul 22 23:07:29.093571 np0000005669 nova-scheduler[93552]: DEBUG cotyledon.oslo_config_glue [-] oslo_limit.collect_timing = False {{(pid=93552) log_opt_values /opt/stack/data/venv/lib/python3.12/site-packages/oslo_config/cfg.py:3253}}
Jul 22 23:07:29.093571 np0000005669 nova-scheduler[93552]: DEBUG cotyledon.oslo_config_glue [-] oslo_limit.connect_retries = None {{(pid=93552) log_opt_values /opt/stack/data/venv/lib/python3.12/site-packages/oslo_config/cfg.py:3253}}
Jul 22 23:07:29.093571 np0000005669 nova-scheduler[93552]: DEBUG cotyledon.oslo_config_glue [-] oslo_limit.connect_retry_delay = None {{(pid=93552) log_opt_values /opt/stack/data/venv/lib/python3.12/site-packages/oslo_config/cfg.py:3253}}
Jul 22 23:07:29.093571 np0000005669 nova-scheduler[93552]: DEBUG cotyledon.oslo_config_glue [-] oslo_limit.endpoint_id = None {{(pid=93552) log_opt_values /opt/stack/data/venv/lib/python3.12/site-packages/oslo_config/cfg.py:3253}}
Jul 22 23:07:29.093733 np0000005669 nova-scheduler[93552]: DEBUG cotyledon.oslo_config_glue [-] oslo_limit.endpoint_interface = public {{(pid=93552) log_opt_values /opt/stack/data/venv/lib/python3.12/site-packages/oslo_config/cfg.py:3253}}
Jul 22 23:07:29.093733 np0000005669 nova-scheduler[93552]: DEBUG cotyledon.oslo_config_glue [-] oslo_limit.endpoint_override = None {{(pid=93552) log_opt_values /opt/stack/data/venv/lib/python3.12/site-packages/oslo_config/cfg.py:3253}}
Jul 22 23:07:29.093733 np0000005669 nova-scheduler[93552]: DEBUG cotyledon.oslo_config_glue [-] oslo_limit.endpoint_region_name = None {{(pid=93552) log_opt_values /opt/stack/data/venv/lib/python3.12/site-packages/oslo_config/cfg.py:3253}}
Jul 22 23:07:29.093733 np0000005669 nova-scheduler[93552]: DEBUG cotyledon.oslo_config_glue [-] oslo_limit.endpoint_service_name = None {{(pid=93552) log_opt_values /opt/stack/data/venv/lib/python3.12/site-packages/oslo_config/cfg.py:3253}}
Jul 22 23:07:29.093733 np0000005669 nova-scheduler[93552]: DEBUG cotyledon.oslo_config_glue [-] oslo_limit.endpoint_service_type = None {{(pid=93552) log_opt_values /opt/stack/data/venv/lib/python3.12/site-packages/oslo_config/cfg.py:3253}}
Jul 22 23:07:29.093733 np0000005669 nova-scheduler[93552]: DEBUG cotyledon.oslo_config_glue [-] oslo_limit.insecure = False {{(pid=93552) log_opt_values /opt/stack/data/venv/lib/python3.12/site-packages/oslo_config/cfg.py:3253}}
Jul 22 23:07:29.093733 np0000005669 nova-scheduler[93552]: DEBUG cotyledon.oslo_config_glue [-] oslo_limit.keyfile = None {{(pid=93552) log_opt_values /opt/stack/data/venv/lib/python3.12/site-packages/oslo_config/cfg.py:3253}}
Jul 22 23:07:29.093733 np0000005669 nova-scheduler[93552]: DEBUG cotyledon.oslo_config_glue [-] oslo_limit.max_version = None {{(pid=93552) log_opt_values /opt/stack/data/venv/lib/python3.12/site-packages/oslo_config/cfg.py:3253}}
Jul 22 23:07:29.093733 np0000005669 nova-scheduler[93552]: DEBUG cotyledon.oslo_config_glue [-] oslo_limit.min_version = None {{(pid=93552) log_opt_values /opt/stack/data/venv/lib/python3.12/site-packages/oslo_config/cfg.py:3253}}
Jul 22 23:07:29.093902 np0000005669 nova-scheduler[93552]: DEBUG cotyledon.oslo_config_glue [-] oslo_limit.region_name = None {{(pid=93552) log_opt_values /opt/stack/data/venv/lib/python3.12/site-packages/oslo_config/cfg.py:3253}}
Jul 22 23:07:29.093902 np0000005669 nova-scheduler[93552]: DEBUG cotyledon.oslo_config_glue [-] oslo_limit.retriable_status_codes = None {{(pid=93552) log_opt_values /opt/stack/data/venv/lib/python3.12/site-packages/oslo_config/cfg.py:3253}}
Jul 22 23:07:29.093902 np0000005669 nova-scheduler[93552]: DEBUG cotyledon.oslo_config_glue [-] oslo_limit.service_name = None {{(pid=93552) log_opt_values /opt/stack/data/venv/lib/python3.12/site-packages/oslo_config/cfg.py:3253}}
Jul 22 23:07:29.093902 np0000005669 nova-scheduler[93552]: DEBUG cotyledon.oslo_config_glue [-] oslo_limit.service_type = None {{(pid=93552) log_opt_values /opt/stack/data/venv/lib/python3.12/site-packages/oslo_config/cfg.py:3253}}
Jul 22 23:07:29.093902 np0000005669 nova-scheduler[93552]: DEBUG cotyledon.oslo_config_glue [-] oslo_limit.split_loggers = False {{(pid=93552) log_opt_values /opt/stack/data/venv/lib/python3.12/site-packages/oslo_config/cfg.py:3253}}
Jul 22 23:07:29.093902 np0000005669 nova-scheduler[93552]: DEBUG cotyledon.oslo_config_glue [-] oslo_limit.status_code_retries = None {{(pid=93552) log_opt_values /opt/stack/data/venv/lib/python3.12/site-packages/oslo_config/cfg.py:3253}}
Jul 22 23:07:29.093902 np0000005669 nova-scheduler[93552]: DEBUG cotyledon.oslo_config_glue [-] oslo_limit.status_code_retry_delay = None {{(pid=93552) log_opt_values /opt/stack/data/venv/lib/python3.12/site-packages/oslo_config/cfg.py:3253}}
Jul 22 23:07:29.093902 np0000005669 nova-scheduler[93552]: DEBUG cotyledon.oslo_config_glue [-] oslo_limit.timeout = None {{(pid=93552) log_opt_values /opt/stack/data/venv/lib/python3.12/site-packages/oslo_config/cfg.py:3253}}
Jul 22 23:07:29.093902 np0000005669 nova-scheduler[93552]: DEBUG cotyledon.oslo_config_glue [-] oslo_limit.valid_interfaces = None {{(pid=93552) log_opt_values /opt/stack/data/venv/lib/python3.12/site-packages/oslo_config/cfg.py:3253}}
Jul 22 23:07:29.094078 np0000005669 nova-scheduler[93552]: DEBUG cotyledon.oslo_config_glue [-] oslo_limit.version = None {{(pid=93552) log_opt_values /opt/stack/data/venv/lib/python3.12/site-packages/oslo_config/cfg.py:3253}}
Jul 22 23:07:29.094078 np0000005669 nova-scheduler[93552]: DEBUG cotyledon.oslo_config_glue [-] oslo_reports.file_event_handler = None {{(pid=93552) log_opt_values /opt/stack/data/venv/lib/python3.12/site-packages/oslo_config/cfg.py:3253}}
Jul 22 23:07:29.094078 np0000005669 nova-scheduler[93552]: DEBUG cotyledon.oslo_config_glue [-] oslo_reports.file_event_handler_interval = 1 {{(pid=93552) log_opt_values /opt/stack/data/venv/lib/python3.12/site-packages/oslo_config/cfg.py:3253}}
Jul 22 23:07:29.094078 np0000005669 nova-scheduler[93552]: DEBUG cotyledon.oslo_config_glue [-] oslo_reports.log_dir = None {{(pid=93552) log_opt_values /opt/stack/data/venv/lib/python3.12/site-packages/oslo_config/cfg.py:3253}}
Jul 22 23:07:29.094078 np0000005669 nova-scheduler[93552]: DEBUG cotyledon.oslo_config_glue [-] ******************************************************************************** {{(pid=93552) log_opt_values /opt/stack/data/venv/lib/python3.12/site-packages/oslo_config/cfg.py:3260}}
Jul 22 23:07:29.094078 np0000005669 nova-scheduler[93552]: DEBUG cotyledon._service_worker [-] Run service ServiceWrapper(2) [93552] {{(pid=93552) wait_forever /opt/stack/data/venv/lib/python3.12/site-packages/cotyledon/_service_worker.py:218}}
Jul 22 23:07:29.094078 np0000005669 nova-scheduler[93552]: INFO nova.service [-] Starting scheduler node (version 33.1.0)
Jul 22 23:07:29.094078 np0000005669 nova-scheduler[93552]: INFO dbcounter [None req-5bd9e81a-b87f-4000-a9ac-df8906f9081f None None] Registered counter for database nova_cell0
Jul 22 23:07:29.094551 np0000005669 nova-scheduler[93536]: DEBUG oslo_db.sqlalchemy.engines [None req-ae9bbef0-7856-4efa-baae-e360d921cb06 None None] MySQL server mode set to STRICT_TRANS_TABLES,STRICT_ALL_TABLES,NO_ZERO_IN_DATE,NO_ZERO_DATE,ERROR_FOR_DIVISION_BY_ZERO,TRADITIONAL,NO_ENGINE_SUBSTITUTION {{(pid=93536) _check_effective_sql_mode /opt/stack/data/venv/lib/python3.12/site-packages/oslo_db/sqlalchemy/engines.py:325}}
Jul 22 23:07:29.101154 np0000005669 nova-scheduler[93539]: DEBUG oslo_db.sqlalchemy.engines [None req-2f35c07e-904e-4b17-8cc6-3a7a531fac74 None None] MySQL server mode set to STRICT_TRANS_TABLES,STRICT_ALL_TABLES,NO_ZERO_IN_DATE,NO_ZERO_DATE,ERROR_FOR_DIVISION_BY_ZERO,TRADITIONAL,NO_ENGINE_SUBSTITUTION {{(pid=93539) _check_effective_sql_mode /opt/stack/data/venv/lib/python3.12/site-packages/oslo_db/sqlalchemy/engines.py:325}}
Jul 22 23:07:29.106311 np0000005669 nova-scheduler[93536]: DEBUG dbcounter [-] [93536] Writer thread running {{(pid=93536) stat_writer /opt/stack/data/venv/lib/python3.12/site-packages/dbcounter.py:102}}
Jul 22 23:07:29.109602 np0000005669 nova-scheduler[93539]: DEBUG dbcounter [-] [93539] Writer thread running {{(pid=93539) stat_writer /opt/stack/data/venv/lib/python3.12/site-packages/dbcounter.py:102}}
Jul 22 23:07:29.116558 np0000005669 nova-scheduler[93552]: DEBUG oslo_db.sqlalchemy.engines [None req-5bd9e81a-b87f-4000-a9ac-df8906f9081f None None] MySQL server mode set to STRICT_TRANS_TABLES,STRICT_ALL_TABLES,NO_ZERO_IN_DATE,NO_ZERO_DATE,ERROR_FOR_DIVISION_BY_ZERO,TRADITIONAL,NO_ENGINE_SUBSTITUTION {{(pid=93552) _check_effective_sql_mode /opt/stack/data/venv/lib/python3.12/site-packages/oslo_db/sqlalchemy/engines.py:325}}
Jul 22 23:07:29.123085 np0000005669 nova-scheduler[93536]: DEBUG nova.service [None req-ae9bbef0-7856-4efa-baae-e360d921cb06 None None] Creating RPC server for service: nova-scheduler on topic: scheduler {{(pid=93536) start /opt/stack/nova/nova/service.py:196}}
Jul 22 23:07:29.125275 np0000005669 nova-scheduler[93552]: DEBUG dbcounter [-] [93552] Writer thread running {{(pid=93552) stat_writer /opt/stack/data/venv/lib/python3.12/site-packages/dbcounter.py:102}}
Jul 22 23:07:29.126374 np0000005669 nova-scheduler[93539]: DEBUG nova.service [None req-2f35c07e-904e-4b17-8cc6-3a7a531fac74 None None] Creating RPC server for service: nova-scheduler on topic: scheduler {{(pid=93539) start /opt/stack/nova/nova/service.py:196}}
Jul 22 23:07:29.127849 np0000005669 nova-scheduler[93552]: DEBUG nova.service [None req-5bd9e81a-b87f-4000-a9ac-df8906f9081f None None] Creating RPC server for service: nova-scheduler on topic: scheduler {{(pid=93552) start /opt/stack/nova/nova/service.py:196}}
Jul 22 23:07:29.146160 np0000005669 nova-scheduler[93536]: DEBUG nova.service [None req-ae9bbef0-7856-4efa-baae-e360d921cb06 None None] Join ServiceGroup membership for this service scheduler {{(pid=93536) start /opt/stack/nova/nova/service.py:222}}
Jul 22 23:07:29.146399 np0000005669 nova-scheduler[93552]: DEBUG nova.service [None req-5bd9e81a-b87f-4000-a9ac-df8906f9081f None None] Join ServiceGroup membership for this service scheduler {{(pid=93552) start /opt/stack/nova/nova/service.py:222}}
Jul 22 23:07:29.146619 np0000005669 nova-scheduler[93536]: DEBUG nova.servicegroup.drivers.db [None req-ae9bbef0-7856-4efa-baae-e360d921cb06 None None] DB_Driver: join new ServiceGroup member np0000005669 to the scheduler group, service = {{(pid=93536) join /opt/stack/nova/nova/servicegroup/drivers/db.py:44}}
Jul 22 23:07:29.146691 np0000005669 nova-scheduler[93552]: DEBUG nova.servicegroup.drivers.db [None req-5bd9e81a-b87f-4000-a9ac-df8906f9081f None None] DB_Driver: join new ServiceGroup member np0000005669 to the scheduler group, service = {{(pid=93552) join /opt/stack/nova/nova/servicegroup/drivers/db.py:44}}
Jul 22 23:07:29.152058 np0000005669 nova-scheduler[93539]: DEBUG nova.service [None req-2f35c07e-904e-4b17-8cc6-3a7a531fac74 None None] Join ServiceGroup membership for this service scheduler {{(pid=93539) start /opt/stack/nova/nova/service.py:222}}
Jul 22 23:07:29.152305 np0000005669 nova-scheduler[93539]: DEBUG nova.servicegroup.drivers.db [None req-2f35c07e-904e-4b17-8cc6-3a7a531fac74 None None] DB_Driver: join new ServiceGroup member np0000005669 to the scheduler group, service = {{(pid=93539) join /opt/stack/nova/nova/servicegroup/drivers/db.py:44}}
Jul 22 23:07:34.158825 np0000005669 nova-scheduler[93536]: DEBUG oslo.service.backend._threading.loopingcall [-] Fixed interval looping call 'nova.servicegroup.drivers.db.DbDriver._report_state' sleeping for 119.99 seconds {{(pid=93536) _run_loop /opt/stack/data/venv/lib/python3.12/site-packages/oslo_service/backend/_threading/loopingcall.py:125}}
Jul 22 23:07:34.159174 np0000005669 nova-scheduler[93552]: DEBUG oslo.service.backend._threading.loopingcall [-] Fixed interval looping call 'nova.servicegroup.drivers.db.DbDriver._report_state' sleeping for 119.99 seconds {{(pid=93552) _run_loop /opt/stack/data/venv/lib/python3.12/site-packages/oslo_service/backend/_threading/loopingcall.py:125}}
Jul 22 23:07:34.162611 np0000005669 nova-scheduler[93539]: DEBUG oslo.service.backend._threading.loopingcall [-] Fixed interval looping call 'nova.servicegroup.drivers.db.DbDriver._report_state' sleeping for 119.99 seconds {{(pid=93539) _run_loop /opt/stack/data/venv/lib/python3.12/site-packages/oslo_service/backend/_threading/loopingcall.py:125}}
Jul 22 23:07:37.735106 np0000005669 nova-scheduler[92256]: DEBUG dbcounter [-] [92256] Writing DB stats nova_api:SELECT=3 {{(pid=92256) stat_writer /opt/stack/data/venv/lib/python3.12/site-packages/dbcounter.py:115}}
Jul 22 23:07:37.856719 np0000005669 nova-scheduler[92256]: DEBUG dbcounter [-] [92256] Writing DB stats nova_cell0:SELECT=1 {{(pid=92256) stat_writer /opt/stack/data/venv/lib/python3.12/site-packages/dbcounter.py:115}}
Jul 22 23:07:37.866197 np0000005669 nova-scheduler[92256]: DEBUG dbcounter [-] [92256] Writing DB stats nova_cell1:SELECT=1 {{(pid=92256) stat_writer /opt/stack/data/venv/lib/python3.12/site-packages/dbcounter.py:115}}
Jul 22 23:07:44.158453 np0000005669 nova-scheduler[93536]: DEBUG dbcounter [-] [93536] Writing DB stats nova_cell0:SELECT=4,nova_cell0:INSERT=1,nova_cell0:UPDATE=1 {{(pid=93536) stat_writer /opt/stack/data/venv/lib/python3.12/site-packages/dbcounter.py:115}}
Jul 22 23:07:44.160034 np0000005669 nova-scheduler[93539]: DEBUG dbcounter [-] [93539] Writing DB stats nova_cell0:SELECT=5,nova_cell0:INSERT=1 {{(pid=93539) stat_writer /opt/stack/data/venv/lib/python3.12/site-packages/dbcounter.py:115}}
Jul 22 23:07:44.163678 np0000005669 nova-scheduler[93552]: DEBUG dbcounter [-] [93552] Writing DB stats nova_cell0:SELECT=3,nova_cell0:UPDATE=1 {{(pid=93552) stat_writer /opt/stack/data/venv/lib/python3.12/site-packages/dbcounter.py:115}}
Jul 22 23:07:54.148781 np0000005669 nova-scheduler[93536]: DEBUG oslo.service.backend._threading.loopingcall [None req-0842d18c-db52-4bba-a95c-cef901c2cc17 None None] Dynamic interval looping call 'nova.service.Service.periodic_tasks' sleeping for 60.00 seconds {{(pid=93536) _run_loop /opt/stack/data/venv/lib/python3.12/site-packages/oslo_service/backend/_threading/loopingcall.py:125}}
Jul 22 23:08:03.154706 np0000005669 nova-scheduler[93539]: DEBUG oslo.service.backend._threading.loopingcall [None req-8e92c0e6-8410-4f1b-9c06-724e9614c09f None None] Dynamic interval looping call 'nova.service.Service.periodic_tasks' sleeping for 60.00 seconds {{(pid=93539) _run_loop /opt/stack/data/venv/lib/python3.12/site-packages/oslo_service/backend/_threading/loopingcall.py:125}}
Jul 22 23:08:18.149204 np0000005669 nova-scheduler[93552]: DEBUG oslo.service.backend._threading.loopingcall [None req-b5f68fd4-e0df-476f-9f3b-bfe167ed8ebf None None] Dynamic interval looping call 'nova.service.Service.periodic_tasks' sleeping for 60.00 seconds {{(pid=93552) _run_loop /opt/stack/data/venv/lib/python3.12/site-packages/oslo_service/backend/_threading/loopingcall.py:125}}
Jul 22 23:08:54.149321 np0000005669 nova-scheduler[93536]: DEBUG oslo.service.backend._threading.loopingcall [None req-0842d18c-db52-4bba-a95c-cef901c2cc17 None None] Dynamic interval looping call 'nova.service.Service.periodic_tasks' sleeping for 60.00 seconds {{(pid=93536) _run_loop /opt/stack/data/venv/lib/python3.12/site-packages/oslo_service/backend/_threading/loopingcall.py:125}}
Jul 22 23:09:03.155212 np0000005669 nova-scheduler[93539]: DEBUG oslo.service.backend._threading.loopingcall [None req-8e92c0e6-8410-4f1b-9c06-724e9614c09f None None] Dynamic interval looping call 'nova.service.Service.periodic_tasks' sleeping for 60.00 seconds {{(pid=93539) _run_loop /opt/stack/data/venv/lib/python3.12/site-packages/oslo_service/backend/_threading/loopingcall.py:125}}
Jul 22 23:09:18.149975 np0000005669 nova-scheduler[93552]: DEBUG oslo.service.backend._threading.loopingcall [None req-b5f68fd4-e0df-476f-9f3b-bfe167ed8ebf None None] Dynamic interval looping call 'nova.service.Service.periodic_tasks' sleeping for 60.00 seconds {{(pid=93552) _run_loop /opt/stack/data/venv/lib/python3.12/site-packages/oslo_service/backend/_threading/loopingcall.py:125}}
Jul 22 23:09:34.154746 np0000005669 nova-scheduler[93552]: DEBUG oslo.service.backend._threading.loopingcall [-] Fixed interval looping call 'nova.servicegroup.drivers.db.DbDriver._report_state' sleeping for 119.99 seconds {{(pid=93552) _run_loop /opt/stack/data/venv/lib/python3.12/site-packages/oslo_service/backend/_threading/loopingcall.py:125}}
Jul 22 23:09:34.155448 np0000005669 nova-scheduler[93536]: DEBUG oslo.service.backend._threading.loopingcall [-] Fixed interval looping call 'nova.servicegroup.drivers.db.DbDriver._report_state' sleeping for 119.99 seconds {{(pid=93536) _run_loop /opt/stack/data/venv/lib/python3.12/site-packages/oslo_service/backend/_threading/loopingcall.py:125}}
Jul 22 23:09:34.159625 np0000005669 nova-scheduler[93539]: DEBUG oslo.service.backend._threading.loopingcall [-] Fixed interval looping call 'nova.servicegroup.drivers.db.DbDriver._report_state' sleeping for 119.99 seconds {{(pid=93539) _run_loop /opt/stack/data/venv/lib/python3.12/site-packages/oslo_service/backend/_threading/loopingcall.py:125}}
Jul 22 23:09:44.152111 np0000005669 nova-scheduler[93536]: DEBUG dbcounter [-] [93536] Writing DB stats nova_cell0:SELECT=1,nova_cell0:UPDATE=1 {{(pid=93536) stat_writer /opt/stack/data/venv/lib/python3.12/site-packages/dbcounter.py:115}}
Jul 22 23:09:44.152755 np0000005669 nova-scheduler[93552]: DEBUG dbcounter [-] [93552] Writing DB stats nova_cell0:SELECT=1,nova_cell0:UPDATE=1 {{(pid=93552) stat_writer /opt/stack/data/venv/lib/python3.12/site-packages/dbcounter.py:115}}
Jul 22 23:09:44.159659 np0000005669 nova-scheduler[93539]: DEBUG dbcounter [-] [93539] Writing DB stats nova_cell0:SELECT=1 {{(pid=93539) stat_writer /opt/stack/data/venv/lib/python3.12/site-packages/dbcounter.py:115}}
Jul 22 23:09:51.809644 np0000005669 nova-scheduler[93536]: DEBUG nova.scheduler.manager [None req-7b823450-24d5-4517-a115-afa3143dd514 tempest-ServerBootFromVolumeStableRescueTest-647031797 tempest-ServerBootFromVolumeStableRescueTest-647031797-project-member] Starting to schedule for instances: ['20187054-062d-4d81-8017-95c81e3d7d7a'] {{(pid=93536) select_destinations /opt/stack/nova/nova/scheduler/manager.py:209}}
Jul 22 23:09:51.810182 np0000005669 nova-scheduler[93536]: DEBUG nova.scheduler.request_filter [None req-7b823450-24d5-4517-a115-afa3143dd514 tempest-ServerBootFromVolumeStableRescueTest-647031797 tempest-ServerBootFromVolumeStableRescueTest-647031797-project-member] compute_status_filter request filter added forbidden trait COMPUTE_STATUS_DISABLED {{(pid=93536) compute_status_filter /opt/stack/nova/nova/scheduler/request_filter.py:253}}
Jul 22 23:09:51.812481 np0000005669 nova-scheduler[93536]: DEBUG nova.scheduler.request_filter [None req-7b823450-24d5-4517-a115-afa3143dd514 tempest-ServerBootFromVolumeStableRescueTest-647031797 tempest-ServerBootFromVolumeStableRescueTest-647031797-project-member] Request filter 'compute_status_filter' took 0.0 seconds {{(pid=93536) wrapper /opt/stack/nova/nova/scheduler/request_filter.py:46}}
Jul 22 23:09:51.812481 np0000005669 nova-scheduler[93536]: DEBUG nova.scheduler.request_filter [None req-7b823450-24d5-4517-a115-afa3143dd514 tempest-ServerBootFromVolumeStableRescueTest-647031797 tempest-ServerBootFromVolumeStableRescueTest-647031797-project-member] Request filter 'accelerators_filter' took 0.0 seconds {{(pid=93536) wrapper /opt/stack/nova/nova/scheduler/request_filter.py:46}}
Jul 22 23:09:51.812481 np0000005669 nova-scheduler[93536]: DEBUG nova.scheduler.request_filter [None req-7b823450-24d5-4517-a115-afa3143dd514 tempest-ServerBootFromVolumeStableRescueTest-647031797 tempest-ServerBootFromVolumeStableRescueTest-647031797-project-member] Request filter 'packed_virtqueue_filter' took 0.0 seconds {{(pid=93536) wrapper /opt/stack/nova/nova/scheduler/request_filter.py:46}}
Jul 22 23:09:51.812481 np0000005669 nova-scheduler[93536]: DEBUG nova.scheduler.request_filter [None req-7b823450-24d5-4517-a115-afa3143dd514 tempest-ServerBootFromVolumeStableRescueTest-647031797 tempest-ServerBootFromVolumeStableRescueTest-647031797-project-member] Request filter 'remote_managed_ports_filter' took 0.0 seconds {{(pid=93536) wrapper /opt/stack/nova/nova/scheduler/request_filter.py:46}}
Jul 22 23:09:51.812481 np0000005669 nova-scheduler[93536]: DEBUG nova.scheduler.request_filter [None req-7b823450-24d5-4517-a115-afa3143dd514 tempest-ServerBootFromVolumeStableRescueTest-647031797 tempest-ServerBootFromVolumeStableRescueTest-647031797-project-member] ephemeral_encryption_filter skipped {{(pid=93536) ephemeral_encryption_filter /opt/stack/nova/nova/scheduler/request_filter.py:426}}
Jul 22 23:09:51.812706 np0000005669 nova-scheduler[93536]: DEBUG nova.scheduler.request_filter [None req-7b823450-24d5-4517-a115-afa3143dd514 tempest-ServerBootFromVolumeStableRescueTest-647031797 tempest-ServerBootFromVolumeStableRescueTest-647031797-project-member] virtio_sound_filter skipped {{(pid=93536) virtio_sound_filter /opt/stack/nova/nova/scheduler/request_filter.py:460}}
Jul 22 23:09:51.812706 np0000005669 nova-scheduler[93536]: DEBUG nova.scheduler.request_filter [None req-7b823450-24d5-4517-a115-afa3143dd514 tempest-ServerBootFromVolumeStableRescueTest-647031797 tempest-ServerBootFromVolumeStableRescueTest-647031797-project-member] tpm_secret_security_filter skipped {{(pid=93536) tpm_secret_security_filter /opt/stack/nova/nova/scheduler/request_filter.py:477}}
Jul 22 23:09:52.300318 np0000005669 nova-scheduler[93536]: INFO nova.utils [None req-7b823450-24d5-4517-a115-afa3143dd514 tempest-ServerBootFromVolumeStableRescueTest-647031797 tempest-ServerBootFromVolumeStableRescueTest-647031797-project-member] The cell worker thread pool ForkProcess-1.cell_worker is initialized
Jul 22 23:09:52.300683 np0000005669 nova-scheduler[93536]: DEBUG oslo_concurrency.lockutils [None req-7b823450-24d5-4517-a115-afa3143dd514 tempest-ServerBootFromVolumeStableRescueTest-647031797 tempest-ServerBootFromVolumeStableRescueTest-647031797-project-member] Acquiring lock "dafe5b28-3b81-4970-aea1-16091ffa587b" by "nova.context.set_target_cell..get_or_set_cached_cell_and_set_connections" {{(pid=93536) inner /opt/stack/data/venv/lib/python3.12/site-packages/oslo_concurrency/lockutils.py:512}}
Jul 22 23:09:52.300875 np0000005669 nova-scheduler[93536]: DEBUG oslo_concurrency.lockutils [None req-7b823450-24d5-4517-a115-afa3143dd514 tempest-ServerBootFromVolumeStableRescueTest-647031797 tempest-ServerBootFromVolumeStableRescueTest-647031797-project-member] Lock "dafe5b28-3b81-4970-aea1-16091ffa587b" acquired by "nova.context.set_target_cell..get_or_set_cached_cell_and_set_connections" :: waited 0.000s {{(pid=93536) inner /opt/stack/data/venv/lib/python3.12/site-packages/oslo_concurrency/lockutils.py:525}}
Jul 22 23:09:52.302118 np0000005669 nova-scheduler[93536]: DEBUG oslo_concurrency.lockutils [None req-7b823450-24d5-4517-a115-afa3143dd514 tempest-ServerBootFromVolumeStableRescueTest-647031797 tempest-ServerBootFromVolumeStableRescueTest-647031797-project-member] Lock "dafe5b28-3b81-4970-aea1-16091ffa587b" "released" by "nova.context.set_target_cell..get_or_set_cached_cell_and_set_connections" :: held 0.001s {{(pid=93536) inner /opt/stack/data/venv/lib/python3.12/site-packages/oslo_concurrency/lockutils.py:544}}
Jul 22 23:09:52.304325 np0000005669 nova-scheduler[93536]: INFO dbcounter [None req-7b823450-24d5-4517-a115-afa3143dd514 tempest-ServerBootFromVolumeStableRescueTest-647031797 tempest-ServerBootFromVolumeStableRescueTest-647031797-project-member] Registered counter for database nova_cell1
Jul 22 23:09:52.340017 np0000005669 nova-scheduler[93536]: DEBUG oslo_db.sqlalchemy.engines [None req-7b823450-24d5-4517-a115-afa3143dd514 tempest-ServerBootFromVolumeStableRescueTest-647031797 tempest-ServerBootFromVolumeStableRescueTest-647031797-project-member] MySQL server mode set to STRICT_TRANS_TABLES,STRICT_ALL_TABLES,NO_ZERO_IN_DATE,NO_ZERO_DATE,ERROR_FOR_DIVISION_BY_ZERO,TRADITIONAL,NO_ENGINE_SUBSTITUTION {{(pid=93536) _check_effective_sql_mode /opt/stack/data/venv/lib/python3.12/site-packages/oslo_db/sqlalchemy/engines.py:325}}
Jul 22 23:09:52.345626 np0000005669 nova-scheduler[93536]: DEBUG dbcounter [-] [93536] Writer thread running {{(pid=93536) stat_writer /opt/stack/data/venv/lib/python3.12/site-packages/dbcounter.py:102}}
Jul 22 23:09:52.357420 np0000005669 nova-scheduler[93536]: DEBUG oslo_db.sqlalchemy.engines [None req-7b823450-24d5-4517-a115-afa3143dd514 tempest-ServerBootFromVolumeStableRescueTest-647031797 tempest-ServerBootFromVolumeStableRescueTest-647031797-project-member] Parent process 92256 forked (93536) with an open database connection, which is being discarded and recreated. {{(pid=93536) checkout /opt/stack/data/venv/lib/python3.12/site-packages/oslo_db/sqlalchemy/engines.py:402}}
Jul 22 23:09:52.401868 np0000005669 nova-scheduler[93536]: DEBUG dbcounter [-] [93536] Writer thread running {{(pid=93536) stat_writer /opt/stack/data/venv/lib/python3.12/site-packages/dbcounter.py:102}}
Jul 22 23:09:52.404748 np0000005669 nova-scheduler[93536]: DEBUG oslo_concurrency.lockutils [None req-7b823450-24d5-4517-a115-afa3143dd514 tempest-ServerBootFromVolumeStableRescueTest-647031797 tempest-ServerBootFromVolumeStableRescueTest-647031797-project-member] Acquiring lock "dafe5b28-3b81-4970-aea1-16091ffa587b" by "nova.context.set_target_cell..get_or_set_cached_cell_and_set_connections" {{(pid=93536) inner /opt/stack/data/venv/lib/python3.12/site-packages/oslo_concurrency/lockutils.py:512}}
Jul 22 23:09:52.405078 np0000005669 nova-scheduler[93536]: DEBUG oslo_concurrency.lockutils [None req-7b823450-24d5-4517-a115-afa3143dd514 tempest-ServerBootFromVolumeStableRescueTest-647031797 tempest-ServerBootFromVolumeStableRescueTest-647031797-project-member] Lock "dafe5b28-3b81-4970-aea1-16091ffa587b" acquired by "nova.context.set_target_cell..get_or_set_cached_cell_and_set_connections" :: waited 0.000s {{(pid=93536) inner /opt/stack/data/venv/lib/python3.12/site-packages/oslo_concurrency/lockutils.py:525}}
Jul 22 23:09:52.405349 np0000005669 nova-scheduler[93536]: DEBUG oslo_concurrency.lockutils [None req-7b823450-24d5-4517-a115-afa3143dd514 tempest-ServerBootFromVolumeStableRescueTest-647031797 tempest-ServerBootFromVolumeStableRescueTest-647031797-project-member] Lock "dafe5b28-3b81-4970-aea1-16091ffa587b" "released" by "nova.context.set_target_cell..get_or_set_cached_cell_and_set_connections" :: held 0.000s {{(pid=93536) inner /opt/stack/data/venv/lib/python3.12/site-packages/oslo_concurrency/lockutils.py:544}}
Jul 22 23:09:52.408002 np0000005669 nova-scheduler[93536]: DEBUG oslo_concurrency.lockutils [None req-7b823450-24d5-4517-a115-afa3143dd514 tempest-ServerBootFromVolumeStableRescueTest-647031797 tempest-ServerBootFromVolumeStableRescueTest-647031797-project-member] Acquiring lock "np0000005669-np0000005669" by "nova.scheduler.host_manager.HostState.update.._locked_update" {{(pid=93536) inner /opt/stack/data/venv/lib/python3.12/site-packages/oslo_concurrency/lockutils.py:512}}
Jul 22 23:09:52.408171 np0000005669 nova-scheduler[93536]: DEBUG oslo_concurrency.lockutils [None req-7b823450-24d5-4517-a115-afa3143dd514 tempest-ServerBootFromVolumeStableRescueTest-647031797 tempest-ServerBootFromVolumeStableRescueTest-647031797-project-member] Lock "np0000005669-np0000005669" acquired by "nova.scheduler.host_manager.HostState.update.._locked_update" :: waited 0.000s {{(pid=93536) inner /opt/stack/data/venv/lib/python3.12/site-packages/oslo_concurrency/lockutils.py:525}}
Jul 22 23:09:52.409570 np0000005669 nova-scheduler[93536]: DEBUG nova.scheduler.host_manager [None req-7b823450-24d5-4517-a115-afa3143dd514 tempest-ServerBootFromVolumeStableRescueTest-647031797 tempest-ServerBootFromVolumeStableRescueTest-647031797-project-member] Update host state from compute node: ComputeNode(cpu_allocation_ratio=4.0,cpu_info='{"arch": "x86_64", "model": "EPYC-Milan", "vendor": "AMD", "topology": {"cells": 1, "sockets": 16, "cores": 1, "threads": 1}, "maxphysaddr": {"mode": "emulate", "bits": 40}, "features": ["stibp-always-on", "rdseed", "pku", "msr", "movbe", "de", "mca", "lbrv", "fxsr", "wbnoinvd", "umip", "arch-capabilities", "skip-l1dfl-vmentry", "avx", "aes", "pni", "xgetbv1", "clflush", "3dnowprefetch", "mmx", "nrip-save", "pae", "rdtscp", "pfthreshold", "clzero", "pse36", "perfctr_core", "pcid", "tsc-scale", "nx", "sse4a", "erms", "pause-filter", "xsave", "topoext", "amd-ssbd", "vmcb-clean", "mtrr", "pge", "rdpid", "smap", "vgif", "clflushopt", "fsgsbase", "misalignsse", "xsaves", "ssbd", "smep", "apic", "lahf_lm", "fsrm", "no-nested-data-bp", "bmi2", "ibrs", "lm", "xsaveerptr", "clwb", "virt-ssbd", "lfence-always-serializing", "tsc_adjust", "mce", "pse", "amd-stibp", "cmov", "mds-no", "popcnt", "rdrand", "vaes", "x2apic", "vpclmulqdq", "tsc", "xsavec", "cx16", "avx2", "v-vmsave-vmload", "spec-ctrl", "osvw", "f16c", "pdpe1gb", "ssse3", "flushbyasid", "fxsr_opt", "fma", "npt", "sse4.1", "sse4.2", "null-sel-clr-base", "svm", "pclmuldq", "stibp", "sse2", "cr8legacy", "svme-addr-chk", "vme", "pat", "mmxext", "pschange-mc-no", "sha-ni", "adx", "invpcid", "bmi1", "cx8", "cmp_legacy", "sse", "hypervisor", "syscall", "sep", "amd-psfd", "rdctl-no", "ibpb", "gds-no", "tsc-deadline", "arat", "abm", "fpu", "xsaveopt"]}',created_at=2026-07-22T23:07:49Z,current_workload=0,deleted=False,deleted_at=None,disk_allocation_ratio=1.0,disk_available_least=73,free_disk_gb=95,free_ram_mb=62765,host='np0000005669',host_ip=10.4.3.134,hypervisor_hostname='np0000005669',hypervisor_type='QEMU',hypervisor_version=8002002,id=1,local_gb=95,local_gb_used=0,mapped=1,memory_mb=63277,memory_mb_used=512,metrics='[]',numa_topology='{"nova_object.name": "NUMATopology", "nova_object.namespace": "nova", "nova_object.version": "1.2", "nova_object.data": {"cells": [{"nova_object.name": "NUMACell", "nova_object.namespace": "nova", "nova_object.version": "1.5", "nova_object.data": {"id": 0, "cpuset": [0, 1, 2, 3, 4, 5, 6, 7, 8, 9, 10, 11, 12, 13, 14, 15], "pcpuset": [0, 1, 2, 3, 4, 5, 6, 7, 8, 9, 10, 11, 12, 13, 14, 15], "memory": 63277, "cpu_usage": 0, "memory_usage": 0, "pinned_cpus": [], "siblings": [[6], [12], [2], [15], [5], [11], [8], [14], [4], [1], [7], [10], [0], [13], [3], [9]], "mempages": [{"nova_object.name": "NUMAPagesTopology", "nova_object.namespace": "nova", "nova_object.version": "1.1", "nova_object.data": {"size_kb": 4, "total": 16177929, "used": 0, "reserved": 0}, "nova_object.changes": ["used", "total", "size_kb", "reserved"]}, {"nova_object.name": "NUMAPagesTopology", "nova_object.namespace": "nova", "nova_object.version": "1.1", "nova_object.data": {"size_kb": 2048, "total": 41, "used": 0, "reserved": 0}, "nova_object.changes": ["used", "total", "size_kb", "reserved"]}, {"nova_object.name": "NUMAPagesTopology", "nova_object.namespace": "nova", "nova_object.version": "1.1", "nova_object.data": {"size_kb": 1048576, "total": 0, "used": 0, "reserved": 0}, "nova_object.changes": ["used", "total", "size_kb", "reserved"]}], "network_metadata": {"nova_object.name": "NetworkMetadata", "nova_object.namespace": "nova", "nova_object.version": "1.0", "nova_object.data": {"physnets": [], "tunneled": false}, "nova_object.changes": ["tunneled", "physnets"]}, "socket": null}, "nova_object.changes": ["pcpuset", "network_metadata", "id", "memory", "pinned_cpus", "siblings", "mempages", "memory_usage", "cpu_usage", "socket", "cpuset"]}]}, "nova_object.changes": ["cells"]}',pci_device_pools=PciDevicePoolList,ram_allocation_ratio=1.0,running_vms=0,service_id=2,stats={failed_builds='0',uptime=' 23:09:38 up 13 min, 2 users, load average: 1.23, 1.34, 0.77
Jul 22 23:09:52.409570 np0000005669 nova-scheduler[93536]: '},supported_hv_specs=[HVSpec,HVSpec,HVSpec,HVSpec,HVSpec,HVSpec,HVSpec,HVSpec,HVSpec,HVSpec,HVSpec,HVSpec,HVSpec,HVSpec,HVSpec,HVSpec,HVSpec,HVSpec,HVSpec,HVSpec,HVSpec,HVSpec,HVSpec,HVSpec,HVSpec],updated_at=2026-07-22T23:09:39Z,uuid=fa5cbcd5-cc20-4bec-96ac-8c5e42ea086c,vcpus=16,vcpus_used=0) {{(pid=93536) _locked_update /opt/stack/nova/nova/scheduler/host_manager.py:168}}
Jul 22 23:09:52.410258 np0000005669 nova-scheduler[93536]: DEBUG nova.scheduler.host_manager [None req-7b823450-24d5-4517-a115-afa3143dd514 tempest-ServerBootFromVolumeStableRescueTest-647031797 tempest-ServerBootFromVolumeStableRescueTest-647031797-project-member] Update host state with aggregates: [] {{(pid=93536) _locked_update /opt/stack/nova/nova/scheduler/host_manager.py:171}}
Jul 22 23:09:52.410393 np0000005669 nova-scheduler[93536]: DEBUG nova.scheduler.host_manager [None req-7b823450-24d5-4517-a115-afa3143dd514 tempest-ServerBootFromVolumeStableRescueTest-647031797 tempest-ServerBootFromVolumeStableRescueTest-647031797-project-member] Update host state with service dict: {'id': 2, 'uuid': '279fc2aa-c9c1-47ac-89fb-94463657d59c', 'host': 'np0000005669', 'binary': 'nova-compute', 'topic': 'compute', 'report_count': 1, 'disabled': False, 'disabled_reason': None, 'last_seen_up': datetime.datetime(2026, 7, 22, 23, 7, 55, tzinfo=datetime.timezone.utc), 'forced_down': False, 'version': 72, 'created_at': datetime.datetime(2026, 7, 22, 23, 7, 49, tzinfo=datetime.timezone.utc), 'updated_at': datetime.datetime(2026, 7, 22, 23, 7, 55, tzinfo=datetime.timezone.utc), 'deleted_at': None, 'deleted': False} {{(pid=93536) _locked_update /opt/stack/nova/nova/scheduler/host_manager.py:174}}
Jul 22 23:09:52.410499 np0000005669 nova-scheduler[93536]: DEBUG nova.scheduler.host_manager [None req-7b823450-24d5-4517-a115-afa3143dd514 tempest-ServerBootFromVolumeStableRescueTest-647031797 tempest-ServerBootFromVolumeStableRescueTest-647031797-project-member] Update host state with instances: [] {{(pid=93536) _locked_update /opt/stack/nova/nova/scheduler/host_manager.py:177}}
Jul 22 23:09:52.410597 np0000005669 nova-scheduler[93536]: DEBUG oslo_concurrency.lockutils [None req-7b823450-24d5-4517-a115-afa3143dd514 tempest-ServerBootFromVolumeStableRescueTest-647031797 tempest-ServerBootFromVolumeStableRescueTest-647031797-project-member] Lock "np0000005669-np0000005669" "released" by "nova.scheduler.host_manager.HostState.update.._locked_update" :: held 0.002s {{(pid=93536) inner /opt/stack/data/venv/lib/python3.12/site-packages/oslo_concurrency/lockutils.py:544}}
Jul 22 23:09:52.411062 np0000005669 nova-scheduler[93536]: DEBUG nova.filters [None req-7b823450-24d5-4517-a115-afa3143dd514 tempest-ServerBootFromVolumeStableRescueTest-647031797 tempest-ServerBootFromVolumeStableRescueTest-647031797-project-member] Starting with 1 host(s) {{(pid=93536) get_filtered_objects /opt/stack/nova/nova/filters.py:70}}
Jul 22 23:09:52.411253 np0000005669 nova-scheduler[93536]: DEBUG nova.filters [None req-7b823450-24d5-4517-a115-afa3143dd514 tempest-ServerBootFromVolumeStableRescueTest-647031797 tempest-ServerBootFromVolumeStableRescueTest-647031797-project-member] Filter ComputeFilter returned 1 host(s) {{(pid=93536) get_filtered_objects /opt/stack/nova/nova/filters.py:102}}
Jul 22 23:09:52.411389 np0000005669 nova-scheduler[93536]: DEBUG nova.filters [None req-7b823450-24d5-4517-a115-afa3143dd514 tempest-ServerBootFromVolumeStableRescueTest-647031797 tempest-ServerBootFromVolumeStableRescueTest-647031797-project-member] Filter ComputeCapabilitiesFilter returned 1 host(s) {{(pid=93536) get_filtered_objects /opt/stack/nova/nova/filters.py:102}}
Jul 22 23:09:52.411691 np0000005669 nova-scheduler[93536]: DEBUG nova.filters [None req-7b823450-24d5-4517-a115-afa3143dd514 tempest-ServerBootFromVolumeStableRescueTest-647031797 tempest-ServerBootFromVolumeStableRescueTest-647031797-project-member] Filter ImagePropertiesFilter returned 1 host(s) {{(pid=93536) get_filtered_objects /opt/stack/nova/nova/filters.py:102}}
Jul 22 23:09:52.411843 np0000005669 nova-scheduler[93536]: DEBUG nova.filters [None req-7b823450-24d5-4517-a115-afa3143dd514 tempest-ServerBootFromVolumeStableRescueTest-647031797 tempest-ServerBootFromVolumeStableRescueTest-647031797-project-member] Filter ServerGroupAntiAffinityFilter returned 1 host(s) {{(pid=93536) get_filtered_objects /opt/stack/nova/nova/filters.py:102}}
Jul 22 23:09:52.411957 np0000005669 nova-scheduler[93536]: DEBUG nova.filters [None req-7b823450-24d5-4517-a115-afa3143dd514 tempest-ServerBootFromVolumeStableRescueTest-647031797 tempest-ServerBootFromVolumeStableRescueTest-647031797-project-member] Filter ServerGroupAffinityFilter returned 1 host(s) {{(pid=93536) get_filtered_objects /opt/stack/nova/nova/filters.py:102}}
Jul 22 23:09:52.412095 np0000005669 nova-scheduler[93536]: DEBUG nova.filters [None req-7b823450-24d5-4517-a115-afa3143dd514 tempest-ServerBootFromVolumeStableRescueTest-647031797 tempest-ServerBootFromVolumeStableRescueTest-647031797-project-member] Filter SameHostFilter returned 1 host(s) {{(pid=93536) get_filtered_objects /opt/stack/nova/nova/filters.py:102}}
Jul 22 23:09:52.412193 np0000005669 nova-scheduler[93536]: DEBUG nova.filters [None req-7b823450-24d5-4517-a115-afa3143dd514 tempest-ServerBootFromVolumeStableRescueTest-647031797 tempest-ServerBootFromVolumeStableRescueTest-647031797-project-member] Filter DifferentHostFilter returned 1 host(s) {{(pid=93536) get_filtered_objects /opt/stack/nova/nova/filters.py:102}}
Jul 22 23:09:52.412329 np0000005669 nova-scheduler[93536]: DEBUG nova.scheduler.manager [None req-7b823450-24d5-4517-a115-afa3143dd514 tempest-ServerBootFromVolumeStableRescueTest-647031797 tempest-ServerBootFromVolumeStableRescueTest-647031797-project-member] Filtered [(np0000005669, np0000005669) ram: 62765MB disk: 74752MB io_ops: 0 instances: 0, allocation_candidates: 1] {{(pid=93536) _get_sorted_hosts /opt/stack/nova/nova/scheduler/manager.py:742}}
Jul 22 23:09:52.412655 np0000005669 nova-scheduler[93536]: DEBUG nova.scheduler.manager [None req-7b823450-24d5-4517-a115-afa3143dd514 tempest-ServerBootFromVolumeStableRescueTest-647031797 tempest-ServerBootFromVolumeStableRescueTest-647031797-project-member] Weighed [WeighedHost [host: (np0000005669, np0000005669) ram: 62765MB disk: 74752MB io_ops: 0 instances: 0, allocation_candidates: 1, weight: 0.0]] {{(pid=93536) _get_sorted_hosts /opt/stack/nova/nova/scheduler/manager.py:764}}
Jul 22 23:09:52.412854 np0000005669 nova-scheduler[93536]: DEBUG nova.scheduler.utils [None req-7b823450-24d5-4517-a115-afa3143dd514 tempest-ServerBootFromVolumeStableRescueTest-647031797 tempest-ServerBootFromVolumeStableRescueTest-647031797-project-member] Attempting to claim resources in the placement API for instance 20187054-062d-4d81-8017-95c81e3d7d7a {{(pid=93536) claim_resources /opt/stack/nova/nova/scheduler/utils.py:1345}}
Jul 22 23:09:52.558326 np0000005669 nova-scheduler[93536]: DEBUG nova.scheduler.manager [None req-7b823450-24d5-4517-a115-afa3143dd514 tempest-ServerBootFromVolumeStableRescueTest-647031797 tempest-ServerBootFromVolumeStableRescueTest-647031797-project-member] [instance: 20187054-062d-4d81-8017-95c81e3d7d7a] Selected host: (np0000005669, np0000005669) ram: 62765MB disk: 74752MB io_ops: 0 instances: 0, allocation_candidates: 1 {{(pid=93536) _consume_selected_host /opt/stack/nova/nova/scheduler/manager.py:624}}
Jul 22 23:09:52.558633 np0000005669 nova-scheduler[93536]: DEBUG oslo_concurrency.lockutils [None req-7b823450-24d5-4517-a115-afa3143dd514 tempest-ServerBootFromVolumeStableRescueTest-647031797 tempest-ServerBootFromVolumeStableRescueTest-647031797-project-member] Acquiring lock "np0000005669-np0000005669" by "nova.scheduler.host_manager.HostState.consume_from_request.._locked" {{(pid=93536) inner /opt/stack/data/venv/lib/python3.12/site-packages/oslo_concurrency/lockutils.py:512}}
Jul 22 23:09:52.558872 np0000005669 nova-scheduler[93536]: DEBUG oslo_concurrency.lockutils [None req-7b823450-24d5-4517-a115-afa3143dd514 tempest-ServerBootFromVolumeStableRescueTest-647031797 tempest-ServerBootFromVolumeStableRescueTest-647031797-project-member] Lock "np0000005669-np0000005669" acquired by "nova.scheduler.host_manager.HostState.consume_from_request.._locked" :: waited 0.000s {{(pid=93536) inner /opt/stack/data/venv/lib/python3.12/site-packages/oslo_concurrency/lockutils.py:525}}
Jul 22 23:09:52.559083 np0000005669 nova-scheduler[93536]: DEBUG oslo_concurrency.lockutils [None req-7b823450-24d5-4517-a115-afa3143dd514 tempest-ServerBootFromVolumeStableRescueTest-647031797 tempest-ServerBootFromVolumeStableRescueTest-647031797-project-member] Lock "np0000005669-np0000005669" "released" by "nova.scheduler.host_manager.HostState.consume_from_request.._locked" :: held 0.000s {{(pid=93536) inner /opt/stack/data/venv/lib/python3.12/site-packages/oslo_concurrency/lockutils.py:544}}
Jul 22 23:09:54.150016 np0000005669 nova-scheduler[93536]: DEBUG oslo.service.backend._threading.loopingcall [None req-0842d18c-db52-4bba-a95c-cef901c2cc17 None None] Dynamic interval looping call 'nova.service.Service.periodic_tasks' sleeping for 60.00 seconds {{(pid=93536) _run_loop /opt/stack/data/venv/lib/python3.12/site-packages/oslo_service/backend/_threading/loopingcall.py:125}}
Jul 22 23:09:56.331153 np0000005669 nova-scheduler[93552]: DEBUG nova.scheduler.manager [None req-b3590433-3d82-4488-8b42-b1af5ae05d27 tempest-ServerActionsTestOtherB-137966370 tempest-ServerActionsTestOtherB-137966370-project-member] Starting to schedule for instances: ['f6318e17-e98d-4fac-908c-09573924eb7f'] {{(pid=93552) select_destinations /opt/stack/nova/nova/scheduler/manager.py:209}}
Jul 22 23:09:56.331961 np0000005669 nova-scheduler[93552]: DEBUG nova.scheduler.request_filter [None req-b3590433-3d82-4488-8b42-b1af5ae05d27 tempest-ServerActionsTestOtherB-137966370 tempest-ServerActionsTestOtherB-137966370-project-member] compute_status_filter request filter added forbidden trait COMPUTE_STATUS_DISABLED {{(pid=93552) compute_status_filter /opt/stack/nova/nova/scheduler/request_filter.py:253}}
Jul 22 23:09:56.332093 np0000005669 nova-scheduler[93552]: DEBUG nova.scheduler.request_filter [None req-b3590433-3d82-4488-8b42-b1af5ae05d27 tempest-ServerActionsTestOtherB-137966370 tempest-ServerActionsTestOtherB-137966370-project-member] Request filter 'compute_status_filter' took 0.0 seconds {{(pid=93552) wrapper /opt/stack/nova/nova/scheduler/request_filter.py:46}}
Jul 22 23:09:56.332406 np0000005669 nova-scheduler[93552]: DEBUG nova.scheduler.request_filter [None req-b3590433-3d82-4488-8b42-b1af5ae05d27 tempest-ServerActionsTestOtherB-137966370 tempest-ServerActionsTestOtherB-137966370-project-member] Request filter 'accelerators_filter' took 0.0 seconds {{(pid=93552) wrapper /opt/stack/nova/nova/scheduler/request_filter.py:46}}
Jul 22 23:09:56.332630 np0000005669 nova-scheduler[93552]: DEBUG nova.scheduler.request_filter [None req-b3590433-3d82-4488-8b42-b1af5ae05d27 tempest-ServerActionsTestOtherB-137966370 tempest-ServerActionsTestOtherB-137966370-project-member] Request filter 'packed_virtqueue_filter' took 0.0 seconds {{(pid=93552) wrapper /opt/stack/nova/nova/scheduler/request_filter.py:46}}
Jul 22 23:09:56.332961 np0000005669 nova-scheduler[93552]: DEBUG nova.scheduler.request_filter [None req-b3590433-3d82-4488-8b42-b1af5ae05d27 tempest-ServerActionsTestOtherB-137966370 tempest-ServerActionsTestOtherB-137966370-project-member] Request filter 'remote_managed_ports_filter' took 0.0 seconds {{(pid=93552) wrapper /opt/stack/nova/nova/scheduler/request_filter.py:46}}
Jul 22 23:09:56.333403 np0000005669 nova-scheduler[93552]: DEBUG nova.scheduler.request_filter [None req-b3590433-3d82-4488-8b42-b1af5ae05d27 tempest-ServerActionsTestOtherB-137966370 tempest-ServerActionsTestOtherB-137966370-project-member] ephemeral_encryption_filter skipped {{(pid=93552) ephemeral_encryption_filter /opt/stack/nova/nova/scheduler/request_filter.py:426}}
