Jul 22 23:07:34.070525 np0000005669 nova-conductor[95970]: DEBUG cotyledon.oslo_config_glue [-] oslo_messaging_rabbit.rabbit_quorum_delivery_limit = 0 {{(pid=95970) log_opt_values /opt/stack/data/venv/lib/python3.12/site-packages/oslo_config/cfg.py:3253}}
Jul 22 23:07:34.070525 np0000005669 nova-conductor[95970]: DEBUG cotyledon.oslo_config_glue [-] oslo_messaging_rabbit.rabbit_quorum_max_memory_bytes = 0 {{(pid=95970) log_opt_values /opt/stack/data/venv/lib/python3.12/site-packages/oslo_config/cfg.py:3253}}
Jul 22 23:07:34.070525 np0000005669 nova-conductor[95970]: DEBUG cotyledon.oslo_config_glue [-] oslo_messaging_rabbit.rabbit_quorum_max_memory_length = 0 {{(pid=95970) log_opt_values /opt/stack/data/venv/lib/python3.12/site-packages/oslo_config/cfg.py:3253}}
Jul 22 23:07:34.070525 np0000005669 nova-conductor[95970]: DEBUG cotyledon.oslo_config_glue [-] oslo_messaging_rabbit.rabbit_quorum_queue = False {{(pid=95970) log_opt_values /opt/stack/data/venv/lib/python3.12/site-packages/oslo_config/cfg.py:3253}}
Jul 22 23:07:34.070525 np0000005669 nova-conductor[95970]: DEBUG cotyledon.oslo_config_glue [-] oslo_messaging_rabbit.rabbit_retry_backoff = 2 {{(pid=95970) log_opt_values /opt/stack/data/venv/lib/python3.12/site-packages/oslo_config/cfg.py:3253}}
Jul 22 23:07:34.070525 np0000005669 nova-conductor[95970]: DEBUG cotyledon.oslo_config_glue [-] oslo_messaging_rabbit.rabbit_retry_interval = 1 {{(pid=95970) log_opt_values /opt/stack/data/venv/lib/python3.12/site-packages/oslo_config/cfg.py:3253}}
Jul 22 23:07:34.070525 np0000005669 nova-conductor[95970]: DEBUG cotyledon.oslo_config_glue [-] oslo_messaging_rabbit.rabbit_stream_fanout = False {{(pid=95970) log_opt_values /opt/stack/data/venv/lib/python3.12/site-packages/oslo_config/cfg.py:3253}}
Jul 22 23:07:34.070705 np0000005669 nova-conductor[95970]: DEBUG cotyledon.oslo_config_glue [-] oslo_messaging_rabbit.rabbit_transient_queues_ttl = 1800 {{(pid=95970) log_opt_values /opt/stack/data/venv/lib/python3.12/site-packages/oslo_config/cfg.py:3253}}
Jul 22 23:07:34.070705 np0000005669 nova-conductor[95970]: DEBUG cotyledon.oslo_config_glue [-] oslo_messaging_rabbit.rabbit_transient_quorum_queue = False {{(pid=95970) log_opt_values /opt/stack/data/venv/lib/python3.12/site-packages/oslo_config/cfg.py:3253}}
Jul 22 23:07:34.070705 np0000005669 nova-conductor[95970]: DEBUG cotyledon.oslo_config_glue [-] oslo_messaging_rabbit.rpc_conn_pool_size = 30 {{(pid=95970) log_opt_values /opt/stack/data/venv/lib/python3.12/site-packages/oslo_config/cfg.py:3253}}
Jul 22 23:07:34.070705 np0000005669 nova-conductor[95970]: DEBUG cotyledon.oslo_config_glue [-] oslo_messaging_rabbit.ssl = False {{(pid=95970) log_opt_values /opt/stack/data/venv/lib/python3.12/site-packages/oslo_config/cfg.py:3253}}
Jul 22 23:07:34.070705 np0000005669 nova-conductor[95970]: DEBUG cotyledon.oslo_config_glue [-] oslo_messaging_rabbit.ssl_ca_file = {{(pid=95970) log_opt_values /opt/stack/data/venv/lib/python3.12/site-packages/oslo_config/cfg.py:3253}}
Jul 22 23:07:34.070705 np0000005669 nova-conductor[95970]: DEBUG cotyledon.oslo_config_glue [-] oslo_messaging_rabbit.ssl_cert_file = {{(pid=95970) log_opt_values /opt/stack/data/venv/lib/python3.12/site-packages/oslo_config/cfg.py:3253}}
Jul 22 23:07:34.070705 np0000005669 nova-conductor[95970]: DEBUG cotyledon.oslo_config_glue [-] oslo_messaging_rabbit.ssl_enforce_fips_mode = False {{(pid=95970) log_opt_values /opt/stack/data/venv/lib/python3.12/site-packages/oslo_config/cfg.py:3253}}
Jul 22 23:07:34.070705 np0000005669 nova-conductor[95970]: DEBUG cotyledon.oslo_config_glue [-] oslo_messaging_rabbit.ssl_enforce_hostname_verification = True {{(pid=95970) log_opt_values /opt/stack/data/venv/lib/python3.12/site-packages/oslo_config/cfg.py:3253}}
Jul 22 23:07:34.070705 np0000005669 nova-conductor[95970]: DEBUG cotyledon.oslo_config_glue [-] oslo_messaging_rabbit.ssl_key_file = {{(pid=95970) log_opt_values /opt/stack/data/venv/lib/python3.12/site-packages/oslo_config/cfg.py:3253}}
Jul 22 23:07:34.070890 np0000005669 nova-conductor[95970]: DEBUG cotyledon.oslo_config_glue [-] oslo_messaging_rabbit.ssl_version = {{(pid=95970) log_opt_values /opt/stack/data/venv/lib/python3.12/site-packages/oslo_config/cfg.py:3253}}
Jul 22 23:07:34.070890 np0000005669 nova-conductor[95970]: DEBUG cotyledon.oslo_config_glue [-] oslo_messaging_rabbit.use_queue_manager = False {{(pid=95970) log_opt_values /opt/stack/data/venv/lib/python3.12/site-packages/oslo_config/cfg.py:3253}}
Jul 22 23:07:34.070890 np0000005669 nova-conductor[95970]: DEBUG cotyledon.oslo_config_glue [-] oslo_messaging_notifications.driver = ['messagingv2'] {{(pid=95970) log_opt_values /opt/stack/data/venv/lib/python3.12/site-packages/oslo_config/cfg.py:3253}}
Jul 22 23:07:34.070890 np0000005669 nova-conductor[95970]: DEBUG cotyledon.oslo_config_glue [-] oslo_messaging_notifications.retry = -1 {{(pid=95970) log_opt_values /opt/stack/data/venv/lib/python3.12/site-packages/oslo_config/cfg.py:3253}}
Jul 22 23:07:34.070890 np0000005669 nova-conductor[95970]: DEBUG cotyledon.oslo_config_glue [-] oslo_messaging_notifications.topics = ['notifications'] {{(pid=95970) log_opt_values /opt/stack/data/venv/lib/python3.12/site-packages/oslo_config/cfg.py:3253}}
Jul 22 23:07:34.070890 np0000005669 nova-conductor[95970]: DEBUG cotyledon.oslo_config_glue [-] oslo_messaging_notifications.transport_url = **** {{(pid=95970) log_opt_values /opt/stack/data/venv/lib/python3.12/site-packages/oslo_config/cfg.py:3253}}
Jul 22 23:07:34.070890 np0000005669 nova-conductor[95970]: DEBUG cotyledon.oslo_config_glue [-] oslo_limit.auth_section = None {{(pid=95970) log_opt_values /opt/stack/data/venv/lib/python3.12/site-packages/oslo_config/cfg.py:3253}}
Jul 22 23:07:34.070890 np0000005669 nova-conductor[95970]: DEBUG cotyledon.oslo_config_glue [-] oslo_limit.auth_type = None {{(pid=95970) log_opt_values /opt/stack/data/venv/lib/python3.12/site-packages/oslo_config/cfg.py:3253}}
Jul 22 23:07:34.070890 np0000005669 nova-conductor[95970]: DEBUG cotyledon.oslo_config_glue [-] oslo_limit.cafile = None {{(pid=95970) log_opt_values /opt/stack/data/venv/lib/python3.12/site-packages/oslo_config/cfg.py:3253}}
Jul 22 23:07:34.071087 np0000005669 nova-conductor[95970]: DEBUG cotyledon.oslo_config_glue [-] oslo_limit.certfile = None {{(pid=95970) log_opt_values /opt/stack/data/venv/lib/python3.12/site-packages/oslo_config/cfg.py:3253}}
Jul 22 23:07:34.071087 np0000005669 nova-conductor[95970]: DEBUG cotyledon.oslo_config_glue [-] oslo_limit.collect_timing = False {{(pid=95970) log_opt_values /opt/stack/data/venv/lib/python3.12/site-packages/oslo_config/cfg.py:3253}}
Jul 22 23:07:34.071087 np0000005669 nova-conductor[95970]: DEBUG cotyledon.oslo_config_glue [-] oslo_limit.connect_retries = None {{(pid=95970) log_opt_values /opt/stack/data/venv/lib/python3.12/site-packages/oslo_config/cfg.py:3253}}
Jul 22 23:07:34.071148 np0000005669 nova-conductor[95958]: INFO nova.service [-] Starting conductor node (version 33.1.0)
Jul 22 23:07:34.071172 np0000005669 nova-conductor[95970]: DEBUG cotyledon.oslo_config_glue [-] oslo_limit.connect_retry_delay = None {{(pid=95970) log_opt_values /opt/stack/data/venv/lib/python3.12/site-packages/oslo_config/cfg.py:3253}}
Jul 22 23:07:34.071172 np0000005669 nova-conductor[95970]: DEBUG cotyledon.oslo_config_glue [-] oslo_limit.endpoint_id = None {{(pid=95970) log_opt_values /opt/stack/data/venv/lib/python3.12/site-packages/oslo_config/cfg.py:3253}}
Jul 22 23:07:34.071172 np0000005669 nova-conductor[95970]: DEBUG cotyledon.oslo_config_glue [-] oslo_limit.endpoint_interface = public {{(pid=95970) log_opt_values /opt/stack/data/venv/lib/python3.12/site-packages/oslo_config/cfg.py:3253}}
Jul 22 23:07:34.071172 np0000005669 nova-conductor[95970]: DEBUG cotyledon.oslo_config_glue [-] oslo_limit.endpoint_override = None {{(pid=95970) log_opt_values /opt/stack/data/venv/lib/python3.12/site-packages/oslo_config/cfg.py:3253}}
Jul 22 23:07:34.071172 np0000005669 nova-conductor[95970]: DEBUG cotyledon.oslo_config_glue [-] oslo_limit.endpoint_region_name = None {{(pid=95970) log_opt_values /opt/stack/data/venv/lib/python3.12/site-packages/oslo_config/cfg.py:3253}}
Jul 22 23:07:34.071172 np0000005669 nova-conductor[95970]: DEBUG cotyledon.oslo_config_glue [-] oslo_limit.endpoint_service_name = None {{(pid=95970) log_opt_values /opt/stack/data/venv/lib/python3.12/site-packages/oslo_config/cfg.py:3253}}
Jul 22 23:07:34.071172 np0000005669 nova-conductor[95970]: DEBUG cotyledon.oslo_config_glue [-] oslo_limit.endpoint_service_type = None {{(pid=95970) log_opt_values /opt/stack/data/venv/lib/python3.12/site-packages/oslo_config/cfg.py:3253}}
Jul 22 23:07:34.071172 np0000005669 nova-conductor[95970]: DEBUG cotyledon.oslo_config_glue [-] oslo_limit.insecure = False {{(pid=95970) log_opt_values /opt/stack/data/venv/lib/python3.12/site-packages/oslo_config/cfg.py:3253}}
Jul 22 23:07:34.071172 np0000005669 nova-conductor[95970]: DEBUG cotyledon.oslo_config_glue [-] oslo_limit.keyfile = None {{(pid=95970) log_opt_values /opt/stack/data/venv/lib/python3.12/site-packages/oslo_config/cfg.py:3253}}
Jul 22 23:07:34.071484 np0000005669 nova-conductor[95970]: DEBUG cotyledon.oslo_config_glue [-] oslo_limit.max_version = None {{(pid=95970) log_opt_values /opt/stack/data/venv/lib/python3.12/site-packages/oslo_config/cfg.py:3253}}
Jul 22 23:07:34.071484 np0000005669 nova-conductor[95970]: DEBUG cotyledon.oslo_config_glue [-] oslo_limit.min_version = None {{(pid=95970) log_opt_values /opt/stack/data/venv/lib/python3.12/site-packages/oslo_config/cfg.py:3253}}
Jul 22 23:07:34.071484 np0000005669 nova-conductor[95970]: DEBUG cotyledon.oslo_config_glue [-] oslo_limit.region_name = None {{(pid=95970) log_opt_values /opt/stack/data/venv/lib/python3.12/site-packages/oslo_config/cfg.py:3253}}
Jul 22 23:07:34.071484 np0000005669 nova-conductor[95970]: DEBUG cotyledon.oslo_config_glue [-] oslo_limit.retriable_status_codes = None {{(pid=95970) log_opt_values /opt/stack/data/venv/lib/python3.12/site-packages/oslo_config/cfg.py:3253}}
Jul 22 23:07:34.071484 np0000005669 nova-conductor[95970]: DEBUG cotyledon.oslo_config_glue [-] oslo_limit.service_name = None {{(pid=95970) log_opt_values /opt/stack/data/venv/lib/python3.12/site-packages/oslo_config/cfg.py:3253}}
Jul 22 23:07:34.071484 np0000005669 nova-conductor[95970]: DEBUG cotyledon.oslo_config_glue [-] oslo_limit.service_type = None {{(pid=95970) log_opt_values /opt/stack/data/venv/lib/python3.12/site-packages/oslo_config/cfg.py:3253}}
Jul 22 23:07:34.071484 np0000005669 nova-conductor[95970]: DEBUG cotyledon.oslo_config_glue [-] oslo_limit.split_loggers = False {{(pid=95970) log_opt_values /opt/stack/data/venv/lib/python3.12/site-packages/oslo_config/cfg.py:3253}}
Jul 22 23:07:34.071484 np0000005669 nova-conductor[95970]: DEBUG cotyledon.oslo_config_glue [-] oslo_limit.status_code_retries = None {{(pid=95970) log_opt_values /opt/stack/data/venv/lib/python3.12/site-packages/oslo_config/cfg.py:3253}}
Jul 22 23:07:34.071484 np0000005669 nova-conductor[95970]: DEBUG cotyledon.oslo_config_glue [-] oslo_limit.status_code_retry_delay = None {{(pid=95970) log_opt_values /opt/stack/data/venv/lib/python3.12/site-packages/oslo_config/cfg.py:3253}}
Jul 22 23:07:34.071750 np0000005669 nova-conductor[95970]: DEBUG cotyledon.oslo_config_glue [-] oslo_limit.timeout = None {{(pid=95970) log_opt_values /opt/stack/data/venv/lib/python3.12/site-packages/oslo_config/cfg.py:3253}}
Jul 22 23:07:34.071750 np0000005669 nova-conductor[95970]: DEBUG cotyledon.oslo_config_glue [-] oslo_limit.valid_interfaces = None {{(pid=95970) log_opt_values /opt/stack/data/venv/lib/python3.12/site-packages/oslo_config/cfg.py:3253}}
Jul 22 23:07:34.071750 np0000005669 nova-conductor[95970]: DEBUG cotyledon.oslo_config_glue [-] oslo_limit.version = None {{(pid=95970) log_opt_values /opt/stack/data/venv/lib/python3.12/site-packages/oslo_config/cfg.py:3253}}
Jul 22 23:07:34.071750 np0000005669 nova-conductor[95970]: DEBUG cotyledon.oslo_config_glue [-] oslo_reports.file_event_handler = None {{(pid=95970) log_opt_values /opt/stack/data/venv/lib/python3.12/site-packages/oslo_config/cfg.py:3253}}
Jul 22 23:07:34.071750 np0000005669 nova-conductor[95970]: DEBUG cotyledon.oslo_config_glue [-] oslo_reports.file_event_handler_interval = 1 {{(pid=95970) log_opt_values /opt/stack/data/venv/lib/python3.12/site-packages/oslo_config/cfg.py:3253}}
Jul 22 23:07:34.071750 np0000005669 nova-conductor[95970]: DEBUG cotyledon.oslo_config_glue [-] oslo_reports.log_dir = None {{(pid=95970) log_opt_values /opt/stack/data/venv/lib/python3.12/site-packages/oslo_config/cfg.py:3253}}
Jul 22 23:07:34.071750 np0000005669 nova-conductor[95970]: DEBUG cotyledon.oslo_config_glue [-] ******************************************************************************** {{(pid=95970) log_opt_values /opt/stack/data/venv/lib/python3.12/site-packages/oslo_config/cfg.py:3260}}
Jul 22 23:07:34.071750 np0000005669 nova-conductor[95970]: DEBUG cotyledon._service_worker [-] Run service ServiceWrapper(2) [95970] {{(pid=95970) wait_forever /opt/stack/data/venv/lib/python3.12/site-packages/cotyledon/_service_worker.py:218}}
Jul 22 23:07:34.071750 np0000005669 nova-conductor[95970]: INFO nova.service [-] Starting conductor node (version 33.1.0)
Jul 22 23:07:34.071987 np0000005669 nova-conductor[95958]: INFO dbcounter [None req-1bdae8a3-48c0-48a2-87bc-dcbe50283720 None None] Registered counter for database nova_cell0
Jul 22 23:07:34.072015 np0000005669 nova-conductor[95970]: INFO dbcounter [None req-a17487d4-3232-4ab8-ac6e-22c030e37361 None None] Registered counter for database nova_cell0
Jul 22 23:07:34.072309 np0000005669 nova-conductor[95963]: DEBUG oslo_db.sqlalchemy.engines [None req-94fde16c-7f5c-43e8-b029-c57221fa4279 None None] MySQL server mode set to STRICT_TRANS_TABLES,STRICT_ALL_TABLES,NO_ZERO_IN_DATE,NO_ZERO_DATE,ERROR_FOR_DIVISION_BY_ZERO,TRADITIONAL,NO_ENGINE_SUBSTITUTION {{(pid=95963) _check_effective_sql_mode /opt/stack/data/venv/lib/python3.12/site-packages/oslo_db/sqlalchemy/engines.py:325}}
Jul 22 23:07:34.080739 np0000005669 nova-conductor[95963]: DEBUG dbcounter [-] [95963] Writer thread running {{(pid=95963) stat_writer /opt/stack/data/venv/lib/python3.12/site-packages/dbcounter.py:102}}
Jul 22 23:07:34.099475 np0000005669 nova-conductor[95970]: DEBUG oslo_db.sqlalchemy.engines [None req-a17487d4-3232-4ab8-ac6e-22c030e37361 None None] MySQL server mode set to STRICT_TRANS_TABLES,STRICT_ALL_TABLES,NO_ZERO_IN_DATE,NO_ZERO_DATE,ERROR_FOR_DIVISION_BY_ZERO,TRADITIONAL,NO_ENGINE_SUBSTITUTION {{(pid=95970) _check_effective_sql_mode /opt/stack/data/venv/lib/python3.12/site-packages/oslo_db/sqlalchemy/engines.py:325}}
Jul 22 23:07:34.100309 np0000005669 nova-conductor[95963]: DEBUG nova.service [None req-94fde16c-7f5c-43e8-b029-c57221fa4279 None None] Creating RPC server for service: nova-conductor on topic: conductor {{(pid=95963) start /opt/stack/nova/nova/service.py:196}}
Jul 22 23:07:34.103198 np0000005669 nova-conductor[95958]: DEBUG oslo_db.sqlalchemy.engines [None req-1bdae8a3-48c0-48a2-87bc-dcbe50283720 None None] MySQL server mode set to STRICT_TRANS_TABLES,STRICT_ALL_TABLES,NO_ZERO_IN_DATE,NO_ZERO_DATE,ERROR_FOR_DIVISION_BY_ZERO,TRADITIONAL,NO_ENGINE_SUBSTITUTION {{(pid=95958) _check_effective_sql_mode /opt/stack/data/venv/lib/python3.12/site-packages/oslo_db/sqlalchemy/engines.py:325}}
Jul 22 23:07:34.110357 np0000005669 nova-conductor[95970]: DEBUG dbcounter [-] [95970] Writer thread running {{(pid=95970) stat_writer /opt/stack/data/venv/lib/python3.12/site-packages/dbcounter.py:102}}
Jul 22 23:07:34.113603 np0000005669 nova-conductor[95970]: DEBUG nova.service [None req-a17487d4-3232-4ab8-ac6e-22c030e37361 None None] Creating RPC server for service: nova-conductor on topic: conductor {{(pid=95970) start /opt/stack/nova/nova/service.py:196}}
Jul 22 23:07:34.114591 np0000005669 nova-conductor[95958]: DEBUG dbcounter [-] [95958] Writer thread running {{(pid=95958) stat_writer /opt/stack/data/venv/lib/python3.12/site-packages/dbcounter.py:102}}
Jul 22 23:07:34.118113 np0000005669 nova-conductor[95958]: DEBUG nova.service [None req-1bdae8a3-48c0-48a2-87bc-dcbe50283720 None None] Creating RPC server for service: nova-conductor on topic: conductor {{(pid=95958) start /opt/stack/nova/nova/service.py:196}}
Jul 22 23:07:34.120407 np0000005669 nova-conductor[95963]: DEBUG nova.service [None req-94fde16c-7f5c-43e8-b029-c57221fa4279 None None] Join ServiceGroup membership for this service conductor {{(pid=95963) start /opt/stack/nova/nova/service.py:222}}
Jul 22 23:07:34.120656 np0000005669 nova-conductor[95963]: DEBUG nova.servicegroup.drivers.db [None req-94fde16c-7f5c-43e8-b029-c57221fa4279 None None] DB_Driver: join new ServiceGroup member np0000005669 to the conductor group, service = {{(pid=95963) join /opt/stack/nova/nova/servicegroup/drivers/db.py:44}}
Jul 22 23:07:34.131975 np0000005669 nova-conductor[95970]: DEBUG nova.service [None req-a17487d4-3232-4ab8-ac6e-22c030e37361 None None] Join ServiceGroup membership for this service conductor {{(pid=95970) start /opt/stack/nova/nova/service.py:222}}
Jul 22 23:07:34.132188 np0000005669 nova-conductor[95970]: DEBUG nova.servicegroup.drivers.db [None req-a17487d4-3232-4ab8-ac6e-22c030e37361 None None] DB_Driver: join new ServiceGroup member np0000005669 to the conductor group, service = {{(pid=95970) join /opt/stack/nova/nova/servicegroup/drivers/db.py:44}}
Jul 22 23:07:34.134516 np0000005669 nova-conductor[95958]: DEBUG nova.service [None req-1bdae8a3-48c0-48a2-87bc-dcbe50283720 None None] Join ServiceGroup membership for this service conductor {{(pid=95958) start /opt/stack/nova/nova/service.py:222}}
Jul 22 23:07:34.134672 np0000005669 nova-conductor[95958]: DEBUG nova.servicegroup.drivers.db [None req-1bdae8a3-48c0-48a2-87bc-dcbe50283720 None None] DB_Driver: join new ServiceGroup member np0000005669 to the conductor group, service = {{(pid=95958) join /opt/stack/nova/nova/servicegroup/drivers/db.py:44}}
Jul 22 23:07:37.134417 np0000005669 nova-conductor[95970]: DEBUG oslo.service.backend._threading.loopingcall [None req-a42d9f4d-972c-4931-932c-4d9c22225705 None None] Dynamic interval looping call 'nova.service.Service.periodic_tasks' sleeping for 60.00 seconds {{(pid=95970) _run_loop /opt/stack/data/venv/lib/python3.12/site-packages/oslo_service/backend/_threading/loopingcall.py:125}}
Jul 22 23:07:39.132150 np0000005669 nova-conductor[95963]: DEBUG oslo.service.backend._threading.loopingcall [-] Fixed interval looping call 'nova.servicegroup.drivers.db.DbDriver._report_state' sleeping for 119.99 seconds {{(pid=95963) _run_loop /opt/stack/data/venv/lib/python3.12/site-packages/oslo_service/backend/_threading/loopingcall.py:125}}
Jul 22 23:07:39.147945 np0000005669 nova-conductor[95958]: DEBUG oslo.service.backend._threading.loopingcall [-] Fixed interval looping call 'nova.servicegroup.drivers.db.DbDriver._report_state' sleeping for 119.99 seconds {{(pid=95958) _run_loop /opt/stack/data/venv/lib/python3.12/site-packages/oslo_service/backend/_threading/loopingcall.py:125}}
Jul 22 23:07:39.148385 np0000005669 nova-conductor[95970]: DEBUG oslo.service.backend._threading.loopingcall [-] Fixed interval looping call 'nova.servicegroup.drivers.db.DbDriver._report_state' sleeping for 119.99 seconds {{(pid=95970) _run_loop /opt/stack/data/venv/lib/python3.12/site-packages/oslo_service/backend/_threading/loopingcall.py:125}}
Jul 22 23:07:42.712397 np0000005669 nova-conductor[94462]: DEBUG dbcounter [-] [94462] Writing DB stats nova_api:SELECT=1 {{(pid=94462) stat_writer /opt/stack/data/venv/lib/python3.12/site-packages/dbcounter.py:115}}
Jul 22 23:07:42.832549 np0000005669 nova-conductor[94462]: DEBUG dbcounter [-] [94462] Writing DB stats nova_cell1:SELECT=1 {{(pid=94462) stat_writer /opt/stack/data/venv/lib/python3.12/site-packages/dbcounter.py:115}}
Jul 22 23:07:42.835476 np0000005669 nova-conductor[94462]: DEBUG dbcounter [-] [94462] Writing DB stats nova_cell0:SELECT=1 {{(pid=94462) stat_writer /opt/stack/data/venv/lib/python3.12/site-packages/dbcounter.py:115}}
Jul 22 23:07:49.129312 np0000005669 nova-conductor[95963]: DEBUG dbcounter [-] [95963] Writing DB stats nova_cell0:SELECT=4,nova_cell0:INSERT=1,nova_cell0:UPDATE=1 {{(pid=95963) stat_writer /opt/stack/data/venv/lib/python3.12/site-packages/dbcounter.py:115}}
Jul 22 23:07:49.142662 np0000005669 nova-conductor[95958]: DEBUG dbcounter [-] [95958] Writing DB stats nova_cell0:SELECT=3 {{(pid=95958) stat_writer /opt/stack/data/venv/lib/python3.12/site-packages/dbcounter.py:115}}
Jul 22 23:07:49.145940 np0000005669 nova-conductor[95970]: DEBUG dbcounter [-] [95970] Writing DB stats nova_cell0:SELECT=3 {{(pid=95970) stat_writer /opt/stack/data/venv/lib/python3.12/site-packages/dbcounter.py:115}}
Jul 22 23:08:08.122811 np0000005669 nova-conductor[95963]: DEBUG oslo.service.backend._threading.loopingcall [None req-f4eb3ca3-e815-403c-8250-5844dc2e9eaf None None] Dynamic interval looping call 'nova.service.Service.periodic_tasks' sleeping for 60.00 seconds {{(pid=95963) _run_loop /opt/stack/data/venv/lib/python3.12/site-packages/oslo_service/backend/_threading/loopingcall.py:125}}
Jul 22 23:08:15.136691 np0000005669 nova-conductor[95958]: DEBUG oslo.service.backend._threading.loopingcall [None req-4955f5c0-66f9-48a3-b812-d928e827962f None None] Dynamic interval looping call 'nova.service.Service.periodic_tasks' sleeping for 60.00 seconds {{(pid=95958) _run_loop /opt/stack/data/venv/lib/python3.12/site-packages/oslo_service/backend/_threading/loopingcall.py:125}}
Jul 22 23:08:37.134886 np0000005669 nova-conductor[95970]: DEBUG oslo.service.backend._threading.loopingcall [None req-a42d9f4d-972c-4931-932c-4d9c22225705 None None] Dynamic interval looping call 'nova.service.Service.periodic_tasks' sleeping for 60.00 seconds {{(pid=95970) _run_loop /opt/stack/data/venv/lib/python3.12/site-packages/oslo_service/backend/_threading/loopingcall.py:125}}
Jul 22 23:09:08.123364 np0000005669 nova-conductor[95963]: DEBUG oslo.service.backend._threading.loopingcall [None req-f4eb3ca3-e815-403c-8250-5844dc2e9eaf None None] Dynamic interval looping call 'nova.service.Service.periodic_tasks' sleeping for 60.00 seconds {{(pid=95963) _run_loop /opt/stack/data/venv/lib/python3.12/site-packages/oslo_service/backend/_threading/loopingcall.py:125}}
Jul 22 23:09:15.137145 np0000005669 nova-conductor[95958]: DEBUG oslo.service.backend._threading.loopingcall [None req-4955f5c0-66f9-48a3-b812-d928e827962f None None] Dynamic interval looping call 'nova.service.Service.periodic_tasks' sleeping for 60.00 seconds {{(pid=95958) _run_loop /opt/stack/data/venv/lib/python3.12/site-packages/oslo_service/backend/_threading/loopingcall.py:125}}
Jul 22 23:09:37.135572 np0000005669 nova-conductor[95970]: DEBUG oslo.service.backend._threading.loopingcall [None req-a42d9f4d-972c-4931-932c-4d9c22225705 None None] Dynamic interval looping call 'nova.service.Service.periodic_tasks' sleeping for 60.00 seconds {{(pid=95970) _run_loop /opt/stack/data/venv/lib/python3.12/site-packages/oslo_service/backend/_threading/loopingcall.py:125}}
Jul 22 23:09:39.129661 np0000005669 nova-conductor[95963]: DEBUG oslo.service.backend._threading.loopingcall [-] Fixed interval looping call 'nova.servicegroup.drivers.db.DbDriver._report_state' sleeping for 119.99 seconds {{(pid=95963) _run_loop /opt/stack/data/venv/lib/python3.12/site-packages/oslo_service/backend/_threading/loopingcall.py:125}}
Jul 22 23:09:39.142073 np0000005669 nova-conductor[95958]: DEBUG oslo.service.backend._threading.loopingcall [-] Fixed interval looping call 'nova.servicegroup.drivers.db.DbDriver._report_state' sleeping for 120.00 seconds {{(pid=95958) _run_loop /opt/stack/data/venv/lib/python3.12/site-packages/oslo_service/backend/_threading/loopingcall.py:125}}
Jul 22 23:09:39.143877 np0000005669 nova-conductor[95970]: DEBUG oslo.service.backend._threading.loopingcall [-] Fixed interval looping call 'nova.servicegroup.drivers.db.DbDriver._report_state' sleeping for 120.00 seconds {{(pid=95970) _run_loop /opt/stack/data/venv/lib/python3.12/site-packages/oslo_service/backend/_threading/loopingcall.py:125}}
Jul 22 23:09:49.125845 np0000005669 nova-conductor[95963]: DEBUG dbcounter [-] [95963] Writing DB stats nova_cell0:SELECT=1,nova_cell0:UPDATE=1 {{(pid=95963) stat_writer /opt/stack/data/venv/lib/python3.12/site-packages/dbcounter.py:115}}
Jul 22 23:09:49.140786 np0000005669 nova-conductor[95958]: DEBUG dbcounter [-] [95958] Writing DB stats nova_cell0:SELECT=1 {{(pid=95958) stat_writer /opt/stack/data/venv/lib/python3.12/site-packages/dbcounter.py:115}}
Jul 22 23:09:49.141163 np0000005669 nova-conductor[95970]: DEBUG dbcounter [-] [95970] Writing DB stats nova_cell0:SELECT=1 {{(pid=95970) stat_writer /opt/stack/data/venv/lib/python3.12/site-packages/dbcounter.py:115}}
Jul 22 23:09:51.752093 np0000005669 nova-conductor[95963]: DEBUG oslo_db.sqlalchemy.engines [None req-7b823450-24d5-4517-a115-afa3143dd514 tempest-ServerBootFromVolumeStableRescueTest-647031797 tempest-ServerBootFromVolumeStableRescueTest-647031797-project-member] Parent process 94462 forked (95963) with an open database connection, which is being discarded and recreated. {{(pid=95963) checkout /opt/stack/data/venv/lib/python3.12/site-packages/oslo_db/sqlalchemy/engines.py:402}}
Jul 22 23:09:51.784293 np0000005669 nova-conductor[95963]: DEBUG dbcounter [-] [95963] Writer thread running {{(pid=95963) stat_writer /opt/stack/data/venv/lib/python3.12/site-packages/dbcounter.py:102}}
Jul 22 23:09:52.570061 np0000005669 nova-conductor[95963]: DEBUG nova.conductor.manager [None req-7b823450-24d5-4517-a115-afa3143dd514 tempest-ServerBootFromVolumeStableRescueTest-647031797 tempest-ServerBootFromVolumeStableRescueTest-647031797-project-member] Took 0.78 seconds to select destinations for 1 instance(s). {{(pid=95963) _schedule_instances /opt/stack/nova/nova/conductor/manager.py:968}}
Jul 22 23:09:52.595746 np0000005669 nova-conductor[95963]: DEBUG oslo_concurrency.lockutils [None req-7b823450-24d5-4517-a115-afa3143dd514 tempest-ServerBootFromVolumeStableRescueTest-647031797 tempest-ServerBootFromVolumeStableRescueTest-647031797-project-member] Acquiring lock "dafe5b28-3b81-4970-aea1-16091ffa587b" by "nova.context.set_target_cell..get_or_set_cached_cell_and_set_connections" {{(pid=95963) inner /opt/stack/data/venv/lib/python3.12/site-packages/oslo_concurrency/lockutils.py:512}}
Jul 22 23:09:52.595978 np0000005669 nova-conductor[95963]: DEBUG oslo_concurrency.lockutils [None req-7b823450-24d5-4517-a115-afa3143dd514 tempest-ServerBootFromVolumeStableRescueTest-647031797 tempest-ServerBootFromVolumeStableRescueTest-647031797-project-member] Lock "dafe5b28-3b81-4970-aea1-16091ffa587b" acquired by "nova.context.set_target_cell..get_or_set_cached_cell_and_set_connections" :: waited 0.000s {{(pid=95963) inner /opt/stack/data/venv/lib/python3.12/site-packages/oslo_concurrency/lockutils.py:525}}
Jul 22 23:09:52.599260 np0000005669 nova-conductor[95963]: DEBUG oslo_concurrency.lockutils [None req-7b823450-24d5-4517-a115-afa3143dd514 tempest-ServerBootFromVolumeStableRescueTest-647031797 tempest-ServerBootFromVolumeStableRescueTest-647031797-project-member] Lock "dafe5b28-3b81-4970-aea1-16091ffa587b" "released" by "nova.context.set_target_cell..get_or_set_cached_cell_and_set_connections" :: held 0.001s {{(pid=95963) inner /opt/stack/data/venv/lib/python3.12/site-packages/oslo_concurrency/lockutils.py:544}}
Jul 22 23:09:52.600592 np0000005669 nova-conductor[95963]: INFO dbcounter [None req-7b823450-24d5-4517-a115-afa3143dd514 tempest-ServerBootFromVolumeStableRescueTest-647031797 tempest-ServerBootFromVolumeStableRescueTest-647031797-project-member] Registered counter for database nova_cell1
Jul 22 23:09:52.642368 np0000005669 nova-conductor[95963]: DEBUG oslo_db.sqlalchemy.engines [None req-7b823450-24d5-4517-a115-afa3143dd514 tempest-ServerBootFromVolumeStableRescueTest-647031797 tempest-ServerBootFromVolumeStableRescueTest-647031797-project-member] MySQL server mode set to STRICT_TRANS_TABLES,STRICT_ALL_TABLES,NO_ZERO_IN_DATE,NO_ZERO_DATE,ERROR_FOR_DIVISION_BY_ZERO,TRADITIONAL,NO_ENGINE_SUBSTITUTION {{(pid=95963) _check_effective_sql_mode /opt/stack/data/venv/lib/python3.12/site-packages/oslo_db/sqlalchemy/engines.py:325}}
Jul 22 23:09:52.647800 np0000005669 nova-conductor[95963]: DEBUG dbcounter [-] [95963] Writer thread running {{(pid=95963) stat_writer /opt/stack/data/venv/lib/python3.12/site-packages/dbcounter.py:102}}
Jul 22 23:09:52.705899 np0000005669 nova-conductor[95963]: INFO nova.utils [None req-7b823450-24d5-4517-a115-afa3143dd514 tempest-ServerBootFromVolumeStableRescueTest-647031797 tempest-ServerBootFromVolumeStableRescueTest-647031797-project-member] The cell worker thread pool ForkProcess-2.cell_worker is initialized
Jul 22 23:09:52.706168 np0000005669 nova-conductor[95963]: DEBUG oslo_concurrency.lockutils [None req-7b823450-24d5-4517-a115-afa3143dd514 tempest-ServerBootFromVolumeStableRescueTest-647031797 tempest-ServerBootFromVolumeStableRescueTest-647031797-project-member] Acquiring lock "00000000-0000-0000-0000-000000000000" by "nova.context.set_target_cell..get_or_set_cached_cell_and_set_connections" {{(pid=95963) inner /opt/stack/data/venv/lib/python3.12/site-packages/oslo_concurrency/lockutils.py:512}}
Jul 22 23:09:52.706296 np0000005669 nova-conductor[95963]: DEBUG oslo_concurrency.lockutils [None req-7b823450-24d5-4517-a115-afa3143dd514 tempest-ServerBootFromVolumeStableRescueTest-647031797 tempest-ServerBootFromVolumeStableRescueTest-647031797-project-member] Lock "00000000-0000-0000-0000-000000000000" acquired by "nova.context.set_target_cell..get_or_set_cached_cell_and_set_connections" :: waited 0.000s {{(pid=95963) inner /opt/stack/data/venv/lib/python3.12/site-packages/oslo_concurrency/lockutils.py:525}}
Jul 22 23:09:52.706616 np0000005669 nova-conductor[95963]: DEBUG oslo_concurrency.lockutils [None req-7b823450-24d5-4517-a115-afa3143dd514 tempest-ServerBootFromVolumeStableRescueTest-647031797 tempest-ServerBootFromVolumeStableRescueTest-647031797-project-member] Lock "00000000-0000-0000-0000-000000000000" "released" by "nova.context.set_target_cell..get_or_set_cached_cell_and_set_connections" :: held 0.000s {{(pid=95963) inner /opt/stack/data/venv/lib/python3.12/site-packages/oslo_concurrency/lockutils.py:544}}
Jul 22 23:09:52.707507 np0000005669 nova-conductor[95963]: DEBUG oslo_concurrency.lockutils [None req-7b823450-24d5-4517-a115-afa3143dd514 tempest-ServerBootFromVolumeStableRescueTest-647031797 tempest-ServerBootFromVolumeStableRescueTest-647031797-project-member] Acquiring lock "dafe5b28-3b81-4970-aea1-16091ffa587b" by "nova.context.set_target_cell..get_or_set_cached_cell_and_set_connections" {{(pid=95963) inner /opt/stack/data/venv/lib/python3.12/site-packages/oslo_concurrency/lockutils.py:512}}
Jul 22 23:09:52.707647 np0000005669 nova-conductor[95963]: DEBUG oslo_concurrency.lockutils [None req-7b823450-24d5-4517-a115-afa3143dd514 tempest-ServerBootFromVolumeStableRescueTest-647031797 tempest-ServerBootFromVolumeStableRescueTest-647031797-project-member] Lock "dafe5b28-3b81-4970-aea1-16091ffa587b" acquired by "nova.context.set_target_cell..get_or_set_cached_cell_and_set_connections" :: waited 0.000s {{(pid=95963) inner /opt/stack/data/venv/lib/python3.12/site-packages/oslo_concurrency/lockutils.py:525}}
Jul 22 23:09:52.707746 np0000005669 nova-conductor[95963]: DEBUG oslo_concurrency.lockutils [None req-7b823450-24d5-4517-a115-afa3143dd514 tempest-ServerBootFromVolumeStableRescueTest-647031797 tempest-ServerBootFromVolumeStableRescueTest-647031797-project-member] Lock "dafe5b28-3b81-4970-aea1-16091ffa587b" "released" by "nova.context.set_target_cell..get_or_set_cached_cell_and_set_connections" :: held 0.000s {{(pid=95963) inner /opt/stack/data/venv/lib/python3.12/site-packages/oslo_concurrency/lockutils.py:544}}
Jul 22 23:09:52.709174 np0000005669 nova-conductor[95963]: INFO dbcounter [None req-7b823450-24d5-4517-a115-afa3143dd514 tempest-ServerBootFromVolumeStableRescueTest-647031797 tempest-ServerBootFromVolumeStableRescueTest-647031797-project-member] Registered counter for database nova_cell0
Jul 22 23:09:52.746007 np0000005669 nova-conductor[95963]: DEBUG oslo_db.sqlalchemy.engines [None req-7b823450-24d5-4517-a115-afa3143dd514 tempest-ServerBootFromVolumeStableRescueTest-647031797 tempest-ServerBootFromVolumeStableRescueTest-647031797-project-member] MySQL server mode set to STRICT_TRANS_TABLES,STRICT_ALL_TABLES,NO_ZERO_IN_DATE,NO_ZERO_DATE,ERROR_FOR_DIVISION_BY_ZERO,TRADITIONAL,NO_ENGINE_SUBSTITUTION {{(pid=95963) _check_effective_sql_mode /opt/stack/data/venv/lib/python3.12/site-packages/oslo_db/sqlalchemy/engines.py:325}}
Jul 22 23:09:52.750843 np0000005669 nova-conductor[95963]: DEBUG dbcounter [-] [95963] Writer thread running {{(pid=95963) stat_writer /opt/stack/data/venv/lib/python3.12/site-packages/dbcounter.py:102}}
Jul 22 23:09:52.758093 np0000005669 nova-conductor[95963]: DEBUG nova.quota [None req-7b823450-24d5-4517-a115-afa3143dd514 tempest-ServerBootFromVolumeStableRescueTest-647031797 tempest-ServerBootFromVolumeStableRescueTest-647031797-project-member] Getting quotas for project f0166fee7aed4b15ba3db5bfe11d23a9. Resources: {'instances', 'cores', 'ram'} {{(pid=95963) _get_quotas /opt/stack/nova/nova/quota.py:389}}
Jul 22 23:09:52.760760 np0000005669 nova-conductor[95963]: DEBUG nova.quota [None req-7b823450-24d5-4517-a115-afa3143dd514 tempest-ServerBootFromVolumeStableRescueTest-647031797 tempest-ServerBootFromVolumeStableRescueTest-647031797-project-member] Getting quotas for user 141ffdf5fc0643c3b8def628bfcb1ba2 and project f0166fee7aed4b15ba3db5bfe11d23a9. Resources: {'instances', 'cores', 'ram'} {{(pid=95963) _get_quotas /opt/stack/nova/nova/quota.py:379}}
Jul 22 23:09:52.766266 np0000005669 nova-conductor[95963]: DEBUG nova.conductor.manager [None req-7b823450-24d5-4517-a115-afa3143dd514 tempest-ServerBootFromVolumeStableRescueTest-647031797 tempest-ServerBootFromVolumeStableRescueTest-647031797-project-member] [instance: 20187054-062d-4d81-8017-95c81e3d7d7a] Selected host: np0000005669; Selected node: np0000005669; Alternates: [] {{(pid=95963) schedule_and_build_instances /opt/stack/nova/nova/conductor/manager.py:1784}}
Jul 22 23:09:52.766710 np0000005669 nova-conductor[95963]: DEBUG oslo_concurrency.lockutils [None req-7b823450-24d5-4517-a115-afa3143dd514 tempest-ServerBootFromVolumeStableRescueTest-647031797 tempest-ServerBootFromVolumeStableRescueTest-647031797-project-member] Acquiring lock "dafe5b28-3b81-4970-aea1-16091ffa587b" by "nova.context.set_target_cell..get_or_set_cached_cell_and_set_connections" {{(pid=95963) inner /opt/stack/data/venv/lib/python3.12/site-packages/oslo_concurrency/lockutils.py:512}}
Jul 22 23:09:52.766873 np0000005669 nova-conductor[95963]: DEBUG oslo_concurrency.lockutils [None req-7b823450-24d5-4517-a115-afa3143dd514 tempest-ServerBootFromVolumeStableRescueTest-647031797 tempest-ServerBootFromVolumeStableRescueTest-647031797-project-member] Lock "dafe5b28-3b81-4970-aea1-16091ffa587b" acquired by "nova.context.set_target_cell..get_or_set_cached_cell_and_set_connections" :: waited 0.000s {{(pid=95963) inner /opt/stack/data/venv/lib/python3.12/site-packages/oslo_concurrency/lockutils.py:525}}
Jul 22 23:09:52.767003 np0000005669 nova-conductor[95963]: DEBUG oslo_concurrency.lockutils [None req-7b823450-24d5-4517-a115-afa3143dd514 tempest-ServerBootFromVolumeStableRescueTest-647031797 tempest-ServerBootFromVolumeStableRescueTest-647031797-project-member] Lock "dafe5b28-3b81-4970-aea1-16091ffa587b" "released" by "nova.context.set_target_cell..get_or_set_cached_cell_and_set_connections" :: held 0.000s {{(pid=95963) inner /opt/stack/data/venv/lib/python3.12/site-packages/oslo_concurrency/lockutils.py:544}}
Jul 22 23:09:52.776001 np0000005669 nova-conductor[95963]: DEBUG nova.conductor.manager [None req-7b823450-24d5-4517-a115-afa3143dd514 tempest-ServerBootFromVolumeStableRescueTest-647031797 tempest-ServerBootFromVolumeStableRescueTest-647031797-project-member] [instance: 20187054-062d-4d81-8017-95c81e3d7d7a] block_device_mapping [BlockDeviceMapping(attachment_id=,boot_index=0,connection_info=None,created_at=,delete_on_termination=True,deleted=,deleted_at=,destination_type='local',device_name=None,device_type='disk',disk_bus=None,encrypted=False,encryption_format=None,encryption_options=None,encryption_secret_uuid=None,guest_format=None,id=,image_id='eb05508c-3c60-46f7-ae25-114b4fad88c3',instance=,instance_uuid=,no_device=False,snapshot_id=None,source_type='image',tag=None,updated_at=,uuid=,volume_id=None,volume_size=None,volume_type=None)] {{(pid=95963) _create_block_device_mapping /opt/stack/nova/nova/conductor/manager.py:1529}}
Jul 22 23:09:52.777155 np0000005669 nova-conductor[95963]: DEBUG oslo_concurrency.lockutils [None req-7b823450-24d5-4517-a115-afa3143dd514 tempest-ServerBootFromVolumeStableRescueTest-647031797 tempest-ServerBootFromVolumeStableRescueTest-647031797-project-member] Acquiring lock "dafe5b28-3b81-4970-aea1-16091ffa587b" by "nova.context.set_target_cell..get_or_set_cached_cell_and_set_connections" {{(pid=95963) inner /opt/stack/data/venv/lib/python3.12/site-packages/oslo_concurrency/lockutils.py:512}}
Jul 22 23:09:52.777277 np0000005669 nova-conductor[95963]: DEBUG oslo_concurrency.lockutils [None req-7b823450-24d5-4517-a115-afa3143dd514 tempest-ServerBootFromVolumeStableRescueTest-647031797 tempest-ServerBootFromVolumeStableRescueTest-647031797-project-member] Lock "dafe5b28-3b81-4970-aea1-16091ffa587b" acquired by "nova.context.set_target_cell..get_or_set_cached_cell_and_set_connections" :: waited 0.000s {{(pid=95963) inner /opt/stack/data/venv/lib/python3.12/site-packages/oslo_concurrency/lockutils.py:525}}
Jul 22 23:09:52.777374 np0000005669 nova-conductor[95963]: DEBUG oslo_concurrency.lockutils [None req-7b823450-24d5-4517-a115-afa3143dd514 tempest-ServerBootFromVolumeStableRescueTest-647031797 tempest-ServerBootFromVolumeStableRescueTest-647031797-project-member] Lock "dafe5b28-3b81-4970-aea1-16091ffa587b" "released" by "nova.context.set_target_cell..get_or_set_cached_cell_and_set_connections" :: held 0.000s {{(pid=95963) inner /opt/stack/data/venv/lib/python3.12/site-packages/oslo_concurrency/lockutils.py:544}}
Jul 22 23:09:52.808463 np0000005669 nova-conductor[95963]: DEBUG oslo_concurrency.lockutils [None req-7b823450-24d5-4517-a115-afa3143dd514 tempest-ServerBootFromVolumeStableRescueTest-647031797 tempest-ServerBootFromVolumeStableRescueTest-647031797-project-member] Acquiring lock "dafe5b28-3b81-4970-aea1-16091ffa587b" by "nova.context.set_target_cell..get_or_set_cached_cell_and_set_connections" {{(pid=95963) inner /opt/stack/data/venv/lib/python3.12/site-packages/oslo_concurrency/lockutils.py:512}}
Jul 22 23:09:52.808463 np0000005669 nova-conductor[95963]: DEBUG oslo_concurrency.lockutils [None req-7b823450-24d5-4517-a115-afa3143dd514 tempest-ServerBootFromVolumeStableRescueTest-647031797 tempest-ServerBootFromVolumeStableRescueTest-647031797-project-member] Lock "dafe5b28-3b81-4970-aea1-16091ffa587b" acquired by "nova.context.set_target_cell..get_or_set_cached_cell_and_set_connections" :: waited 0.000s {{(pid=95963) inner /opt/stack/data/venv/lib/python3.12/site-packages/oslo_concurrency/lockutils.py:525}}
Jul 22 23:09:52.808463 np0000005669 nova-conductor[95963]: DEBUG oslo_concurrency.lockutils [None req-7b823450-24d5-4517-a115-afa3143dd514 tempest-ServerBootFromVolumeStableRescueTest-647031797 tempest-ServerBootFromVolumeStableRescueTest-647031797-project-member] Lock "dafe5b28-3b81-4970-aea1-16091ffa587b" "released" by "nova.context.set_target_cell..get_or_set_cached_cell_and_set_connections" :: held 0.000s {{(pid=95963) inner /opt/stack/data/venv/lib/python3.12/site-packages/oslo_concurrency/lockutils.py:544}}
Jul 22 23:09:52.808463 np0000005669 nova-conductor[95963]: DEBUG oslo_concurrency.lockutils [None req-7b823450-24d5-4517-a115-afa3143dd514 tempest-ServerBootFromVolumeStableRescueTest-647031797 tempest-ServerBootFromVolumeStableRescueTest-647031797-project-member] Acquiring lock "compute-rpcapi-router" {{(pid=95963) lock /opt/stack/data/venv/lib/python3.12/site-packages/oslo_concurrency/lockutils.py:396}}
Jul 22 23:09:52.808728 np0000005669 nova-conductor[95963]: DEBUG oslo_concurrency.lockutils [None req-7b823450-24d5-4517-a115-afa3143dd514 tempest-ServerBootFromVolumeStableRescueTest-647031797 tempest-ServerBootFromVolumeStableRescueTest-647031797-project-member] Acquired lock "compute-rpcapi-router" {{(pid=95963) lock /opt/stack/data/venv/lib/python3.12/site-packages/oslo_concurrency/lockutils.py:399}}
Jul 22 23:09:52.808728 np0000005669 nova-conductor[95963]: DEBUG oslo_concurrency.lockutils [None req-16058f96-eb48-4f10-acbd-cff654e070a4 None None] Acquiring lock "00000000-0000-0000-0000-000000000000" by "nova.context.set_target_cell..get_or_set_cached_cell_and_set_connections" {{(pid=95963) inner /opt/stack/data/venv/lib/python3.12/site-packages/oslo_concurrency/lockutils.py:512}}
Jul 22 23:09:52.808728 np0000005669 nova-conductor[95963]: DEBUG oslo_concurrency.lockutils [None req-16058f96-eb48-4f10-acbd-cff654e070a4 None None] Lock "00000000-0000-0000-0000-000000000000" acquired by "nova.context.set_target_cell..get_or_set_cached_cell_and_set_connections" :: waited 0.000s {{(pid=95963) inner /opt/stack/data/venv/lib/python3.12/site-packages/oslo_concurrency/lockutils.py:525}}
Jul 22 23:09:52.808728 np0000005669 nova-conductor[95963]: DEBUG oslo_concurrency.lockutils [None req-16058f96-eb48-4f10-acbd-cff654e070a4 None None] Lock "00000000-0000-0000-0000-000000000000" "released" by "nova.context.set_target_cell..get_or_set_cached_cell_and_set_connections" :: held 0.000s {{(pid=95963) inner /opt/stack/data/venv/lib/python3.12/site-packages/oslo_concurrency/lockutils.py:544}}
Jul 22 23:09:52.808728 np0000005669 nova-conductor[95963]: DEBUG oslo_concurrency.lockutils [None req-16058f96-eb48-4f10-acbd-cff654e070a4 None None] Acquiring lock "dafe5b28-3b81-4970-aea1-16091ffa587b" by "nova.context.set_target_cell..get_or_set_cached_cell_and_set_connections" {{(pid=95963) inner /opt/stack/data/venv/lib/python3.12/site-packages/oslo_concurrency/lockutils.py:512}}
Jul 22 23:09:52.808872 np0000005669 nova-conductor[95963]: DEBUG oslo_concurrency.lockutils [None req-16058f96-eb48-4f10-acbd-cff654e070a4 None None] Lock "dafe5b28-3b81-4970-aea1-16091ffa587b" acquired by "nova.context.set_target_cell..get_or_set_cached_cell_and_set_connections" :: waited 0.000s {{(pid=95963) inner /opt/stack/data/venv/lib/python3.12/site-packages/oslo_concurrency/lockutils.py:525}}
Jul 22 23:09:52.808872 np0000005669 nova-conductor[95963]: DEBUG oslo_concurrency.lockutils [None req-16058f96-eb48-4f10-acbd-cff654e070a4 None None] Lock "dafe5b28-3b81-4970-aea1-16091ffa587b" "released" by "nova.context.set_target_cell..get_or_set_cached_cell_and_set_connections" :: held 0.000s {{(pid=95963) inner /opt/stack/data/venv/lib/python3.12/site-packages/oslo_concurrency/lockutils.py:544}}
Jul 22 23:09:52.814959 np0000005669 nova-conductor[95963]: INFO nova.compute.rpcapi [None req-16058f96-eb48-4f10-acbd-cff654e070a4 None None] Automatically selected compute RPC version 6.5 from minimum service version 72
Jul 22 23:09:52.815614 np0000005669 nova-conductor[95963]: DEBUG oslo_concurrency.lockutils [None req-16058f96-eb48-4f10-acbd-cff654e070a4 None None] Releasing lock "compute-rpcapi-router" {{(pid=95963) lock /opt/stack/data/venv/lib/python3.12/site-packages/oslo_concurrency/lockutils.py:419}}
Jul 22 23:09:56.291174 np0000005669 nova-conductor[95970]: DEBUG dbcounter [-] [95970] Writer thread running {{(pid=95970) stat_writer /opt/stack/data/venv/lib/python3.12/site-packages/dbcounter.py:102}}
Jul 22 23:09:56.646335 np0000005669 nova-conductor[95970]: DEBUG nova.conductor.manager [None req-b3590433-3d82-4488-8b42-b1af5ae05d27 tempest-ServerActionsTestOtherB-137966370 tempest-ServerActionsTestOtherB-137966370-project-member] Took 0.35 seconds to select destinations for 1 instance(s). {{(pid=95970) _schedule_instances /opt/stack/nova/nova/conductor/manager.py:968}}
Jul 22 23:09:56.677888 np0000005669 nova-conductor[95970]: DEBUG oslo_concurrency.lockutils [None req-b3590433-3d82-4488-8b42-b1af5ae05d27 tempest-ServerActionsTestOtherB-137966370 tempest-ServerActionsTestOtherB-137966370-project-member] Acquiring lock "dafe5b28-3b81-4970-aea1-16091ffa587b" by "nova.context.set_target_cell..get_or_set_cached_cell_and_set_connections" {{(pid=95970) inner /opt/stack/data/venv/lib/python3.12/site-packages/oslo_concurrency/lockutils.py:512}}
Jul 22 23:09:56.678904 np0000005669 nova-conductor[95970]: DEBUG oslo_concurrency.lockutils [None req-b3590433-3d82-4488-8b42-b1af5ae05d27 tempest-ServerActionsTestOtherB-137966370 tempest-ServerActionsTestOtherB-137966370-project-member] Lock "dafe5b28-3b81-4970-aea1-16091ffa587b" acquired by "nova.context.set_target_cell..get_or_set_cached_cell_and_set_connections" :: waited 0.000s {{(pid=95970) inner /opt/stack/data/venv/lib/python3.12/site-packages/oslo_concurrency/lockutils.py:525}}
Jul 22 23:09:56.680333 np0000005669 nova-conductor[95970]: DEBUG oslo_concurrency.lockutils [None req-b3590433-3d82-4488-8b42-b1af5ae05d27 tempest-ServerActionsTestOtherB-137966370 tempest-ServerActionsTestOtherB-137966370-project-member] Lock "dafe5b28-3b81-4970-aea1-16091ffa587b" "released" by "nova.context.set_target_cell..get_or_set_cached_cell_and_set_connections" :: held 0.002s {{(pid=95970) inner /opt/stack/data/venv/lib/python3.12/site-packages/oslo_concurrency/lockutils.py:544}}
Jul 22 23:09:56.682470 np0000005669 nova-conductor[95970]: INFO dbcounter [None req-b3590433-3d82-4488-8b42-b1af5ae05d27 tempest-ServerActionsTestOtherB-137966370 tempest-ServerActionsTestOtherB-137966370-project-member] Registered counter for database nova_cell1
Jul 22 23:09:56.714545 np0000005669 nova-conductor[95970]: DEBUG oslo_db.sqlalchemy.engines [None req-b3590433-3d82-4488-8b42-b1af5ae05d27 tempest-ServerActionsTestOtherB-137966370 tempest-ServerActionsTestOtherB-137966370-project-member] MySQL server mode set to STRICT_TRANS_TABLES,STRICT_ALL_TABLES,NO_ZERO_IN_DATE,NO_ZERO_DATE,ERROR_FOR_DIVISION_BY_ZERO,TRADITIONAL,NO_ENGINE_SUBSTITUTION {{(pid=95970) _check_effective_sql_mode /opt/stack/data/venv/lib/python3.12/site-packages/oslo_db/sqlalchemy/engines.py:325}}
Jul 22 23:09:56.720614 np0000005669 nova-conductor[95970]: DEBUG dbcounter [-] [95970] Writer thread running {{(pid=95970) stat_writer /opt/stack/data/venv/lib/python3.12/site-packages/dbcounter.py:102}}
Jul 22 23:09:56.768936 np0000005669 nova-conductor[95970]: INFO nova.utils [None req-b3590433-3d82-4488-8b42-b1af5ae05d27 tempest-ServerActionsTestOtherB-137966370 tempest-ServerActionsTestOtherB-137966370-project-member] The cell worker thread pool ForkProcess-3.cell_worker is initialized
Jul 22 23:09:56.769217 np0000005669 nova-conductor[95970]: DEBUG oslo_concurrency.lockutils [None req-b3590433-3d82-4488-8b42-b1af5ae05d27 tempest-ServerActionsTestOtherB-137966370 tempest-ServerActionsTestOtherB-137966370-project-member] Acquiring lock "00000000-0000-0000-0000-000000000000" by "nova.context.set_target_cell..get_or_set_cached_cell_and_set_connections" {{(pid=95970) inner /opt/stack/data/venv/lib/python3.12/site-packages/oslo_concurrency/lockutils.py:512}}
Jul 22 23:09:56.769413 np0000005669 nova-conductor[95970]: DEBUG oslo_concurrency.lockutils [None req-b3590433-3d82-4488-8b42-b1af5ae05d27 tempest-ServerActionsTestOtherB-137966370 tempest-ServerActionsTestOtherB-137966370-project-member] Lock "00000000-0000-0000-0000-000000000000" acquired by "nova.context.set_target_cell..get_or_set_cached_cell_and_set_connections" :: waited 0.000s {{(pid=95970) inner /opt/stack/data/venv/lib/python3.12/site-packages/oslo_concurrency/lockutils.py:525}}
Jul 22 23:09:56.769745 np0000005669 nova-conductor[95970]: DEBUG oslo_concurrency.lockutils [None req-b3590433-3d82-4488-8b42-b1af5ae05d27 tempest-ServerActionsTestOtherB-137966370 tempest-ServerActionsTestOtherB-137966370-project-member] Lock "00000000-0000-0000-0000-000000000000" "released" by "nova.context.set_target_cell..get_or_set_cached_cell_and_set_connections" :: held 0.000s {{(pid=95970) inner /opt/stack/data/venv/lib/python3.12/site-packages/oslo_concurrency/lockutils.py:544}}
Jul 22 23:09:56.770381 np0000005669 nova-conductor[95970]: DEBUG oslo_concurrency.lockutils [None req-b3590433-3d82-4488-8b42-b1af5ae05d27 tempest-ServerActionsTestOtherB-137966370 tempest-ServerActionsTestOtherB-137966370-project-member] Acquiring lock "dafe5b28-3b81-4970-aea1-16091ffa587b" by "nova.context.set_target_cell..get_or_set_cached_cell_and_set_connections" {{(pid=95970) inner /opt/stack/data/venv/lib/python3.12/site-packages/oslo_concurrency/lockutils.py:512}}
Jul 22 23:09:56.770556 np0000005669 nova-conductor[95970]: DEBUG oslo_concurrency.lockutils [None req-b3590433-3d82-4488-8b42-b1af5ae05d27 tempest-ServerActionsTestOtherB-137966370 tempest-ServerActionsTestOtherB-137966370-project-member] Lock "dafe5b28-3b81-4970-aea1-16091ffa587b" acquired by "nova.context.set_target_cell..get_or_set_cached_cell_and_set_connections" :: waited 0.000s {{(pid=95970) inner /opt/stack/data/venv/lib/python3.12/site-packages/oslo_concurrency/lockutils.py:525}}
Jul 22 23:09:56.771606 np0000005669 nova-conductor[95970]: DEBUG oslo_concurrency.lockutils [None req-b3590433-3d82-4488-8b42-b1af5ae05d27 tempest-ServerActionsTestOtherB-137966370 tempest-ServerActionsTestOtherB-137966370-project-member] Lock "dafe5b28-3b81-4970-aea1-16091ffa587b" "released" by "nova.context.set_target_cell..get_or_set_cached_cell_and_set_connections" :: held 0.000s {{(pid=95970) inner /opt/stack/data/venv/lib/python3.12/site-packages/oslo_concurrency/lockutils.py:544}}
