Jul 19 19:44:00.240287 np0000005459 nova-scheduler[93424]: DEBUG cotyledon.oslo_config_glue [-] oslo_messaging_rabbit.rabbit_quorum_delivery_limit = 0 {{(pid=93424) log_opt_values /opt/stack/data/venv/lib/python3.12/site-packages/oslo_config/cfg.py:3253}}
Jul 19 19:44:00.240287 np0000005459 nova-scheduler[93424]: DEBUG cotyledon.oslo_config_glue [-] oslo_messaging_rabbit.rabbit_quorum_max_memory_bytes = 0 {{(pid=93424) log_opt_values /opt/stack/data/venv/lib/python3.12/site-packages/oslo_config/cfg.py:3253}}
Jul 19 19:44:00.240287 np0000005459 nova-scheduler[93424]: DEBUG cotyledon.oslo_config_glue [-] oslo_messaging_rabbit.rabbit_quorum_max_memory_length = 0 {{(pid=93424) log_opt_values /opt/stack/data/venv/lib/python3.12/site-packages/oslo_config/cfg.py:3253}}
Jul 19 19:44:00.240287 np0000005459 nova-scheduler[93424]: DEBUG cotyledon.oslo_config_glue [-] oslo_messaging_rabbit.rabbit_quorum_queue = False {{(pid=93424) log_opt_values /opt/stack/data/venv/lib/python3.12/site-packages/oslo_config/cfg.py:3253}}
Jul 19 19:44:00.240287 np0000005459 nova-scheduler[93424]: DEBUG cotyledon.oslo_config_glue [-] oslo_messaging_rabbit.rabbit_retry_backoff = 2 {{(pid=93424) log_opt_values /opt/stack/data/venv/lib/python3.12/site-packages/oslo_config/cfg.py:3253}}
Jul 19 19:44:00.240287 np0000005459 nova-scheduler[93424]: DEBUG cotyledon.oslo_config_glue [-] oslo_messaging_rabbit.rabbit_retry_interval = 1 {{(pid=93424) log_opt_values /opt/stack/data/venv/lib/python3.12/site-packages/oslo_config/cfg.py:3253}}
Jul 19 19:44:00.240287 np0000005459 nova-scheduler[93424]: DEBUG cotyledon.oslo_config_glue [-] oslo_messaging_rabbit.rabbit_stream_fanout = False {{(pid=93424) log_opt_values /opt/stack/data/venv/lib/python3.12/site-packages/oslo_config/cfg.py:3253}}
Jul 19 19:44:00.240287 np0000005459 nova-scheduler[93424]: DEBUG cotyledon.oslo_config_glue [-] oslo_messaging_rabbit.rabbit_transient_queues_ttl = 1800 {{(pid=93424) log_opt_values /opt/stack/data/venv/lib/python3.12/site-packages/oslo_config/cfg.py:3253}}
Jul 19 19:44:00.240542 np0000005459 nova-scheduler[93424]: DEBUG cotyledon.oslo_config_glue [-] oslo_messaging_rabbit.rabbit_transient_quorum_queue = False {{(pid=93424) log_opt_values /opt/stack/data/venv/lib/python3.12/site-packages/oslo_config/cfg.py:3253}}
Jul 19 19:44:00.240542 np0000005459 nova-scheduler[93424]: DEBUG cotyledon.oslo_config_glue [-] oslo_messaging_rabbit.rpc_conn_pool_size = 30 {{(pid=93424) log_opt_values /opt/stack/data/venv/lib/python3.12/site-packages/oslo_config/cfg.py:3253}}
Jul 19 19:44:00.240542 np0000005459 nova-scheduler[93424]: DEBUG cotyledon.oslo_config_glue [-] oslo_messaging_rabbit.ssl = False {{(pid=93424) log_opt_values /opt/stack/data/venv/lib/python3.12/site-packages/oslo_config/cfg.py:3253}}
Jul 19 19:44:00.240542 np0000005459 nova-scheduler[93424]: DEBUG cotyledon.oslo_config_glue [-] oslo_messaging_rabbit.ssl_ca_file = {{(pid=93424) log_opt_values /opt/stack/data/venv/lib/python3.12/site-packages/oslo_config/cfg.py:3253}}
Jul 19 19:44:00.240542 np0000005459 nova-scheduler[93424]: DEBUG cotyledon.oslo_config_glue [-] oslo_messaging_rabbit.ssl_cert_file = {{(pid=93424) log_opt_values /opt/stack/data/venv/lib/python3.12/site-packages/oslo_config/cfg.py:3253}}
Jul 19 19:44:00.240542 np0000005459 nova-scheduler[93424]: DEBUG cotyledon.oslo_config_glue [-] oslo_messaging_rabbit.ssl_enforce_fips_mode = False {{(pid=93424) log_opt_values /opt/stack/data/venv/lib/python3.12/site-packages/oslo_config/cfg.py:3253}}
Jul 19 19:44:00.240542 np0000005459 nova-scheduler[93424]: DEBUG cotyledon.oslo_config_glue [-] oslo_messaging_rabbit.ssl_enforce_hostname_verification = True {{(pid=93424) log_opt_values /opt/stack/data/venv/lib/python3.12/site-packages/oslo_config/cfg.py:3253}}
Jul 19 19:44:00.240542 np0000005459 nova-scheduler[93424]: DEBUG cotyledon.oslo_config_glue [-] oslo_messaging_rabbit.ssl_key_file = {{(pid=93424) log_opt_values /opt/stack/data/venv/lib/python3.12/site-packages/oslo_config/cfg.py:3253}}
Jul 19 19:44:00.240542 np0000005459 nova-scheduler[93424]: DEBUG cotyledon.oslo_config_glue [-] oslo_messaging_rabbit.ssl_version = {{(pid=93424) log_opt_values /opt/stack/data/venv/lib/python3.12/site-packages/oslo_config/cfg.py:3253}}
Jul 19 19:44:00.240850 np0000005459 nova-scheduler[93424]: DEBUG cotyledon.oslo_config_glue [-] oslo_messaging_rabbit.use_queue_manager = False {{(pid=93424) log_opt_values /opt/stack/data/venv/lib/python3.12/site-packages/oslo_config/cfg.py:3253}}
Jul 19 19:44:00.240850 np0000005459 nova-scheduler[93424]: DEBUG cotyledon.oslo_config_glue [-] oslo_messaging_notifications.driver = ['messagingv2'] {{(pid=93424) log_opt_values /opt/stack/data/venv/lib/python3.12/site-packages/oslo_config/cfg.py:3253}}
Jul 19 19:44:00.240850 np0000005459 nova-scheduler[93424]: DEBUG cotyledon.oslo_config_glue [-] oslo_messaging_notifications.retry = -1 {{(pid=93424) log_opt_values /opt/stack/data/venv/lib/python3.12/site-packages/oslo_config/cfg.py:3253}}
Jul 19 19:44:00.240850 np0000005459 nova-scheduler[93424]: DEBUG cotyledon.oslo_config_glue [-] oslo_messaging_notifications.topics = ['notifications'] {{(pid=93424) log_opt_values /opt/stack/data/venv/lib/python3.12/site-packages/oslo_config/cfg.py:3253}}
Jul 19 19:44:00.240850 np0000005459 nova-scheduler[93424]: DEBUG cotyledon.oslo_config_glue [-] oslo_messaging_notifications.transport_url = **** {{(pid=93424) log_opt_values /opt/stack/data/venv/lib/python3.12/site-packages/oslo_config/cfg.py:3253}}
Jul 19 19:44:00.240850 np0000005459 nova-scheduler[93424]: DEBUG cotyledon.oslo_config_glue [-] oslo_limit.auth_section = None {{(pid=93424) log_opt_values /opt/stack/data/venv/lib/python3.12/site-packages/oslo_config/cfg.py:3253}}
Jul 19 19:44:00.240850 np0000005459 nova-scheduler[93424]: DEBUG cotyledon.oslo_config_glue [-] oslo_limit.auth_type = None {{(pid=93424) log_opt_values /opt/stack/data/venv/lib/python3.12/site-packages/oslo_config/cfg.py:3253}}
Jul 19 19:44:00.240850 np0000005459 nova-scheduler[93424]: DEBUG cotyledon.oslo_config_glue [-] oslo_limit.cafile = None {{(pid=93424) log_opt_values /opt/stack/data/venv/lib/python3.12/site-packages/oslo_config/cfg.py:3253}}
Jul 19 19:44:00.240850 np0000005459 nova-scheduler[93424]: DEBUG cotyledon.oslo_config_glue [-] oslo_limit.certfile = None {{(pid=93424) log_opt_values /opt/stack/data/venv/lib/python3.12/site-packages/oslo_config/cfg.py:3253}}
Jul 19 19:44:00.241156 np0000005459 nova-scheduler[93424]: DEBUG cotyledon.oslo_config_glue [-] oslo_limit.collect_timing = False {{(pid=93424) log_opt_values /opt/stack/data/venv/lib/python3.12/site-packages/oslo_config/cfg.py:3253}}
Jul 19 19:44:00.241156 np0000005459 nova-scheduler[93424]: DEBUG cotyledon.oslo_config_glue [-] oslo_limit.connect_retries = None {{(pid=93424) log_opt_values /opt/stack/data/venv/lib/python3.12/site-packages/oslo_config/cfg.py:3253}}
Jul 19 19:44:00.241156 np0000005459 nova-scheduler[93424]: DEBUG cotyledon.oslo_config_glue [-] oslo_limit.connect_retry_delay = None {{(pid=93424) log_opt_values /opt/stack/data/venv/lib/python3.12/site-packages/oslo_config/cfg.py:3253}}
Jul 19 19:44:00.241156 np0000005459 nova-scheduler[93424]: DEBUG cotyledon.oslo_config_glue [-] oslo_limit.endpoint_id = None {{(pid=93424) log_opt_values /opt/stack/data/venv/lib/python3.12/site-packages/oslo_config/cfg.py:3253}}
Jul 19 19:44:00.241156 np0000005459 nova-scheduler[93424]: DEBUG cotyledon.oslo_config_glue [-] oslo_limit.endpoint_interface = public {{(pid=93424) log_opt_values /opt/stack/data/venv/lib/python3.12/site-packages/oslo_config/cfg.py:3253}}
Jul 19 19:44:00.241156 np0000005459 nova-scheduler[93424]: DEBUG cotyledon.oslo_config_glue [-] oslo_limit.endpoint_override = None {{(pid=93424) log_opt_values /opt/stack/data/venv/lib/python3.12/site-packages/oslo_config/cfg.py:3253}}
Jul 19 19:44:00.241156 np0000005459 nova-scheduler[93424]: DEBUG cotyledon.oslo_config_glue [-] oslo_limit.endpoint_region_name = None {{(pid=93424) log_opt_values /opt/stack/data/venv/lib/python3.12/site-packages/oslo_config/cfg.py:3253}}
Jul 19 19:44:00.241156 np0000005459 nova-scheduler[93424]: DEBUG cotyledon.oslo_config_glue [-] oslo_limit.endpoint_service_name = None {{(pid=93424) log_opt_values /opt/stack/data/venv/lib/python3.12/site-packages/oslo_config/cfg.py:3253}}
Jul 19 19:44:00.241156 np0000005459 nova-scheduler[93424]: DEBUG cotyledon.oslo_config_glue [-] oslo_limit.endpoint_service_type = None {{(pid=93424) log_opt_values /opt/stack/data/venv/lib/python3.12/site-packages/oslo_config/cfg.py:3253}}
Jul 19 19:44:00.241435 np0000005459 nova-scheduler[93424]: DEBUG cotyledon.oslo_config_glue [-] oslo_limit.insecure = False {{(pid=93424) log_opt_values /opt/stack/data/venv/lib/python3.12/site-packages/oslo_config/cfg.py:3253}}
Jul 19 19:44:00.241435 np0000005459 nova-scheduler[93424]: DEBUG cotyledon.oslo_config_glue [-] oslo_limit.keyfile = None {{(pid=93424) log_opt_values /opt/stack/data/venv/lib/python3.12/site-packages/oslo_config/cfg.py:3253}}
Jul 19 19:44:00.241435 np0000005459 nova-scheduler[93424]: DEBUG cotyledon.oslo_config_glue [-] oslo_limit.max_version = None {{(pid=93424) log_opt_values /opt/stack/data/venv/lib/python3.12/site-packages/oslo_config/cfg.py:3253}}
Jul 19 19:44:00.241435 np0000005459 nova-scheduler[93424]: DEBUG cotyledon.oslo_config_glue [-] oslo_limit.min_version = None {{(pid=93424) log_opt_values /opt/stack/data/venv/lib/python3.12/site-packages/oslo_config/cfg.py:3253}}
Jul 19 19:44:00.241435 np0000005459 nova-scheduler[93424]: DEBUG cotyledon.oslo_config_glue [-] oslo_limit.region_name = None {{(pid=93424) log_opt_values /opt/stack/data/venv/lib/python3.12/site-packages/oslo_config/cfg.py:3253}}
Jul 19 19:44:00.241435 np0000005459 nova-scheduler[93424]: DEBUG cotyledon.oslo_config_glue [-] oslo_limit.retriable_status_codes = None {{(pid=93424) log_opt_values /opt/stack/data/venv/lib/python3.12/site-packages/oslo_config/cfg.py:3253}}
Jul 19 19:44:00.241435 np0000005459 nova-scheduler[93424]: DEBUG cotyledon.oslo_config_glue [-] oslo_limit.service_name = None {{(pid=93424) log_opt_values /opt/stack/data/venv/lib/python3.12/site-packages/oslo_config/cfg.py:3253}}
Jul 19 19:44:00.241435 np0000005459 nova-scheduler[93424]: DEBUG cotyledon.oslo_config_glue [-] oslo_limit.service_type = None {{(pid=93424) log_opt_values /opt/stack/data/venv/lib/python3.12/site-packages/oslo_config/cfg.py:3253}}
Jul 19 19:44:00.241435 np0000005459 nova-scheduler[93424]: DEBUG cotyledon.oslo_config_glue [-] oslo_limit.split_loggers = False {{(pid=93424) log_opt_values /opt/stack/data/venv/lib/python3.12/site-packages/oslo_config/cfg.py:3253}}
Jul 19 19:44:00.241741 np0000005459 nova-scheduler[93424]: DEBUG cotyledon.oslo_config_glue [-] oslo_limit.status_code_retries = None {{(pid=93424) log_opt_values /opt/stack/data/venv/lib/python3.12/site-packages/oslo_config/cfg.py:3253}}
Jul 19 19:44:00.241741 np0000005459 nova-scheduler[93424]: DEBUG cotyledon.oslo_config_glue [-] oslo_limit.status_code_retry_delay = None {{(pid=93424) log_opt_values /opt/stack/data/venv/lib/python3.12/site-packages/oslo_config/cfg.py:3253}}
Jul 19 19:44:00.241741 np0000005459 nova-scheduler[93424]: DEBUG cotyledon.oslo_config_glue [-] oslo_limit.timeout = None {{(pid=93424) log_opt_values /opt/stack/data/venv/lib/python3.12/site-packages/oslo_config/cfg.py:3253}}
Jul 19 19:44:00.241741 np0000005459 nova-scheduler[93424]: DEBUG cotyledon.oslo_config_glue [-] oslo_limit.valid_interfaces = None {{(pid=93424) log_opt_values /opt/stack/data/venv/lib/python3.12/site-packages/oslo_config/cfg.py:3253}}
Jul 19 19:44:00.241741 np0000005459 nova-scheduler[93424]: DEBUG cotyledon.oslo_config_glue [-] oslo_limit.version = None {{(pid=93424) log_opt_values /opt/stack/data/venv/lib/python3.12/site-packages/oslo_config/cfg.py:3253}}
Jul 19 19:44:00.241901 np0000005459 nova-scheduler[93390]: DEBUG oslo_db.sqlalchemy.engines [None req-d439e797-9b57-4965-8c27-6504005e9218 None None] MySQL server mode set to STRICT_TRANS_TABLES,STRICT_ALL_TABLES,NO_ZERO_IN_DATE,NO_ZERO_DATE,ERROR_FOR_DIVISION_BY_ZERO,TRADITIONAL,NO_ENGINE_SUBSTITUTION {{(pid=93390) _check_effective_sql_mode /opt/stack/data/venv/lib/python3.12/site-packages/oslo_db/sqlalchemy/engines.py:325}}
Jul 19 19:44:00.241947 np0000005459 nova-scheduler[93424]: DEBUG cotyledon.oslo_config_glue [-] oslo_reports.file_event_handler = None {{(pid=93424) log_opt_values /opt/stack/data/venv/lib/python3.12/site-packages/oslo_config/cfg.py:3253}}
Jul 19 19:44:00.241947 np0000005459 nova-scheduler[93424]: DEBUG cotyledon.oslo_config_glue [-] oslo_reports.file_event_handler_interval = 1 {{(pid=93424) log_opt_values /opt/stack/data/venv/lib/python3.12/site-packages/oslo_config/cfg.py:3253}}
Jul 19 19:44:00.241947 np0000005459 nova-scheduler[93424]: DEBUG cotyledon.oslo_config_glue [-] oslo_reports.log_dir = None {{(pid=93424) log_opt_values /opt/stack/data/venv/lib/python3.12/site-packages/oslo_config/cfg.py:3253}}
Jul 19 19:44:00.241947 np0000005459 nova-scheduler[93424]: DEBUG cotyledon.oslo_config_glue [-] ******************************************************************************** {{(pid=93424) log_opt_values /opt/stack/data/venv/lib/python3.12/site-packages/oslo_config/cfg.py:3260}}
Jul 19 19:44:00.241947 np0000005459 nova-scheduler[93424]: DEBUG cotyledon._service_worker [-] Run service ServiceWrapper(2) [93424] {{(pid=93424) wait_forever /opt/stack/data/venv/lib/python3.12/site-packages/cotyledon/_service_worker.py:218}}
Jul 19 19:44:00.241947 np0000005459 nova-scheduler[93424]: INFO nova.service [-] Starting scheduler node (version 33.1.0)
Jul 19 19:44:00.242768 np0000005459 nova-scheduler[93424]: INFO dbcounter [None req-88b04d42-5351-4ec7-aa08-2df5749536f5 None None] Registered counter for database nova_cell0
Jul 19 19:44:00.245686 np0000005459 nova-scheduler[93390]: DEBUG dbcounter [-] [93390] Writer thread running {{(pid=93390) stat_writer /opt/stack/data/venv/lib/python3.12/site-packages/dbcounter.py:102}}
Jul 19 19:44:00.258891 np0000005459 nova-scheduler[93390]: DEBUG nova.service [None req-d439e797-9b57-4965-8c27-6504005e9218 None None] Creating RPC server for service: nova-scheduler on topic: scheduler {{(pid=93390) start /opt/stack/nova/nova/service.py:196}}
Jul 19 19:44:00.272930 np0000005459 nova-scheduler[93404]: DEBUG oslo_db.sqlalchemy.engines [None req-ccd77044-4207-434f-9afc-4132d9b51705 None None] MySQL server mode set to STRICT_TRANS_TABLES,STRICT_ALL_TABLES,NO_ZERO_IN_DATE,NO_ZERO_DATE,ERROR_FOR_DIVISION_BY_ZERO,TRADITIONAL,NO_ENGINE_SUBSTITUTION {{(pid=93404) _check_effective_sql_mode /opt/stack/data/venv/lib/python3.12/site-packages/oslo_db/sqlalchemy/engines.py:325}}
Jul 19 19:44:00.279553 np0000005459 nova-scheduler[93390]: DEBUG nova.service [None req-d439e797-9b57-4965-8c27-6504005e9218 None None] Join ServiceGroup membership for this service scheduler {{(pid=93390) start /opt/stack/nova/nova/service.py:222}}
Jul 19 19:44:00.279651 np0000005459 nova-scheduler[93390]: DEBUG nova.servicegroup.drivers.db [None req-d439e797-9b57-4965-8c27-6504005e9218 None None] DB_Driver: join new ServiceGroup member np0000005459 to the scheduler group, service = {{(pid=93390) join /opt/stack/nova/nova/servicegroup/drivers/db.py:44}}
Jul 19 19:44:00.282554 np0000005459 nova-scheduler[93424]: DEBUG oslo_db.sqlalchemy.engines [None req-88b04d42-5351-4ec7-aa08-2df5749536f5 None None] MySQL server mode set to STRICT_TRANS_TABLES,STRICT_ALL_TABLES,NO_ZERO_IN_DATE,NO_ZERO_DATE,ERROR_FOR_DIVISION_BY_ZERO,TRADITIONAL,NO_ENGINE_SUBSTITUTION {{(pid=93424) _check_effective_sql_mode /opt/stack/data/venv/lib/python3.12/site-packages/oslo_db/sqlalchemy/engines.py:325}}
Jul 19 19:44:00.284359 np0000005459 nova-scheduler[93404]: DEBUG dbcounter [-] [93404] Writer thread running {{(pid=93404) stat_writer /opt/stack/data/venv/lib/python3.12/site-packages/dbcounter.py:102}}
Jul 19 19:44:00.287310 np0000005459 nova-scheduler[93404]: DEBUG nova.service [None req-ccd77044-4207-434f-9afc-4132d9b51705 None None] Creating RPC server for service: nova-scheduler on topic: scheduler {{(pid=93404) start /opt/stack/nova/nova/service.py:196}}
Jul 19 19:44:00.292439 np0000005459 nova-scheduler[93424]: DEBUG dbcounter [-] [93424] Writer thread running {{(pid=93424) stat_writer /opt/stack/data/venv/lib/python3.12/site-packages/dbcounter.py:102}}
Jul 19 19:44:00.295410 np0000005459 nova-scheduler[93424]: DEBUG nova.service [None req-88b04d42-5351-4ec7-aa08-2df5749536f5 None None] Creating RPC server for service: nova-scheduler on topic: scheduler {{(pid=93424) start /opt/stack/nova/nova/service.py:196}}
Jul 19 19:44:00.306171 np0000005459 nova-scheduler[93404]: DEBUG nova.service [None req-ccd77044-4207-434f-9afc-4132d9b51705 None None] Join ServiceGroup membership for this service scheduler {{(pid=93404) start /opt/stack/nova/nova/service.py:222}}
Jul 19 19:44:00.306429 np0000005459 nova-scheduler[93404]: DEBUG nova.servicegroup.drivers.db [None req-ccd77044-4207-434f-9afc-4132d9b51705 None None] DB_Driver: join new ServiceGroup member np0000005459 to the scheduler group, service = {{(pid=93404) join /opt/stack/nova/nova/servicegroup/drivers/db.py:44}}
Jul 19 19:44:00.312011 np0000005459 nova-scheduler[93424]: DEBUG nova.service [None req-88b04d42-5351-4ec7-aa08-2df5749536f5 None None] Join ServiceGroup membership for this service scheduler {{(pid=93424) start /opt/stack/nova/nova/service.py:222}}
Jul 19 19:44:00.312230 np0000005459 nova-scheduler[93424]: DEBUG nova.servicegroup.drivers.db [None req-88b04d42-5351-4ec7-aa08-2df5749536f5 None None] DB_Driver: join new ServiceGroup member np0000005459 to the scheduler group, service = {{(pid=93424) join /opt/stack/nova/nova/servicegroup/drivers/db.py:44}}
Jul 19 19:44:05.292890 np0000005459 nova-scheduler[93390]: DEBUG oslo.service.backend._threading.loopingcall [-] Fixed interval looping call 'nova.servicegroup.drivers.db.DbDriver._report_state' sleeping for 119.99 seconds {{(pid=93390) _run_loop /opt/stack/data/venv/lib/python3.12/site-packages/oslo_service/backend/_threading/loopingcall.py:125}}
Jul 19 19:44:05.316704 np0000005459 nova-scheduler[93404]: DEBUG oslo.service.backend._threading.loopingcall [-] Fixed interval looping call 'nova.servicegroup.drivers.db.DbDriver._report_state' sleeping for 119.99 seconds {{(pid=93404) _run_loop /opt/stack/data/venv/lib/python3.12/site-packages/oslo_service/backend/_threading/loopingcall.py:125}}
Jul 19 19:44:05.323609 np0000005459 nova-scheduler[93424]: DEBUG oslo.service.backend._threading.loopingcall [-] Fixed interval looping call 'nova.servicegroup.drivers.db.DbDriver._report_state' sleeping for 119.99 seconds {{(pid=93424) _run_loop /opt/stack/data/venv/lib/python3.12/site-packages/oslo_service/backend/_threading/loopingcall.py:125}}
Jul 19 19:44:08.903713 np0000005459 nova-scheduler[92140]: DEBUG dbcounter [-] [92140] Writing DB stats nova_api:SELECT=3 {{(pid=92140) stat_writer /opt/stack/data/venv/lib/python3.12/site-packages/dbcounter.py:115}}
Jul 19 19:44:09.023348 np0000005459 nova-scheduler[92140]: DEBUG dbcounter [-] [92140] Writing DB stats nova_cell0:SELECT=1 {{(pid=92140) stat_writer /opt/stack/data/venv/lib/python3.12/site-packages/dbcounter.py:115}}
Jul 19 19:44:09.029129 np0000005459 nova-scheduler[92140]: DEBUG dbcounter [-] [92140] Writing DB stats nova_cell1:SELECT=1 {{(pid=92140) stat_writer /opt/stack/data/venv/lib/python3.12/site-packages/dbcounter.py:115}}
Jul 19 19:44:12.308593 np0000005459 nova-scheduler[93404]: DEBUG oslo.service.backend._threading.loopingcall [None req-2ba110c2-c907-4000-b8dd-359551ff2972 None None] Dynamic interval looping call 'nova.service.Service.periodic_tasks' sleeping for 60.00 seconds {{(pid=93404) _run_loop /opt/stack/data/venv/lib/python3.12/site-packages/oslo_service/backend/_threading/loopingcall.py:125}}
Jul 19 19:44:15.289298 np0000005459 nova-scheduler[93390]: DEBUG dbcounter [-] [93390] Writing DB stats nova_cell0:SELECT=4,nova_cell0:INSERT=1,nova_cell0:UPDATE=1 {{(pid=93390) stat_writer /opt/stack/data/venv/lib/python3.12/site-packages/dbcounter.py:115}}
Jul 19 19:44:15.314710 np0000005459 nova-scheduler[93404]: DEBUG dbcounter [-] [93404] Writing DB stats nova_cell0:SELECT=3 {{(pid=93404) stat_writer /opt/stack/data/venv/lib/python3.12/site-packages/dbcounter.py:115}}
Jul 19 19:44:15.320496 np0000005459 nova-scheduler[93424]: DEBUG dbcounter [-] [93424] Writing DB stats nova_cell0:SELECT=3 {{(pid=93424) stat_writer /opt/stack/data/venv/lib/python3.12/site-packages/dbcounter.py:115}}
Jul 19 19:44:22.314446 np0000005459 nova-scheduler[93424]: DEBUG oslo.service.backend._threading.loopingcall [None req-a125b580-19c9-4c8c-88e4-be6b2e7fab76 None None] Dynamic interval looping call 'nova.service.Service.periodic_tasks' sleeping for 60.00 seconds {{(pid=93424) _run_loop /opt/stack/data/venv/lib/python3.12/site-packages/oslo_service/backend/_threading/loopingcall.py:125}}
Jul 19 19:44:49.281877 np0000005459 nova-scheduler[93390]: DEBUG oslo.service.backend._threading.loopingcall [None req-3627bbba-e632-4e38-b130-62e11de83163 None None] Dynamic interval looping call 'nova.service.Service.periodic_tasks' sleeping for 60.00 seconds {{(pid=93390) _run_loop /opt/stack/data/venv/lib/python3.12/site-packages/oslo_service/backend/_threading/loopingcall.py:125}}
Jul 19 19:45:12.309134 np0000005459 nova-scheduler[93404]: DEBUG oslo.service.backend._threading.loopingcall [None req-2ba110c2-c907-4000-b8dd-359551ff2972 None None] Dynamic interval looping call 'nova.service.Service.periodic_tasks' sleeping for 60.00 seconds {{(pid=93404) _run_loop /opt/stack/data/venv/lib/python3.12/site-packages/oslo_service/backend/_threading/loopingcall.py:125}}
Jul 19 19:45:22.314926 np0000005459 nova-scheduler[93424]: DEBUG oslo.service.backend._threading.loopingcall [None req-a125b580-19c9-4c8c-88e4-be6b2e7fab76 None None] Dynamic interval looping call 'nova.service.Service.periodic_tasks' sleeping for 60.00 seconds {{(pid=93424) _run_loop /opt/stack/data/venv/lib/python3.12/site-packages/oslo_service/backend/_threading/loopingcall.py:125}}
Jul 19 19:45:49.282336 np0000005459 nova-scheduler[93390]: DEBUG oslo.service.backend._threading.loopingcall [None req-3627bbba-e632-4e38-b130-62e11de83163 None None] Dynamic interval looping call 'nova.service.Service.periodic_tasks' sleeping for 60.00 seconds {{(pid=93390) _run_loop /opt/stack/data/venv/lib/python3.12/site-packages/oslo_service/backend/_threading/loopingcall.py:125}}
Jul 19 19:46:05.288935 np0000005459 nova-scheduler[93390]: DEBUG oslo.service.backend._threading.loopingcall [-] Fixed interval looping call 'nova.servicegroup.drivers.db.DbDriver._report_state' sleeping for 119.99 seconds {{(pid=93390) _run_loop /opt/stack/data/venv/lib/python3.12/site-packages/oslo_service/backend/_threading/loopingcall.py:125}}
Jul 19 19:46:05.309532 np0000005459 nova-scheduler[93404]: DEBUG oslo.service.backend._threading.loopingcall [-] Fixed interval looping call 'nova.servicegroup.drivers.db.DbDriver._report_state' sleeping for 120.00 seconds {{(pid=93404) _run_loop /opt/stack/data/venv/lib/python3.12/site-packages/oslo_service/backend/_threading/loopingcall.py:125}}
Jul 19 19:46:05.318902 np0000005459 nova-scheduler[93424]: DEBUG oslo.service.backend._threading.loopingcall [-] Fixed interval looping call 'nova.servicegroup.drivers.db.DbDriver._report_state' sleeping for 120.00 seconds {{(pid=93424) _run_loop /opt/stack/data/venv/lib/python3.12/site-packages/oslo_service/backend/_threading/loopingcall.py:125}}
Jul 19 19:46:12.313606 np0000005459 nova-scheduler[93404]: DEBUG oslo.service.backend._threading.loopingcall [None req-2ba110c2-c907-4000-b8dd-359551ff2972 None None] Dynamic interval looping call 'nova.service.Service.periodic_tasks' sleeping for 60.00 seconds {{(pid=93404) _run_loop /opt/stack/data/venv/lib/python3.12/site-packages/oslo_service/backend/_threading/loopingcall.py:125}}
Jul 19 19:46:13.815332 np0000005459 nova-scheduler[93390]: DEBUG nova.scheduler.manager [None req-c13def78-88ba-4b6e-b272-7eb8e0bf89c1 tempest-DeleteServersTestJSON-2024533596 tempest-DeleteServersTestJSON-2024533596-project-member] Starting to schedule for instances: ['27636a83-8394-4906-93e2-69194748466e'] {{(pid=93390) select_destinations /opt/stack/nova/nova/scheduler/manager.py:209}}
Jul 19 19:46:13.820265 np0000005459 nova-scheduler[93390]: DEBUG nova.scheduler.request_filter [None req-c13def78-88ba-4b6e-b272-7eb8e0bf89c1 tempest-DeleteServersTestJSON-2024533596 tempest-DeleteServersTestJSON-2024533596-project-member] compute_status_filter request filter added forbidden trait COMPUTE_STATUS_DISABLED {{(pid=93390) compute_status_filter /opt/stack/nova/nova/scheduler/request_filter.py:253}}
Jul 19 19:46:13.820437 np0000005459 nova-scheduler[93390]: DEBUG nova.scheduler.request_filter [None req-c13def78-88ba-4b6e-b272-7eb8e0bf89c1 tempest-DeleteServersTestJSON-2024533596 tempest-DeleteServersTestJSON-2024533596-project-member] Request filter 'compute_status_filter' took 0.0 seconds {{(pid=93390) wrapper /opt/stack/nova/nova/scheduler/request_filter.py:46}}
Jul 19 19:46:13.820744 np0000005459 nova-scheduler[93390]: DEBUG nova.scheduler.request_filter [None req-c13def78-88ba-4b6e-b272-7eb8e0bf89c1 tempest-DeleteServersTestJSON-2024533596 tempest-DeleteServersTestJSON-2024533596-project-member] Request filter 'accelerators_filter' took 0.0 seconds {{(pid=93390) wrapper /opt/stack/nova/nova/scheduler/request_filter.py:46}}
Jul 19 19:46:13.821002 np0000005459 nova-scheduler[93390]: DEBUG nova.scheduler.request_filter [None req-c13def78-88ba-4b6e-b272-7eb8e0bf89c1 tempest-DeleteServersTestJSON-2024533596 tempest-DeleteServersTestJSON-2024533596-project-member] Request filter 'packed_virtqueue_filter' took 0.0 seconds {{(pid=93390) wrapper /opt/stack/nova/nova/scheduler/request_filter.py:46}}
Jul 19 19:46:13.821310 np0000005459 nova-scheduler[93390]: DEBUG nova.scheduler.request_filter [None req-c13def78-88ba-4b6e-b272-7eb8e0bf89c1 tempest-DeleteServersTestJSON-2024533596 tempest-DeleteServersTestJSON-2024533596-project-member] Request filter 'remote_managed_ports_filter' took 0.0 seconds {{(pid=93390) wrapper /opt/stack/nova/nova/scheduler/request_filter.py:46}}
Jul 19 19:46:13.821594 np0000005459 nova-scheduler[93390]: DEBUG nova.scheduler.request_filter [None req-c13def78-88ba-4b6e-b272-7eb8e0bf89c1 tempest-DeleteServersTestJSON-2024533596 tempest-DeleteServersTestJSON-2024533596-project-member] ephemeral_encryption_filter skipped {{(pid=93390) ephemeral_encryption_filter /opt/stack/nova/nova/scheduler/request_filter.py:426}}
Jul 19 19:46:13.821594 np0000005459 nova-scheduler[93390]: DEBUG nova.scheduler.request_filter [None req-c13def78-88ba-4b6e-b272-7eb8e0bf89c1 tempest-DeleteServersTestJSON-2024533596 tempest-DeleteServersTestJSON-2024533596-project-member] virtio_sound_filter skipped {{(pid=93390) virtio_sound_filter /opt/stack/nova/nova/scheduler/request_filter.py:460}}
Jul 19 19:46:13.821761 np0000005459 nova-scheduler[93390]: DEBUG nova.scheduler.request_filter [None req-c13def78-88ba-4b6e-b272-7eb8e0bf89c1 tempest-DeleteServersTestJSON-2024533596 tempest-DeleteServersTestJSON-2024533596-project-member] tpm_secret_security_filter skipped {{(pid=93390) tpm_secret_security_filter /opt/stack/nova/nova/scheduler/request_filter.py:477}}
Jul 19 19:46:14.339943 np0000005459 nova-scheduler[93390]: INFO nova.utils [None req-c13def78-88ba-4b6e-b272-7eb8e0bf89c1 tempest-DeleteServersTestJSON-2024533596 tempest-DeleteServersTestJSON-2024533596-project-member] The cell worker thread pool ForkProcess-1.cell_worker is initialized
Jul 19 19:46:14.340406 np0000005459 nova-scheduler[93390]: DEBUG oslo_concurrency.lockutils [None req-c13def78-88ba-4b6e-b272-7eb8e0bf89c1 tempest-DeleteServersTestJSON-2024533596 tempest-DeleteServersTestJSON-2024533596-project-member] Acquiring lock "70107e69-aa82-4b65-af05-951caa2db87e" by "nova.context.set_target_cell..get_or_set_cached_cell_and_set_connections" {{(pid=93390) inner /opt/stack/data/venv/lib/python3.12/site-packages/oslo_concurrency/lockutils.py:512}}
Jul 19 19:46:14.341211 np0000005459 nova-scheduler[93390]: DEBUG oslo_concurrency.lockutils [None req-c13def78-88ba-4b6e-b272-7eb8e0bf89c1 tempest-DeleteServersTestJSON-2024533596 tempest-DeleteServersTestJSON-2024533596-project-member] Lock "70107e69-aa82-4b65-af05-951caa2db87e" acquired by "nova.context.set_target_cell..get_or_set_cached_cell_and_set_connections" :: waited 0.001s {{(pid=93390) inner /opt/stack/data/venv/lib/python3.12/site-packages/oslo_concurrency/lockutils.py:525}}
Jul 19 19:46:14.342919 np0000005459 nova-scheduler[93390]: DEBUG oslo_concurrency.lockutils [None req-c13def78-88ba-4b6e-b272-7eb8e0bf89c1 tempest-DeleteServersTestJSON-2024533596 tempest-DeleteServersTestJSON-2024533596-project-member] Lock "70107e69-aa82-4b65-af05-951caa2db87e" "released" by "nova.context.set_target_cell..get_or_set_cached_cell_and_set_connections" :: held 0.002s {{(pid=93390) inner /opt/stack/data/venv/lib/python3.12/site-packages/oslo_concurrency/lockutils.py:544}}
Jul 19 19:46:14.345148 np0000005459 nova-scheduler[93390]: INFO dbcounter [None req-c13def78-88ba-4b6e-b272-7eb8e0bf89c1 tempest-DeleteServersTestJSON-2024533596 tempest-DeleteServersTestJSON-2024533596-project-member] Registered counter for database nova_cell1
Jul 19 19:46:14.387691 np0000005459 nova-scheduler[93390]: DEBUG oslo_db.sqlalchemy.engines [None req-c13def78-88ba-4b6e-b272-7eb8e0bf89c1 tempest-DeleteServersTestJSON-2024533596 tempest-DeleteServersTestJSON-2024533596-project-member] MySQL server mode set to STRICT_TRANS_TABLES,STRICT_ALL_TABLES,NO_ZERO_IN_DATE,NO_ZERO_DATE,ERROR_FOR_DIVISION_BY_ZERO,TRADITIONAL,NO_ENGINE_SUBSTITUTION {{(pid=93390) _check_effective_sql_mode /opt/stack/data/venv/lib/python3.12/site-packages/oslo_db/sqlalchemy/engines.py:325}}
Jul 19 19:46:14.391432 np0000005459 nova-scheduler[93390]: DEBUG dbcounter [-] [93390] Writer thread running {{(pid=93390) stat_writer /opt/stack/data/venv/lib/python3.12/site-packages/dbcounter.py:102}}
Jul 19 19:46:14.406577 np0000005459 nova-scheduler[93390]: DEBUG oslo_db.sqlalchemy.engines [None req-c13def78-88ba-4b6e-b272-7eb8e0bf89c1 tempest-DeleteServersTestJSON-2024533596 tempest-DeleteServersTestJSON-2024533596-project-member] Parent process 92140 forked (93390) with an open database connection, which is being discarded and recreated. {{(pid=93390) checkout /opt/stack/data/venv/lib/python3.12/site-packages/oslo_db/sqlalchemy/engines.py:402}}
Jul 19 19:46:14.441888 np0000005459 nova-scheduler[93390]: DEBUG dbcounter [-] [93390] Writer thread running {{(pid=93390) stat_writer /opt/stack/data/venv/lib/python3.12/site-packages/dbcounter.py:102}}
Jul 19 19:46:14.444149 np0000005459 nova-scheduler[93390]: DEBUG oslo_concurrency.lockutils [None req-c13def78-88ba-4b6e-b272-7eb8e0bf89c1 tempest-DeleteServersTestJSON-2024533596 tempest-DeleteServersTestJSON-2024533596-project-member] Acquiring lock "70107e69-aa82-4b65-af05-951caa2db87e" by "nova.context.set_target_cell..get_or_set_cached_cell_and_set_connections" {{(pid=93390) inner /opt/stack/data/venv/lib/python3.12/site-packages/oslo_concurrency/lockutils.py:512}}
Jul 19 19:46:14.444290 np0000005459 nova-scheduler[93390]: DEBUG oslo_concurrency.lockutils [None req-c13def78-88ba-4b6e-b272-7eb8e0bf89c1 tempest-DeleteServersTestJSON-2024533596 tempest-DeleteServersTestJSON-2024533596-project-member] Lock "70107e69-aa82-4b65-af05-951caa2db87e" acquired by "nova.context.set_target_cell..get_or_set_cached_cell_and_set_connections" :: waited 0.000s {{(pid=93390) inner /opt/stack/data/venv/lib/python3.12/site-packages/oslo_concurrency/lockutils.py:525}}
Jul 19 19:46:14.444397 np0000005459 nova-scheduler[93390]: DEBUG oslo_concurrency.lockutils [None req-c13def78-88ba-4b6e-b272-7eb8e0bf89c1 tempest-DeleteServersTestJSON-2024533596 tempest-DeleteServersTestJSON-2024533596-project-member] Lock "70107e69-aa82-4b65-af05-951caa2db87e" "released" by "nova.context.set_target_cell..get_or_set_cached_cell_and_set_connections" :: held 0.000s {{(pid=93390) inner /opt/stack/data/venv/lib/python3.12/site-packages/oslo_concurrency/lockutils.py:544}}
Jul 19 19:46:14.449185 np0000005459 nova-scheduler[93390]: DEBUG oslo_concurrency.lockutils [None req-c13def78-88ba-4b6e-b272-7eb8e0bf89c1 tempest-DeleteServersTestJSON-2024533596 tempest-DeleteServersTestJSON-2024533596-project-member] Acquiring lock "np0000005459-np0000005459" by "nova.scheduler.host_manager.HostState.update.._locked_update" {{(pid=93390) inner /opt/stack/data/venv/lib/python3.12/site-packages/oslo_concurrency/lockutils.py:512}}
Jul 19 19:46:14.449330 np0000005459 nova-scheduler[93390]: DEBUG oslo_concurrency.lockutils [None req-c13def78-88ba-4b6e-b272-7eb8e0bf89c1 tempest-DeleteServersTestJSON-2024533596 tempest-DeleteServersTestJSON-2024533596-project-member] Lock "np0000005459-np0000005459" acquired by "nova.scheduler.host_manager.HostState.update.._locked_update" :: waited 0.000s {{(pid=93390) inner /opt/stack/data/venv/lib/python3.12/site-packages/oslo_concurrency/lockutils.py:525}}
Jul 19 19:46:14.450396 np0000005459 nova-scheduler[93390]: DEBUG nova.scheduler.host_manager [None req-c13def78-88ba-4b6e-b272-7eb8e0bf89c1 tempest-DeleteServersTestJSON-2024533596 tempest-DeleteServersTestJSON-2024533596-project-member] Update host state from compute node: ComputeNode(cpu_allocation_ratio=4.0,cpu_info='{"arch": "x86_64", "model": "EPYC-Milan", "vendor": "AMD", "topology": {"cells": 1, "sockets": 16, "cores": 1, "threads": 1}, "maxphysaddr": {"mode": "emulate", "bits": 40}, "features": ["de", "pschange-mc-no", "v-vmsave-vmload", "xsaveopt", "lfence-always-serializing", "arat", "movbe", "bmi2", "xsaveerptr", "avx", "virt-ssbd", "rdpid", "flushbyasid", "gds-no", "xsave", "vaes", "vgif", "clwb", "sse2", "syscall", "no-nested-data-bp", "nx", "svm", "fxsr_opt", "sse", "stibp-always-on", "stibp", "erms", "vme", "fpu", "mtrr", "lahf_lm", "smep", "amd-stibp", "pku", "topoext", "rdseed", "3dnowprefetch", "amd-psfd", "sse4.2", "apic", "pse", "fxsr", "lm", "lbrv", "aes", "wbnoinvd", "clflushopt", "cr8legacy", "f16c", "pclmuldq", "sse4.1", "pni", "mca", "bmi1", "vmcb-clean", "arch-capabilities", "cmov", "pse36", "osvw", "msr", "sha-ni", "x2apic", "npt", "ibrs", "fsgsbase", "pfthreshold", "nrip-save", "tsc-deadline", "pdpe1gb", "cx8", "mce", "xgetbv1", "mmx", "tsc-scale", "vpclmulqdq", "xsaves", "popcnt", "avx2", "tsc", "pcid", "sep", "perfctr_core", "fsrm", "adx", "skip-l1dfl-vmentry", "cx16", "abm", "fma", "null-sel-clr-base", "misalignsse", "amd-ssbd", "pause-filter", "pae", "sse4a", "rdctl-no", "hypervisor", "xsavec", "ibpb", "smap", "pge", "tsc_adjust", "svme-addr-chk", "rdtscp", "pat", "mds-no", "ssse3", "mmxext", "clflush", "invpcid", "spec-ctrl", "umip", "rdrand", "cmp_legacy", "ssbd", "clzero"]}',created_at=2026-07-19T19:44:20Z,current_workload=0,deleted=False,deleted_at=None,disk_allocation_ratio=1.0,disk_available_least=73,free_disk_gb=95,free_ram_mb=62765,host='np0000005459',host_ip=10.4.3.206,hypervisor_hostname='np0000005459',hypervisor_type='QEMU',hypervisor_version=8002002,id=1,local_gb=95,local_gb_used=0,mapped=1,memory_mb=63277,memory_mb_used=512,metrics='[]',numa_topology='{"nova_object.name": "NUMATopology", "nova_object.namespace": "nova", "nova_object.version": "1.2", "nova_object.data": {"cells": [{"nova_object.name": "NUMACell", "nova_object.namespace": "nova", "nova_object.version": "1.5", "nova_object.data": {"id": 0, "cpuset": [0, 1, 2, 3, 4, 5, 6, 7, 8, 9, 10, 11, 12, 13, 14, 15], "pcpuset": [0, 1, 2, 3, 4, 5, 6, 7, 8, 9, 10, 11, 12, 13, 14, 15], "memory": 63277, "cpu_usage": 0, "memory_usage": 0, "pinned_cpus": [], "siblings": [[6], [12], [2], [15], [5], [11], [8], [14], [4], [1], [7], [10], [0], [13], [3], [9]], "mempages": [{"nova_object.name": "NUMAPagesTopology", "nova_object.namespace": "nova", "nova_object.version": "1.1", "nova_object.data": {"size_kb": 4, "total": 16177929, "used": 0, "reserved": 0}, "nova_object.changes": ["total", "size_kb", "used", "reserved"]}, {"nova_object.name": "NUMAPagesTopology", "nova_object.namespace": "nova", "nova_object.version": "1.1", "nova_object.data": {"size_kb": 2048, "total": 41, "used": 0, "reserved": 0}, "nova_object.changes": ["total", "size_kb", "used", "reserved"]}, {"nova_object.name": "NUMAPagesTopology", "nova_object.namespace": "nova", "nova_object.version": "1.1", "nova_object.data": {"size_kb": 1048576, "total": 0, "used": 0, "reserved": 0}, "nova_object.changes": ["total", "size_kb", "used", "reserved"]}], "network_metadata": {"nova_object.name": "NetworkMetadata", "nova_object.namespace": "nova", "nova_object.version": "1.0", "nova_object.data": {"physnets": [], "tunneled": false}, "nova_object.changes": ["tunneled", "physnets"]}, "socket": null}, "nova_object.changes": ["memory", "memory_usage", "id", "cpuset", "pcpuset", "socket", "siblings", "mempages", "network_metadata", "cpu_usage", "pinned_cpus"]}]}, "nova_object.changes": ["cells"]}',pci_device_pools=PciDevicePoolList,ram_allocation_ratio=1.0,running_vms=0,service_id=3,stats={failed_builds='0',uptime=' 19:46:09 up 13 min, 2 users, load average: 3.03, 1.91, 0.97
Jul 19 19:46:14.450396 np0000005459 nova-scheduler[93390]: '},supported_hv_specs=[HVSpec,HVSpec,HVSpec,HVSpec,HVSpec,HVSpec,HVSpec,HVSpec,HVSpec,HVSpec,HVSpec,HVSpec,HVSpec,HVSpec,HVSpec,HVSpec,HVSpec,HVSpec,HVSpec,HVSpec,HVSpec,HVSpec,HVSpec,HVSpec,HVSpec],updated_at=2026-07-19T19:46:10Z,uuid=8b95673f-331f-4461-8fc8-cfb52386d76d,vcpus=16,vcpus_used=0) {{(pid=93390) _locked_update /opt/stack/nova/nova/scheduler/host_manager.py:168}}
Jul 19 19:46:14.451117 np0000005459 nova-scheduler[93390]: DEBUG nova.scheduler.host_manager [None req-c13def78-88ba-4b6e-b272-7eb8e0bf89c1 tempest-DeleteServersTestJSON-2024533596 tempest-DeleteServersTestJSON-2024533596-project-member] Update host state with aggregates: [] {{(pid=93390) _locked_update /opt/stack/nova/nova/scheduler/host_manager.py:171}}
Jul 19 19:46:14.451241 np0000005459 nova-scheduler[93390]: DEBUG nova.scheduler.host_manager [None req-c13def78-88ba-4b6e-b272-7eb8e0bf89c1 tempest-DeleteServersTestJSON-2024533596 tempest-DeleteServersTestJSON-2024533596-project-member] Update host state with service dict: {'id': 3, 'uuid': 'abc8e3e9-9dc2-48a8-b7f9-49a9bf388cb0', 'host': 'np0000005459', 'binary': 'nova-compute', 'topic': 'compute', 'report_count': 1, 'disabled': False, 'disabled_reason': None, 'last_seen_up': datetime.datetime(2026, 7, 19, 19, 44, 26, tzinfo=datetime.timezone.utc), 'forced_down': False, 'version': 72, 'created_at': datetime.datetime(2026, 7, 19, 19, 44, 20, tzinfo=datetime.timezone.utc), 'updated_at': datetime.datetime(2026, 7, 19, 19, 44, 26, tzinfo=datetime.timezone.utc), 'deleted_at': None, 'deleted': False} {{(pid=93390) _locked_update /opt/stack/nova/nova/scheduler/host_manager.py:174}}
Jul 19 19:46:14.451357 np0000005459 nova-scheduler[93390]: DEBUG nova.scheduler.host_manager [None req-c13def78-88ba-4b6e-b272-7eb8e0bf89c1 tempest-DeleteServersTestJSON-2024533596 tempest-DeleteServersTestJSON-2024533596-project-member] Update host state with instances: [] {{(pid=93390) _locked_update /opt/stack/nova/nova/scheduler/host_manager.py:177}}
Jul 19 19:46:14.451456 np0000005459 nova-scheduler[93390]: DEBUG oslo_concurrency.lockutils [None req-c13def78-88ba-4b6e-b272-7eb8e0bf89c1 tempest-DeleteServersTestJSON-2024533596 tempest-DeleteServersTestJSON-2024533596-project-member] Lock "np0000005459-np0000005459" "released" by "nova.scheduler.host_manager.HostState.update.._locked_update" :: held 0.002s {{(pid=93390) inner /opt/stack/data/venv/lib/python3.12/site-packages/oslo_concurrency/lockutils.py:544}}
Jul 19 19:46:14.452067 np0000005459 nova-scheduler[93390]: DEBUG nova.filters [None req-c13def78-88ba-4b6e-b272-7eb8e0bf89c1 tempest-DeleteServersTestJSON-2024533596 tempest-DeleteServersTestJSON-2024533596-project-member] Starting with 1 host(s) {{(pid=93390) get_filtered_objects /opt/stack/nova/nova/filters.py:70}}
Jul 19 19:46:14.452279 np0000005459 nova-scheduler[93390]: DEBUG nova.filters [None req-c13def78-88ba-4b6e-b272-7eb8e0bf89c1 tempest-DeleteServersTestJSON-2024533596 tempest-DeleteServersTestJSON-2024533596-project-member] Filter ComputeFilter returned 1 host(s) {{(pid=93390) get_filtered_objects /opt/stack/nova/nova/filters.py:102}}
Jul 19 19:46:14.452406 np0000005459 nova-scheduler[93390]: DEBUG nova.filters [None req-c13def78-88ba-4b6e-b272-7eb8e0bf89c1 tempest-DeleteServersTestJSON-2024533596 tempest-DeleteServersTestJSON-2024533596-project-member] Filter ComputeCapabilitiesFilter returned 1 host(s) {{(pid=93390) get_filtered_objects /opt/stack/nova/nova/filters.py:102}}
Jul 19 19:46:14.452609 np0000005459 nova-scheduler[93390]: DEBUG nova.filters [None req-c13def78-88ba-4b6e-b272-7eb8e0bf89c1 tempest-DeleteServersTestJSON-2024533596 tempest-DeleteServersTestJSON-2024533596-project-member] Filter ImagePropertiesFilter returned 1 host(s) {{(pid=93390) get_filtered_objects /opt/stack/nova/nova/filters.py:102}}
Jul 19 19:46:14.452736 np0000005459 nova-scheduler[93390]: DEBUG nova.filters [None req-c13def78-88ba-4b6e-b272-7eb8e0bf89c1 tempest-DeleteServersTestJSON-2024533596 tempest-DeleteServersTestJSON-2024533596-project-member] Filter ServerGroupAntiAffinityFilter returned 1 host(s) {{(pid=93390) get_filtered_objects /opt/stack/nova/nova/filters.py:102}}
Jul 19 19:46:14.452936 np0000005459 nova-scheduler[93390]: DEBUG nova.filters [None req-c13def78-88ba-4b6e-b272-7eb8e0bf89c1 tempest-DeleteServersTestJSON-2024533596 tempest-DeleteServersTestJSON-2024533596-project-member] Filter ServerGroupAffinityFilter returned 1 host(s) {{(pid=93390) get_filtered_objects /opt/stack/nova/nova/filters.py:102}}
Jul 19 19:46:14.452936 np0000005459 nova-scheduler[93390]: DEBUG nova.filters [None req-c13def78-88ba-4b6e-b272-7eb8e0bf89c1 tempest-DeleteServersTestJSON-2024533596 tempest-DeleteServersTestJSON-2024533596-project-member] Filter SameHostFilter returned 1 host(s) {{(pid=93390) get_filtered_objects /opt/stack/nova/nova/filters.py:102}}
Jul 19 19:46:14.453127 np0000005459 nova-scheduler[93390]: DEBUG nova.filters [None req-c13def78-88ba-4b6e-b272-7eb8e0bf89c1 tempest-DeleteServersTestJSON-2024533596 tempest-DeleteServersTestJSON-2024533596-project-member] Filter DifferentHostFilter returned 1 host(s) {{(pid=93390) get_filtered_objects /opt/stack/nova/nova/filters.py:102}}
Jul 19 19:46:14.453260 np0000005459 nova-scheduler[93390]: DEBUG nova.scheduler.manager [None req-c13def78-88ba-4b6e-b272-7eb8e0bf89c1 tempest-DeleteServersTestJSON-2024533596 tempest-DeleteServersTestJSON-2024533596-project-member] Filtered [(np0000005459, np0000005459) ram: 62765MB disk: 74752MB io_ops: 0 instances: 0, allocation_candidates: 1] {{(pid=93390) _get_sorted_hosts /opt/stack/nova/nova/scheduler/manager.py:742}}
Jul 19 19:46:14.453437 np0000005459 nova-scheduler[93390]: DEBUG nova.scheduler.manager [None req-c13def78-88ba-4b6e-b272-7eb8e0bf89c1 tempest-DeleteServersTestJSON-2024533596 tempest-DeleteServersTestJSON-2024533596-project-member] Weighed [WeighedHost [host: (np0000005459, np0000005459) ram: 62765MB disk: 74752MB io_ops: 0 instances: 0, allocation_candidates: 1, weight: 0.0]] {{(pid=93390) _get_sorted_hosts /opt/stack/nova/nova/scheduler/manager.py:764}}
Jul 19 19:46:14.453596 np0000005459 nova-scheduler[93390]: DEBUG nova.scheduler.utils [None req-c13def78-88ba-4b6e-b272-7eb8e0bf89c1 tempest-DeleteServersTestJSON-2024533596 tempest-DeleteServersTestJSON-2024533596-project-member] Attempting to claim resources in the placement API for instance 27636a83-8394-4906-93e2-69194748466e {{(pid=93390) claim_resources /opt/stack/nova/nova/scheduler/utils.py:1345}}
Jul 19 19:46:14.606578 np0000005459 nova-scheduler[93390]: DEBUG nova.scheduler.manager [None req-c13def78-88ba-4b6e-b272-7eb8e0bf89c1 tempest-DeleteServersTestJSON-2024533596 tempest-DeleteServersTestJSON-2024533596-project-member] [instance: 27636a83-8394-4906-93e2-69194748466e] Selected host: (np0000005459, np0000005459) ram: 62765MB disk: 74752MB io_ops: 0 instances: 0, allocation_candidates: 1 {{(pid=93390) _consume_selected_host /opt/stack/nova/nova/scheduler/manager.py:624}}
Jul 19 19:46:14.606962 np0000005459 nova-scheduler[93390]: DEBUG oslo_concurrency.lockutils [None req-c13def78-88ba-4b6e-b272-7eb8e0bf89c1 tempest-DeleteServersTestJSON-2024533596 tempest-DeleteServersTestJSON-2024533596-project-member] Acquiring lock "np0000005459-np0000005459" by "nova.scheduler.host_manager.HostState.consume_from_request.._locked" {{(pid=93390) inner /opt/stack/data/venv/lib/python3.12/site-packages/oslo_concurrency/lockutils.py:512}}
Jul 19 19:46:14.607151 np0000005459 nova-scheduler[93390]: DEBUG oslo_concurrency.lockutils [None req-c13def78-88ba-4b6e-b272-7eb8e0bf89c1 tempest-DeleteServersTestJSON-2024533596 tempest-DeleteServersTestJSON-2024533596-project-member] Lock "np0000005459-np0000005459" acquired by "nova.scheduler.host_manager.HostState.consume_from_request.._locked" :: waited 0.000s {{(pid=93390) inner /opt/stack/data/venv/lib/python3.12/site-packages/oslo_concurrency/lockutils.py:525}}
Jul 19 19:46:14.607362 np0000005459 nova-scheduler[93390]: DEBUG oslo_concurrency.lockutils [None req-c13def78-88ba-4b6e-b272-7eb8e0bf89c1 tempest-DeleteServersTestJSON-2024533596 tempest-DeleteServersTestJSON-2024533596-project-member] Lock "np0000005459-np0000005459" "released" by "nova.scheduler.host_manager.HostState.consume_from_request.._locked" :: held 0.000s {{(pid=93390) inner /opt/stack/data/venv/lib/python3.12/site-packages/oslo_concurrency/lockutils.py:544}}
Jul 19 19:46:15.285882 np0000005459 nova-scheduler[93390]: DEBUG dbcounter [-] [93390] Writing DB stats nova_cell0:SELECT=1,nova_cell0:UPDATE=1 {{(pid=93390) stat_writer /opt/stack/data/venv/lib/python3.12/site-packages/dbcounter.py:115}}
Jul 19 19:46:15.307808 np0000005459 nova-scheduler[93404]: DEBUG dbcounter [-] [93404] Writing DB stats nova_cell0:SELECT=1 {{(pid=93404) stat_writer /opt/stack/data/venv/lib/python3.12/site-packages/dbcounter.py:115}}
Jul 19 19:46:15.316355 np0000005459 nova-scheduler[93424]: DEBUG dbcounter [-] [93424] Writing DB stats nova_cell0:SELECT=1 {{(pid=93424) stat_writer /opt/stack/data/venv/lib/python3.12/site-packages/dbcounter.py:115}}
Jul 19 19:46:19.746468 np0000005459 nova-scheduler[93404]: DEBUG nova.scheduler.manager [None req-3c0fccb6-99db-4293-9acd-e84841b6e41e tempest-ServerActionsV293TestJSON-1237410422 tempest-ServerActionsV293TestJSON-1237410422-project-member] Starting to schedule for instances: ['12161dbf-6c0b-44c9-af89-47de250d8d3b'] {{(pid=93404) select_destinations /opt/stack/nova/nova/scheduler/manager.py:209}}
Jul 19 19:46:19.747054 np0000005459 nova-scheduler[93404]: DEBUG nova.scheduler.request_filter [None req-3c0fccb6-99db-4293-9acd-e84841b6e41e tempest-ServerActionsV293TestJSON-1237410422 tempest-ServerActionsV293TestJSON-1237410422-project-member] compute_status_filter request filter added forbidden trait COMPUTE_STATUS_DISABLED {{(pid=93404) compute_status_filter /opt/stack/nova/nova/scheduler/request_filter.py:253}}
Jul 19 19:46:19.747194 np0000005459 nova-scheduler[93404]: DEBUG nova.scheduler.request_filter [None req-3c0fccb6-99db-4293-9acd-e84841b6e41e tempest-ServerActionsV293TestJSON-1237410422 tempest-ServerActionsV293TestJSON-1237410422-project-member] Request filter 'compute_status_filter' took 0.0 seconds {{(pid=93404) wrapper /opt/stack/nova/nova/scheduler/request_filter.py:46}}
Jul 19 19:46:19.747415 np0000005459 nova-scheduler[93404]: DEBUG nova.scheduler.request_filter [None req-3c0fccb6-99db-4293-9acd-e84841b6e41e tempest-ServerActionsV293TestJSON-1237410422 tempest-ServerActionsV293TestJSON-1237410422-project-member] Request filter 'accelerators_filter' took 0.0 seconds {{(pid=93404) wrapper /opt/stack/nova/nova/scheduler/request_filter.py:46}}
Jul 19 19:46:19.747516 np0000005459 nova-scheduler[93404]: DEBUG nova.scheduler.request_filter [None req-3c0fccb6-99db-4293-9acd-e84841b6e41e tempest-ServerActionsV293TestJSON-1237410422 tempest-ServerActionsV293TestJSON-1237410422-project-member] Request filter 'packed_virtqueue_filter' took 0.0 seconds {{(pid=93404) wrapper /opt/stack/nova/nova/scheduler/request_filter.py:46}}
Jul 19 19:46:19.748119 np0000005459 nova-scheduler[93404]: DEBUG nova.scheduler.request_filter [None req-3c0fccb6-99db-4293-9acd-e84841b6e41e tempest-ServerActionsV293TestJSON-1237410422 tempest-ServerActionsV293TestJSON-1237410422-project-member] Request filter 'remote_managed_ports_filter' took 0.0 seconds {{(pid=93404) wrapper /opt/stack/nova/nova/scheduler/request_filter.py:46}}
Jul 19 19:46:19.748320 np0000005459 nova-scheduler[93404]: DEBUG nova.scheduler.request_filter [None req-3c0fccb6-99db-4293-9acd-e84841b6e41e tempest-ServerActionsV293TestJSON-1237410422 tempest-ServerActionsV293TestJSON-1237410422-project-member] ephemeral_encryption_filter skipped {{(pid=93404) ephemeral_encryption_filter /opt/stack/nova/nova/scheduler/request_filter.py:426}}
Jul 19 19:46:19.748418 np0000005459 nova-scheduler[93404]: DEBUG nova.scheduler.request_filter [None req-3c0fccb6-99db-4293-9acd-e84841b6e41e tempest-ServerActionsV293TestJSON-1237410422 tempest-ServerActionsV293TestJSON-1237410422-project-member] virtio_sound_filter skipped {{(pid=93404) virtio_sound_filter /opt/stack/nova/nova/scheduler/request_filter.py:460}}
Jul 19 19:46:19.748531 np0000005459 nova-scheduler[93404]: DEBUG nova.scheduler.request_filter [None req-3c0fccb6-99db-4293-9acd-e84841b6e41e tempest-ServerActionsV293TestJSON-1237410422 tempest-ServerActionsV293TestJSON-1237410422-project-member] tpm_secret_security_filter skipped {{(pid=93404) tpm_secret_security_filter /opt/stack/nova/nova/scheduler/request_filter.py:477}}
