Aug 09 06:43:11.237594 np0000006815 nova-scheduler[96669]: DEBUG cotyledon.oslo_config_glue [-] workarounds.never_download_image_if_on_rbd = False {{(pid=96669) log_opt_values /opt/stack/data/venv/lib/python3.12/site-packages/oslo_config/cfg.py:3545}}
Aug 09 06:43:11.237594 np0000006815 nova-scheduler[96669]: DEBUG cotyledon.oslo_config_glue [-] workarounds.qemu_monitor_announce_self_count = 3 {{(pid=96669) log_opt_values /opt/stack/data/venv/lib/python3.12/site-packages/oslo_config/cfg.py:3545}}
Aug 09 06:43:11.237594 np0000006815 nova-scheduler[96669]: DEBUG cotyledon.oslo_config_glue [-] workarounds.qemu_monitor_announce_self_interval = 1 {{(pid=96669) log_opt_values /opt/stack/data/venv/lib/python3.12/site-packages/oslo_config/cfg.py:3545}}
Aug 09 06:43:11.237881 np0000006815 nova-scheduler[96669]: DEBUG cotyledon.oslo_config_glue [-] workarounds.reserve_disk_resource_for_image_cache = False {{(pid=96669) log_opt_values /opt/stack/data/venv/lib/python3.12/site-packages/oslo_config/cfg.py:3545}}
Aug 09 06:43:11.237881 np0000006815 nova-scheduler[96669]: DEBUG cotyledon.oslo_config_glue [-] workarounds.skip_cpu_compare_at_startup = False {{(pid=96669) log_opt_values /opt/stack/data/venv/lib/python3.12/site-packages/oslo_config/cfg.py:3545}}
Aug 09 06:43:11.237881 np0000006815 nova-scheduler[96669]: DEBUG cotyledon.oslo_config_glue [-] workarounds.skip_cpu_compare_on_dest = False {{(pid=96669) log_opt_values /opt/stack/data/venv/lib/python3.12/site-packages/oslo_config/cfg.py:3545}}
Aug 09 06:43:11.237881 np0000006815 nova-scheduler[96669]: DEBUG cotyledon.oslo_config_glue [-] workarounds.skip_hypervisor_version_check_on_lm = False {{(pid=96669) log_opt_values /opt/stack/data/venv/lib/python3.12/site-packages/oslo_config/cfg.py:3545}}
Aug 09 06:43:11.237881 np0000006815 nova-scheduler[96669]: DEBUG cotyledon.oslo_config_glue [-] workarounds.skip_reserve_in_use_ironic_nodes = False {{(pid=96669) log_opt_values /opt/stack/data/venv/lib/python3.12/site-packages/oslo_config/cfg.py:3545}}
Aug 09 06:43:11.237881 np0000006815 nova-scheduler[96669]: DEBUG cotyledon.oslo_config_glue [-] workarounds.unified_limits_count_pcpu_as_vcpu = False {{(pid=96669) log_opt_values /opt/stack/data/venv/lib/python3.12/site-packages/oslo_config/cfg.py:3545}}
Aug 09 06:43:11.237881 np0000006815 nova-scheduler[96669]: DEBUG cotyledon.oslo_config_glue [-] workarounds.wait_for_vif_plugged_event_during_hard_reboot = [] {{(pid=96669) log_opt_values /opt/stack/data/venv/lib/python3.12/site-packages/oslo_config/cfg.py:3545}}
Aug 09 06:43:11.237881 np0000006815 nova-scheduler[96669]: DEBUG cotyledon.oslo_config_glue [-] wsgi.api_paste_config = /etc/nova/api-paste.ini {{(pid=96669) log_opt_values /opt/stack/data/venv/lib/python3.12/site-packages/oslo_config/cfg.py:3545}}
Aug 09 06:43:11.238159 np0000006815 nova-scheduler[96669]: DEBUG cotyledon.oslo_config_glue [-] wsgi.secure_proxy_ssl_header = None {{(pid=96669) log_opt_values /opt/stack/data/venv/lib/python3.12/site-packages/oslo_config/cfg.py:3545}}
Aug 09 06:43:11.238159 np0000006815 nova-scheduler[96669]: DEBUG cotyledon.oslo_config_glue [-] zvm.ca_file = None {{(pid=96669) log_opt_values /opt/stack/data/venv/lib/python3.12/site-packages/oslo_config/cfg.py:3545}}
Aug 09 06:43:11.238159 np0000006815 nova-scheduler[96669]: DEBUG cotyledon.oslo_config_glue [-] zvm.cloud_connector_url = None {{(pid=96669) log_opt_values /opt/stack/data/venv/lib/python3.12/site-packages/oslo_config/cfg.py:3545}}
Aug 09 06:43:11.238159 np0000006815 nova-scheduler[96669]: DEBUG cotyledon.oslo_config_glue [-] zvm.image_tmp_path = /opt/stack/data/nova/images {{(pid=96669) log_opt_values /opt/stack/data/venv/lib/python3.12/site-packages/oslo_config/cfg.py:3545}}
Aug 09 06:43:11.238159 np0000006815 nova-scheduler[96669]: DEBUG cotyledon.oslo_config_glue [-] zvm.reachable_timeout = 300 {{(pid=96669) log_opt_values /opt/stack/data/venv/lib/python3.12/site-packages/oslo_config/cfg.py:3545}}
Aug 09 06:43:11.238159 np0000006815 nova-scheduler[96669]: DEBUG cotyledon.oslo_config_glue [-] oslo_versionedobjects.fatal_exception_format_errors = False {{(pid=96669) log_opt_values /opt/stack/data/venv/lib/python3.12/site-packages/oslo_config/cfg.py:3545}}
Aug 09 06:43:11.238159 np0000006815 nova-scheduler[96669]: DEBUG cotyledon.oslo_config_glue [-] oslo_middleware.http_basic_auth_user_file = /etc/htpasswd {{(pid=96669) log_opt_values /opt/stack/data/venv/lib/python3.12/site-packages/oslo_config/cfg.py:3545}}
Aug 09 06:43:11.238159 np0000006815 nova-scheduler[96669]: DEBUG cotyledon.oslo_config_glue [-] oslo_messaging_metrics.metrics_buffer_size = 1000 {{(pid=96669) log_opt_values /opt/stack/data/venv/lib/python3.12/site-packages/oslo_config/cfg.py:3545}}
Aug 09 06:43:11.238159 np0000006815 nova-scheduler[96669]: DEBUG cotyledon.oslo_config_glue [-] oslo_messaging_metrics.metrics_enabled = False {{(pid=96669) log_opt_values /opt/stack/data/venv/lib/python3.12/site-packages/oslo_config/cfg.py:3545}}
Aug 09 06:43:11.238444 np0000006815 nova-scheduler[96669]: DEBUG cotyledon.oslo_config_glue [-] oslo_messaging_metrics.metrics_process_name = {{(pid=96669) log_opt_values /opt/stack/data/venv/lib/python3.12/site-packages/oslo_config/cfg.py:3545}}
Aug 09 06:43:11.238444 np0000006815 nova-scheduler[96669]: DEBUG cotyledon.oslo_config_glue [-] oslo_messaging_metrics.metrics_socket_file = /var/tmp/metrics_collector.sock {{(pid=96669) log_opt_values /opt/stack/data/venv/lib/python3.12/site-packages/oslo_config/cfg.py:3545}}
Aug 09 06:43:11.238444 np0000006815 nova-scheduler[96669]: DEBUG cotyledon.oslo_config_glue [-] oslo_messaging_metrics.metrics_thread_stop_timeout = 10 {{(pid=96669) log_opt_values /opt/stack/data/venv/lib/python3.12/site-packages/oslo_config/cfg.py:3545}}
Aug 09 06:43:11.238444 np0000006815 nova-scheduler[96669]: DEBUG cotyledon.oslo_config_glue [-] profiler.connection_string = messaging:// {{(pid=96669) log_opt_values /opt/stack/data/venv/lib/python3.12/site-packages/oslo_config/cfg.py:3545}}
Aug 09 06:43:11.238444 np0000006815 nova-scheduler[96669]: DEBUG cotyledon.oslo_config_glue [-] profiler.enabled = False {{(pid=96669) log_opt_values /opt/stack/data/venv/lib/python3.12/site-packages/oslo_config/cfg.py:3545}}
Aug 09 06:43:11.238646 np0000006815 nova-scheduler[96667]: INFO nova.service [-] Starting scheduler node (version 33.1.0)
Aug 09 06:43:11.238688 np0000006815 nova-scheduler[96669]: DEBUG cotyledon.oslo_config_glue [-] profiler.es_doc_type = notification {{(pid=96669) log_opt_values /opt/stack/data/venv/lib/python3.12/site-packages/oslo_config/cfg.py:3545}}
Aug 09 06:43:11.238688 np0000006815 nova-scheduler[96669]: DEBUG cotyledon.oslo_config_glue [-] profiler.es_scroll_size = 10000 {{(pid=96669) log_opt_values /opt/stack/data/venv/lib/python3.12/site-packages/oslo_config/cfg.py:3545}}
Aug 09 06:43:11.238688 np0000006815 nova-scheduler[96669]: DEBUG cotyledon.oslo_config_glue [-] profiler.es_scroll_time = 2m {{(pid=96669) log_opt_values /opt/stack/data/venv/lib/python3.12/site-packages/oslo_config/cfg.py:3545}}
Aug 09 06:43:11.238688 np0000006815 nova-scheduler[96669]: DEBUG cotyledon.oslo_config_glue [-] profiler.filter_error_trace = False {{(pid=96669) log_opt_values /opt/stack/data/venv/lib/python3.12/site-packages/oslo_config/cfg.py:3545}}
Aug 09 06:43:11.238688 np0000006815 nova-scheduler[96669]: DEBUG cotyledon.oslo_config_glue [-] profiler.hmac_keys = **** {{(pid=96669) log_opt_values /opt/stack/data/venv/lib/python3.12/site-packages/oslo_config/cfg.py:3545}}
Aug 09 06:43:11.238688 np0000006815 nova-scheduler[96669]: DEBUG cotyledon.oslo_config_glue [-] profiler.sentinel_service_name = mymaster {{(pid=96669) log_opt_values /opt/stack/data/venv/lib/python3.12/site-packages/oslo_config/cfg.py:3545}}
Aug 09 06:43:11.238688 np0000006815 nova-scheduler[96669]: DEBUG cotyledon.oslo_config_glue [-] profiler.socket_timeout = 0.1 {{(pid=96669) log_opt_values /opt/stack/data/venv/lib/python3.12/site-packages/oslo_config/cfg.py:3545}}
Aug 09 06:43:11.238688 np0000006815 nova-scheduler[96669]: DEBUG cotyledon.oslo_config_glue [-] profiler.trace_requests = False {{(pid=96669) log_opt_values /opt/stack/data/venv/lib/python3.12/site-packages/oslo_config/cfg.py:3545}}
Aug 09 06:43:11.238688 np0000006815 nova-scheduler[96669]: DEBUG cotyledon.oslo_config_glue [-] profiler.trace_sqlalchemy = False {{(pid=96669) log_opt_values /opt/stack/data/venv/lib/python3.12/site-packages/oslo_config/cfg.py:3545}}
Aug 09 06:43:11.238987 np0000006815 nova-scheduler[96669]: DEBUG cotyledon.oslo_config_glue [-] profiler_jaeger.process_tags = {} {{(pid=96669) log_opt_values /opt/stack/data/venv/lib/python3.12/site-packages/oslo_config/cfg.py:3545}}
Aug 09 06:43:11.238987 np0000006815 nova-scheduler[96669]: DEBUG cotyledon.oslo_config_glue [-] profiler_jaeger.service_name_prefix = None {{(pid=96669) log_opt_values /opt/stack/data/venv/lib/python3.12/site-packages/oslo_config/cfg.py:3545}}
Aug 09 06:43:11.238987 np0000006815 nova-scheduler[96669]: DEBUG cotyledon.oslo_config_glue [-] profiler_otlp.service_name_prefix = None {{(pid=96669) log_opt_values /opt/stack/data/venv/lib/python3.12/site-packages/oslo_config/cfg.py:3545}}
Aug 09 06:43:11.238987 np0000006815 nova-scheduler[96669]: DEBUG cotyledon.oslo_config_glue [-] oslo_messaging_rabbit.amqp_auto_delete = False {{(pid=96669) log_opt_values /opt/stack/data/venv/lib/python3.12/site-packages/oslo_config/cfg.py:3545}}
Aug 09 06:43:11.238987 np0000006815 nova-scheduler[96669]: DEBUG cotyledon.oslo_config_glue [-] oslo_messaging_rabbit.amqp_durable_queues = False {{(pid=96669) log_opt_values /opt/stack/data/venv/lib/python3.12/site-packages/oslo_config/cfg.py:3545}}
Aug 09 06:43:11.238987 np0000006815 nova-scheduler[96669]: DEBUG cotyledon.oslo_config_glue [-] oslo_messaging_rabbit.conn_pool_min_size = 2 {{(pid=96669) log_opt_values /opt/stack/data/venv/lib/python3.12/site-packages/oslo_config/cfg.py:3545}}
Aug 09 06:43:11.238987 np0000006815 nova-scheduler[96669]: DEBUG cotyledon.oslo_config_glue [-] oslo_messaging_rabbit.conn_pool_ttl = 1200 {{(pid=96669) log_opt_values /opt/stack/data/venv/lib/python3.12/site-packages/oslo_config/cfg.py:3545}}
Aug 09 06:43:11.238987 np0000006815 nova-scheduler[96669]: DEBUG cotyledon.oslo_config_glue [-] oslo_messaging_rabbit.direct_mandatory_flag = True {{(pid=96669) log_opt_values /opt/stack/data/venv/lib/python3.12/site-packages/oslo_config/cfg.py:3545}}
Aug 09 06:43:11.238987 np0000006815 nova-scheduler[96669]: DEBUG cotyledon.oslo_config_glue [-] oslo_messaging_rabbit.enable_cancel_on_failover = False {{(pid=96669) log_opt_values /opt/stack/data/venv/lib/python3.12/site-packages/oslo_config/cfg.py:3545}}
Aug 09 06:43:11.239304 np0000006815 nova-scheduler[96669]: DEBUG cotyledon.oslo_config_glue [-] oslo_messaging_rabbit.heartbeat_rate = 3 {{(pid=96669) log_opt_values /opt/stack/data/venv/lib/python3.12/site-packages/oslo_config/cfg.py:3545}}
Aug 09 06:43:11.239304 np0000006815 nova-scheduler[96669]: DEBUG cotyledon.oslo_config_glue [-] oslo_messaging_rabbit.heartbeat_timeout_threshold = 60 {{(pid=96669) log_opt_values /opt/stack/data/venv/lib/python3.12/site-packages/oslo_config/cfg.py:3545}}
Aug 09 06:43:11.239304 np0000006815 nova-scheduler[96669]: DEBUG cotyledon.oslo_config_glue [-] oslo_messaging_rabbit.hostname = np0000006815 {{(pid=96669) log_opt_values /opt/stack/data/venv/lib/python3.12/site-packages/oslo_config/cfg.py:3545}}
Aug 09 06:43:11.239304 np0000006815 nova-scheduler[96669]: DEBUG cotyledon.oslo_config_glue [-] oslo_messaging_rabbit.kombu_compression = None {{(pid=96669) log_opt_values /opt/stack/data/venv/lib/python3.12/site-packages/oslo_config/cfg.py:3545}}
Aug 09 06:43:11.239304 np0000006815 nova-scheduler[96669]: DEBUG cotyledon.oslo_config_glue [-] oslo_messaging_rabbit.kombu_failover_strategy = round-robin {{(pid=96669) log_opt_values /opt/stack/data/venv/lib/python3.12/site-packages/oslo_config/cfg.py:3545}}
Aug 09 06:43:11.239304 np0000006815 nova-scheduler[96669]: DEBUG cotyledon.oslo_config_glue [-] oslo_messaging_rabbit.kombu_missing_consumer_retry_timeout = 60 {{(pid=96669) log_opt_values /opt/stack/data/venv/lib/python3.12/site-packages/oslo_config/cfg.py:3545}}
Aug 09 06:43:11.239304 np0000006815 nova-scheduler[96669]: DEBUG cotyledon.oslo_config_glue [-] oslo_messaging_rabbit.kombu_reconnect_delay = 1.0 {{(pid=96669) log_opt_values /opt/stack/data/venv/lib/python3.12/site-packages/oslo_config/cfg.py:3545}}
Aug 09 06:43:11.239304 np0000006815 nova-scheduler[96669]: DEBUG cotyledon.oslo_config_glue [-] oslo_messaging_rabbit.kombu_reconnect_splay = 0.0 {{(pid=96669) log_opt_values /opt/stack/data/venv/lib/python3.12/site-packages/oslo_config/cfg.py:3545}}
Aug 09 06:43:11.239304 np0000006815 nova-scheduler[96669]: DEBUG cotyledon.oslo_config_glue [-] oslo_messaging_rabbit.processname = nova-scheduler {{(pid=96669) log_opt_values /opt/stack/data/venv/lib/python3.12/site-packages/oslo_config/cfg.py:3545}}
Aug 09 06:43:11.239616 np0000006815 nova-scheduler[96669]: DEBUG cotyledon.oslo_config_glue [-] oslo_messaging_rabbit.rabbit_ha_queues = False {{(pid=96669) log_opt_values /opt/stack/data/venv/lib/python3.12/site-packages/oslo_config/cfg.py:3545}}
Aug 09 06:43:11.239616 np0000006815 nova-scheduler[96669]: DEBUG cotyledon.oslo_config_glue [-] oslo_messaging_rabbit.rabbit_interval_max = 30 {{(pid=96669) log_opt_values /opt/stack/data/venv/lib/python3.12/site-packages/oslo_config/cfg.py:3545}}
Aug 09 06:43:11.239616 np0000006815 nova-scheduler[96669]: DEBUG cotyledon.oslo_config_glue [-] oslo_messaging_rabbit.rabbit_login_method = AMQPLAIN {{(pid=96669) log_opt_values /opt/stack/data/venv/lib/python3.12/site-packages/oslo_config/cfg.py:3545}}
Aug 09 06:43:11.239616 np0000006815 nova-scheduler[96669]: DEBUG cotyledon.oslo_config_glue [-] oslo_messaging_rabbit.rabbit_qos_prefetch_count = 0 {{(pid=96669) log_opt_values /opt/stack/data/venv/lib/python3.12/site-packages/oslo_config/cfg.py:3545}}
Aug 09 06:43:11.239616 np0000006815 nova-scheduler[96669]: DEBUG cotyledon.oslo_config_glue [-] oslo_messaging_rabbit.rabbit_quorum_delivery_limit = 0 {{(pid=96669) log_opt_values /opt/stack/data/venv/lib/python3.12/site-packages/oslo_config/cfg.py:3545}}
Aug 09 06:43:11.239616 np0000006815 nova-scheduler[96669]: DEBUG cotyledon.oslo_config_glue [-] oslo_messaging_rabbit.rabbit_quorum_max_memory_bytes = 0 {{(pid=96669) log_opt_values /opt/stack/data/venv/lib/python3.12/site-packages/oslo_config/cfg.py:3545}}
Aug 09 06:43:11.239616 np0000006815 nova-scheduler[96669]: DEBUG cotyledon.oslo_config_glue [-] oslo_messaging_rabbit.rabbit_quorum_max_memory_length = 0 {{(pid=96669) log_opt_values /opt/stack/data/venv/lib/python3.12/site-packages/oslo_config/cfg.py:3545}}
Aug 09 06:43:11.239616 np0000006815 nova-scheduler[96669]: DEBUG cotyledon.oslo_config_glue [-] oslo_messaging_rabbit.rabbit_quorum_queue = False {{(pid=96669) log_opt_values /opt/stack/data/venv/lib/python3.12/site-packages/oslo_config/cfg.py:3545}}
Aug 09 06:43:11.239616 np0000006815 nova-scheduler[96669]: DEBUG cotyledon.oslo_config_glue [-] oslo_messaging_rabbit.rabbit_retry_backoff = 2 {{(pid=96669) log_opt_values /opt/stack/data/venv/lib/python3.12/site-packages/oslo_config/cfg.py:3545}}
Aug 09 06:43:11.239905 np0000006815 nova-scheduler[96669]: DEBUG cotyledon.oslo_config_glue [-] oslo_messaging_rabbit.rabbit_retry_interval = 1 {{(pid=96669) log_opt_values /opt/stack/data/venv/lib/python3.12/site-packages/oslo_config/cfg.py:3545}}
Aug 09 06:43:11.239905 np0000006815 nova-scheduler[96669]: DEBUG cotyledon.oslo_config_glue [-] oslo_messaging_rabbit.rabbit_stream_fanout = False {{(pid=96669) log_opt_values /opt/stack/data/venv/lib/python3.12/site-packages/oslo_config/cfg.py:3545}}
Aug 09 06:43:11.239905 np0000006815 nova-scheduler[96669]: DEBUG cotyledon.oslo_config_glue [-] oslo_messaging_rabbit.rabbit_transient_queues_ttl = 1800 {{(pid=96669) log_opt_values /opt/stack/data/venv/lib/python3.12/site-packages/oslo_config/cfg.py:3545}}
Aug 09 06:43:11.239905 np0000006815 nova-scheduler[96669]: DEBUG cotyledon.oslo_config_glue [-] oslo_messaging_rabbit.rabbit_transient_quorum_queue = False {{(pid=96669) log_opt_values /opt/stack/data/venv/lib/python3.12/site-packages/oslo_config/cfg.py:3545}}
Aug 09 06:43:11.239905 np0000006815 nova-scheduler[96669]: DEBUG cotyledon.oslo_config_glue [-] oslo_messaging_rabbit.rpc_conn_pool_size = 30 {{(pid=96669) log_opt_values /opt/stack/data/venv/lib/python3.12/site-packages/oslo_config/cfg.py:3545}}
Aug 09 06:43:11.239905 np0000006815 nova-scheduler[96669]: DEBUG cotyledon.oslo_config_glue [-] oslo_messaging_rabbit.ssl = False {{(pid=96669) log_opt_values /opt/stack/data/venv/lib/python3.12/site-packages/oslo_config/cfg.py:3545}}
Aug 09 06:43:11.239905 np0000006815 nova-scheduler[96669]: DEBUG cotyledon.oslo_config_glue [-] oslo_messaging_rabbit.ssl_ca_file = {{(pid=96669) log_opt_values /opt/stack/data/venv/lib/python3.12/site-packages/oslo_config/cfg.py:3545}}
Aug 09 06:43:11.239905 np0000006815 nova-scheduler[96669]: DEBUG cotyledon.oslo_config_glue [-] oslo_messaging_rabbit.ssl_cert_file = {{(pid=96669) log_opt_values /opt/stack/data/venv/lib/python3.12/site-packages/oslo_config/cfg.py:3545}}
Aug 09 06:43:11.239905 np0000006815 nova-scheduler[96669]: DEBUG cotyledon.oslo_config_glue [-] oslo_messaging_rabbit.ssl_enforce_fips_mode = False {{(pid=96669) log_opt_values /opt/stack/data/venv/lib/python3.12/site-packages/oslo_config/cfg.py:3545}}
Aug 09 06:43:11.240214 np0000006815 nova-scheduler[96669]: DEBUG cotyledon.oslo_config_glue [-] oslo_messaging_rabbit.ssl_enforce_hostname_verification = True {{(pid=96669) log_opt_values /opt/stack/data/venv/lib/python3.12/site-packages/oslo_config/cfg.py:3545}}
Aug 09 06:43:11.240214 np0000006815 nova-scheduler[96669]: DEBUG cotyledon.oslo_config_glue [-] oslo_messaging_rabbit.ssl_key_file = {{(pid=96669) log_opt_values /opt/stack/data/venv/lib/python3.12/site-packages/oslo_config/cfg.py:3545}}
Aug 09 06:43:11.240214 np0000006815 nova-scheduler[96669]: DEBUG cotyledon.oslo_config_glue [-] oslo_messaging_rabbit.ssl_version = {{(pid=96669) log_opt_values /opt/stack/data/venv/lib/python3.12/site-packages/oslo_config/cfg.py:3545}}
Aug 09 06:43:11.240214 np0000006815 nova-scheduler[96669]: DEBUG cotyledon.oslo_config_glue [-] oslo_messaging_rabbit.use_queue_manager = False {{(pid=96669) log_opt_values /opt/stack/data/venv/lib/python3.12/site-packages/oslo_config/cfg.py:3545}}
Aug 09 06:43:11.240214 np0000006815 nova-scheduler[96669]: DEBUG cotyledon.oslo_config_glue [-] oslo_messaging_notifications.driver = ['messagingv2'] {{(pid=96669) log_opt_values /opt/stack/data/venv/lib/python3.12/site-packages/oslo_config/cfg.py:3545}}
Aug 09 06:43:11.240214 np0000006815 nova-scheduler[96669]: DEBUG cotyledon.oslo_config_glue [-] oslo_messaging_notifications.retry = -1 {{(pid=96669) log_opt_values /opt/stack/data/venv/lib/python3.12/site-packages/oslo_config/cfg.py:3545}}
Aug 09 06:43:11.240214 np0000006815 nova-scheduler[96669]: DEBUG cotyledon.oslo_config_glue [-] oslo_messaging_notifications.topics = ['notifications'] {{(pid=96669) log_opt_values /opt/stack/data/venv/lib/python3.12/site-packages/oslo_config/cfg.py:3545}}
Aug 09 06:43:11.240214 np0000006815 nova-scheduler[96669]: DEBUG cotyledon.oslo_config_glue [-] oslo_messaging_notifications.transport_url = **** {{(pid=96669) log_opt_values /opt/stack/data/venv/lib/python3.12/site-packages/oslo_config/cfg.py:3545}}
Aug 09 06:43:11.240214 np0000006815 nova-scheduler[96669]: DEBUG cotyledon.oslo_config_glue [-] oslo_limit.auth_section = None {{(pid=96669) log_opt_values /opt/stack/data/venv/lib/python3.12/site-packages/oslo_config/cfg.py:3545}}
Aug 09 06:43:11.240556 np0000006815 nova-scheduler[96669]: DEBUG cotyledon.oslo_config_glue [-] oslo_limit.auth_type = None {{(pid=96669) log_opt_values /opt/stack/data/venv/lib/python3.12/site-packages/oslo_config/cfg.py:3545}}
Aug 09 06:43:11.240556 np0000006815 nova-scheduler[96669]: DEBUG cotyledon.oslo_config_glue [-] oslo_limit.cafile = None {{(pid=96669) log_opt_values /opt/stack/data/venv/lib/python3.12/site-packages/oslo_config/cfg.py:3545}}
Aug 09 06:43:11.240556 np0000006815 nova-scheduler[96669]: DEBUG cotyledon.oslo_config_glue [-] oslo_limit.certfile = None {{(pid=96669) log_opt_values /opt/stack/data/venv/lib/python3.12/site-packages/oslo_config/cfg.py:3545}}
Aug 09 06:43:11.240556 np0000006815 nova-scheduler[96669]: DEBUG cotyledon.oslo_config_glue [-] oslo_limit.collect_timing = False {{(pid=96669) log_opt_values /opt/stack/data/venv/lib/python3.12/site-packages/oslo_config/cfg.py:3545}}
Aug 09 06:43:11.240556 np0000006815 nova-scheduler[96669]: DEBUG cotyledon.oslo_config_glue [-] oslo_limit.connect_retries = None {{(pid=96669) log_opt_values /opt/stack/data/venv/lib/python3.12/site-packages/oslo_config/cfg.py:3545}}
Aug 09 06:43:11.240556 np0000006815 nova-scheduler[96669]: DEBUG cotyledon.oslo_config_glue [-] oslo_limit.connect_retry_delay = None {{(pid=96669) log_opt_values /opt/stack/data/venv/lib/python3.12/site-packages/oslo_config/cfg.py:3545}}
Aug 09 06:43:11.240556 np0000006815 nova-scheduler[96669]: DEBUG cotyledon.oslo_config_glue [-] oslo_limit.endpoint_id = None {{(pid=96669) log_opt_values /opt/stack/data/venv/lib/python3.12/site-packages/oslo_config/cfg.py:3545}}
Aug 09 06:43:11.240556 np0000006815 nova-scheduler[96669]: DEBUG cotyledon.oslo_config_glue [-] oslo_limit.endpoint_interface = public {{(pid=96669) log_opt_values /opt/stack/data/venv/lib/python3.12/site-packages/oslo_config/cfg.py:3545}}
Aug 09 06:43:11.240556 np0000006815 nova-scheduler[96669]: DEBUG cotyledon.oslo_config_glue [-] oslo_limit.endpoint_override = None {{(pid=96669) log_opt_values /opt/stack/data/venv/lib/python3.12/site-packages/oslo_config/cfg.py:3545}}
Aug 09 06:43:11.240930 np0000006815 nova-scheduler[96669]: DEBUG cotyledon.oslo_config_glue [-] oslo_limit.endpoint_region_name = None {{(pid=96669) log_opt_values /opt/stack/data/venv/lib/python3.12/site-packages/oslo_config/cfg.py:3545}}
Aug 09 06:43:11.240930 np0000006815 nova-scheduler[96669]: DEBUG cotyledon.oslo_config_glue [-] oslo_limit.endpoint_service_name = None {{(pid=96669) log_opt_values /opt/stack/data/venv/lib/python3.12/site-packages/oslo_config/cfg.py:3545}}
Aug 09 06:43:11.240930 np0000006815 nova-scheduler[96669]: DEBUG cotyledon.oslo_config_glue [-] oslo_limit.endpoint_service_type = None {{(pid=96669) log_opt_values /opt/stack/data/venv/lib/python3.12/site-packages/oslo_config/cfg.py:3545}}
Aug 09 06:43:11.240930 np0000006815 nova-scheduler[96669]: DEBUG cotyledon.oslo_config_glue [-] oslo_limit.insecure = False {{(pid=96669) log_opt_values /opt/stack/data/venv/lib/python3.12/site-packages/oslo_config/cfg.py:3545}}
Aug 09 06:43:11.240930 np0000006815 nova-scheduler[96669]: DEBUG cotyledon.oslo_config_glue [-] oslo_limit.keyfile = None {{(pid=96669) log_opt_values /opt/stack/data/venv/lib/python3.12/site-packages/oslo_config/cfg.py:3545}}
Aug 09 06:43:11.240930 np0000006815 nova-scheduler[96669]: DEBUG cotyledon.oslo_config_glue [-] oslo_limit.max_version = None {{(pid=96669) log_opt_values /opt/stack/data/venv/lib/python3.12/site-packages/oslo_config/cfg.py:3545}}
Aug 09 06:43:11.240930 np0000006815 nova-scheduler[96669]: DEBUG cotyledon.oslo_config_glue [-] oslo_limit.min_version = None {{(pid=96669) log_opt_values /opt/stack/data/venv/lib/python3.12/site-packages/oslo_config/cfg.py:3545}}
Aug 09 06:43:11.240930 np0000006815 nova-scheduler[96669]: DEBUG cotyledon.oslo_config_glue [-] oslo_limit.region_name = None {{(pid=96669) log_opt_values /opt/stack/data/venv/lib/python3.12/site-packages/oslo_config/cfg.py:3545}}
Aug 09 06:43:11.240930 np0000006815 nova-scheduler[96669]: DEBUG cotyledon.oslo_config_glue [-] oslo_limit.retriable_status_codes = None {{(pid=96669) log_opt_values /opt/stack/data/venv/lib/python3.12/site-packages/oslo_config/cfg.py:3545}}
Aug 09 06:43:11.241239 np0000006815 nova-scheduler[96669]: DEBUG cotyledon.oslo_config_glue [-] oslo_limit.service_name = None {{(pid=96669) log_opt_values /opt/stack/data/venv/lib/python3.12/site-packages/oslo_config/cfg.py:3545}}
Aug 09 06:43:11.241239 np0000006815 nova-scheduler[96669]: DEBUG cotyledon.oslo_config_glue [-] oslo_limit.service_type = None {{(pid=96669) log_opt_values /opt/stack/data/venv/lib/python3.12/site-packages/oslo_config/cfg.py:3545}}
Aug 09 06:43:11.241239 np0000006815 nova-scheduler[96669]: DEBUG cotyledon.oslo_config_glue [-] oslo_limit.split_loggers = False {{(pid=96669) log_opt_values /opt/stack/data/venv/lib/python3.12/site-packages/oslo_config/cfg.py:3545}}
Aug 09 06:43:11.241239 np0000006815 nova-scheduler[96669]: DEBUG cotyledon.oslo_config_glue [-] oslo_limit.status_code_retries = None {{(pid=96669) log_opt_values /opt/stack/data/venv/lib/python3.12/site-packages/oslo_config/cfg.py:3545}}
Aug 09 06:43:11.241239 np0000006815 nova-scheduler[96669]: DEBUG cotyledon.oslo_config_glue [-] oslo_limit.status_code_retry_delay = None {{(pid=96669) log_opt_values /opt/stack/data/venv/lib/python3.12/site-packages/oslo_config/cfg.py:3545}}
Aug 09 06:43:11.241239 np0000006815 nova-scheduler[96669]: DEBUG cotyledon.oslo_config_glue [-] oslo_limit.timeout = None {{(pid=96669) log_opt_values /opt/stack/data/venv/lib/python3.12/site-packages/oslo_config/cfg.py:3545}}
Aug 09 06:43:11.241239 np0000006815 nova-scheduler[96669]: DEBUG cotyledon.oslo_config_glue [-] oslo_limit.valid_interfaces = None {{(pid=96669) log_opt_values /opt/stack/data/venv/lib/python3.12/site-packages/oslo_config/cfg.py:3545}}
Aug 09 06:43:11.241239 np0000006815 nova-scheduler[96669]: DEBUG cotyledon.oslo_config_glue [-] oslo_limit.version = None {{(pid=96669) log_opt_values /opt/stack/data/venv/lib/python3.12/site-packages/oslo_config/cfg.py:3545}}
Aug 09 06:43:11.241239 np0000006815 nova-scheduler[96669]: DEBUG cotyledon.oslo_config_glue [-] oslo_reports.file_event_handler = None {{(pid=96669) log_opt_values /opt/stack/data/venv/lib/python3.12/site-packages/oslo_config/cfg.py:3545}}
Aug 09 06:43:11.241619 np0000006815 nova-scheduler[96669]: DEBUG cotyledon.oslo_config_glue [-] oslo_reports.file_event_handler_interval = 1 {{(pid=96669) log_opt_values /opt/stack/data/venv/lib/python3.12/site-packages/oslo_config/cfg.py:3545}}
Aug 09 06:43:11.241619 np0000006815 nova-scheduler[96669]: DEBUG cotyledon.oslo_config_glue [-] oslo_reports.log_dir = None {{(pid=96669) log_opt_values /opt/stack/data/venv/lib/python3.12/site-packages/oslo_config/cfg.py:3545}}
Aug 09 06:43:11.241619 np0000006815 nova-scheduler[96669]: DEBUG cotyledon.oslo_config_glue [-] ******************************************************************************** {{(pid=96669) log_opt_values /opt/stack/data/venv/lib/python3.12/site-packages/oslo_config/cfg.py:3552}}
Aug 09 06:43:11.241619 np0000006815 nova-scheduler[96669]: DEBUG cotyledon._service_worker [-] Run service ServiceWrapper(3) [96669] {{(pid=96669) wait_forever /opt/stack/data/venv/lib/python3.12/site-packages/cotyledon/_service_worker.py:218}}
Aug 09 06:43:11.241619 np0000006815 nova-scheduler[96669]: INFO nova.service [-] Starting scheduler node (version 33.1.0)
Aug 09 06:43:11.241790 np0000006815 nova-scheduler[96667]: INFO dbcounter [None req-10c87302-7a4d-4f41-b4b4-09de0af50f12 None None] Registered counter for database nova_cell0
Aug 09 06:43:11.241830 np0000006815 nova-scheduler[96669]: INFO dbcounter [None req-b0bd023c-4077-4bab-bc2f-fc7858bcd72e None None] Registered counter for database nova_cell0
Aug 09 06:43:11.241869 np0000006815 nova-scheduler[96663]: DEBUG oslo_db.sqlalchemy.engines [None req-7c2cb022-13c6-4406-8b1d-b971f3bb7a3d None None] MySQL server mode set to STRICT_TRANS_TABLES,STRICT_ALL_TABLES,NO_ZERO_IN_DATE,NO_ZERO_DATE,ERROR_FOR_DIVISION_BY_ZERO,TRADITIONAL,NO_ENGINE_SUBSTITUTION {{(pid=96663) _check_effective_sql_mode /opt/stack/data/venv/lib/python3.12/site-packages/oslo_db/sqlalchemy/engines.py:325}}
Aug 09 06:43:11.241869 np0000006815 nova-scheduler[96663]: DEBUG dbcounter [-] [96663] Writer thread running {{(pid=96663) stat_writer /opt/stack/data/venv/lib/python3.12/site-packages/dbcounter.py:102}}
Aug 09 06:43:11.241950 np0000006815 nova-scheduler[96665]: DEBUG oslo_db.sqlalchemy.engines [None req-4a27ee16-2085-4b9f-816c-ad5112fe0107 None None] MySQL server mode set to STRICT_TRANS_TABLES,STRICT_ALL_TABLES,NO_ZERO_IN_DATE,NO_ZERO_DATE,ERROR_FOR_DIVISION_BY_ZERO,TRADITIONAL,NO_ENGINE_SUBSTITUTION {{(pid=96665) _check_effective_sql_mode /opt/stack/data/venv/lib/python3.12/site-packages/oslo_db/sqlalchemy/engines.py:325}}
Aug 09 06:43:11.241995 np0000006815 nova-scheduler[96663]: DEBUG nova.service [None req-7c2cb022-13c6-4406-8b1d-b971f3bb7a3d None None] Creating RPC server for service: nova-scheduler on topic: scheduler {{(pid=96663) start /opt/stack/nova/nova/service.py:196}}
Aug 09 06:43:11.242041 np0000006815 nova-scheduler[96665]: DEBUG dbcounter [-] [96665] Writer thread running {{(pid=96665) stat_writer /opt/stack/data/venv/lib/python3.12/site-packages/dbcounter.py:102}}
Aug 09 06:43:11.242084 np0000006815 nova-scheduler[96667]: DEBUG oslo_db.sqlalchemy.engines [None req-10c87302-7a4d-4f41-b4b4-09de0af50f12 None None] MySQL server mode set to STRICT_TRANS_TABLES,STRICT_ALL_TABLES,NO_ZERO_IN_DATE,NO_ZERO_DATE,ERROR_FOR_DIVISION_BY_ZERO,TRADITIONAL,NO_ENGINE_SUBSTITUTION {{(pid=96667) _check_effective_sql_mode /opt/stack/data/venv/lib/python3.12/site-packages/oslo_db/sqlalchemy/engines.py:325}}
Aug 09 06:43:11.242135 np0000006815 nova-scheduler[96665]: DEBUG nova.service [None req-4a27ee16-2085-4b9f-816c-ad5112fe0107 None None] Creating RPC server for service: nova-scheduler on topic: scheduler {{(pid=96665) start /opt/stack/nova/nova/service.py:196}}
Aug 09 06:43:11.242175 np0000006815 nova-scheduler[96669]: DEBUG oslo_db.sqlalchemy.engines [None req-b0bd023c-4077-4bab-bc2f-fc7858bcd72e None None] MySQL server mode set to STRICT_TRANS_TABLES,STRICT_ALL_TABLES,NO_ZERO_IN_DATE,NO_ZERO_DATE,ERROR_FOR_DIVISION_BY_ZERO,TRADITIONAL,NO_ENGINE_SUBSTITUTION {{(pid=96669) _check_effective_sql_mode /opt/stack/data/venv/lib/python3.12/site-packages/oslo_db/sqlalchemy/engines.py:325}}
Aug 09 06:43:11.242226 np0000006815 nova-scheduler[96667]: DEBUG dbcounter [-] [96667] Writer thread running {{(pid=96667) stat_writer /opt/stack/data/venv/lib/python3.12/site-packages/dbcounter.py:102}}
Aug 09 06:43:11.242226 np0000006815 nova-scheduler[96667]: DEBUG nova.service [None req-10c87302-7a4d-4f41-b4b4-09de0af50f12 None None] Creating RPC server for service: nova-scheduler on topic: scheduler {{(pid=96667) start /opt/stack/nova/nova/service.py:196}}
Aug 09 06:43:11.242298 np0000006815 nova-scheduler[96663]: DEBUG nova.service [None req-7c2cb022-13c6-4406-8b1d-b971f3bb7a3d None None] Join ServiceGroup membership for this service scheduler {{(pid=96663) start /opt/stack/nova/nova/service.py:222}}
Aug 09 06:43:11.242298 np0000006815 nova-scheduler[96663]: DEBUG nova.servicegroup.drivers.db [None req-7c2cb022-13c6-4406-8b1d-b971f3bb7a3d None None] DB_Driver: join new ServiceGroup member np0000006815 to the scheduler group, service = {{(pid=96663) join /opt/stack/nova/nova/servicegroup/drivers/db.py:44}}
Aug 09 06:43:11.242380 np0000006815 nova-scheduler[96669]: DEBUG dbcounter [-] [96669] Writer thread running {{(pid=96669) stat_writer /opt/stack/data/venv/lib/python3.12/site-packages/dbcounter.py:102}}
Aug 09 06:43:11.242428 np0000006815 nova-scheduler[96665]: DEBUG nova.service [None req-4a27ee16-2085-4b9f-816c-ad5112fe0107 None None] Join ServiceGroup membership for this service scheduler {{(pid=96665) start /opt/stack/nova/nova/service.py:222}}
Aug 09 06:43:11.242428 np0000006815 nova-scheduler[96665]: DEBUG nova.servicegroup.drivers.db [None req-4a27ee16-2085-4b9f-816c-ad5112fe0107 None None] DB_Driver: join new ServiceGroup member np0000006815 to the scheduler group, service = {{(pid=96665) join /opt/stack/nova/nova/servicegroup/drivers/db.py:44}}
Aug 09 06:43:11.242521 np0000006815 nova-scheduler[96669]: DEBUG nova.service [None req-b0bd023c-4077-4bab-bc2f-fc7858bcd72e None None] Creating RPC server for service: nova-scheduler on topic: scheduler {{(pid=96669) start /opt/stack/nova/nova/service.py:196}}
Aug 09 06:43:11.242560 np0000006815 nova-scheduler[96667]: DEBUG nova.service [None req-10c87302-7a4d-4f41-b4b4-09de0af50f12 None None] Join ServiceGroup membership for this service scheduler {{(pid=96667) start /opt/stack/nova/nova/service.py:222}}
Aug 09 06:43:11.242560 np0000006815 nova-scheduler[96667]: DEBUG nova.servicegroup.drivers.db [None req-10c87302-7a4d-4f41-b4b4-09de0af50f12 None None] DB_Driver: join new ServiceGroup member np0000006815 to the scheduler group, service = {{(pid=96667) join /opt/stack/nova/nova/servicegroup/drivers/db.py:44}}
Aug 09 06:43:11.254574 np0000006815 nova-scheduler[96669]: DEBUG nova.service [None req-b0bd023c-4077-4bab-bc2f-fc7858bcd72e None None] Join ServiceGroup membership for this service scheduler {{(pid=96669) start /opt/stack/nova/nova/service.py:222}}
Aug 09 06:43:11.254791 np0000006815 nova-scheduler[96669]: DEBUG nova.servicegroup.drivers.db [None req-b0bd023c-4077-4bab-bc2f-fc7858bcd72e None None] DB_Driver: join new ServiceGroup member np0000006815 to the scheduler group, service = {{(pid=96669) join /opt/stack/nova/nova/servicegroup/drivers/db.py:44}}
Aug 09 06:43:14.235493 np0000006815 nova-scheduler[96665]: DEBUG oslo.service.backend._threading.loopingcall [None req-a523b3cb-b919-4be1-a131-b0b9762302c9 None None] Dynamic interval looping call 'nova.service.Service.periodic_tasks' sleeping for 60.00 seconds {{(pid=96665) _run_loop /opt/stack/data/venv/lib/python3.12/site-packages/oslo_service/backend/_threading/loopingcall.py:125}}
Aug 09 06:43:16.242648 np0000006815 nova-scheduler[96663]: DEBUG oslo.service.backend._threading.loopingcall [-] Fixed interval looping call 'nova.servicegroup.drivers.db.DbDriver._report_state' sleeping for 119.99 seconds {{(pid=96663) _run_loop /opt/stack/data/venv/lib/python3.12/site-packages/oslo_service/backend/_threading/loopingcall.py:125}}
Aug 09 06:43:16.245630 np0000006815 nova-scheduler[96665]: DEBUG oslo.service.backend._threading.loopingcall [-] Fixed interval looping call 'nova.servicegroup.drivers.db.DbDriver._report_state' sleeping for 119.99 seconds {{(pid=96665) _run_loop /opt/stack/data/venv/lib/python3.12/site-packages/oslo_service/backend/_threading/loopingcall.py:125}}
Aug 09 06:43:16.253240 np0000006815 nova-scheduler[96667]: DEBUG oslo.service.backend._threading.loopingcall [-] Fixed interval looping call 'nova.servicegroup.drivers.db.DbDriver._report_state' sleeping for 119.99 seconds {{(pid=96667) _run_loop /opt/stack/data/venv/lib/python3.12/site-packages/oslo_service/backend/_threading/loopingcall.py:125}}
Aug 09 06:43:16.264983 np0000006815 nova-scheduler[96669]: DEBUG oslo.service.backend._threading.loopingcall [-] Fixed interval looping call 'nova.servicegroup.drivers.db.DbDriver._report_state' sleeping for 119.99 seconds {{(pid=96669) _run_loop /opt/stack/data/venv/lib/python3.12/site-packages/oslo_service/backend/_threading/loopingcall.py:125}}
Aug 09 06:43:19.795215 np0000006815 nova-scheduler[95466]: DEBUG dbcounter [-] [95466] Writing DB stats nova_api:SELECT=3 {{(pid=95466) stat_writer /opt/stack/data/venv/lib/python3.12/site-packages/dbcounter.py:115}}
Aug 09 06:43:19.932764 np0000006815 nova-scheduler[95466]: DEBUG dbcounter [-] [95466] Writing DB stats nova_cell0:SELECT=1 {{(pid=95466) stat_writer /opt/stack/data/venv/lib/python3.12/site-packages/dbcounter.py:115}}
Aug 09 06:43:19.935788 np0000006815 nova-scheduler[95466]: DEBUG dbcounter [-] [95466] Writing DB stats nova_cell1:SELECT=1 {{(pid=95466) stat_writer /opt/stack/data/venv/lib/python3.12/site-packages/dbcounter.py:115}}
Aug 09 06:43:25.242892 np0000006815 nova-scheduler[96667]: DEBUG oslo.service.backend._threading.loopingcall [None req-f2c27929-94c3-4dfe-9746-bf8210743115 None None] Dynamic interval looping call 'nova.service.Service.periodic_tasks' sleeping for 60.00 seconds {{(pid=96667) _run_loop /opt/stack/data/venv/lib/python3.12/site-packages/oslo_service/backend/_threading/loopingcall.py:125}}
Aug 09 06:43:26.237126 np0000006815 nova-scheduler[96663]: DEBUG dbcounter [-] [96663] Writing DB stats nova_cell0:SELECT=4,nova_cell0:INSERT=1,nova_cell0:UPDATE=1 {{(pid=96663) stat_writer /opt/stack/data/venv/lib/python3.12/site-packages/dbcounter.py:115}}
Aug 09 06:43:26.244068 np0000006815 nova-scheduler[96665]: DEBUG dbcounter [-] [96665] Writing DB stats nova_cell0:SELECT=3,nova_cell0:UPDATE=1 {{(pid=96665) stat_writer /opt/stack/data/venv/lib/python3.12/site-packages/dbcounter.py:115}}
Aug 09 06:43:26.249990 np0000006815 nova-scheduler[96667]: DEBUG dbcounter [-] [96667] Writing DB stats nova_cell0:SELECT=3 {{(pid=96667) stat_writer /opt/stack/data/venv/lib/python3.12/site-packages/dbcounter.py:115}}
Aug 09 06:43:26.262251 np0000006815 nova-scheduler[96669]: DEBUG dbcounter [-] [96669] Writing DB stats nova_cell0:SELECT=3 {{(pid=96669) stat_writer /opt/stack/data/venv/lib/python3.12/site-packages/dbcounter.py:115}}
Aug 09 06:44:01.230070 np0000006815 nova-scheduler[96663]: DEBUG oslo.service.backend._threading.loopingcall [None req-9e3c5a17-54c5-492a-b4c2-c2a341e2f4a3 None None] Dynamic interval looping call 'nova.service.Service.periodic_tasks' sleeping for 60.00 seconds {{(pid=96663) _run_loop /opt/stack/data/venv/lib/python3.12/site-packages/oslo_service/backend/_threading/loopingcall.py:125}}
Aug 09 06:44:11.256579 np0000006815 nova-scheduler[96669]: DEBUG oslo.service.backend._threading.loopingcall [None req-69541392-e031-4ed7-b82c-912138c5cfe1 None None] Dynamic interval looping call 'nova.service.Service.periodic_tasks' sleeping for 60.00 seconds {{(pid=96669) _run_loop /opt/stack/data/venv/lib/python3.12/site-packages/oslo_service/backend/_threading/loopingcall.py:125}}
Aug 09 06:44:14.235162 np0000006815 nova-scheduler[96665]: DEBUG oslo.service.backend._threading.loopingcall [None req-a523b3cb-b919-4be1-a131-b0b9762302c9 None None] Dynamic interval looping call 'nova.service.Service.periodic_tasks' sleeping for 60.00 seconds {{(pid=96665) _run_loop /opt/stack/data/venv/lib/python3.12/site-packages/oslo_service/backend/_threading/loopingcall.py:125}}
Aug 09 06:44:25.243340 np0000006815 nova-scheduler[96667]: DEBUG oslo.service.backend._threading.loopingcall [None req-f2c27929-94c3-4dfe-9746-bf8210743115 None None] Dynamic interval looping call 'nova.service.Service.periodic_tasks' sleeping for 60.00 seconds {{(pid=96667) _run_loop /opt/stack/data/venv/lib/python3.12/site-packages/oslo_service/backend/_threading/loopingcall.py:125}}
Aug 09 06:45:01.230724 np0000006815 nova-scheduler[96663]: DEBUG oslo.service.backend._threading.loopingcall [None req-9e3c5a17-54c5-492a-b4c2-c2a341e2f4a3 None None] Dynamic interval looping call 'nova.service.Service.periodic_tasks' sleeping for 60.00 seconds {{(pid=96663) _run_loop /opt/stack/data/venv/lib/python3.12/site-packages/oslo_service/backend/_threading/loopingcall.py:125}}
Aug 09 06:45:11.257252 np0000006815 nova-scheduler[96669]: DEBUG oslo.service.backend._threading.loopingcall [None req-69541392-e031-4ed7-b82c-912138c5cfe1 None None] Dynamic interval looping call 'nova.service.Service.periodic_tasks' sleeping for 60.00 seconds {{(pid=96669) _run_loop /opt/stack/data/venv/lib/python3.12/site-packages/oslo_service/backend/_threading/loopingcall.py:125}}
Aug 09 06:45:14.235720 np0000006815 nova-scheduler[96665]: DEBUG oslo.service.backend._threading.loopingcall [None req-a523b3cb-b919-4be1-a131-b0b9762302c9 None None] Dynamic interval looping call 'nova.service.Service.periodic_tasks' sleeping for 60.00 seconds {{(pid=96665) _run_loop /opt/stack/data/venv/lib/python3.12/site-packages/oslo_service/backend/_threading/loopingcall.py:125}}
Aug 09 06:45:16.245671 np0000006815 nova-scheduler[96663]: DEBUG oslo.service.backend._threading.loopingcall [-] Fixed interval looping call 'nova.servicegroup.drivers.db.DbDriver._report_state' sleeping for 119.99 seconds {{(pid=96663) _run_loop /opt/stack/data/venv/lib/python3.12/site-packages/oslo_service/backend/_threading/loopingcall.py:125}}
Aug 09 06:45:16.247058 np0000006815 nova-scheduler[96665]: DEBUG oslo.service.backend._threading.loopingcall [-] Fixed interval looping call 'nova.servicegroup.drivers.db.DbDriver._report_state' sleeping for 119.99 seconds {{(pid=96665) _run_loop /opt/stack/data/venv/lib/python3.12/site-packages/oslo_service/backend/_threading/loopingcall.py:125}}
Aug 09 06:45:16.249457 np0000006815 nova-scheduler[96667]: DEBUG oslo.service.backend._threading.loopingcall [-] Fixed interval looping call 'nova.servicegroup.drivers.db.DbDriver._report_state' sleeping for 119.99 seconds {{(pid=96667) _run_loop /opt/stack/data/venv/lib/python3.12/site-packages/oslo_service/backend/_threading/loopingcall.py:125}}
Aug 09 06:45:16.261571 np0000006815 nova-scheduler[96669]: DEBUG oslo.service.backend._threading.loopingcall [-] Fixed interval looping call 'nova.servicegroup.drivers.db.DbDriver._report_state' sleeping for 119.99 seconds {{(pid=96669) _run_loop /opt/stack/data/venv/lib/python3.12/site-packages/oslo_service/backend/_threading/loopingcall.py:125}}
Aug 09 06:45:25.243827 np0000006815 nova-scheduler[96667]: DEBUG oslo.service.backend._threading.loopingcall [None req-f2c27929-94c3-4dfe-9746-bf8210743115 None None] Dynamic interval looping call 'nova.service.Service.periodic_tasks' sleeping for 60.00 seconds {{(pid=96667) _run_loop /opt/stack/data/venv/lib/python3.12/site-packages/oslo_service/backend/_threading/loopingcall.py:125}}
Aug 09 06:45:26.238352 np0000006815 nova-scheduler[96663]: DEBUG dbcounter [-] [96663] Writing DB stats nova_cell0:SELECT=1,nova_cell0:UPDATE=1 {{(pid=96663) stat_writer /opt/stack/data/venv/lib/python3.12/site-packages/dbcounter.py:115}}
Aug 09 06:45:26.241951 np0000006815 nova-scheduler[96665]: DEBUG dbcounter [-] [96665] Writing DB stats nova_cell0:SELECT=1,nova_cell0:UPDATE=1 {{(pid=96665) stat_writer /opt/stack/data/venv/lib/python3.12/site-packages/dbcounter.py:115}}
Aug 09 06:45:26.246264 np0000006815 nova-scheduler[96667]: DEBUG dbcounter [-] [96667] Writing DB stats nova_cell0:SELECT=1 {{(pid=96667) stat_writer /opt/stack/data/venv/lib/python3.12/site-packages/dbcounter.py:115}}
Aug 09 06:45:26.261994 np0000006815 nova-scheduler[96669]: DEBUG dbcounter [-] [96669] Writing DB stats nova_cell0:SELECT=1 {{(pid=96669) stat_writer /opt/stack/data/venv/lib/python3.12/site-packages/dbcounter.py:115}}
Aug 09 06:45:27.107366 np0000006815 nova-scheduler[96663]: DEBUG nova.scheduler.manager [None req-c230ced8-9deb-42ca-b68b-8b79b0bde65f tempest-DeleteServersTestJSON-797571108 tempest-DeleteServersTestJSON-797571108-project-member] Starting to schedule for instances: ['ec617018-b9a6-4e15-b3e8-84efcc6e1707'] {{(pid=96663) select_destinations /opt/stack/nova/nova/scheduler/manager.py:209}}
Aug 09 06:45:27.108884 np0000006815 nova-scheduler[96663]: DEBUG nova.scheduler.request_filter [None req-c230ced8-9deb-42ca-b68b-8b79b0bde65f tempest-DeleteServersTestJSON-797571108 tempest-DeleteServersTestJSON-797571108-project-member] compute_status_filter request filter added forbidden trait COMPUTE_STATUS_DISABLED {{(pid=96663) compute_status_filter /opt/stack/nova/nova/scheduler/request_filter.py:253}}
Aug 09 06:45:27.108884 np0000006815 nova-scheduler[96663]: DEBUG nova.scheduler.request_filter [None req-c230ced8-9deb-42ca-b68b-8b79b0bde65f tempest-DeleteServersTestJSON-797571108 tempest-DeleteServersTestJSON-797571108-project-member] Request filter 'compute_status_filter' took 0.0 seconds {{(pid=96663) wrapper /opt/stack/nova/nova/scheduler/request_filter.py:46}}
Aug 09 06:45:27.109330 np0000006815 nova-scheduler[96663]: DEBUG nova.scheduler.request_filter [None req-c230ced8-9deb-42ca-b68b-8b79b0bde65f tempest-DeleteServersTestJSON-797571108 tempest-DeleteServersTestJSON-797571108-project-member] Request filter 'accelerators_filter' took 0.0 seconds {{(pid=96663) wrapper /opt/stack/nova/nova/scheduler/request_filter.py:46}}
Aug 09 06:45:27.109330 np0000006815 nova-scheduler[96663]: DEBUG nova.scheduler.request_filter [None req-c230ced8-9deb-42ca-b68b-8b79b0bde65f tempest-DeleteServersTestJSON-797571108 tempest-DeleteServersTestJSON-797571108-project-member] Request filter 'packed_virtqueue_filter' took 0.0 seconds {{(pid=96663) wrapper /opt/stack/nova/nova/scheduler/request_filter.py:46}}
Aug 09 06:45:27.109928 np0000006815 nova-scheduler[96663]: DEBUG nova.scheduler.request_filter [None req-c230ced8-9deb-42ca-b68b-8b79b0bde65f tempest-DeleteServersTestJSON-797571108 tempest-DeleteServersTestJSON-797571108-project-member] Request filter 'remote_managed_ports_filter' took 0.0 seconds {{(pid=96663) wrapper /opt/stack/nova/nova/scheduler/request_filter.py:46}}
Aug 09 06:45:27.109928 np0000006815 nova-scheduler[96663]: DEBUG nova.scheduler.request_filter [None req-c230ced8-9deb-42ca-b68b-8b79b0bde65f tempest-DeleteServersTestJSON-797571108 tempest-DeleteServersTestJSON-797571108-project-member] ephemeral_encryption_filter skipped {{(pid=96663) ephemeral_encryption_filter /opt/stack/nova/nova/scheduler/request_filter.py:426}}
Aug 09 06:45:27.110162 np0000006815 nova-scheduler[96663]: DEBUG nova.scheduler.request_filter [None req-c230ced8-9deb-42ca-b68b-8b79b0bde65f tempest-DeleteServersTestJSON-797571108 tempest-DeleteServersTestJSON-797571108-project-member] virtio_sound_filter skipped {{(pid=96663) virtio_sound_filter /opt/stack/nova/nova/scheduler/request_filter.py:460}}
Aug 09 06:45:27.110345 np0000006815 nova-scheduler[96663]: DEBUG nova.scheduler.request_filter [None req-c230ced8-9deb-42ca-b68b-8b79b0bde65f tempest-DeleteServersTestJSON-797571108 tempest-DeleteServersTestJSON-797571108-project-member] tpm_secret_security_filter skipped {{(pid=96663) tpm_secret_security_filter /opt/stack/nova/nova/scheduler/request_filter.py:477}}
Aug 09 06:45:27.902961 np0000006815 nova-scheduler[96663]: INFO nova.utils [None req-c230ced8-9deb-42ca-b68b-8b79b0bde65f tempest-DeleteServersTestJSON-797571108 tempest-DeleteServersTestJSON-797571108-project-member] The cell worker thread pool ForkProcess-1.cell_worker is initialized
Aug 09 06:45:27.903422 np0000006815 nova-scheduler[96663]: DEBUG oslo_concurrency.lockutils [None req-c230ced8-9deb-42ca-b68b-8b79b0bde65f tempest-DeleteServersTestJSON-797571108 tempest-DeleteServersTestJSON-797571108-project-member] Acquiring lock "b0d29ef1-1600-48ed-96ca-7f86e4a54cf1" by "nova.context.set_target_cell..get_or_set_cached_cell_and_set_connections" {{(pid=96663) inner /opt/stack/data/venv/lib/python3.12/site-packages/oslo_concurrency/lockutils.py:512}}
Aug 09 06:45:27.903767 np0000006815 nova-scheduler[96663]: DEBUG oslo_concurrency.lockutils [None req-c230ced8-9deb-42ca-b68b-8b79b0bde65f tempest-DeleteServersTestJSON-797571108 tempest-DeleteServersTestJSON-797571108-project-member] Lock "b0d29ef1-1600-48ed-96ca-7f86e4a54cf1" acquired by "nova.context.set_target_cell..get_or_set_cached_cell_and_set_connections" :: waited 0.000s {{(pid=96663) inner /opt/stack/data/venv/lib/python3.12/site-packages/oslo_concurrency/lockutils.py:525}}
Aug 09 06:45:27.907214 np0000006815 nova-scheduler[96663]: DEBUG oslo_concurrency.lockutils [None req-c230ced8-9deb-42ca-b68b-8b79b0bde65f tempest-DeleteServersTestJSON-797571108 tempest-DeleteServersTestJSON-797571108-project-member] Lock "b0d29ef1-1600-48ed-96ca-7f86e4a54cf1" "released" by "nova.context.set_target_cell..get_or_set_cached_cell_and_set_connections" :: held 0.003s {{(pid=96663) inner /opt/stack/data/venv/lib/python3.12/site-packages/oslo_concurrency/lockutils.py:544}}
Aug 09 06:45:27.911192 np0000006815 nova-scheduler[96663]: INFO dbcounter [None req-c230ced8-9deb-42ca-b68b-8b79b0bde65f tempest-DeleteServersTestJSON-797571108 tempest-DeleteServersTestJSON-797571108-project-member] Registered counter for database nova_cell1
Aug 09 06:45:27.969291 np0000006815 nova-scheduler[96663]: DEBUG oslo_db.sqlalchemy.engines [None req-c230ced8-9deb-42ca-b68b-8b79b0bde65f tempest-DeleteServersTestJSON-797571108 tempest-DeleteServersTestJSON-797571108-project-member] MySQL server mode set to STRICT_TRANS_TABLES,STRICT_ALL_TABLES,NO_ZERO_IN_DATE,NO_ZERO_DATE,ERROR_FOR_DIVISION_BY_ZERO,TRADITIONAL,NO_ENGINE_SUBSTITUTION {{(pid=96663) _check_effective_sql_mode /opt/stack/data/venv/lib/python3.12/site-packages/oslo_db/sqlalchemy/engines.py:325}}
Aug 09 06:45:27.979215 np0000006815 nova-scheduler[96663]: DEBUG dbcounter [-] [96663] Writer thread running {{(pid=96663) stat_writer /opt/stack/data/venv/lib/python3.12/site-packages/dbcounter.py:102}}
Aug 09 06:45:27.991817 np0000006815 nova-scheduler[96663]: DEBUG oslo_db.sqlalchemy.engines [None req-c230ced8-9deb-42ca-b68b-8b79b0bde65f tempest-DeleteServersTestJSON-797571108 tempest-DeleteServersTestJSON-797571108-project-member] Parent process 95466 forked (96663) with an open database connection, which is being discarded and recreated. {{(pid=96663) checkout /opt/stack/data/venv/lib/python3.12/site-packages/oslo_db/sqlalchemy/engines.py:402}}
Aug 09 06:45:28.043749 np0000006815 nova-scheduler[96663]: DEBUG dbcounter [-] [96663] Writer thread running {{(pid=96663) stat_writer /opt/stack/data/venv/lib/python3.12/site-packages/dbcounter.py:102}}
Aug 09 06:45:28.047660 np0000006815 nova-scheduler[96663]: DEBUG oslo_concurrency.lockutils [None req-c230ced8-9deb-42ca-b68b-8b79b0bde65f tempest-DeleteServersTestJSON-797571108 tempest-DeleteServersTestJSON-797571108-project-member] Acquiring lock "b0d29ef1-1600-48ed-96ca-7f86e4a54cf1" by "nova.context.set_target_cell..get_or_set_cached_cell_and_set_connections" {{(pid=96663) inner /opt/stack/data/venv/lib/python3.12/site-packages/oslo_concurrency/lockutils.py:512}}
