Jun 17 09:48:51.450707 np0000003029 devstack@g-api.service[102125]: DEBUG glance_store.location [-] Registering scheme swift+config with {'store': , 'location_class': , 'store_entry': 'swift'} {{(pid=102125) register_scheme_map /opt/stack/data/venv/lib/python3.12/site-packages/glance_store/location.py:146}}
Jun 17 09:48:51.450758 np0000003029 devstack@g-api.service[102125]: DEBUG glance_store.backend [-] Attempting to import store file {{(pid=102125) _load_store /opt/stack/data/venv/lib/python3.12/site-packages/glance_store/backend.py:215}}
Jun 17 09:48:51.451204 np0000003029 devstack@g-api.service[102125]: DEBUG glance_store.capabilities [-] Store glance_store._drivers.filesystem.Store doesn't support updating dynamic storage capabilities. Please overwrite 'update_capabilities' method of the store to implement updating logics if needed. {{(pid=102125) update_capabilities /opt/stack/data/venv/lib/python3.12/site-packages/glance_store/capabilities.py:91}}
Jun 17 09:48:51.451252 np0000003029 devstack@g-api.service[102125]: DEBUG glance_store.backend [-] Registering store file with schemes ('file', 'filesystem') {{(pid=102125) create_stores /opt/stack/data/venv/lib/python3.12/site-packages/glance_store/backend.py:261}}
Jun 17 09:48:51.451296 np0000003029 devstack@g-api.service[102125]: DEBUG glance_store.driver [-] Late loading location class glance_store._drivers.filesystem.StoreLocation {{(pid=102125) get_store_location_class /opt/stack/data/venv/lib/python3.12/site-packages/glance_store/driver.py:134}}
Jun 17 09:48:51.451366 np0000003029 devstack@g-api.service[102125]: DEBUG glance_store.location [-] Registering scheme file with {'store': , 'location_class': , 'store_entry': 'file'} {{(pid=102125) register_scheme_map /opt/stack/data/venv/lib/python3.12/site-packages/glance_store/location.py:146}}
Jun 17 09:48:51.451403 np0000003029 devstack@g-api.service[102125]: DEBUG glance_store.location [-] Registering scheme filesystem with {'store': , 'location_class': , 'store_entry': 'file'} {{(pid=102125) register_scheme_map /opt/stack/data/venv/lib/python3.12/site-packages/glance_store/location.py:146}}
Jun 17 09:48:51.451455 np0000003029 devstack@g-api.service[102125]: DEBUG glance_store.backend [-] Attempting to import store http {{(pid=102125) _load_store /opt/stack/data/venv/lib/python3.12/site-packages/glance_store/backend.py:215}}
Jun 17 09:48:51.451650 np0000003029 devstack@g-api.service[102125]: DEBUG glance_store.capabilities [-] Store glance_store._drivers.http.Store doesn't support updating dynamic storage capabilities. Please overwrite 'update_capabilities' method of the store to implement updating logics if needed. {{(pid=102125) update_capabilities /opt/stack/data/venv/lib/python3.12/site-packages/glance_store/capabilities.py:91}}
Jun 17 09:48:51.451698 np0000003029 devstack@g-api.service[102125]: DEBUG glance_store.backend [-] Registering store http with schemes ('http', 'https') {{(pid=102125) create_stores /opt/stack/data/venv/lib/python3.12/site-packages/glance_store/backend.py:261}}
Jun 17 09:48:51.451744 np0000003029 devstack@g-api.service[102125]: DEBUG glance_store.driver [-] Late loading location class glance_store._drivers.http.StoreLocation {{(pid=102125) get_store_location_class /opt/stack/data/venv/lib/python3.12/site-packages/glance_store/driver.py:134}}
Jun 17 09:48:51.451805 np0000003029 devstack@g-api.service[102125]: DEBUG glance_store.location [-] Registering scheme http with {'store': , 'location_class': , 'store_entry': 'http'} {{(pid=102125) register_scheme_map /opt/stack/data/venv/lib/python3.12/site-packages/glance_store/location.py:146}}
Jun 17 09:48:51.451859 np0000003029 devstack@g-api.service[102125]: DEBUG glance_store.location [-] Registering scheme https with {'store': , 'location_class': , 'store_entry': 'http'} {{(pid=102125) register_scheme_map /opt/stack/data/venv/lib/python3.12/site-packages/glance_store/location.py:146}}
Jun 17 09:48:51.451961 np0000003029 devstack@g-api.service[102125]: DEBUG glance_store.backend [-] Attempting to import store swift {{(pid=102125) _load_store /opt/stack/data/venv/lib/python3.12/site-packages/glance_store/backend.py:215}}
Jun 17 09:48:51.453712 np0000003029 devstack@g-api.service[102125]: DEBUG glance_store.capabilities [-] Store glance_store._drivers.swift.store.SingleTenantStore doesn't support updating dynamic storage capabilities. Please overwrite 'update_capabilities' method of the store to implement updating logics if needed. {{(pid=102125) update_capabilities /opt/stack/data/venv/lib/python3.12/site-packages/glance_store/capabilities.py:91}}
Jun 17 09:48:51.453805 np0000003029 devstack@g-api.service[102125]: DEBUG glance_store.driver [-] Late loading location class glance_store._drivers.swift.store.StoreLocation {{(pid=102125) get_store_location_class /opt/stack/data/venv/lib/python3.12/site-packages/glance_store/driver.py:134}}
Jun 17 09:48:51.453913 np0000003029 devstack@g-api.service[102125]: DEBUG glance_store.location [-] Registering scheme swift+https with {'store': , 'location_class': , 'store_entry': 'swift'} {{(pid=102125) register_scheme_map /opt/stack/data/venv/lib/python3.12/site-packages/glance_store/location.py:146}}
Jun 17 09:48:51.454014 np0000003029 devstack@g-api.service[102125]: DEBUG glance_store.location [-] Registering scheme swift+https with {'store': , 'location_class': , 'store_entry': 'swift'} {{(pid=102125) register_scheme_map /opt/stack/data/venv/lib/python3.12/site-packages/glance_store/location.py:146}}
Jun 17 09:48:51.454098 np0000003029 devstack@g-api.service[102125]: DEBUG glance_store.location [-] Registering scheme swift with {'store': , 'location_class': , 'store_entry': 'swift'} {{(pid=102125) register_scheme_map /opt/stack/data/venv/lib/python3.12/site-packages/glance_store/location.py:146}}
Jun 17 09:48:51.454168 np0000003029 devstack@g-api.service[102125]: DEBUG glance_store.location [-] Registering scheme swift+https with {'store': , 'location_class': , 'store_entry': 'swift'} {{(pid=102125) register_scheme_map /opt/stack/data/venv/lib/python3.12/site-packages/glance_store/location.py:146}}
Jun 17 09:48:51.454202 np0000003029 devstack@g-api.service[102125]: DEBUG glance_store.location [-] Registering scheme swift with {'store': , 'location_class': , 'store_entry': 'swift'} {{(pid=102125) register_scheme_map /opt/stack/data/venv/lib/python3.12/site-packages/glance_store/location.py:146}}
Jun 17 09:48:51.454256 np0000003029 devstack@g-api.service[102125]: DEBUG glance_store.location [-] Registering scheme swift+http with {'store': , 'location_class': , 'store_entry': 'swift'} {{(pid=102125) register_scheme_map /opt/stack/data/venv/lib/python3.12/site-packages/glance_store/location.py:146}}
Jun 17 09:48:51.454303 np0000003029 devstack@g-api.service[102125]: DEBUG glance_store.location [-] Registering scheme swift+https with {'store': , 'location_class': , 'store_entry': 'swift'} {{(pid=102125) register_scheme_map /opt/stack/data/venv/lib/python3.12/site-packages/glance_store/location.py:146}}
Jun 17 09:48:51.454352 np0000003029 devstack@g-api.service[102125]: DEBUG glance_store.location [-] Registering scheme swift with {'store': , 'location_class': , 'store_entry': 'swift'} {{(pid=102125) register_scheme_map /opt/stack/data/venv/lib/python3.12/site-packages/glance_store/location.py:146}}
Jun 17 09:48:51.454435 np0000003029 devstack@g-api.service[102125]: DEBUG glance_store.location [-] Registering scheme swift+http with {'store': , 'location_class': , 'store_entry': 'swift'} {{(pid=102125) register_scheme_map /opt/stack/data/venv/lib/python3.12/site-packages/glance_store/location.py:146}}
Jun 17 09:48:51.454537 np0000003029 devstack@g-api.service[102125]: DEBUG glance_store.location [-] Registering scheme swift+config with {'store': , 'location_class': , 'store_entry': 'swift'} {{(pid=102125) register_scheme_map /opt/stack/data/venv/lib/python3.12/site-packages/glance_store/location.py:146}}
Jun 17 09:48:51.454930 np0000003029 devstack@g-api.service[102125]: DEBUG glance.sqlite_migration [-] SQLite caching database not located, skipping migration {{(pid=102125) get_db_path /opt/stack/glance/glance/sqlite_migration.py:68}}
Jun 17 09:48:51.455162 np0000003029 devstack@g-api.service[102125]: WARNING glance.common.wsgi_app [-] Import methods are enabled but staging directory /tmp/staging/ does not exist; Imports will fail!
Jun 17 09:48:51.697181 np0000003029 devstack@g-api.service[102126]: DEBUG glance.common.config [None req-4bf7700d-b004-4641-9d64-c06337c608a7 None None] Loading glance-api-keystone+cachemanagement from /etc/glance/glance-api-paste.ini {{(pid=102126) load_paste_app /opt/stack/glance/glance/common/config.py:758}}
Jun 17 09:48:51.723394 np0000003029 devstack@g-api.service[102127]: DEBUG glance.common.config [None req-091c7629-c897-425a-b868-a94105a7f8f5 None None] Loading glance-api-keystone+cachemanagement from /etc/glance/glance-api-paste.ini {{(pid=102127) load_paste_app /opt/stack/glance/glance/common/config.py:758}}
Jun 17 09:48:51.822463 np0000003029 devstack@g-api.service[102125]: DEBUG glance.common.config [None req-ad0cd221-1710-4d4c-bc1d-ecde9772009d None None] Loading glance-api-keystone+cachemanagement from /etc/glance/glance-api-paste.ini {{(pid=102125) load_paste_app /opt/stack/glance/glance/common/config.py:758}}
Jun 17 09:48:52.306574 np0000003029 devstack@g-api.service[102127]: INFO glance.image_cache [None req-091c7629-c897-425a-b868-a94105a7f8f5 None None] Image cache loaded driver 'centralized_db'.
Jun 17 09:48:52.322707 np0000003029 devstack@g-api.service[102126]: INFO glance.image_cache [None req-4bf7700d-b004-4641-9d64-c06337c608a7 None None] Image cache loaded driver 'centralized_db'.
Jun 17 09:48:52.353343 np0000003029 devstack@g-api.service[102127]: INFO dbcounter [None req-091c7629-c897-425a-b868-a94105a7f8f5 None None] Registered counter for database glance
Jun 17 09:48:52.371046 np0000003029 devstack@g-api.service[102126]: INFO dbcounter [None req-4bf7700d-b004-4641-9d64-c06337c608a7 None None] Registered counter for database glance
Jun 17 09:48:52.399818 np0000003029 devstack@g-api.service[102127]: DEBUG oslo_db.sqlalchemy.engines [None req-091c7629-c897-425a-b868-a94105a7f8f5 None None] MySQL server mode set to STRICT_TRANS_TABLES,STRICT_ALL_TABLES,NO_ZERO_IN_DATE,NO_ZERO_DATE,ERROR_FOR_DIVISION_BY_ZERO,TRADITIONAL,NO_ENGINE_SUBSTITUTION {{(pid=102127) _check_effective_sql_mode /opt/stack/data/venv/lib/python3.12/site-packages/oslo_db/sqlalchemy/engines.py:325}}
Jun 17 09:48:52.416058 np0000003029 devstack@g-api.service[102126]: DEBUG oslo_db.sqlalchemy.engines [None req-4bf7700d-b004-4641-9d64-c06337c608a7 None None] MySQL server mode set to STRICT_TRANS_TABLES,STRICT_ALL_TABLES,NO_ZERO_IN_DATE,NO_ZERO_DATE,ERROR_FOR_DIVISION_BY_ZERO,TRADITIONAL,NO_ENGINE_SUBSTITUTION {{(pid=102126) _check_effective_sql_mode /opt/stack/data/venv/lib/python3.12/site-packages/oslo_db/sqlalchemy/engines.py:325}}
Jun 17 09:48:52.421937 np0000003029 devstack@g-api.service[102127]: DEBUG dbcounter [-] [102127] Writer thread running {{(pid=102127) stat_writer /opt/stack/data/venv/lib/python3.12/site-packages/dbcounter.py:102}}
Jun 17 09:48:52.424670 np0000003029 devstack@g-api.service[102125]: INFO glance.image_cache [None req-ad0cd221-1710-4d4c-bc1d-ecde9772009d None None] Image cache loaded driver 'centralized_db'.
Jun 17 09:48:52.433648 np0000003029 devstack@g-api.service[102127]: INFO glance.image_cache [None req-091c7629-c897-425a-b868-a94105a7f8f5 None None] Image cache loaded driver 'centralized_db'.
Jun 17 09:48:52.437515 np0000003029 devstack@g-api.service[102126]: DEBUG dbcounter [-] [102126] Writer thread running {{(pid=102126) stat_writer /opt/stack/data/venv/lib/python3.12/site-packages/dbcounter.py:102}}
Jun 17 09:48:52.440249 np0000003029 devstack@g-api.service[102126]: DEBUG glance.image_cache.drivers.centralized_db [None req-4bf7700d-b004-4641-9d64-c06337c608a7 None None] Node reference is already recorded, ignoring it {{(pid=102126) configure /opt/stack/glance/glance/image_cache/drivers/centralized_db.py:71}}
Jun 17 09:48:52.440559 np0000003029 devstack@g-api.service[102127]: DEBUG glance.image_cache.drivers.centralized_db [None req-091c7629-c897-425a-b868-a94105a7f8f5 None None] Node reference is already recorded, ignoring it {{(pid=102127) configure /opt/stack/glance/glance/image_cache/drivers/centralized_db.py:71}}
Jun 17 09:48:52.445385 np0000003029 devstack@g-api.service[102126]: INFO glance.image_cache [None req-4bf7700d-b004-4641-9d64-c06337c608a7 None None] Image cache loaded driver 'centralized_db'.
Jun 17 09:48:52.445773 np0000003029 devstack@g-api.service[102127]: DEBUG glance.api.v2.cached_images [None req-091c7629-c897-425a-b868-a94105a7f8f5 None None] Started cache worker thread {{(pid=102127) __init__ /opt/stack/glance/glance/api/v2/cached_images.py:69}}
Jun 17 09:48:52.446455 np0000003029 devstack@g-api.service[102127]: INFO glance.image_cache [None req-091c7629-c897-425a-b868-a94105a7f8f5 None None] Image cache loaded driver 'centralized_db'.
Jun 17 09:48:52.452687 np0000003029 devstack@g-api.service[102126]: DEBUG glance.image_cache.drivers.centralized_db [None req-4bf7700d-b004-4641-9d64-c06337c608a7 None None] Node reference is already recorded, ignoring it {{(pid=102126) configure /opt/stack/glance/glance/image_cache/drivers/centralized_db.py:71}}
Jun 17 09:48:52.454780 np0000003029 devstack@g-api.service[102127]: DEBUG glance.image_cache.drivers.centralized_db [None req-091c7629-c897-425a-b868-a94105a7f8f5 None None] Node reference is already recorded, ignoring it {{(pid=102127) configure /opt/stack/glance/glance/image_cache/drivers/centralized_db.py:71}}
Jun 17 09:48:52.457351 np0000003029 devstack@g-api.service[102126]: DEBUG glance.api.v2.cached_images [None req-4bf7700d-b004-4641-9d64-c06337c608a7 None None] Started cache worker thread {{(pid=102126) __init__ /opt/stack/glance/glance/api/v2/cached_images.py:69}}
Jun 17 09:48:52.457952 np0000003029 devstack@g-api.service[102126]: INFO glance.image_cache [None req-4bf7700d-b004-4641-9d64-c06337c608a7 None None] Image cache loaded driver 'centralized_db'.
Jun 17 09:48:52.467563 np0000003029 devstack@g-api.service[102126]: DEBUG glance.image_cache.drivers.centralized_db [None req-4bf7700d-b004-4641-9d64-c06337c608a7 None None] Node reference is already recorded, ignoring it {{(pid=102126) configure /opt/stack/glance/glance/image_cache/drivers/centralized_db.py:71}}
Jun 17 09:48:52.471340 np0000003029 devstack@g-api.service[102125]: INFO dbcounter [None req-ad0cd221-1710-4d4c-bc1d-ecde9772009d None None] Registered counter for database glance
Jun 17 09:48:52.519655 np0000003029 devstack@g-api.service[102125]: DEBUG oslo_db.sqlalchemy.engines [None req-ad0cd221-1710-4d4c-bc1d-ecde9772009d None None] MySQL server mode set to STRICT_TRANS_TABLES,STRICT_ALL_TABLES,NO_ZERO_IN_DATE,NO_ZERO_DATE,ERROR_FOR_DIVISION_BY_ZERO,TRADITIONAL,NO_ENGINE_SUBSTITUTION {{(pid=102125) _check_effective_sql_mode /opt/stack/data/venv/lib/python3.12/site-packages/oslo_db/sqlalchemy/engines.py:325}}
Jun 17 09:48:52.543849 np0000003029 devstack@g-api.service[102125]: DEBUG dbcounter [-] [102125] Writer thread running {{(pid=102125) stat_writer /opt/stack/data/venv/lib/python3.12/site-packages/dbcounter.py:102}}
Jun 17 09:48:52.547174 np0000003029 devstack@g-api.service[102125]: DEBUG glance.image_cache.drivers.centralized_db [None req-ad0cd221-1710-4d4c-bc1d-ecde9772009d None None] Node reference is already recorded, ignoring it {{(pid=102125) configure /opt/stack/glance/glance/image_cache/drivers/centralized_db.py:71}}
Jun 17 09:48:52.552494 np0000003029 devstack@g-api.service[102125]: INFO glance.image_cache [None req-ad0cd221-1710-4d4c-bc1d-ecde9772009d None None] Image cache loaded driver 'centralized_db'.
Jun 17 09:48:52.554757 np0000003029 devstack@g-api.service[102127]: INFO glance.api.middleware.cache_manage [None req-091c7629-c897-425a-b868-a94105a7f8f5 None None] Initialized image cache management middleware
Jun 17 09:48:52.554890 np0000003029 devstack@g-api.service[102127]: INFO glance.image_cache [None req-091c7629-c897-425a-b868-a94105a7f8f5 None None] Image cache loaded driver 'centralized_db'.
Jun 17 09:48:52.559726 np0000003029 devstack@g-api.service[102125]: DEBUG glance.image_cache.drivers.centralized_db [None req-ad0cd221-1710-4d4c-bc1d-ecde9772009d None None] Node reference is already recorded, ignoring it {{(pid=102125) configure /opt/stack/glance/glance/image_cache/drivers/centralized_db.py:71}}
Jun 17 09:48:52.561565 np0000003029 devstack@g-api.service[102127]: DEBUG glance.image_cache.drivers.centralized_db [None req-091c7629-c897-425a-b868-a94105a7f8f5 None None] Node reference is already recorded, ignoring it {{(pid=102127) configure /opt/stack/glance/glance/image_cache/drivers/centralized_db.py:71}}
Jun 17 09:48:52.564640 np0000003029 devstack@g-api.service[102125]: DEBUG glance.api.v2.cached_images [None req-ad0cd221-1710-4d4c-bc1d-ecde9772009d None None] Started cache worker thread {{(pid=102125) __init__ /opt/stack/glance/glance/api/v2/cached_images.py:69}}
Jun 17 09:48:52.565179 np0000003029 devstack@g-api.service[102125]: INFO glance.image_cache [None req-ad0cd221-1710-4d4c-bc1d-ecde9772009d None None] Image cache loaded driver 'centralized_db'.
Jun 17 09:48:52.566484 np0000003029 devstack@g-api.service[102127]: INFO glance.api.middleware.cache [None req-091c7629-c897-425a-b868-a94105a7f8f5 None None] Initialized image cache middleware
Jun 17 09:48:52.570649 np0000003029 devstack@g-api.service[102126]: INFO glance.api.middleware.cache_manage [None req-4bf7700d-b004-4641-9d64-c06337c608a7 None None] Initialized image cache management middleware
Jun 17 09:48:52.570821 np0000003029 devstack@g-api.service[102126]: INFO glance.image_cache [None req-4bf7700d-b004-4641-9d64-c06337c608a7 None None] Image cache loaded driver 'centralized_db'.
Jun 17 09:48:52.579447 np0000003029 devstack@g-api.service[102126]: DEBUG glance.image_cache.drivers.centralized_db [None req-4bf7700d-b004-4641-9d64-c06337c608a7 None None] Node reference is already recorded, ignoring it {{(pid=102126) configure /opt/stack/glance/glance/image_cache/drivers/centralized_db.py:71}}
Jun 17 09:48:52.580230 np0000003029 devstack@g-api.service[102127]: DEBUG glance.common.config [None req-091c7629-c897-425a-b868-a94105a7f8f5 None None] ******************************************************************************** {{(pid=102127) log_opt_values /opt/stack/data/venv/lib/python3.12/site-packages/oslo_config/cfg.py:3226}}
Jun 17 09:48:52.580330 np0000003029 devstack@g-api.service[102127]: DEBUG glance.common.config [None req-091c7629-c897-425a-b868-a94105a7f8f5 None None] Configuration options gathered from: {{(pid=102127) log_opt_values /opt/stack/data/venv/lib/python3.12/site-packages/oslo_config/cfg.py:3227}}
Jun 17 09:48:52.580710 np0000003029 devstack@g-api.service[102127]: DEBUG glance.common.config [None req-091c7629-c897-425a-b868-a94105a7f8f5 None None] command line args: [] {{(pid=102127) log_opt_values /opt/stack/data/venv/lib/python3.12/site-packages/oslo_config/cfg.py:3228}}
Jun 17 09:48:52.580854 np0000003029 devstack@g-api.service[102127]: DEBUG glance.common.config [None req-091c7629-c897-425a-b868-a94105a7f8f5 None None] config files: ['/etc/glance/glance-image-import.conf', '/etc/glance/glance-api.conf'] {{(pid=102127) log_opt_values /opt/stack/data/venv/lib/python3.12/site-packages/oslo_config/cfg.py:3229}}
Jun 17 09:48:52.580942 np0000003029 devstack@g-api.service[102127]: DEBUG glance.common.config [None req-091c7629-c897-425a-b868-a94105a7f8f5 None None] ================================================================================ {{(pid=102127) log_opt_values /opt/stack/data/venv/lib/python3.12/site-packages/oslo_config/cfg.py:3234}}
Jun 17 09:48:52.581085 np0000003029 devstack@g-api.service[102127]: DEBUG glance.common.config [None req-091c7629-c897-425a-b868-a94105a7f8f5 None None] allow_anonymous_access = False {{(pid=102127) log_opt_values /opt/stack/data/venv/lib/python3.12/site-packages/oslo_config/cfg.py:3242}}
Jun 17 09:48:52.581207 np0000003029 devstack@g-api.service[102127]: DEBUG glance.common.config [None req-091c7629-c897-425a-b868-a94105a7f8f5 None None] api_limit_max = 1000 {{(pid=102127) log_opt_values /opt/stack/data/venv/lib/python3.12/site-packages/oslo_config/cfg.py:3242}}
Jun 17 09:48:52.581321 np0000003029 devstack@g-api.service[102127]: DEBUG glance.common.config [None req-091c7629-c897-425a-b868-a94105a7f8f5 None None] backlog = 4096 {{(pid=102127) log_opt_values /opt/stack/data/venv/lib/python3.12/site-packages/oslo_config/cfg.py:3242}}
Jun 17 09:48:52.581464 np0000003029 devstack@g-api.service[102127]: DEBUG glance.common.config [None req-091c7629-c897-425a-b868-a94105a7f8f5 None None] bind_host = 0.0.0.0 {{(pid=102127) log_opt_values /opt/stack/data/venv/lib/python3.12/site-packages/oslo_config/cfg.py:3242}}
Jun 17 09:48:52.581618 np0000003029 devstack@g-api.service[102127]: DEBUG glance.common.config [None req-091c7629-c897-425a-b868-a94105a7f8f5 None None] bind_port = 19292 {{(pid=102127) log_opt_values /opt/stack/data/venv/lib/python3.12/site-packages/oslo_config/cfg.py:3242}}
Jun 17 09:48:52.581743 np0000003029 devstack@g-api.service[102127]: DEBUG glance.common.config [None req-091c7629-c897-425a-b868-a94105a7f8f5 None None] client_socket_timeout = 900 {{(pid=102127) log_opt_values /opt/stack/data/venv/lib/python3.12/site-packages/oslo_config/cfg.py:3242}}
Jun 17 09:48:52.581859 np0000003029 devstack@g-api.service[102127]: DEBUG glance.common.config [None req-091c7629-c897-425a-b868-a94105a7f8f5 None None] config_dir = [] {{(pid=102127) log_opt_values /opt/stack/data/venv/lib/python3.12/site-packages/oslo_config/cfg.py:3242}}
Jun 17 09:48:52.581968 np0000003029 devstack@g-api.service[102127]: DEBUG glance.common.config [None req-091c7629-c897-425a-b868-a94105a7f8f5 None None] config_file = ['/etc/glance/glance-image-import.conf', '/etc/glance/glance-api.conf'] {{(pid=102127) log_opt_values /opt/stack/data/venv/lib/python3.12/site-packages/oslo_config/cfg.py:3242}}
Jun 17 09:48:52.582093 np0000003029 devstack@g-api.service[102127]: DEBUG glance.common.config [None req-091c7629-c897-425a-b868-a94105a7f8f5 None None] config_source = [] {{(pid=102127) log_opt_values /opt/stack/data/venv/lib/python3.12/site-packages/oslo_config/cfg.py:3242}}
Jun 17 09:48:52.582215 np0000003029 devstack@g-api.service[102127]: DEBUG glance.common.config [None req-091c7629-c897-425a-b868-a94105a7f8f5 None None] control_exchange = glance {{(pid=102127) log_opt_values /opt/stack/data/venv/lib/python3.12/site-packages/oslo_config/cfg.py:3242}}
Jun 17 09:48:52.582302 np0000003029 devstack@g-api.service[102127]: DEBUG glance.common.config [None req-091c7629-c897-425a-b868-a94105a7f8f5 None None] debug = True {{(pid=102127) log_opt_values /opt/stack/data/venv/lib/python3.12/site-packages/oslo_config/cfg.py:3242}}
Jun 17 09:48:52.582534 np0000003029 devstack@g-api.service[102127]: DEBUG glance.common.config [None req-091c7629-c897-425a-b868-a94105a7f8f5 None None] default_log_levels = ['amqp=WARN', 'boto=WARN', 'sqlalchemy=WARN', 'suds=INFO', 'oslo.messaging=INFO', 'oslo_messaging=INFO', 'iso8601=WARN', 'requests.packages.urllib3.connectionpool=WARN', 'urllib3.connectionpool=WARN', 'websocket=WARN', 'requests.packages.urllib3.util.retry=WARN', 'urllib3.util.retry=WARN', 'keystonemiddleware=WARN', 'routes.middleware=WARN', 'stevedore=WARN', 'taskflow=WARN', 'keystoneauth=WARN', 'oslo.cache=INFO', 'oslo_policy=INFO', 'dogpile.core.dogpile=INFO'] {{(pid=102127) log_opt_values /opt/stack/data/venv/lib/python3.12/site-packages/oslo_config/cfg.py:3242}}
Jun 17 09:48:52.582663 np0000003029 devstack@g-api.service[102127]: DEBUG glance.common.config [None req-091c7629-c897-425a-b868-a94105a7f8f5 None None] default_publisher_id = image.localhost {{(pid=102127) log_opt_values /opt/stack/data/venv/lib/python3.12/site-packages/oslo_config/cfg.py:3242}}
Jun 17 09:48:52.582779 np0000003029 devstack@g-api.service[102127]: DEBUG glance.common.config [None req-091c7629-c897-425a-b868-a94105a7f8f5 None None] delayed_delete = False {{(pid=102127) log_opt_values /opt/stack/data/venv/lib/python3.12/site-packages/oslo_config/cfg.py:3242}}
Jun 17 09:48:52.582894 np0000003029 devstack@g-api.service[102127]: DEBUG glance.common.config [None req-091c7629-c897-425a-b868-a94105a7f8f5 None None] digest_algorithm = sha256 {{(pid=102127) log_opt_values /opt/stack/data/venv/lib/python3.12/site-packages/oslo_config/cfg.py:3242}}
Jun 17 09:48:52.583007 np0000003029 devstack@g-api.service[102127]: DEBUG glance.common.config [None req-091c7629-c897-425a-b868-a94105a7f8f5 None None] disabled_notifications = [] {{(pid=102127) log_opt_values /opt/stack/data/venv/lib/python3.12/site-packages/oslo_config/cfg.py:3242}}
Jun 17 09:48:52.583125 np0000003029 devstack@g-api.service[102127]: DEBUG glance.common.config [None req-091c7629-c897-425a-b868-a94105a7f8f5 None None] do_secure_hash = True {{(pid=102127) log_opt_values /opt/stack/data/venv/lib/python3.12/site-packages/oslo_config/cfg.py:3242}}
Jun 17 09:48:52.583233 np0000003029 devstack@g-api.service[102127]: DEBUG glance.common.config [None req-091c7629-c897-425a-b868-a94105a7f8f5 None None] enabled_backends = None {{(pid=102127) log_opt_values /opt/stack/data/venv/lib/python3.12/site-packages/oslo_config/cfg.py:3242}}
Jun 17 09:48:52.583368 np0000003029 devstack@g-api.service[102127]: DEBUG glance.common.config [None req-091c7629-c897-425a-b868-a94105a7f8f5 None None] enabled_import_methods = ['glance-direct', 'web-download', 'copy-image'] {{(pid=102127) log_opt_values /opt/stack/data/venv/lib/python3.12/site-packages/oslo_config/cfg.py:3242}}
Jun 17 09:48:52.583499 np0000003029 devstack@g-api.service[102127]: DEBUG glance.common.config [None req-091c7629-c897-425a-b868-a94105a7f8f5 None None] fatal_deprecations = False {{(pid=102127) log_opt_values /opt/stack/data/venv/lib/python3.12/site-packages/oslo_config/cfg.py:3242}}
Jun 17 09:48:52.583619 np0000003029 devstack@g-api.service[102127]: DEBUG glance.common.config [None req-091c7629-c897-425a-b868-a94105a7f8f5 None None] hashing_algorithm = sha512 {{(pid=102127) log_opt_values /opt/stack/data/venv/lib/python3.12/site-packages/oslo_config/cfg.py:3242}}
Jun 17 09:48:52.583744 np0000003029 devstack@g-api.service[102127]: DEBUG glance.common.config [None req-091c7629-c897-425a-b868-a94105a7f8f5 None None] http_keepalive = True {{(pid=102127) log_opt_values /opt/stack/data/venv/lib/python3.12/site-packages/oslo_config/cfg.py:3242}}
Jun 17 09:48:52.583853 np0000003029 devstack@g-api.service[102127]: DEBUG glance.common.config [None req-091c7629-c897-425a-b868-a94105a7f8f5 None None] http_retries = 3 {{(pid=102127) log_opt_values /opt/stack/data/venv/lib/python3.12/site-packages/oslo_config/cfg.py:3242}}
Jun 17 09:48:52.583966 np0000003029 devstack@g-api.service[102127]: DEBUG glance.common.config [None req-091c7629-c897-425a-b868-a94105a7f8f5 None None] image_cache_dir = /opt/stack/data/glance/cache/ {{(pid=102127) log_opt_values /opt/stack/data/venv/lib/python3.12/site-packages/oslo_config/cfg.py:3242}}
Jun 17 09:48:52.584088 np0000003029 devstack@g-api.service[102127]: DEBUG glance.common.config [None req-091c7629-c897-425a-b868-a94105a7f8f5 None None] image_cache_driver = centralized_db {{(pid=102127) log_opt_values /opt/stack/data/venv/lib/python3.12/site-packages/oslo_config/cfg.py:3242}}
Jun 17 09:48:52.584200 np0000003029 devstack@g-api.service[102127]: DEBUG glance.common.config [None req-091c7629-c897-425a-b868-a94105a7f8f5 None None] image_cache_max_size = 10737418240 {{(pid=102127) log_opt_values /opt/stack/data/venv/lib/python3.12/site-packages/oslo_config/cfg.py:3242}}
Jun 17 09:48:52.584315 np0000003029 devstack@g-api.service[102127]: DEBUG glance.common.config [None req-091c7629-c897-425a-b868-a94105a7f8f5 None None] image_cache_sqlite_db = cache.db {{(pid=102127) log_opt_values /opt/stack/data/venv/lib/python3.12/site-packages/oslo_config/cfg.py:3242}}
Jun 17 09:48:52.584429 np0000003029 devstack@g-api.service[102127]: DEBUG glance.common.config [None req-091c7629-c897-425a-b868-a94105a7f8f5 None None] image_cache_stall_time = 86400 {{(pid=102127) log_opt_values /opt/stack/data/venv/lib/python3.12/site-packages/oslo_config/cfg.py:3242}}
Jun 17 09:48:52.584555 np0000003029 devstack@g-api.service[102127]: DEBUG glance.common.config [None req-091c7629-c897-425a-b868-a94105a7f8f5 None None] image_location_quota = 10 {{(pid=102127) log_opt_values /opt/stack/data/venv/lib/python3.12/site-packages/oslo_config/cfg.py:3242}}
Jun 17 09:48:52.584677 np0000003029 devstack@g-api.service[102127]: DEBUG glance.common.config [None req-091c7629-c897-425a-b868-a94105a7f8f5 None None] image_member_quota = 128 {{(pid=102127) log_opt_values /opt/stack/data/venv/lib/python3.12/site-packages/oslo_config/cfg.py:3242}}
Jun 17 09:48:52.584740 np0000003029 devstack@g-api.service[102126]: INFO glance.api.middleware.cache [None req-4bf7700d-b004-4641-9d64-c06337c608a7 None None] Initialized image cache middleware
Jun 17 09:48:52.584787 np0000003029 devstack@g-api.service[102127]: DEBUG glance.common.config [None req-091c7629-c897-425a-b868-a94105a7f8f5 None None] image_property_quota = 128 {{(pid=102127) log_opt_values /opt/stack/data/venv/lib/python3.12/site-packages/oslo_config/cfg.py:3242}}
Jun 17 09:48:52.584895 np0000003029 devstack@g-api.service[102127]: DEBUG glance.common.config [None req-091c7629-c897-425a-b868-a94105a7f8f5 None None] image_size_cap = 1099511627776 {{(pid=102127) log_opt_values /opt/stack/data/venv/lib/python3.12/site-packages/oslo_config/cfg.py:3242}}
Jun 17 09:48:52.585011 np0000003029 devstack@g-api.service[102127]: DEBUG glance.common.config [None req-091c7629-c897-425a-b868-a94105a7f8f5 None None] image_tag_quota = 128 {{(pid=102127) log_opt_values /opt/stack/data/venv/lib/python3.12/site-packages/oslo_config/cfg.py:3242}}
Jun 17 09:48:52.585127 np0000003029 devstack@g-api.service[102127]: DEBUG glance.common.config [None req-091c7629-c897-425a-b868-a94105a7f8f5 None None] instance_format = [instance: %(uuid)s] {{(pid=102127) log_opt_values /opt/stack/data/venv/lib/python3.12/site-packages/oslo_config/cfg.py:3242}}
Jun 17 09:48:52.585241 np0000003029 devstack@g-api.service[102127]: DEBUG glance.common.config [None req-091c7629-c897-425a-b868-a94105a7f8f5 None None] instance_uuid_format = [instance: %(uuid)s] {{(pid=102127) log_opt_values /opt/stack/data/venv/lib/python3.12/site-packages/oslo_config/cfg.py:3242}}
Jun 17 09:48:52.585348 np0000003029 devstack@g-api.service[102127]: DEBUG glance.common.config [None req-091c7629-c897-425a-b868-a94105a7f8f5 None None] limit_param_default = 25 {{(pid=102127) log_opt_values /opt/stack/data/venv/lib/python3.12/site-packages/oslo_config/cfg.py:3242}}
Jun 17 09:48:52.585466 np0000003029 devstack@g-api.service[102127]: DEBUG glance.common.config [None req-091c7629-c897-425a-b868-a94105a7f8f5 None None] log_color = False {{(pid=102127) log_opt_values /opt/stack/data/venv/lib/python3.12/site-packages/oslo_config/cfg.py:3242}}
Jun 17 09:48:52.585601 np0000003029 devstack@g-api.service[102127]: DEBUG glance.common.config [None req-091c7629-c897-425a-b868-a94105a7f8f5 None None] log_config_append = None {{(pid=102127) log_opt_values /opt/stack/data/venv/lib/python3.12/site-packages/oslo_config/cfg.py:3242}}
Jun 17 09:48:52.585729 np0000003029 devstack@g-api.service[102127]: DEBUG glance.common.config [None req-091c7629-c897-425a-b868-a94105a7f8f5 None None] log_date_format = %Y-%m-%d %H:%M:%S {{(pid=102127) log_opt_values /opt/stack/data/venv/lib/python3.12/site-packages/oslo_config/cfg.py:3242}}
Jun 17 09:48:52.585842 np0000003029 devstack@g-api.service[102127]: DEBUG glance.common.config [None req-091c7629-c897-425a-b868-a94105a7f8f5 None None] log_dir = None {{(pid=102127) log_opt_values /opt/stack/data/venv/lib/python3.12/site-packages/oslo_config/cfg.py:3242}}
Jun 17 09:48:52.585971 np0000003029 devstack@g-api.service[102127]: DEBUG glance.common.config [None req-091c7629-c897-425a-b868-a94105a7f8f5 None None] log_file = None {{(pid=102127) log_opt_values /opt/stack/data/venv/lib/python3.12/site-packages/oslo_config/cfg.py:3242}}
Jun 17 09:48:52.586087 np0000003029 devstack@g-api.service[102127]: DEBUG glance.common.config [None req-091c7629-c897-425a-b868-a94105a7f8f5 None None] log_rotate_interval = 1 {{(pid=102127) log_opt_values /opt/stack/data/venv/lib/python3.12/site-packages/oslo_config/cfg.py:3242}}
Jun 17 09:48:52.586206 np0000003029 devstack@g-api.service[102127]: DEBUG glance.common.config [None req-091c7629-c897-425a-b868-a94105a7f8f5 None None] log_rotate_interval_type = days {{(pid=102127) log_opt_values /opt/stack/data/venv/lib/python3.12/site-packages/oslo_config/cfg.py:3242}}
Jun 17 09:48:52.586322 np0000003029 devstack@g-api.service[102127]: DEBUG glance.common.config [None req-091c7629-c897-425a-b868-a94105a7f8f5 None None] log_rotation_type = none {{(pid=102127) log_opt_values /opt/stack/data/venv/lib/python3.12/site-packages/oslo_config/cfg.py:3242}}
Jun 17 09:48:52.586410 np0000003029 devstack@g-api.service[102127]: DEBUG glance.common.config [None req-091c7629-c897-425a-b868-a94105a7f8f5 None None] logging_context_format_string = %(color)s%(levelname)s %(name)s [%(global_request_id)s %(request_id)s %(project_name)s %(user_name)s%(color)s] %(instance)s%(color)s%(message)s {{(pid=102127) log_opt_values /opt/stack/data/venv/lib/python3.12/site-packages/oslo_config/cfg.py:3242}}
Jun 17 09:48:52.586512 np0000003029 devstack@g-api.service[102127]: DEBUG glance.common.config [None req-091c7629-c897-425a-b868-a94105a7f8f5 None None] logging_debug_format_suffix = {{(pid=%(process)d) %(funcName)s %(pathname)s:%(lineno)d}} {{(pid=102127) log_opt_values /opt/stack/data/venv/lib/python3.12/site-packages/oslo_config/cfg.py:3242}}
Jun 17 09:48:52.586640 np0000003029 devstack@g-api.service[102127]: DEBUG glance.common.config [None req-091c7629-c897-425a-b868-a94105a7f8f5 None None] logging_default_format_string = %(color)s%(levelname)s %(name)s [-%(color)s] %(instance)s%(color)s%(message)s {{(pid=102127) log_opt_values /opt/stack/data/venv/lib/python3.12/site-packages/oslo_config/cfg.py:3242}}
Jun 17 09:48:52.586760 np0000003029 devstack@g-api.service[102127]: DEBUG glance.common.config [None req-091c7629-c897-425a-b868-a94105a7f8f5 None None] logging_exception_prefix = ERROR %(name)s %(instance)s {{(pid=102127) log_opt_values /opt/stack/data/venv/lib/python3.12/site-packages/oslo_config/cfg.py:3242}}
Jun 17 09:48:52.586842 np0000003029 devstack@g-api.service[102127]: DEBUG glance.common.config [None req-091c7629-c897-425a-b868-a94105a7f8f5 None None] logging_user_identity_format = %(user)s %(project)s %(domain)s %(system_scope)s %(user_domain)s %(project_domain)s {{(pid=102127) log_opt_values /opt/stack/data/venv/lib/python3.12/site-packages/oslo_config/cfg.py:3242}}
Jun 17 09:48:52.586952 np0000003029 devstack@g-api.service[102127]: DEBUG glance.common.config [None req-091c7629-c897-425a-b868-a94105a7f8f5 None None] max_header_line = 16384 {{(pid=102127) log_opt_values /opt/stack/data/venv/lib/python3.12/site-packages/oslo_config/cfg.py:3242}}
Jun 17 09:48:52.587065 np0000003029 devstack@g-api.service[102127]: DEBUG glance.common.config [None req-091c7629-c897-425a-b868-a94105a7f8f5 None None] max_logfile_count = 30 {{(pid=102127) log_opt_values /opt/stack/data/venv/lib/python3.12/site-packages/oslo_config/cfg.py:3242}}
Jun 17 09:48:52.587174 np0000003029 devstack@g-api.service[102127]: DEBUG glance.common.config [None req-091c7629-c897-425a-b868-a94105a7f8f5 None None] max_logfile_size_mb = 200 {{(pid=102127) log_opt_values /opt/stack/data/venv/lib/python3.12/site-packages/oslo_config/cfg.py:3242}}
Jun 17 09:48:52.587280 np0000003029 devstack@g-api.service[102127]: DEBUG glance.common.config [None req-091c7629-c897-425a-b868-a94105a7f8f5 None None] max_request_id_length = 64 {{(pid=102127) log_opt_values /opt/stack/data/venv/lib/python3.12/site-packages/oslo_config/cfg.py:3242}}
Jun 17 09:48:52.587385 np0000003029 devstack@g-api.service[102127]: DEBUG glance.common.config [None req-091c7629-c897-425a-b868-a94105a7f8f5 None None] metadata_encryption_key = **** {{(pid=102127) log_opt_values /opt/stack/data/venv/lib/python3.12/site-packages/oslo_config/cfg.py:3242}}
Jun 17 09:48:52.587518 np0000003029 devstack@g-api.service[102127]: DEBUG glance.common.config [None req-091c7629-c897-425a-b868-a94105a7f8f5 None None] node_staging_uri = file:///tmp/staging/ {{(pid=102127) log_opt_values /opt/stack/data/venv/lib/python3.12/site-packages/oslo_config/cfg.py:3242}}
Jun 17 09:48:52.587626 np0000003029 devstack@g-api.service[102127]: DEBUG glance.common.config [None req-091c7629-c897-425a-b868-a94105a7f8f5 None None] property_protection_file = None {{(pid=102127) log_opt_values /opt/stack/data/venv/lib/python3.12/site-packages/oslo_config/cfg.py:3242}}
Jun 17 09:48:52.587756 np0000003029 devstack@g-api.service[102127]: DEBUG glance.common.config [None req-091c7629-c897-425a-b868-a94105a7f8f5 None None] property_protection_rule_format = roles {{(pid=102127) log_opt_values /opt/stack/data/venv/lib/python3.12/site-packages/oslo_config/cfg.py:3242}}
Jun 17 09:48:52.587872 np0000003029 devstack@g-api.service[102127]: DEBUG glance.common.config [None req-091c7629-c897-425a-b868-a94105a7f8f5 None None] public_endpoint = https://10.4.3.59/image {{(pid=102127) log_opt_values /opt/stack/data/venv/lib/python3.12/site-packages/oslo_config/cfg.py:3242}}
Jun 17 09:48:52.587981 np0000003029 devstack@g-api.service[102127]: DEBUG glance.common.config [None req-091c7629-c897-425a-b868-a94105a7f8f5 None None] publish_errors = False {{(pid=102127) log_opt_values /opt/stack/data/venv/lib/python3.12/site-packages/oslo_config/cfg.py:3242}}
Jun 17 09:48:52.588093 np0000003029 devstack@g-api.service[102127]: DEBUG glance.common.config [None req-091c7629-c897-425a-b868-a94105a7f8f5 None None] pydev_worker_debug_host = None {{(pid=102127) log_opt_values /opt/stack/data/venv/lib/python3.12/site-packages/oslo_config/cfg.py:3242}}
Jun 17 09:48:52.588207 np0000003029 devstack@g-api.service[102127]: DEBUG glance.common.config [None req-091c7629-c897-425a-b868-a94105a7f8f5 None None] pydev_worker_debug_port = 5678 {{(pid=102127) log_opt_values /opt/stack/data/venv/lib/python3.12/site-packages/oslo_config/cfg.py:3242}}
Jun 17 09:48:52.588315 np0000003029 devstack@g-api.service[102127]: DEBUG glance.common.config [None req-091c7629-c897-425a-b868-a94105a7f8f5 None None] rate_limit_burst = 0 {{(pid=102127) log_opt_values /opt/stack/data/venv/lib/python3.12/site-packages/oslo_config/cfg.py:3242}}
Jun 17 09:48:52.588434 np0000003029 devstack@g-api.service[102127]: DEBUG glance.common.config [None req-091c7629-c897-425a-b868-a94105a7f8f5 None None] rate_limit_except_level = CRITICAL {{(pid=102127) log_opt_values /opt/stack/data/venv/lib/python3.12/site-packages/oslo_config/cfg.py:3242}}
Jun 17 09:48:52.588557 np0000003029 devstack@g-api.service[102127]: DEBUG glance.common.config [None req-091c7629-c897-425a-b868-a94105a7f8f5 None None] rate_limit_interval = 0 {{(pid=102127) log_opt_values /opt/stack/data/venv/lib/python3.12/site-packages/oslo_config/cfg.py:3242}}
Jun 17 09:48:52.588680 np0000003029 devstack@g-api.service[102127]: DEBUG glance.common.config [None req-091c7629-c897-425a-b868-a94105a7f8f5 None None] scrub_pool_size = 1 {{(pid=102127) log_opt_values /opt/stack/data/venv/lib/python3.12/site-packages/oslo_config/cfg.py:3242}}
Jun 17 09:48:52.588787 np0000003029 devstack@g-api.service[102127]: DEBUG glance.common.config [None req-091c7629-c897-425a-b868-a94105a7f8f5 None None] scrub_time = 0 {{(pid=102127) log_opt_values /opt/stack/data/venv/lib/python3.12/site-packages/oslo_config/cfg.py:3242}}
Jun 17 09:48:52.588894 np0000003029 devstack@g-api.service[102127]: DEBUG glance.common.config [None req-091c7629-c897-425a-b868-a94105a7f8f5 None None] shell_completion = None {{(pid=102127) log_opt_values /opt/stack/data/venv/lib/python3.12/site-packages/oslo_config/cfg.py:3242}}
Jun 17 09:48:52.589013 np0000003029 devstack@g-api.service[102127]: DEBUG glance.common.config [None req-091c7629-c897-425a-b868-a94105a7f8f5 None None] show_image_direct_url = False {{(pid=102127) log_opt_values /opt/stack/data/venv/lib/python3.12/site-packages/oslo_config/cfg.py:3242}}
Jun 17 09:48:52.589478 np0000003029 devstack@g-api.service[102127]: WARNING oslo_config.cfg [None req-091c7629-c897-425a-b868-a94105a7f8f5 None None] Deprecated: Option "show_multiple_locations" from group "DEFAULT" is deprecated for removal (Use of this option, deprecated since Newton, is a security risk and will be removed once we figure out a way to satisfy those use cases that currently require it. An earlier announcement that the same functionality can be achieved with greater granularity by using policies is incorrect. You cannot work around this option via policy configuration at the present time, though that is the direction we believe the fix will take. Please keep an eye on the Glance release notes to stay up to date on progress in addressing this issue.). Its value may be silently ignored in the future.
Jun 17 09:48:52.589665 np0000003029 devstack@g-api.service[102127]: DEBUG glance.common.config [None req-091c7629-c897-425a-b868-a94105a7f8f5 None None] show_multiple_locations = False {{(pid=102127) log_opt_values /opt/stack/data/venv/lib/python3.12/site-packages/oslo_config/cfg.py:3242}}
Jun 17 09:48:52.589766 np0000003029 devstack@g-api.service[102127]: DEBUG glance.common.config [None req-091c7629-c897-425a-b868-a94105a7f8f5 None None] syslog_log_facility = LOG_USER {{(pid=102127) log_opt_values /opt/stack/data/venv/lib/python3.12/site-packages/oslo_config/cfg.py:3242}}
Jun 17 09:48:52.589916 np0000003029 devstack@g-api.service[102127]: DEBUG glance.common.config [None req-091c7629-c897-425a-b868-a94105a7f8f5 None None] tcp_keepidle = 600 {{(pid=102127) log_opt_values /opt/stack/data/venv/lib/python3.12/site-packages/oslo_config/cfg.py:3242}}
Jun 17 09:48:52.590029 np0000003029 devstack@g-api.service[102127]: DEBUG glance.common.config [None req-091c7629-c897-425a-b868-a94105a7f8f5 None None] transport_url = **** {{(pid=102127) log_opt_values /opt/stack/data/venv/lib/python3.12/site-packages/oslo_config/cfg.py:3242}}
Jun 17 09:48:52.590150 np0000003029 devstack@g-api.service[102127]: DEBUG glance.common.config [None req-091c7629-c897-425a-b868-a94105a7f8f5 None None] use_journal = False {{(pid=102127) log_opt_values /opt/stack/data/venv/lib/python3.12/site-packages/oslo_config/cfg.py:3242}}
Jun 17 09:48:52.590256 np0000003029 devstack@g-api.service[102127]: DEBUG glance.common.config [None req-091c7629-c897-425a-b868-a94105a7f8f5 None None] use_json = False {{(pid=102127) log_opt_values /opt/stack/data/venv/lib/python3.12/site-packages/oslo_config/cfg.py:3242}}
Jun 17 09:48:52.590373 np0000003029 devstack@g-api.service[102127]: DEBUG glance.common.config [None req-091c7629-c897-425a-b868-a94105a7f8f5 None None] use_keystone_limits = True {{(pid=102127) log_opt_values /opt/stack/data/venv/lib/python3.12/site-packages/oslo_config/cfg.py:3242}}
Jun 17 09:48:52.590499 np0000003029 devstack@g-api.service[102127]: DEBUG glance.common.config [None req-091c7629-c897-425a-b868-a94105a7f8f5 None None] use_stderr = False {{(pid=102127) log_opt_values /opt/stack/data/venv/lib/python3.12/site-packages/oslo_config/cfg.py:3242}}
Jun 17 09:48:52.590618 np0000003029 devstack@g-api.service[102127]: DEBUG glance.common.config [None req-091c7629-c897-425a-b868-a94105a7f8f5 None None] use_syslog = False {{(pid=102127) log_opt_values /opt/stack/data/venv/lib/python3.12/site-packages/oslo_config/cfg.py:3242}}
Jun 17 09:48:52.590746 np0000003029 devstack@g-api.service[102127]: DEBUG glance.common.config [None req-091c7629-c897-425a-b868-a94105a7f8f5 None None] user_storage_quota = 0 {{(pid=102127) log_opt_values /opt/stack/data/venv/lib/python3.12/site-packages/oslo_config/cfg.py:3242}}
Jun 17 09:48:52.590863 np0000003029 devstack@g-api.service[102127]: DEBUG glance.common.config [None req-091c7629-c897-425a-b868-a94105a7f8f5 None None] worker_self_reference_url = http://127.0.0.1:60999 {{(pid=102127) log_opt_values /opt/stack/data/venv/lib/python3.12/site-packages/oslo_config/cfg.py:3242}}
Jun 17 09:48:52.590969 np0000003029 devstack@g-api.service[102127]: DEBUG glance.common.config [None req-091c7629-c897-425a-b868-a94105a7f8f5 None None] workers = None {{(pid=102127) log_opt_values /opt/stack/data/venv/lib/python3.12/site-packages/oslo_config/cfg.py:3242}}
Jun 17 09:48:52.591114 np0000003029 devstack@g-api.service[102127]: DEBUG glance.common.config [None req-091c7629-c897-425a-b868-a94105a7f8f5 None None] oslo_concurrency.disable_process_locking = False {{(pid=102127) log_opt_values /opt/stack/data/venv/lib/python3.12/site-packages/oslo_config/cfg.py:3253}}
Jun 17 09:48:52.591234 np0000003029 devstack@g-api.service[102127]: DEBUG glance.common.config [None req-091c7629-c897-425a-b868-a94105a7f8f5 None None] oslo_concurrency.lock_path = /opt/stack/data/glance/locks {{(pid=102127) log_opt_values /opt/stack/data/venv/lib/python3.12/site-packages/oslo_config/cfg.py:3253}}
Jun 17 09:48:52.591355 np0000003029 devstack@g-api.service[102127]: DEBUG glance.common.config [None req-091c7629-c897-425a-b868-a94105a7f8f5 None None] oslo_middleware.enable_proxy_headers_parsing = False {{(pid=102127) log_opt_values /opt/stack/data/venv/lib/python3.12/site-packages/oslo_config/cfg.py:3253}}
Jun 17 09:48:52.591480 np0000003029 devstack@g-api.service[102127]: DEBUG glance.common.config [None req-091c7629-c897-425a-b868-a94105a7f8f5 None None] oslo_middleware.http_basic_auth_user_file = /etc/htpasswd {{(pid=102127) log_opt_values /opt/stack/data/venv/lib/python3.12/site-packages/oslo_config/cfg.py:3253}}
Jun 17 09:48:52.591609 np0000003029 devstack@g-api.service[102127]: DEBUG glance.common.config [None req-091c7629-c897-425a-b868-a94105a7f8f5 None None] paste_deploy.config_file = None {{(pid=102127) log_opt_values /opt/stack/data/venv/lib/python3.12/site-packages/oslo_config/cfg.py:3253}}
Jun 17 09:48:52.591744 np0000003029 devstack@g-api.service[102127]: DEBUG glance.common.config [None req-091c7629-c897-425a-b868-a94105a7f8f5 None None] paste_deploy.flavor = keystone+cachemanagement {{(pid=102127) log_opt_values /opt/stack/data/venv/lib/python3.12/site-packages/oslo_config/cfg.py:3253}}
Jun 17 09:48:52.591919 np0000003029 devstack@g-api.service[102127]: DEBUG glance.common.config [None req-091c7629-c897-425a-b868-a94105a7f8f5 None None] image_format.container_formats = ['ami', 'ari', 'aki', 'bare', 'ovf', 'ova', 'docker', 'compressed'] {{(pid=102127) log_opt_values /opt/stack/data/venv/lib/python3.12/site-packages/oslo_config/cfg.py:3253}}
Jun 17 09:48:52.592086 np0000003029 devstack@g-api.service[102127]: DEBUG glance.common.config [None req-091c7629-c897-425a-b868-a94105a7f8f5 None None] image_format.disk_formats = ['ami', 'ari', 'aki', 'vhd', 'vhdx', 'vmdk', 'raw', 'qcow2', 'vdi', 'iso', 'ploop'] {{(pid=102127) log_opt_values /opt/stack/data/venv/lib/python3.12/site-packages/oslo_config/cfg.py:3253}}
Jun 17 09:48:52.592207 np0000003029 devstack@g-api.service[102127]: DEBUG glance.common.config [None req-091c7629-c897-425a-b868-a94105a7f8f5 None None] image_format.gpt_safety_checks_nonfatal = [] {{(pid=102127) log_opt_values /opt/stack/data/venv/lib/python3.12/site-packages/oslo_config/cfg.py:3253}}
Jun 17 09:48:52.592321 np0000003029 devstack@g-api.service[102127]: DEBUG glance.common.config [None req-091c7629-c897-425a-b868-a94105a7f8f5 None None] image_format.require_image_format_match = True {{(pid=102127) log_opt_values /opt/stack/data/venv/lib/python3.12/site-packages/oslo_config/cfg.py:3253}}
Jun 17 09:48:52.592448 np0000003029 devstack@g-api.service[102127]: DEBUG glance.common.config [None req-091c7629-c897-425a-b868-a94105a7f8f5 None None] image_format.vmdk_allowed_types = ['streamOptimized', 'monolithicSparse'] {{(pid=102127) log_opt_values /opt/stack/data/venv/lib/python3.12/site-packages/oslo_config/cfg.py:3253}}
Jun 17 09:48:52.592591 np0000003029 devstack@g-api.service[102127]: DEBUG glance.common.config [None req-091c7629-c897-425a-b868-a94105a7f8f5 None None] task.task_executor = taskflow {{(pid=102127) log_opt_values /opt/stack/data/venv/lib/python3.12/site-packages/oslo_config/cfg.py:3253}}
Jun 17 09:48:52.592721 np0000003029 devstack@g-api.service[102127]: DEBUG glance.common.config [None req-091c7629-c897-425a-b868-a94105a7f8f5 None None] task.task_time_to_live = 48 {{(pid=102127) log_opt_values /opt/stack/data/venv/lib/python3.12/site-packages/oslo_config/cfg.py:3253}}
Jun 17 09:48:52.592831 np0000003029 devstack@g-api.service[102127]: DEBUG glance.common.config [None req-091c7629-c897-425a-b868-a94105a7f8f5 None None] task.work_dir = None {{(pid=102127) log_opt_values /opt/stack/data/venv/lib/python3.12/site-packages/oslo_config/cfg.py:3253}}
Jun 17 09:48:52.592948 np0000003029 devstack@g-api.service[102127]: DEBUG glance.common.config [None req-091c7629-c897-425a-b868-a94105a7f8f5 None None] wsgi.python_interpreter = /opt/stack/data/venv/bin/python3 {{(pid=102127) log_opt_values /opt/stack/data/venv/lib/python3.12/site-packages/oslo_config/cfg.py:3253}}
Jun 17 09:48:52.593063 np0000003029 devstack@g-api.service[102127]: DEBUG glance.common.config [None req-091c7629-c897-425a-b868-a94105a7f8f5 None None] wsgi.task_pool_threads = 16 {{(pid=102127) log_opt_values /opt/stack/data/venv/lib/python3.12/site-packages/oslo_config/cfg.py:3253}}
Jun 17 09:48:52.593190 np0000003029 devstack@g-api.service[102127]: DEBUG glance.common.config [None req-091c7629-c897-425a-b868-a94105a7f8f5 None None] profiler.connection_string = messaging:// {{(pid=102127) log_opt_values /opt/stack/data/venv/lib/python3.12/site-packages/oslo_config/cfg.py:3253}}
