Jun 17 09:48:00.060143 np0000003029 devstack@neutron-api.service[90028]: DEBUG ovsdbapp.backend.ovs_idl.event [None req-e69ec5b0-e649-4593-809a-2eca6ed414e1 None None] Matched CREATE: ChassisBandwidthConfigEvent(events=('create', 'update'), table='Chassis', conditions=None, old_conditions=None), priority=20 to row=Chassis(uuid=21a35e07-de9e-4533-8cf8-ea727fe1e3ad, encaps=[d0028691-b18a-4a85-a374-4496e899d874], external_ids={}, hostname='np0000003029', name='2501e235-44b0-422b-9828-3bdf77f20f5a', nb_cfg=0, other_config={'ct-commit-nat-v2': 'true', 'ct-commit-to-zone': 'true', 'ct-next-zone': 'true', 'ct-no-masked-label': 'true', 'ct-state-save': 'true', 'datapath-type': 'system', 'fdb-timestamp': 'true', 'iface-types': 'afxdp,afxdp-nonpmd,bareudp,erspan,geneve,gre,gtpu,internal,ip6erspan,ip6gre,lisp,patch,srv6,stt,system,tap,vxlan', 'is-interconn': 'false', 'ls-dpg-column': 'true', 'mac-binding-timestamp': 'true', 'ovn-bridge-mappings': 'public:br-ex', 'ovn-chassis-mac-mappings': '', 'ovn-cms-options': 'enable-chassis-as-gw', 'ovn-ct-lb-related': 'true', 'ovn-enable-lflow-cache': 'true', 'ovn-limit-lflow-cache': '', 'ovn-memlimit-lflow-cache-kb': '', 'ovn-monitor-all': 'false', 'ovn-trim-limit-lflow-cache': '', 'ovn-trim-timeout-ms': '', 'ovn-trim-wmark-perc-lflow-cache': '', 'port-up-notif': 'true'}, transport_zones=[], vtep_logical_switches=[]) old= {{(pid=90028) matches /opt/stack/data/venv/lib/python3.12/site-packages/ovsdbapp/backend/ovs_idl/event.py:55}}
Jun 17 09:48:00.060644 np0000003029 devstack@neutron-api.service[90028]: DEBUG neutron.plugins.ml2.drivers.ovn.mech_driver.ovsdb.ovsdb_monitor [None req-e69ec5b0-e649-4593-809a-2eca6ed414e1 None None] ChassisOVNAgentWriteEvent : Matched Chassis_Private, create, None None {{(pid=90028) matches /opt/stack/neutron/neutron/plugins/ml2/drivers/ovn/mech_driver/ovsdb/ovsdb_monitor.py:64}}
Jun 17 09:48:00.060758 np0000003029 devstack@neutron-api.service[90028]: DEBUG neutron.plugins.ml2.drivers.ovn.mech_driver.ovsdb.ovsdb_monitor [None req-e69ec5b0-e649-4593-809a-2eca6ed414e1 None None] ChassisAgentWriteEvent : Matched Chassis_Private, create, None None {{(pid=90028) matches /opt/stack/neutron/neutron/plugins/ml2/drivers/ovn/mech_driver/ovsdb/ovsdb_monitor.py:64}}
Jun 17 09:48:00.061138 np0000003029 devstack@neutron-api.service[90028]: DEBUG neutron.plugins.ml2.drivers.ovn.mech_driver.ovsdb.ovsdb_monitor [None req-e69ec5b0-e649-4593-809a-2eca6ed414e1 None None] Hash Ring: Node d1d477e0a6435d34932b76bb1330760f (host: np0000003029) handling event "create" for row d0028691-b18a-4a85-a374-4496e899d874 (table: Encap) {{(pid=90028) notify /opt/stack/neutron/neutron/plugins/ml2/drivers/ovn/mech_driver/ovsdb/ovsdb_monitor.py:1015}}
Jun 17 09:48:00.062138 np0000003029 devstack@neutron-api.service[90028]: INFO neutron.plugins.ml2.drivers.ovn.mech_driver.mech_driver [None req-e69ec5b0-e649-4593-809a-2eca6ed414e1 None None] WorkerService process has finished the post initialization
Jun 17 09:48:00.062224 np0000003029 devstack@neutron-api.service[90030]: INFO neutron.plugins.ml2.drivers.ovn.mech_driver.mech_driver [None req-21235e2f-8dd3-43ba-b91e-ddf3f1a59994 None None] WorkerService process has finished the post initialization
Jun 17 09:48:00.062531 np0000003029 devstack@neutron-api.service[90030]: DEBUG oslo_concurrency.processutils [None req-21235e2f-8dd3-43ba-b91e-ddf3f1a59994 None None] Running cmd (subprocess): ovsdb-client transact ssl:10.4.3.59:6641 --timeout 180 -p /opt/stack/data/CA/int-ca/private/devstack-cert.key -c /opt/stack/data/CA/int-ca/devstack-cert.crt -C /opt/stack/data/CA/int-ca/ca-chain.pem ["OVN_Northbound", {"op": "wait", "timeout": 0, "table": "Port_Group", "where": [["name", "==", "pvlan_pg_drop"]], "until": "==", "rows": []}, {"op": "insert", "table": "ACL", "row": {"action": "drop", "direction": "to-lport", "match": "outport == @pvlan_pg_drop && ip", "priority": 1010}, "uuid-name": "pvlandroptoport"}, {"op": "insert", "table": "ACL", "row": {"action": "drop", "direction": "from-lport", "match": "inport == @pvlan_pg_drop && ip", "priority": 1010}, "uuid-name": "pvlandropfromport"}, {"op": "insert", "table": "Port_Group", "row": {"name": "pvlan_pg_drop", "acls": ["set", [["named-uuid", "pvlandroptoport"], ["named-uuid", "pvlandropfromport"]]]}}] {{(pid=90030) execute /opt/stack/data/venv/lib/python3.12/site-packages/oslo_concurrency/processutils.py:440}}
Jun 17 09:48:00.062753 np0000003029 devstack@neutron-api.service[90028]: INFO neutron.plugins.ml2.drivers.ovn.mech_driver.ovsdb.extensions.qos [-] Starting OVNClientQosExtension
Jun 17 09:48:00.062959 np0000003029 devstack@neutron-api.service[90028]: DEBUG oslo_concurrency.processutils [None req-e69ec5b0-e649-4593-809a-2eca6ed414e1 None None] Running cmd (subprocess): ovsdb-client transact ssl:10.4.3.59:6641 --timeout 180 -p /opt/stack/data/CA/int-ca/private/devstack-cert.key -c /opt/stack/data/CA/int-ca/devstack-cert.crt -C /opt/stack/data/CA/int-ca/ca-chain.pem ["OVN_Northbound", {"op": "wait", "timeout": 0, "table": "Port_Group", "where": [["name", "==", "pvlan_pg_drop"]], "until": "==", "rows": []}, {"op": "insert", "table": "ACL", "row": {"action": "drop", "direction": "to-lport", "match": "outport == @pvlan_pg_drop && ip", "priority": 1010}, "uuid-name": "pvlandroptoport"}, {"op": "insert", "table": "ACL", "row": {"action": "drop", "direction": "from-lport", "match": "inport == @pvlan_pg_drop && ip", "priority": 1010}, "uuid-name": "pvlandropfromport"}, {"op": "insert", "table": "Port_Group", "row": {"name": "pvlan_pg_drop", "acls": ["set", [["named-uuid", "pvlandroptoport"], ["named-uuid", "pvlandropfromport"]]]}}] {{(pid=90028) execute /opt/stack/data/venv/lib/python3.12/site-packages/oslo_concurrency/processutils.py:440}}
Jun 17 09:48:00.063037 np0000003029 devstack@neutron-api.service[90028]: INFO neutron.plugins.ml2.drivers.ovn.mech_driver.ovsdb.extensions.placement [-] Starting OVNClientPlacementExtension
Jun 17 09:48:00.090284 np0000003029 devstack@neutron-api.service[90030]: DEBUG oslo_concurrency.processutils [None req-21235e2f-8dd3-43ba-b91e-ddf3f1a59994 None None] CMD "ovsdb-client transact ssl:10.4.3.59:6641 --timeout 180 -p /opt/stack/data/CA/int-ca/private/devstack-cert.key -c /opt/stack/data/CA/int-ca/devstack-cert.crt -C /opt/stack/data/CA/int-ca/ca-chain.pem ["OVN_Northbound", {"op": "wait", "timeout": 0, "table": "Port_Group", "where": [["name", "==", "pvlan_pg_drop"]], "until": "==", "rows": []}, {"op": "insert", "table": "ACL", "row": {"action": "drop", "direction": "to-lport", "match": "outport == @pvlan_pg_drop && ip", "priority": 1010}, "uuid-name": "pvlandroptoport"}, {"op": "insert", "table": "ACL", "row": {"action": "drop", "direction": "from-lport", "match": "inport == @pvlan_pg_drop && ip", "priority": 1010}, "uuid-name": "pvlandropfromport"}, {"op": "insert", "table": "Port_Group", "row": {"name": "pvlan_pg_drop", "acls": ["set", [["named-uuid", "pvlandroptoport"], ["named-uuid", "pvlandropfromport"]]]}}]" returned: 0 in 0.027s {{(pid=90030) execute /opt/stack/data/venv/lib/python3.12/site-packages/oslo_concurrency/processutils.py:468}}
Jun 17 09:48:00.093466 np0000003029 devstack@neutron-api.service[90030]: WSGI app 0 (mountpoint='') ready in 8 seconds on interpreter 0x76aca9ea3668 pid: 90030 (default app)
Jun 17 09:48:00.096868 np0000003029 devstack@neutron-api.service[90028]: DEBUG oslo_concurrency.processutils [None req-e69ec5b0-e649-4593-809a-2eca6ed414e1 None None] CMD "ovsdb-client transact ssl:10.4.3.59:6641 --timeout 180 -p /opt/stack/data/CA/int-ca/private/devstack-cert.key -c /opt/stack/data/CA/int-ca/devstack-cert.crt -C /opt/stack/data/CA/int-ca/ca-chain.pem ["OVN_Northbound", {"op": "wait", "timeout": 0, "table": "Port_Group", "where": [["name", "==", "pvlan_pg_drop"]], "until": "==", "rows": []}, {"op": "insert", "table": "ACL", "row": {"action": "drop", "direction": "to-lport", "match": "outport == @pvlan_pg_drop && ip", "priority": 1010}, "uuid-name": "pvlandroptoport"}, {"op": "insert", "table": "ACL", "row": {"action": "drop", "direction": "from-lport", "match": "inport == @pvlan_pg_drop && ip", "priority": 1010}, "uuid-name": "pvlandropfromport"}, {"op": "insert", "table": "Port_Group", "row": {"name": "pvlan_pg_drop", "acls": ["set", [["named-uuid", "pvlandroptoport"], ["named-uuid", "pvlandropfromport"]]]}}]" returned: 0 in 0.034s {{(pid=90028) execute /opt/stack/data/venv/lib/python3.12/site-packages/oslo_concurrency/processutils.py:468}}
Jun 17 09:48:00.098831 np0000003029 devstack@neutron-api.service[90028]: WSGI app 0 (mountpoint='') ready in 8 seconds on interpreter 0x76aca9ea3668 pid: 90028 (default app)
Jun 17 09:48:01.748066 np0000003029 devstack@neutron-api.service[90029]: DEBUG neutron.common.ovn.hash_ring_manager [-] Allow caching, nodes 3>=3 {{(pid=90029) _wait_startup_before_caching /opt/stack/neutron/neutron/common/ovn/hash_ring_manager.py:71}}
Jun 17 09:48:01.748342 np0000003029 devstack@neutron-api.service[90028]: DEBUG neutron.plugins.ml2.drivers.ovn.mech_driver.ovsdb.ovsdb_monitor [-] Hash Ring: Node d1d477e0a6435d34932b76bb1330760f (host: np0000003029) handling event "update" for row 18f5f197-64a2-4bcd-9fe2-e1e4495a86f2 (table: Connection) {{(pid=90028) notify /opt/stack/neutron/neutron/plugins/ml2/drivers/ovn/mech_driver/ovsdb/ovsdb_monitor.py:1015}}
Jun 17 09:48:01.748591 np0000003029 devstack@neutron-api.service[90029]: DEBUG neutron.plugins.ml2.drivers.ovn.mech_driver.ovsdb.ovsdb_monitor [-] Hash Ring: Node 861b948c4ca857438db4c693c4be8448 (host: np0000003029) handling event "update" for row 18f5f197-64a2-4bcd-9fe2-e1e4495a86f2 (table: Connection) {{(pid=90029) notify /opt/stack/neutron/neutron/plugins/ml2/drivers/ovn/mech_driver/ovsdb/ovsdb_monitor.py:1015}}
Jun 17 09:48:04.287790 np0000003029 devstack@neutron-api.service[90029]: DEBUG neutron.api.wsgi [None req-e8601207-6880-40d1-b131-be567c8a6da2 admin admin] Missing Content-Type {{(pid=90029) get_content_type /opt/stack/neutron/neutron/api/wsgi.py:80}}
Jun 17 09:48:04.288237 np0000003029 devstack@neutron-api.service[90029]: DEBUG neutron.api.wsgi [None req-e8601207-6880-40d1-b131-be567c8a6da2 admin admin] https://10.4.3.59/networking/v2.0/extensions returned with HTTP 200 {{(pid=90029) __call__ /opt/stack/neutron/neutron/api/wsgi.py:540}}
Jun 17 09:48:04.288468 np0000003029 devstack@neutron-api.service[90029]: [pid: 90029|app: 0|req: 2/2] 10.4.3.59 () {64 vars in 1285 bytes} [Wed Jun 17 09:48:03 2026] GET /networking/v2.0/extensions => generated 15873 bytes in 556 msecs (HTTP/1.1 200) 4 headers in 159 bytes (1 switches on core 0)
Jun 17 09:48:04.648222 np0000003029 devstack@neutron-api.service[90030]: DEBUG neutron.api.v2.base [None req-720f72bd-05c1-47d9-bc36-9164dffbb99f admin admin] Request body: {'subnetpool': {'shared': True, 'default_prefixlen': 26, 'prefixes': ['10.1.0.0/20'], 'name': 'shared-default-subnetpool-v4', 'is_default': True}} {{(pid=90030) prepare_request_body /opt/stack/neutron/neutron/api/v2/base.py:727}}
Jun 17 09:48:04.854183 np0000003029 devstack@neutron-api.service[90030]: DEBUG neutron.policy [None req-720f72bd-05c1-47d9-bc36-9164dffbb99f admin admin] Loaded default policies from ['neutron'] under neutron.policies entry points {{(pid=90030) register_rules /opt/stack/neutron/neutron/policy.py:65}}
Jun 17 09:48:04.989915 np0000003029 devstack@neutron-api.service[90030]: DEBUG neutron_lib.callbacks.manager [None req-720f72bd-05c1-47d9-bc36-9164dffbb99f admin admin] Publish callbacks ['neutron.objects.securitygroup.RbacNeutronDbObjectMixin.validate_rbac_policy_change-1238001233421', 'neutron.objects.address_group.RbacNeutronDbObjectMixin.validate_rbac_policy_change-1238001252077', 'neutron.objects.network.RbacNeutronDbObjectMixin.validate_rbac_policy_change-1238001201641', 'neutron.objects.qos.policy.RbacNeutronDbObjectMixin.validate_rbac_policy_change-1238001192183', 'neutron.objects.subnetpool.RbacNeutronDbObjectMixin.validate_rbac_policy_change-1238001167201', 'neutron.objects.address_scope.RbacNeutronDbObjectMixin.validate_rbac_policy_change-1238001166294', 'neutron.plugins.ml2.plugin.External_net_db_mixin._process_ext_policy_create-484272', 'neutron.plugins.ml2.plugin.NeutronDbPluginV2.validate_network_rbac_policy_change-475924'] for rbac-policy (None), before_create {{(pid=90030) _notify_loop /opt/stack/data/venv/lib/python3.12/site-packages/neutron_lib/callbacks/manager.py:184}}
Jun 17 09:48:05.034276 np0000003029 devstack@neutron-api.service[90030]: DEBUG neutron_lib.callbacks.manager [None req-720f72bd-05c1-47d9-bc36-9164dffbb99f admin admin] Publish callbacks [] for subnetpool (None), before_response {{(pid=90030) _notify_loop /opt/stack/data/venv/lib/python3.12/site-packages/neutron_lib/callbacks/manager.py:184}}
Jun 17 09:48:05.034803 np0000003029 devstack@neutron-api.service[90030]: [pid: 90030|app: 0|req: 1/3] 10.4.3.59 () {68 vars in 1329 bytes} [Wed Jun 17 09:48:04 2026] POST /networking/v2.0/subnetpools => generated 533 bytes in 477 msecs (HTTP/1.1 201) 4 headers in 162 bytes (1 switches on core 0)
Jun 17 09:48:05.373450 np0000003029 devstack@neutron-api.service[90028]: DEBUG neutron.api.v2.base [None req-bb8dbd18-71f9-4a86-8b04-efdfc0b3f2a2 admin admin] Request body: {'subnetpool': {'shared': True, 'default_prefixlen': 64, 'prefixes': ['fde3:d6e0:adfe::/56'], 'name': 'shared-default-subnetpool-v6', 'is_default': True}} {{(pid=90028) prepare_request_body /opt/stack/neutron/neutron/api/v2/base.py:727}}
Jun 17 09:48:05.550434 np0000003029 devstack@neutron-api.service[90028]: DEBUG neutron.policy [None req-bb8dbd18-71f9-4a86-8b04-efdfc0b3f2a2 admin admin] Loaded default policies from ['neutron'] under neutron.policies entry points {{(pid=90028) register_rules /opt/stack/neutron/neutron/policy.py:65}}
Jun 17 09:48:05.695100 np0000003029 devstack@neutron-api.service[90028]: DEBUG neutron_lib.callbacks.manager [None req-bb8dbd18-71f9-4a86-8b04-efdfc0b3f2a2 admin admin] Publish callbacks ['neutron.objects.securitygroup.RbacNeutronDbObjectMixin.validate_rbac_policy_change-1238001216534', 'neutron.objects.address_group.RbacNeutronDbObjectMixin.validate_rbac_policy_change-1238001108752', 'neutron.objects.network.RbacNeutronDbObjectMixin.validate_rbac_policy_change-1238001248953', 'neutron.objects.qos.policy.RbacNeutronDbObjectMixin.validate_rbac_policy_change-1238001248241', 'neutron.objects.subnetpool.RbacNeutronDbObjectMixin.validate_rbac_policy_change-1238001131629', 'neutron.objects.address_scope.RbacNeutronDbObjectMixin.validate_rbac_policy_change-1238001141860', 'neutron.plugins.ml2.plugin.External_net_db_mixin._process_ext_policy_create-8110656', 'neutron.plugins.ml2.plugin.NeutronDbPluginV2.validate_network_rbac_policy_change-8008404'] for rbac-policy (None), before_create {{(pid=90028) _notify_loop /opt/stack/data/venv/lib/python3.12/site-packages/neutron_lib/callbacks/manager.py:184}}
Jun 17 09:48:05.745168 np0000003029 devstack@neutron-api.service[90028]: DEBUG neutron_lib.callbacks.manager [None req-bb8dbd18-71f9-4a86-8b04-efdfc0b3f2a2 admin admin] Publish callbacks [] for subnetpool (None), before_response {{(pid=90028) _notify_loop /opt/stack/data/venv/lib/python3.12/site-packages/neutron_lib/callbacks/manager.py:184}}
Jun 17 09:48:05.745685 np0000003029 devstack@neutron-api.service[90028]: [pid: 90028|app: 0|req: 1/4] 10.4.3.59 () {68 vars in 1329 bytes} [Wed Jun 17 09:48:05 2026] POST /networking/v2.0/subnetpools => generated 543 bytes in 463 msecs (HTTP/1.1 201) 4 headers in 162 bytes (1 switches on core 0)
Jun 17 09:48:05.987990 np0000003029 devstack@neutron-api.service[90029]: DEBUG neutron.api.v2.base [None req-6f899dad-2841-4eeb-b9b7-75052377fed9 admin admin] Request body: {'network': {'name': 'private', 'admin_state_up': True}} {{(pid=90029) prepare_request_body /opt/stack/neutron/neutron/api/v2/base.py:727}}
Jun 17 09:48:06.013109 np0000003029 devstack@neutron-api.service[90029]: DEBUG neutron.pecan_wsgi.hooks.quota_enforcement [None req-6f899dad-2841-4eeb-b9b7-75052377fed9 admin admin] Made reservation on behalf of 90397ae5c010491baf1198bf2035bb4a for: {'network': 1} {{(pid=90029) before /opt/stack/neutron/neutron/pecan_wsgi/hooks/quota_enforcement.py:66}}
Jun 17 09:48:06.176398 np0000003029 devstack@neutron-api.service[90029]: DEBUG neutron.policy [None req-6f899dad-2841-4eeb-b9b7-75052377fed9 admin admin] Loaded default policies from ['neutron'] under neutron.policies entry points {{(pid=90029) register_rules /opt/stack/neutron/neutron/policy.py:65}}
Jun 17 09:48:06.272309 np0000003029 devstack@neutron-api.service[90029]: DEBUG neutron_lib.callbacks.manager [None req-6f899dad-2841-4eeb-b9b7-75052377fed9 admin admin] Publish callbacks ['neutron.plugins.ml2.plugin.SecurityGroupDbMixin._ensure_default_security_group_handler-380122'] for network (None), before_create {{(pid=90029) _notify_loop /opt/stack/data/venv/lib/python3.12/site-packages/neutron_lib/callbacks/manager.py:184}}
Jun 17 09:48:06.295836 np0000003029 devstack@neutron-api.service[90029]: DEBUG neutron_lib.callbacks.manager [None req-6f899dad-2841-4eeb-b9b7-75052377fed9 admin admin] Publish callbacks [] for security_group (None), before_create {{(pid=90029) _notify_loop /opt/stack/data/venv/lib/python3.12/site-packages/neutron_lib/callbacks/manager.py:184}}
Jun 17 09:48:06.408021 np0000003029 devstack@neutron-api.service[90029]: DEBUG neutron_lib.callbacks.manager [None req-6f899dad-2841-4eeb-b9b7-75052377fed9 admin admin] Publish callbacks ['neutron.plugins.ml2.drivers.ovn.mech_driver.mech_driver.OVNMechanismDriver._create_security_group_precommit-1844147'] for security_group (70c64a44-ec9a-48fe-b3a8-2a6720c6728e), precommit_create {{(pid=90029) _notify_loop /opt/stack/data/venv/lib/python3.12/site-packages/neutron_lib/callbacks/manager.py:184}}
Jun 17 09:48:06.408205 np0000003029 devstack@neutron-api.service[90029]: DEBUG neutron.db.ovn_revision_numbers_db [None req-6f899dad-2841-4eeb-b9b7-75052377fed9 admin admin] create_initial_revision uuid=70c64a44-ec9a-48fe-b3a8-2a6720c6728e, type=security_groups, rev=-1 {{(pid=90029) create_initial_revision /opt/stack/neutron/neutron/db/ovn_revision_numbers_db.py:98}}
Jun 17 09:48:06.410664 np0000003029 devstack@neutron-api.service[90029]: DEBUG neutron.db.ovn_revision_numbers_db [None req-6f899dad-2841-4eeb-b9b7-75052377fed9 admin admin] create_initial_revision uuid=6157578d-25f8-4ba5-b4d0-fa032367483d, type=security_group_rules, rev=-1 {{(pid=90029) create_initial_revision /opt/stack/neutron/neutron/db/ovn_revision_numbers_db.py:98}}
Jun 17 09:48:06.411836 np0000003029 devstack@neutron-api.service[90029]: DEBUG neutron.db.ovn_revision_numbers_db [None req-6f899dad-2841-4eeb-b9b7-75052377fed9 admin admin] create_initial_revision uuid=b6bdd1ce-95a8-4d95-9da0-34dc9f3a75e0, type=security_group_rules, rev=-1 {{(pid=90029) create_initial_revision /opt/stack/neutron/neutron/db/ovn_revision_numbers_db.py:98}}
Jun 17 09:48:06.412954 np0000003029 devstack@neutron-api.service[90029]: DEBUG neutron.db.ovn_revision_numbers_db [None req-6f899dad-2841-4eeb-b9b7-75052377fed9 admin admin] create_initial_revision uuid=e6d739cf-5fac-4478-925a-b92c5fc37418, type=security_group_rules, rev=-1 {{(pid=90029) create_initial_revision /opt/stack/neutron/neutron/db/ovn_revision_numbers_db.py:98}}
Jun 17 09:48:06.414050 np0000003029 devstack@neutron-api.service[90029]: DEBUG neutron.db.ovn_revision_numbers_db [None req-6f899dad-2841-4eeb-b9b7-75052377fed9 admin admin] create_initial_revision uuid=e817d300-a8f3-4c7a-ac9d-6ea6610dc6e3, type=security_group_rules, rev=-1 {{(pid=90029) create_initial_revision /opt/stack/neutron/neutron/db/ovn_revision_numbers_db.py:98}}
Jun 17 09:48:06.419011 np0000003029 devstack@neutron-api.service[90029]: DEBUG neutron_lib.callbacks.manager [None req-6f899dad-2841-4eeb-b9b7-75052377fed9 admin admin] Publish callbacks ['neutron.plugins.ml2.drivers.ovn.mech_driver.mech_driver.OVNMechanismDriver._create_security_group-1844153', 'neutron.plugins.ml2.ovo_rpc._ObjectChangeHandler.handle_event-1117504'] for security_group (70c64a44-ec9a-48fe-b3a8-2a6720c6728e), after_create {{(pid=90029) _notify_loop /opt/stack/data/venv/lib/python3.12/site-packages/neutron_lib/callbacks/manager.py:184}}
Jun 17 09:48:06.419760 np0000003029 devstack@neutron-api.service[90029]: DEBUG ovsdbapp.backend.ovs_idl.transaction [-] Running txn n=1 command(idx=0): PgAddCommand(_result=None, name=pg_70c64a44_ec9a_48fe_b3a8_2a6720c6728e, may_exist=False, columns={'acls': [], 'external_ids': {'neutron:security_group_id': '70c64a44-ec9a-48fe-b3a8-2a6720c6728e'}}) {{(pid=90029) do_commit /opt/stack/data/venv/lib/python3.12/site-packages/ovsdbapp/backend/ovs_idl/transaction.py:89}}
Jun 17 09:48:06.420882 np0000003029 devstack@neutron-api.service[90029]: DEBUG ovsdbapp.backend.ovs_idl.transaction [-] Running txn n=1 command(idx=1): PgAclAddCommand(_result=None, entity=pg_70c64a44_ec9a_48fe_b3a8_2a6720c6728e, direction=to-lport, priority=1002, match=outport == @pg_70c64a44_ec9a_48fe_b3a8_2a6720c6728e && ip4 && ip4.src == $pg_70c64a44_ec9a_48fe_b3a8_2a6720c6728e_ip4, action=allow-related, log=False, may_exist=True, severity=[], name=[], meter=[], external_ids={'neutron:security_group_rule_id': '6157578d-25f8-4ba5-b4d0-fa032367483d'}) {{(pid=90029) do_commit /opt/stack/data/venv/lib/python3.12/site-packages/ovsdbapp/backend/ovs_idl/transaction.py:89}}
Jun 17 09:48:06.421197 np0000003029 devstack@neutron-api.service[90029]: DEBUG ovsdbapp.backend.ovs_idl.transaction [-] Running txn n=1 command(idx=2): PgAclAddCommand(_result=None, entity=pg_70c64a44_ec9a_48fe_b3a8_2a6720c6728e, direction=from-lport, priority=1002, match=inport == @pg_70c64a44_ec9a_48fe_b3a8_2a6720c6728e && ip4, action=allow-related, log=False, may_exist=True, severity=[], name=[], meter=[], external_ids={'neutron:security_group_rule_id': 'b6bdd1ce-95a8-4d95-9da0-34dc9f3a75e0'}) {{(pid=90029) do_commit /opt/stack/data/venv/lib/python3.12/site-packages/ovsdbapp/backend/ovs_idl/transaction.py:89}}
Jun 17 09:48:06.421422 np0000003029 devstack@neutron-api.service[90029]: DEBUG ovsdbapp.backend.ovs_idl.transaction [-] Running txn n=1 command(idx=3): PgAclAddCommand(_result=None, entity=pg_70c64a44_ec9a_48fe_b3a8_2a6720c6728e, direction=to-lport, priority=1002, match=outport == @pg_70c64a44_ec9a_48fe_b3a8_2a6720c6728e && ip6 && ip6.src == $pg_70c64a44_ec9a_48fe_b3a8_2a6720c6728e_ip6, action=allow-related, log=False, may_exist=True, severity=[], name=[], meter=[], external_ids={'neutron:security_group_rule_id': 'e6d739cf-5fac-4478-925a-b92c5fc37418'}) {{(pid=90029) do_commit /opt/stack/data/venv/lib/python3.12/site-packages/ovsdbapp/backend/ovs_idl/transaction.py:89}}
Jun 17 09:48:06.421665 np0000003029 devstack@neutron-api.service[90029]: DEBUG ovsdbapp.backend.ovs_idl.transaction [-] Running txn n=1 command(idx=4): PgAclAddCommand(_result=None, entity=pg_70c64a44_ec9a_48fe_b3a8_2a6720c6728e, direction=from-lport, priority=1002, match=inport == @pg_70c64a44_ec9a_48fe_b3a8_2a6720c6728e && ip6, action=allow-related, log=False, may_exist=True, severity=[], name=[], meter=[], external_ids={'neutron:security_group_rule_id': 'e817d300-a8f3-4c7a-ac9d-6ea6610dc6e3'}) {{(pid=90029) do_commit /opt/stack/data/venv/lib/python3.12/site-packages/ovsdbapp/backend/ovs_idl/transaction.py:89}}
Jun 17 09:48:06.426177 np0000003029 devstack@neutron-api.service[90029]: DEBUG neutron.plugins.ml2.drivers.ovn.mech_driver.ovsdb.ovsdb_monitor [-] Hash Ring: Node 861b948c4ca857438db4c693c4be8448 (host: np0000003029) handling event "create" for row 044a733d-80ba-4510-879b-9d451c17d070 (table: ACL) {{(pid=90029) notify /opt/stack/neutron/neutron/plugins/ml2/drivers/ovn/mech_driver/ovsdb/ovsdb_monitor.py:1015}}
Jun 17 09:48:06.426397 np0000003029 devstack@neutron-api.service[90029]: DEBUG neutron.plugins.ml2.drivers.ovn.mech_driver.ovsdb.ovsdb_monitor [-] Hash Ring: Node 861b948c4ca857438db4c693c4be8448 (host: np0000003029) handling event "create" for row 0ca514fc-07b7-4b5b-9594-2ba062ba7c37 (table: ACL) {{(pid=90029) notify /opt/stack/neutron/neutron/plugins/ml2/drivers/ovn/mech_driver/ovsdb/ovsdb_monitor.py:1015}}
Jun 17 09:48:06.426599 np0000003029 devstack@neutron-api.service[90029]: DEBUG neutron.plugins.ml2.drivers.ovn.mech_driver.ovsdb.ovsdb_monitor [-] Hash Ring: Node 861b948c4ca857438db4c693c4be8448 (host: np0000003029) handling event "create" for row 5bbb5486-8266-4ff6-a7ca-7dbab32e81d0 (table: ACL) {{(pid=90029) notify /opt/stack/neutron/neutron/plugins/ml2/drivers/ovn/mech_driver/ovsdb/ovsdb_monitor.py:1015}}
Jun 17 09:48:06.426863 np0000003029 devstack@neutron-api.service[90029]: DEBUG neutron.plugins.ml2.drivers.ovn.mech_driver.ovsdb.ovsdb_monitor [-] Hash Ring: Node 861b948c4ca857438db4c693c4be8448 (host: np0000003029) handling event "create" for row e6f39f1a-20f3-485e-9550-118223d90950 (table: ACL) {{(pid=90029) notify /opt/stack/neutron/neutron/plugins/ml2/drivers/ovn/mech_driver/ovsdb/ovsdb_monitor.py:1015}}
Jun 17 09:48:06.426923 np0000003029 devstack@neutron-api.service[90029]: DEBUG neutron.plugins.ml2.drivers.ovn.mech_driver.ovsdb.ovsdb_monitor [-] Hash Ring: Node 861b948c4ca857438db4c693c4be8448 (host: np0000003029) handling event "create" for row 5125b3fd-dc0d-47d9-bbd8-df23f3537f16 (table: Port_Group) {{(pid=90029) notify /opt/stack/neutron/neutron/plugins/ml2/drivers/ovn/mech_driver/ovsdb/ovsdb_monitor.py:1015}}
Jun 17 09:48:06.427356 np0000003029 devstack@neutron-api.service[90030]: DEBUG neutron.plugins.ml2.drivers.ovn.mech_driver.ovsdb.ovsdb_monitor [-] Hash Ring: Node 092cb71540ba5d4780e43a3e66a8806d (host: np0000003029) handling event "create" for row 5125b3fd-dc0d-47d9-bbd8-df23f3537f16 (table: Port_Group) {{(pid=90030) notify /opt/stack/neutron/neutron/plugins/ml2/drivers/ovn/mech_driver/ovsdb/ovsdb_monitor.py:1015}}
Jun 17 09:48:06.428050 np0000003029 devstack@neutron-api.service[90028]: DEBUG neutron.plugins.ml2.drivers.ovn.mech_driver.ovsdb.ovsdb_monitor [-] Hash Ring: Node d1d477e0a6435d34932b76bb1330760f (host: np0000003029) handling event "create" for row 044a733d-80ba-4510-879b-9d451c17d070 (table: ACL) {{(pid=90028) notify /opt/stack/neutron/neutron/plugins/ml2/drivers/ovn/mech_driver/ovsdb/ovsdb_monitor.py:1015}}
Jun 17 09:48:06.428050 np0000003029 devstack@neutron-api.service[90028]: DEBUG neutron.plugins.ml2.drivers.ovn.mech_driver.ovsdb.ovsdb_monitor [-] Hash Ring: Node d1d477e0a6435d34932b76bb1330760f (host: np0000003029) handling event "create" for row 0ca514fc-07b7-4b5b-9594-2ba062ba7c37 (table: ACL) {{(pid=90028) notify /opt/stack/neutron/neutron/plugins/ml2/drivers/ovn/mech_driver/ovsdb/ovsdb_monitor.py:1015}}
Jun 17 09:48:06.428050 np0000003029 devstack@neutron-api.service[90028]: DEBUG neutron.plugins.ml2.drivers.ovn.mech_driver.ovsdb.ovsdb_monitor [-] Hash Ring: Node d1d477e0a6435d34932b76bb1330760f (host: np0000003029) handling event "create" for row e6f39f1a-20f3-485e-9550-118223d90950 (table: ACL) {{(pid=90028) notify /opt/stack/neutron/neutron/plugins/ml2/drivers/ovn/mech_driver/ovsdb/ovsdb_monitor.py:1015}}
Jun 17 09:48:06.452253 np0000003029 devstack@neutron-api.service[90029]: INFO neutron.db.ovn_revision_numbers_db [None req-6f899dad-2841-4eeb-b9b7-75052377fed9 admin admin] Successfully bumped revision number for resource 70c64a44-ec9a-48fe-b3a8-2a6720c6728e (type: security_groups) to 1
Jun 17 09:48:06.465199 np0000003029 devstack@neutron-api.service[90029]: INFO neutron.db.ovn_revision_numbers_db [None req-6f899dad-2841-4eeb-b9b7-75052377fed9 admin admin] Successfully bumped revision number for resource 6157578d-25f8-4ba5-b4d0-fa032367483d (type: security_group_rules) to 0
Jun 17 09:48:06.476115 np0000003029 devstack@neutron-api.service[90029]: INFO neutron.db.ovn_revision_numbers_db [None req-6f899dad-2841-4eeb-b9b7-75052377fed9 admin admin] Successfully bumped revision number for resource b6bdd1ce-95a8-4d95-9da0-34dc9f3a75e0 (type: security_group_rules) to 0
Jun 17 09:48:06.487443 np0000003029 devstack@neutron-api.service[90029]: INFO neutron.db.ovn_revision_numbers_db [None req-6f899dad-2841-4eeb-b9b7-75052377fed9 admin admin] Successfully bumped revision number for resource e6d739cf-5fac-4478-925a-b92c5fc37418 (type: security_group_rules) to 0
Jun 17 09:48:06.501941 np0000003029 devstack@neutron-api.service[90029]: INFO neutron.db.ovn_revision_numbers_db [None req-6f899dad-2841-4eeb-b9b7-75052377fed9 admin admin] Successfully bumped revision number for resource e817d300-a8f3-4c7a-ac9d-6ea6610dc6e3 (type: security_group_rules) to 0
Jun 17 09:48:06.526967 np0000003029 devstack@neutron-api.service[90029]: DEBUG neutron.api.rpc.handlers.resources_rpc [None req-6f899dad-2841-4eeb-b9b7-75052377fed9 admin admin] Pushing event updated for resources: {'SecurityGroup': ['ID=70c64a44-ec9a-48fe-b3a8-2a6720c6728e,revision_number=1']} {{(pid=90029) push /opt/stack/neutron/neutron/api/rpc/handlers/resources_rpc.py:237}}
Jun 17 09:48:06.534383 np0000003029 devstack@neutron-api.service[90029]: DEBUG ovsdbapp.backend.ovs_idl.transaction [-] Running txn n=1 command(idx=0): CheckLivenessCommand(_result=None) {{(pid=90029) do_commit /opt/stack/data/venv/lib/python3.12/site-packages/ovsdbapp/backend/ovs_idl/transaction.py:89}}
Jun 17 09:48:06.536269 np0000003029 devstack@neutron-api.service[90029]: DEBUG neutron.plugins.ml2.drivers.ovn.mech_driver.ovsdb.ovsdb_monitor [-] Hash Ring: Node 861b948c4ca857438db4c693c4be8448 (host: np0000003029) handling event "update" for row 01b71472-4530-48bf-802e-d335d5d93660 (table: NB_Global) {{(pid=90029) notify /opt/stack/neutron/neutron/plugins/ml2/drivers/ovn/mech_driver/ovsdb/ovsdb_monitor.py:1015}}
Jun 17 09:48:06.537806 np0000003029 devstack@neutron-api.service[90029]: DEBUG neutron.plugins.ml2.drivers.ovn.mech_driver.ovsdb.ovsdb_monitor [-] Hash Ring: Node 861b948c4ca857438db4c693c4be8448 (host: np0000003029) handling event "update" for row 01b71472-4530-48bf-802e-d335d5d93660 (table: NB_Global) {{(pid=90029) notify /opt/stack/neutron/neutron/plugins/ml2/drivers/ovn/mech_driver/ovsdb/ovsdb_monitor.py:1015}}
Jun 17 09:48:06.538590 np0000003029 devstack@neutron-api.service[90030]: DEBUG neutron.plugins.ml2.drivers.ovn.mech_driver.ovsdb.ovsdb_monitor [-] Hash Ring: Node 092cb71540ba5d4780e43a3e66a8806d (host: np0000003029) handling event "update" for row 01b71472-4530-48bf-802e-d335d5d93660 (table: NB_Global) {{(pid=90030) notify /opt/stack/neutron/neutron/plugins/ml2/drivers/ovn/mech_driver/ovsdb/ovsdb_monitor.py:1015}}
Jun 17 09:48:06.538768 np0000003029 devstack@neutron-api.service[90029]: DEBUG neutron.plugins.ml2.drivers.ovn.mech_driver.ovsdb.ovsdb_monitor [-] Hash Ring: Node 861b948c4ca857438db4c693c4be8448 (host: np0000003029) handling event "update" for row 01b71472-4530-48bf-802e-d335d5d93660 (table: NB_Global) {{(pid=90029) notify /opt/stack/neutron/neutron/plugins/ml2/drivers/ovn/mech_driver/ovsdb/ovsdb_monitor.py:1015}}
Jun 17 09:48:06.539265 np0000003029 devstack@neutron-api.service[90030]: DEBUG neutron.plugins.ml2.drivers.ovn.mech_driver.ovsdb.ovsdb_monitor [-] Hash Ring: Node 092cb71540ba5d4780e43a3e66a8806d (host: np0000003029) handling event "update" for row 01b71472-4530-48bf-802e-d335d5d93660 (table: NB_Global) {{(pid=90030) notify /opt/stack/neutron/neutron/plugins/ml2/drivers/ovn/mech_driver/ovsdb/ovsdb_monitor.py:1015}}
Jun 17 09:48:06.541163 np0000003029 devstack@neutron-api.service[90028]: DEBUG neutron.plugins.ml2.drivers.ovn.mech_driver.ovsdb.ovsdb_monitor [-] ChassisAgentWriteEvent : Matched Chassis_Private, update, None None {{(pid=90028) matches /opt/stack/neutron/neutron/plugins/ml2/drivers/ovn/mech_driver/ovsdb/ovsdb_monitor.py:64}}
Jun 17 09:48:06.541328 np0000003029 devstack@neutron-api.service[90030]: DEBUG neutron.plugins.ml2.drivers.ovn.mech_driver.ovsdb.ovsdb_monitor [-] Hash Ring: Node 092cb71540ba5d4780e43a3e66a8806d (host: np0000003029) handling event "update" for row 01b71472-4530-48bf-802e-d335d5d93660 (table: NB_Global) {{(pid=90030) notify /opt/stack/neutron/neutron/plugins/ml2/drivers/ovn/mech_driver/ovsdb/ovsdb_monitor.py:1015}}
Jun 17 09:48:06.541328 np0000003029 devstack@neutron-api.service[90030]: DEBUG neutron.plugins.ml2.drivers.ovn.mech_driver.ovsdb.ovsdb_monitor [-] ChassisAgentWriteEvent : Matched Chassis_Private, update, None None {{(pid=90030) matches /opt/stack/neutron/neutron/plugins/ml2/drivers/ovn/mech_driver/ovsdb/ovsdb_monitor.py:64}}
Jun 17 09:48:06.543199 np0000003029 devstack@neutron-api.service[90029]: DEBUG neutron.api.rpc.callbacks.version_manager [None req-6f899dad-2841-4eeb-b9b7-75052377fed9 admin admin] Tracked resource versions report:
Jun 17 09:48:06.543199 np0000003029 devstack@neutron-api.service[90029]: pushed versions:
Jun 17 09:48:06.543199 np0000003029 devstack@neutron-api.service[90029]: { 'AddressGroup': {'1.2'},
Jun 17 09:48:06.543199 np0000003029 devstack@neutron-api.service[90029]: 'Agent': {'1.1'},
Jun 17 09:48:06.543199 np0000003029 devstack@neutron-api.service[90029]: 'ConntrackHelper': {'1.0'},
Jun 17 09:48:06.543199 np0000003029 devstack@neutron-api.service[90029]: 'LocalIPAssociation': {'1.0'},
Jun 17 09:48:06.543199 np0000003029 devstack@neutron-api.service[90029]: 'Log': {'1.0'},
Jun 17 09:48:06.543199 np0000003029 devstack@neutron-api.service[90029]: 'NDPProxy': {'1.0'},
Jun 17 09:48:06.543199 np0000003029 devstack@neutron-api.service[90029]: 'Network': {'1.3'},
Jun 17 09:48:06.543199 np0000003029 devstack@neutron-api.service[90029]: 'Port': {'1.11'},
Jun 17 09:48:06.543199 np0000003029 devstack@neutron-api.service[90029]: 'PortForwarding': {'1.3'},
Jun 17 09:48:06.543199 np0000003029 devstack@neutron-api.service[90029]: 'QosPolicy': {'1.10'},
Jun 17 09:48:06.543199 np0000003029 devstack@neutron-api.service[90029]: 'SecurityGroup': {'1.6'},
Jun 17 09:48:06.543199 np0000003029 devstack@neutron-api.service[90029]: 'SecurityGroupRule': {'1.3'},
Jun 17 09:48:06.543199 np0000003029 devstack@neutron-api.service[90029]: 'SubPort': {'1.0'},
Jun 17 09:48:06.543199 np0000003029 devstack@neutron-api.service[90029]: 'Subnet': {'1.2'},
Jun 17 09:48:06.543199 np0000003029 devstack@neutron-api.service[90029]: 'Trunk': {'1.1'}}
Jun 17 09:48:06.543199 np0000003029 devstack@neutron-api.service[90029]: consumer versions:
Jun 17 09:48:06.543199 np0000003029 devstack@neutron-api.service[90029]: {}
Jun 17 09:48:06.543199 np0000003029 devstack@neutron-api.service[90029]: {{(pid=90029) report /opt/stack/neutron/neutron/api/rpc/callbacks/version_manager.py:183}}
Jun 17 09:48:06.544163 np0000003029 devstack@neutron-api.service[90030]: DEBUG neutron.plugins.ml2.drivers.ovn.mech_driver.ovsdb.ovsdb_monitor [-] Hash Ring: Node 092cb71540ba5d4780e43a3e66a8806d (host: np0000003029) handling event "update" for row 01b71472-4530-48bf-802e-d335d5d93660 (table: NB_Global) {{(pid=90030) notify /opt/stack/neutron/neutron/plugins/ml2/drivers/ovn/mech_driver/ovsdb/ovsdb_monitor.py:1015}}
Jun 17 09:48:06.547738 np0000003029 devstack@neutron-api.service[90028]: DEBUG neutron.plugins.ml2.drivers.ovn.mech_driver.ovsdb.ovsdb_monitor [-] ChassisOVNAgentWriteEvent : Matched Chassis_Private, update, None None {{(pid=90028) matches /opt/stack/neutron/neutron/plugins/ml2/drivers/ovn/mech_driver/ovsdb/ovsdb_monitor.py:64}}
Jun 17 09:48:06.548129 np0000003029 devstack@neutron-api.service[90029]: DEBUG neutron.plugins.ml2.drivers.ovn.mech_driver.ovsdb.ovsdb_monitor [-] Hash Ring: Node 861b948c4ca857438db4c693c4be8448 (host: np0000003029) handling event "update" for row 01b71472-4530-48bf-802e-d335d5d93660 (table: NB_Global) {{(pid=90029) notify /opt/stack/neutron/neutron/plugins/ml2/drivers/ovn/mech_driver/ovsdb/ovsdb_monitor.py:1015}}
Jun 17 09:48:06.548262 np0000003029 devstack@neutron-api.service[90030]: DEBUG neutron.plugins.ml2.drivers.ovn.mech_driver.ovsdb.ovsdb_monitor [-] ChassisOVNAgentWriteEvent : Matched Chassis_Private, update, None None {{(pid=90030) matches /opt/stack/neutron/neutron/plugins/ml2/drivers/ovn/mech_driver/ovsdb/ovsdb_monitor.py:64}}
Jun 17 09:48:06.549628 np0000003029 devstack@neutron-api.service[90029]: DEBUG neutron.plugins.ml2.drivers.ovn.mech_driver.ovsdb.ovsdb_monitor [-] ChassisAgentWriteEvent : Matched Chassis_Private, update, None None {{(pid=90029) matches /opt/stack/neutron/neutron/plugins/ml2/drivers/ovn/mech_driver/ovsdb/ovsdb_monitor.py:64}}
Jun 17 09:48:06.554804 np0000003029 devstack@neutron-api.service[90029]: DEBUG neutron.common.ovn.hash_ring_manager [-] Allow caching, nodes 3>=3 {{(pid=90029) _wait_startup_before_caching /opt/stack/neutron/neutron/common/ovn/hash_ring_manager.py:71}}
Jun 17 09:48:06.555252 np0000003029 devstack@neutron-api.service[90029]: DEBUG neutron.plugins.ml2.drivers.ovn.mech_driver.ovsdb.ovsdb_monitor [-] Hash Ring: Node 861b948c4ca857438db4c693c4be8448 (host: np0000003029) handling event "update" for row 0c781679-5a79-4086-be3c-62f751a0b509 (table: Chassis_Private) {{(pid=90029) notify /opt/stack/neutron/neutron/plugins/ml2/drivers/ovn/mech_driver/ovsdb/ovsdb_monitor.py:1015}}
Jun 17 09:48:06.556311 np0000003029 devstack@neutron-api.service[90029]: DEBUG neutron.plugins.ml2.drivers.ovn.mech_driver.ovsdb.ovsdb_monitor [-] ChassisOVNAgentWriteEvent : Matched Chassis_Private, update, None None {{(pid=90029) matches /opt/stack/neutron/neutron/plugins/ml2/drivers/ovn/mech_driver/ovsdb/ovsdb_monitor.py:64}}
Jun 17 09:48:06.556686 np0000003029 devstack@neutron-api.service[90029]: DEBUG neutron.plugins.ml2.drivers.ovn.mech_driver.ovsdb.ovsdb_monitor [-] Hash Ring: Node 861b948c4ca857438db4c693c4be8448 (host: np0000003029) handling event "update" for row 0c781679-5a79-4086-be3c-62f751a0b509 (table: Chassis_Private) {{(pid=90029) notify /opt/stack/neutron/neutron/plugins/ml2/drivers/ovn/mech_driver/ovsdb/ovsdb_monitor.py:1015}}
Jun 17 09:48:06.587834 np0000003029 devstack@neutron-api.service[90029]: DEBUG neutron.plugins.ml2.drivers.helpers [None req-6f899dad-2841-4eeb-b9b7-75052377fed9 admin admin] geneve segment allocate from pool success with {'geneve_vni': 2160} {{(pid=90029) allocate_partially_specified_segment /opt/stack/neutron/neutron/plugins/ml2/drivers/helpers.py:142}}
Jun 17 09:48:06.600090 np0000003029 devstack@neutron-api.service[90029]: DEBUG neutron_lib.callbacks.manager [None req-6f899dad-2841-4eeb-b9b7-75052377fed9 admin admin] Publish callbacks ['neutron.services.segments.db._add_segment_host_mapping_for_segment-8155240251062', 'neutron.plugins.ml2.plugin.Ml2Plugin._handle_segment_change-123356'] for segment (5b6262f7-5a1a-4b19-bd4c-28c1f78a167e), precommit_create {{(pid=90029) _notify_loop /opt/stack/data/venv/lib/python3.12/site-packages/neutron_lib/callbacks/manager.py:184}}
Jun 17 09:48:06.600241 np0000003029 devstack@neutron-api.service[90029]: INFO neutron.db.segments_db [None req-6f899dad-2841-4eeb-b9b7-75052377fed9 admin admin] Added segment 5b6262f7-5a1a-4b19-bd4c-28c1f78a167e of type geneve for network 225d2cb0-8a1b-4ac5-a526-e42b4113790d
Jun 17 09:48:06.644827 np0000003029 devstack@neutron-api.service[90029]: DEBUG neutron_lib.callbacks.manager [None req-6f899dad-2841-4eeb-b9b7-75052377fed9 admin admin] Publish callbacks ['neutron.services.auto_allocate.db._ensure_external_network_default_value_callback-8155239109776'] for network (225d2cb0-8a1b-4ac5-a526-e42b4113790d), precommit_create {{(pid=90029) _notify_loop /opt/stack/data/venv/lib/python3.12/site-packages/neutron_lib/callbacks/manager.py:184}}
Jun 17 09:48:06.661224 np0000003029 devstack@neutron-api.service[90029]: DEBUG neutron.plugins.ml2.drivers.ovn.mech_driver.mech_driver [None req-6f899dad-2841-4eeb-b9b7-75052377fed9 admin admin] Validating network segment with type geneve, segmentation ID 2160, physical network None {{(pid=90029) _validate_network_segments /opt/stack/neutron/neutron/plugins/ml2/drivers/ovn/mech_driver/mech_driver.py:643}}
Jun 17 09:48:06.661397 np0000003029 devstack@neutron-api.service[90029]: DEBUG neutron.db.ovn_revision_numbers_db [None req-6f899dad-2841-4eeb-b9b7-75052377fed9 admin admin] create_initial_revision uuid=225d2cb0-8a1b-4ac5-a526-e42b4113790d, type=networks, rev=-1 {{(pid=90029) create_initial_revision /opt/stack/neutron/neutron/db/ovn_revision_numbers_db.py:98}}
Jun 17 09:48:06.675754 np0000003029 devstack@neutron-api.service[90029]: DEBUG neutron_lib.callbacks.manager [None req-6f899dad-2841-4eeb-b9b7-75052377fed9 admin admin] Publish callbacks ['neutron.plugins.ml2.ovo_rpc._ObjectChangeHandler.handle_event-1117564'] for network (225d2cb0-8a1b-4ac5-a526-e42b4113790d), after_create {{(pid=90029) _notify_loop /opt/stack/data/venv/lib/python3.12/site-packages/neutron_lib/callbacks/manager.py:184}}
Jun 17 09:48:06.731753 np0000003029 devstack@neutron-api.service[90029]: DEBUG neutron.api.rpc.handlers.resources_rpc [None req-6f899dad-2841-4eeb-b9b7-75052377fed9 admin admin] Pushing event updated for resources: {'Network': ['ID=225d2cb0-8a1b-4ac5-a526-e42b4113790d,revision_number=1']} {{(pid=90029) push /opt/stack/neutron/neutron/api/rpc/handlers/resources_rpc.py:237}}
Jun 17 09:48:06.740087 np0000003029 devstack@neutron-api.service[90029]: DEBUG ovsdbapp.backend.ovs_idl.transaction [-] Running txn n=1 command(idx=0): AddNetworkCommand(_result=None, network_uuid=225d2cb0-8a1b-4ac5-a526-e42b4113790d, may_exist=True, columns={'external_ids': {'neutron:network_name': 'private', 'neutron:mtu': '1372', 'neutron:revision_number': '1', 'neutron:availability_zone_hints': '', 'neutron:provnet-network-type': 'geneve'}, 'other_config': {'mcast_snoop': 'false', 'mcast_flood_unregistered': 'false', 'vlan-passthru': 'false'}}) {{(pid=90029) do_commit /opt/stack/data/venv/lib/python3.12/site-packages/ovsdbapp/backend/ovs_idl/transaction.py:89}}
Jun 17 09:48:06.740264 np0000003029 devstack@neutron-api.service[90029]: DEBUG neutron.common.ovn.utils [-] OVS persist_uuid supported=True {{(pid=90029) ovs_persist_uuid_supported /opt/stack/neutron/neutron/common/ovn/utils.py:1544}}
Jun 17 09:48:06.749277 np0000003029 devstack@neutron-api.service[90029]: DEBUG neutron.plugins.ml2.drivers.ovn.mech_driver.ovsdb.ovsdb_monitor [-] Hash Ring: Node 861b948c4ca857438db4c693c4be8448 (host: np0000003029) handling event "create" for row 225d2cb0-8a1b-4ac5-a526-e42b4113790d (table: Logical_Switch) {{(pid=90029) notify /opt/stack/neutron/neutron/plugins/ml2/drivers/ovn/mech_driver/ovsdb/ovsdb_monitor.py:1015}}
Jun 17 09:48:06.754433 np0000003029 devstack@neutron-api.service[90030]: DEBUG neutron.plugins.ml2.drivers.ovn.mech_driver.ovsdb.ovsdb_monitor [-] Hash Ring: Node 092cb71540ba5d4780e43a3e66a8806d (host: np0000003029) handling event "create" for row a33b3f89-04f0-4949-a185-25706732e8d3 (table: Datapath_Binding) {{(pid=90030) notify /opt/stack/neutron/neutron/plugins/ml2/drivers/ovn/mech_driver/ovsdb/ovsdb_monitor.py:1015}}
Jun 17 09:48:06.761054 np0000003029 devstack@neutron-api.service[90029]: DEBUG neutron.plugins.ml2.drivers.ovn.mech_driver.ovsdb.ovsdb_monitor [-] Hash Ring: Node 861b948c4ca857438db4c693c4be8448 (host: np0000003029) handling event "create" for row a33b3f89-04f0-4949-a185-25706732e8d3 (table: Datapath_Binding) {{(pid=90029) notify /opt/stack/neutron/neutron/plugins/ml2/drivers/ovn/mech_driver/ovsdb/ovsdb_monitor.py:1015}}
Jun 17 09:48:06.789363 np0000003029 devstack@neutron-api.service[90029]: INFO neutron.db.ovn_revision_numbers_db [None req-6f899dad-2841-4eeb-b9b7-75052377fed9 admin admin] Successfully bumped revision number for resource 225d2cb0-8a1b-4ac5-a526-e42b4113790d (type: networks) to 1
Jun 17 09:48:06.847410 np0000003029 devstack@neutron-api.service[90029]: DEBUG neutron_lib.callbacks.manager [None req-6f899dad-2841-4eeb-b9b7-75052377fed9 admin admin] Publish callbacks ['neutron.plugins.ml2.plugin.SecurityGroupDbMixin._ensure_default_security_group_handler-380122'] for port (None), before_create {{(pid=90029) _notify_loop /opt/stack/data/venv/lib/python3.12/site-packages/neutron_lib/callbacks/manager.py:184}}
Jun 17 09:48:06.940005 np0000003029 devstack@neutron-api.service[90029]: DEBUG neutron_lib.callbacks.manager [None req-6f899dad-2841-4eeb-b9b7-75052377fed9 admin admin] Publish callbacks ['neutron.plugins.ml2.drivers.ovn.mech_driver.mech_driver.OVNMechanismDriver._validate_allowed_address_pairs-1843211'] for allowed_address_pair (d65f893f-6845-42b6-ae87-6afb1f241fa3), before_create {{(pid=90029) _notify_loop /opt/stack/data/venv/lib/python3.12/site-packages/neutron_lib/callbacks/manager.py:184}}
Jun 17 09:48:06.940608 np0000003029 devstack@neutron-api.service[90029]: DEBUG neutron_lib.callbacks.manager [None req-6f899dad-2841-4eeb-b9b7-75052377fed9 admin admin] Publish callbacks [] for port (d65f893f-6845-42b6-ae87-6afb1f241fa3), precommit_create {{(pid=90029) _notify_loop /opt/stack/data/venv/lib/python3.12/site-packages/neutron_lib/callbacks/manager.py:184}}
Jun 17 09:48:06.940784 np0000003029 devstack@neutron-api.service[90029]: DEBUG neutron.plugins.ml2.drivers.ovn.mech_driver.mech_driver [None req-6f899dad-2841-4eeb-b9b7-75052377fed9 admin admin] No provisioning block for port d65f893f-6845-42b6-ae87-6afb1f241fa3 since it does not have a host {{(pid=90029) _is_port_provisioning_required /opt/stack/neutron/neutron/plugins/ml2/drivers/ovn/mech_driver/mech_driver.py:896}}
Jun 17 09:48:06.940889 np0000003029 devstack@neutron-api.service[90029]: DEBUG neutron.db.ovn_revision_numbers_db [None req-6f899dad-2841-4eeb-b9b7-75052377fed9 admin admin] create_initial_revision uuid=d65f893f-6845-42b6-ae87-6afb1f241fa3, type=ports, rev=-1 {{(pid=90029) create_initial_revision /opt/stack/neutron/neutron/db/ovn_revision_numbers_db.py:98}}
Jun 17 09:48:06.994387 np0000003029 devstack@neutron-api.service[90029]: DEBUG neutron_lib.callbacks.manager [None req-6f899dad-2841-4eeb-b9b7-75052377fed9 admin admin] Publish callbacks ['neutron.plugins.ml2.ovo_rpc._ObjectChangeHandler.handle_event-1117544'] for port (d65f893f-6845-42b6-ae87-6afb1f241fa3), after_create {{(pid=90029) _notify_loop /opt/stack/data/venv/lib/python3.12/site-packages/neutron_lib/callbacks/manager.py:184}}
Jun 17 09:48:07.060222 np0000003029 devstack@neutron-api.service[90029]: DEBUG neutron.api.rpc.handlers.resources_rpc [None req-6f899dad-2841-4eeb-b9b7-75052377fed9 admin admin] Pushing event updated for resources: {'Port': ['ID=d65f893f-6845-42b6-ae87-6afb1f241fa3,revision_number=1']} {{(pid=90029) push /opt/stack/neutron/neutron/api/rpc/handlers/resources_rpc.py:237}}
Jun 17 09:48:07.089263 np0000003029 devstack@neutron-api.service[90029]: DEBUG neutron.plugins.ml2.drivers.ovn.mech_driver.ovsdb.commands [None req-6f899dad-2841-4eeb-b9b7-75052377fed9 admin admin] Converting tag [] to a tag_request {{(pid=90029) _tag_column_to_tag_request /opt/stack/neutron/neutron/plugins/ml2/drivers/ovn/mech_driver/ovsdb/commands.py:205}}
Jun 17 09:48:07.090113 np0000003029 devstack@neutron-api.service[90029]: DEBUG ovsdbapp.backend.ovs_idl.transaction [-] Running txn n=1 command(idx=0): AddLSwitchPortCommand(_result=None, lport=d65f893f-6845-42b6-ae87-6afb1f241fa3, lswitch=neutron-225d2cb0-8a1b-4ac5-a526-e42b4113790d, may_exist=True, network_uuid=225d2cb0-8a1b-4ac5-a526-e42b4113790d, columns={'addresses': ['fa:16:3e:a3:10:87'], 'external_ids': {'neutron:port_name': '', 'neutron:device_id': 'ovnmeta-225d2cb0-8a1b-4ac5-a526-e42b4113790d', 'neutron:project_id': '90397ae5c010491baf1198bf2035bb4a', 'neutron:cidrs': '', 'neutron:device_owner': 'network:distributed', 'neutron:subnet_pool_addr_scope4': '', 'neutron:subnet_pool_addr_scope6': '', 'neutron:network_name': 'neutron-225d2cb0-8a1b-4ac5-a526-e42b4113790d', 'neutron:security_group_ids': '', 'neutron:revision_number': '1', 'neutron:vnic_type': 'normal', 'neutron:port_capabilities': '', 'neutron:mtu': '1372'}, 'parent_name': [], 'enabled': True, 'options': {}, 'type': 'localport', 'port_security': [], 'dhcpv4_options': [], 'dhcpv6_options': [], 'tag_request': []}) {{(pid=90029) do_commit /opt/stack/data/venv/lib/python3.12/site-packages/ovsdbapp/backend/ovs_idl/transaction.py:89}}
Jun 17 09:48:07.090637 np0000003029 devstack@neutron-api.service[90029]: DEBUG ovsdbapp.backend.ovs_idl.transaction [-] Running txn n=1 command(idx=1): QoSDelCommand(_result=None, switch=neutron-225d2cb0-8a1b-4ac5-a526-e42b4113790d, conditions=[('direction', '=', 'to-lport'), ('priority', '=', 2002), ('match', '=', 'outport == "d65f893f-6845-42b6-ae87-6afb1f241fa3"')], if_exists=True) {{(pid=90029) do_commit /opt/stack/data/venv/lib/python3.12/site-packages/ovsdbapp/backend/ovs_idl/transaction.py:89}}
Jun 17 09:48:07.090815 np0000003029 devstack@neutron-api.service[90029]: DEBUG ovsdbapp.backend.ovs_idl.transaction [-] Running txn n=1 command(idx=2): QoSDelCommand(_result=None, switch=neutron-225d2cb0-8a1b-4ac5-a526-e42b4113790d, conditions=[('direction', '=', 'from-lport'), ('priority', '=', 2002), ('match', '=', 'inport == "d65f893f-6845-42b6-ae87-6afb1f241fa3"')], if_exists=True) {{(pid=90029) do_commit /opt/stack/data/venv/lib/python3.12/site-packages/ovsdbapp/backend/ovs_idl/transaction.py:89}}
Jun 17 09:48:07.093729 np0000003029 devstack@neutron-api.service[90029]: DEBUG neutron.plugins.ml2.drivers.ovn.mech_driver.ovsdb.ovsdb_monitor [-] Hash Ring: Node 861b948c4ca857438db4c693c4be8448 (host: np0000003029) handling event "update" for row 225d2cb0-8a1b-4ac5-a526-e42b4113790d (table: Logical_Switch) {{(pid=90029) notify /opt/stack/neutron/neutron/plugins/ml2/drivers/ovn/mech_driver/ovsdb/ovsdb_monitor.py:1015}}
Jun 17 09:48:07.093729 np0000003029 devstack@neutron-api.service[90029]: DEBUG neutron.plugins.ml2.drivers.ovn.mech_driver.ovsdb.ovsdb_monitor [-] Hash Ring: Node 861b948c4ca857438db4c693c4be8448 (host: np0000003029) handling event "create" for row 681d4af2-ad6c-4f4e-a83a-85d427228209 (table: Logical_Switch_Port) {{(pid=90029) notify /opt/stack/neutron/neutron/plugins/ml2/drivers/ovn/mech_driver/ovsdb/ovsdb_monitor.py:1015}}
