Jun 25 19:49:22.010213 np0000003641 systemd[1]: Starting devstack@n-api-meta.service - Devstack devstack@n-api-meta.service...
Jun 25 19:49:22.015367 np0000003641 devstack@n-api-meta.service[95692]: [uWSGI] getting INI configuration from /etc/nova/nova-metadata-uwsgi.ini
Jun 25 19:49:22.017834 np0000003641 devstack@n-api-meta.service[95692]: *** Starting uWSGI 2.0.24-debian (64bit) on [Thu Jun 25 19:49:22 2026] ***
Jun 25 19:49:22.017834 np0000003641 devstack@n-api-meta.service[95692]: compiled with version: 13.2.0 on 17 April 2024 16:23:48
Jun 25 19:49:22.017834 np0000003641 devstack@n-api-meta.service[95692]: os: Linux-6.8.0-100-generic #100-Ubuntu SMP PREEMPT_DYNAMIC Tue Jan 13 16:40:06 UTC 2026
Jun 25 19:49:22.017834 np0000003641 devstack@n-api-meta.service[95692]: nodename: np0000003641
Jun 25 19:49:22.017834 np0000003641 devstack@n-api-meta.service[95692]: machine: x86_64
Jun 25 19:49:22.017834 np0000003641 devstack@n-api-meta.service[95692]: clock source: unix
Jun 25 19:49:22.017834 np0000003641 devstack@n-api-meta.service[95692]: pcre jit disabled
Jun 25 19:49:22.017834 np0000003641 devstack@n-api-meta.service[95692]: detected number of CPU cores: 16
Jun 25 19:49:22.017834 np0000003641 devstack@n-api-meta.service[95692]: current working directory: /
Jun 25 19:49:22.017834 np0000003641 devstack@n-api-meta.service[95692]: detected binary path: /usr/bin/uwsgi-core
Jun 25 19:49:22.017834 np0000003641 devstack@n-api-meta.service[95692]: your processes number limit is 257052
Jun 25 19:49:22.017834 np0000003641 devstack@n-api-meta.service[95692]: your memory page size is 4096 bytes
Jun 25 19:49:22.017834 np0000003641 devstack@n-api-meta.service[95692]: detected max file descriptor number: 2048
Jun 25 19:49:22.017834 np0000003641 devstack@n-api-meta.service[95692]: lock engine: pthread robust mutexes
Jun 25 19:49:22.017834 np0000003641 devstack@n-api-meta.service[95692]: thunder lock: enabled
Jun 25 19:49:22.018214 np0000003641 devstack@n-api-meta.service[95692]: uWSGI http bound on 0.0.0.0:8775 fd 5
Jun 25 19:49:22.018214 np0000003641 devstack@n-api-meta.service[95692]: uwsgi socket 0 bound to TCP address 127.0.0.1:33739 (port auto-assigned) fd 4
Jun 25 19:49:22.018214 np0000003641 devstack@n-api-meta.service[95692]: Python version: 3.12.3 (main, Mar 23 2026, 19:04:32) [GCC 13.3.0]
Jun 25 19:49:22.018214 np0000003641 devstack@n-api-meta.service[95692]: PEP 405 virtualenv detected: /opt/stack/data/venv
Jun 25 19:49:22.018214 np0000003641 devstack@n-api-meta.service[95692]: Set PythonHome to /opt/stack/data/venv
Jun 25 19:49:22.050010 np0000003641 devstack@n-api-meta.service[95692]: Python main interpreter initialized at 0x744858aa3668
Jun 25 19:49:22.050010 np0000003641 devstack@n-api-meta.service[95692]: python threads support enabled
Jun 25 19:49:22.050010 np0000003641 devstack@n-api-meta.service[95692]: your server socket listen backlog is limited to 100 connections
Jun 25 19:49:22.050010 np0000003641 devstack@n-api-meta.service[95692]: your mercy for graceful operations on workers is 80 seconds
Jun 25 19:49:22.050542 np0000003641 devstack@n-api-meta.service[95692]: mapped 671795 bytes (656 KB) for 4 cores
Jun 25 19:49:22.050674 np0000003641 devstack@n-api-meta.service[95692]: *** Operational MODE: preforking ***
Jun 25 19:49:22.050842 np0000003641 devstack@n-api-meta.service[95692]: *** uWSGI is running in multiple interpreter mode ***
Jun 25 19:49:22.050842 np0000003641 devstack@n-api-meta.service[95692]: spawned uWSGI master process (pid: 95692)
Jun 25 19:49:22.051001 np0000003641 systemd[1]: Started devstack@n-api-meta.service - Devstack devstack@n-api-meta.service.
Jun 25 19:49:22.051369 np0000003641 devstack@n-api-meta.service[95692]: spawned uWSGI worker 1 (pid: 95693, cores: 1)
Jun 25 19:49:22.051790 np0000003641 devstack@n-api-meta.service[95692]: spawned uWSGI worker 2 (pid: 95694, cores: 1)
Jun 25 19:49:22.052356 np0000003641 devstack@n-api-meta.service[95692]: spawned uWSGI worker 3 (pid: 95695, cores: 1)
Jun 25 19:49:22.052639 np0000003641 devstack@n-api-meta.service[95692]: spawned uWSGI worker 4 (pid: 95696, cores: 1)
Jun 25 19:49:22.053301 np0000003641 devstack@n-api-meta.service[95692]: spawned uWSGI http 1 (pid: 95697)
Jun 25 19:49:22.053301 np0000003641 devstack@n-api-meta.service[95692]: running "unix_signal:15 gracefully_kill_them_all" (master-start)...
Jun 25 19:49:23.681490 np0000003641 devstack@n-api-meta.service[95695]: INFO dbcounter [None req-846238c5-b6e1-40b1-8aa9-f5183bd03513 None None] Registered counter for database nova_api
Jun 25 19:49:23.698656 np0000003641 devstack@n-api-meta.service[95693]: INFO dbcounter [None req-78dc8edc-4d65-4f9e-88a0-f870420aff27 None None] Registered counter for database nova_api
Jun 25 19:49:23.730596 np0000003641 devstack@n-api-meta.service[95696]: INFO dbcounter [None req-927b25eb-fdaf-469c-98e8-3e7d7eaff6f4 None None] Registered counter for database nova_api
Jun 25 19:49:23.732514 np0000003641 devstack@n-api-meta.service[95695]: DEBUG oslo_db.sqlalchemy.engines [None req-846238c5-b6e1-40b1-8aa9-f5183bd03513 None None] MySQL server mode set to STRICT_TRANS_TABLES,STRICT_ALL_TABLES,NO_ZERO_IN_DATE,NO_ZERO_DATE,ERROR_FOR_DIVISION_BY_ZERO,TRADITIONAL,NO_ENGINE_SUBSTITUTION {{(pid=95695) _check_effective_sql_mode /opt/stack/data/venv/lib/python3.12/site-packages/oslo_db/sqlalchemy/engines.py:325}}
Jun 25 19:49:23.744064 np0000003641 devstack@n-api-meta.service[95693]: DEBUG oslo_db.sqlalchemy.engines [None req-78dc8edc-4d65-4f9e-88a0-f870420aff27 None None] MySQL server mode set to STRICT_TRANS_TABLES,STRICT_ALL_TABLES,NO_ZERO_IN_DATE,NO_ZERO_DATE,ERROR_FOR_DIVISION_BY_ZERO,TRADITIONAL,NO_ENGINE_SUBSTITUTION {{(pid=95693) _check_effective_sql_mode /opt/stack/data/venv/lib/python3.12/site-packages/oslo_db/sqlalchemy/engines.py:325}}
Jun 25 19:49:23.772679 np0000003641 devstack@n-api-meta.service[95695]: DEBUG dbcounter [-] [95695] Writer thread running {{(pid=95695) stat_writer /opt/stack/data/venv/lib/python3.12/site-packages/dbcounter.py:102}}
Jun 25 19:49:23.775322 np0000003641 devstack@n-api-meta.service[95695]: DEBUG nova.context [None req-846238c5-b6e1-40b1-8aa9-f5183bd03513 None None] Found 2 cells: 00000000-0000-0000-0000-000000000000(cell0),80569a7a-0f23-4749-844e-91eadac9d492(cell1) {{(pid=95695) load_cells /opt/stack/nova/nova/context.py:509}}
Jun 25 19:49:23.775429 np0000003641 devstack@n-api-meta.service[95693]: DEBUG dbcounter [-] [95693] Writer thread running {{(pid=95693) stat_writer /opt/stack/data/venv/lib/python3.12/site-packages/dbcounter.py:102}}
Jun 25 19:49:23.775820 np0000003641 devstack@n-api-meta.service[95695]: INFO nova.utils [None req-846238c5-b6e1-40b1-8aa9-f5183bd03513 None None] The cell worker thread pool MainProcess.cell_worker is initialized
Jun 25 19:49:23.777386 np0000003641 devstack@n-api-meta.service[95696]: DEBUG oslo_db.sqlalchemy.engines [None req-927b25eb-fdaf-469c-98e8-3e7d7eaff6f4 None None] MySQL server mode set to STRICT_TRANS_TABLES,STRICT_ALL_TABLES,NO_ZERO_IN_DATE,NO_ZERO_DATE,ERROR_FOR_DIVISION_BY_ZERO,TRADITIONAL,NO_ENGINE_SUBSTITUTION {{(pid=95696) _check_effective_sql_mode /opt/stack/data/venv/lib/python3.12/site-packages/oslo_db/sqlalchemy/engines.py:325}}
Jun 25 19:49:23.777470 np0000003641 devstack@n-api-meta.service[95695]: DEBUG oslo_concurrency.lockutils [None req-846238c5-b6e1-40b1-8aa9-f5183bd03513 None None] Acquiring lock "00000000-0000-0000-0000-000000000000" by "nova.context.set_target_cell..get_or_set_cached_cell_and_set_connections" {{(pid=95695) inner /opt/stack/data/venv/lib/python3.12/site-packages/oslo_concurrency/lockutils.py:511}}
Jun 25 19:49:23.777573 np0000003641 devstack@n-api-meta.service[95695]: DEBUG oslo_concurrency.lockutils [None req-846238c5-b6e1-40b1-8aa9-f5183bd03513 None None] Lock "00000000-0000-0000-0000-000000000000" acquired by "nova.context.set_target_cell..get_or_set_cached_cell_and_set_connections" :: waited 0.000s {{(pid=95695) inner /opt/stack/data/venv/lib/python3.12/site-packages/oslo_concurrency/lockutils.py:524}}
Jun 25 19:49:23.777985 np0000003641 devstack@n-api-meta.service[95695]: DEBUG oslo_concurrency.lockutils [None req-846238c5-b6e1-40b1-8aa9-f5183bd03513 None None] Lock "00000000-0000-0000-0000-000000000000" "released" by "nova.context.set_target_cell..get_or_set_cached_cell_and_set_connections" :: held 0.000s {{(pid=95695) inner /opt/stack/data/venv/lib/python3.12/site-packages/oslo_concurrency/lockutils.py:543}}
Jun 25 19:49:23.778222 np0000003641 devstack@n-api-meta.service[95693]: DEBUG nova.context [None req-78dc8edc-4d65-4f9e-88a0-f870420aff27 None None] Found 2 cells: 00000000-0000-0000-0000-000000000000(cell0),80569a7a-0f23-4749-844e-91eadac9d492(cell1) {{(pid=95693) load_cells /opt/stack/nova/nova/context.py:509}}
Jun 25 19:49:23.778597 np0000003641 devstack@n-api-meta.service[95693]: INFO nova.utils [None req-78dc8edc-4d65-4f9e-88a0-f870420aff27 None None] The cell worker thread pool MainProcess.cell_worker is initialized
Jun 25 19:49:23.778753 np0000003641 devstack@n-api-meta.service[95695]: DEBUG oslo_concurrency.lockutils [None req-846238c5-b6e1-40b1-8aa9-f5183bd03513 None None] Acquiring lock "80569a7a-0f23-4749-844e-91eadac9d492" by "nova.context.set_target_cell..get_or_set_cached_cell_and_set_connections" {{(pid=95695) inner /opt/stack/data/venv/lib/python3.12/site-packages/oslo_concurrency/lockutils.py:511}}
Jun 25 19:49:23.780599 np0000003641 devstack@n-api-meta.service[95693]: DEBUG oslo_concurrency.lockutils [None req-78dc8edc-4d65-4f9e-88a0-f870420aff27 None None] Acquiring lock "00000000-0000-0000-0000-000000000000" by "nova.context.set_target_cell..get_or_set_cached_cell_and_set_connections" {{(pid=95693) inner /opt/stack/data/venv/lib/python3.12/site-packages/oslo_concurrency/lockutils.py:511}}
Jun 25 19:49:23.780746 np0000003641 devstack@n-api-meta.service[95695]: INFO dbcounter [None req-846238c5-b6e1-40b1-8aa9-f5183bd03513 None None] Registered counter for database nova_cell0
Jun 25 19:49:23.780836 np0000003641 devstack@n-api-meta.service[95693]: DEBUG oslo_concurrency.lockutils [None req-78dc8edc-4d65-4f9e-88a0-f870420aff27 None None] Lock "00000000-0000-0000-0000-000000000000" acquired by "nova.context.set_target_cell..get_or_set_cached_cell_and_set_connections" :: waited 0.000s {{(pid=95693) inner /opt/stack/data/venv/lib/python3.12/site-packages/oslo_concurrency/lockutils.py:524}}
Jun 25 19:49:23.782643 np0000003641 devstack@n-api-meta.service[95693]: DEBUG oslo_concurrency.lockutils [None req-78dc8edc-4d65-4f9e-88a0-f870420aff27 None None] Lock "00000000-0000-0000-0000-000000000000" "released" by "nova.context.set_target_cell..get_or_set_cached_cell_and_set_connections" :: held 0.001s {{(pid=95693) inner /opt/stack/data/venv/lib/python3.12/site-packages/oslo_concurrency/lockutils.py:543}}
Jun 25 19:49:23.782711 np0000003641 devstack@n-api-meta.service[95695]: DEBUG oslo_concurrency.lockutils [None req-846238c5-b6e1-40b1-8aa9-f5183bd03513 None None] Lock "80569a7a-0f23-4749-844e-91eadac9d492" acquired by "nova.context.set_target_cell..get_or_set_cached_cell_and_set_connections" :: waited 0.002s {{(pid=95695) inner /opt/stack/data/venv/lib/python3.12/site-packages/oslo_concurrency/lockutils.py:524}}
Jun 25 19:49:23.782758 np0000003641 devstack@n-api-meta.service[95693]: DEBUG oslo_concurrency.lockutils [None req-78dc8edc-4d65-4f9e-88a0-f870420aff27 None None] Acquiring lock "80569a7a-0f23-4749-844e-91eadac9d492" by "nova.context.set_target_cell..get_or_set_cached_cell_and_set_connections" {{(pid=95693) inner /opt/stack/data/venv/lib/python3.12/site-packages/oslo_concurrency/lockutils.py:511}}
Jun 25 19:49:23.782758 np0000003641 devstack@n-api-meta.service[95693]: DEBUG oslo_concurrency.lockutils [None req-78dc8edc-4d65-4f9e-88a0-f870420aff27 None None] Lock "80569a7a-0f23-4749-844e-91eadac9d492" acquired by "nova.context.set_target_cell..get_or_set_cached_cell_and_set_connections" :: waited 0.000s {{(pid=95693) inner /opt/stack/data/venv/lib/python3.12/site-packages/oslo_concurrency/lockutils.py:524}}
Jun 25 19:49:23.783341 np0000003641 devstack@n-api-meta.service[95695]: DEBUG oslo_concurrency.lockutils [None req-846238c5-b6e1-40b1-8aa9-f5183bd03513 None None] Lock "80569a7a-0f23-4749-844e-91eadac9d492" "released" by "nova.context.set_target_cell..get_or_set_cached_cell_and_set_connections" :: held 0.003s {{(pid=95695) inner /opt/stack/data/venv/lib/python3.12/site-packages/oslo_concurrency/lockutils.py:543}}
Jun 25 19:49:23.783495 np0000003641 devstack@n-api-meta.service[95693]: DEBUG oslo_concurrency.lockutils [None req-78dc8edc-4d65-4f9e-88a0-f870420aff27 None None] Lock "80569a7a-0f23-4749-844e-91eadac9d492" "released" by "nova.context.set_target_cell..get_or_set_cached_cell_and_set_connections" :: held 0.001s {{(pid=95693) inner /opt/stack/data/venv/lib/python3.12/site-packages/oslo_concurrency/lockutils.py:543}}
Jun 25 19:49:23.784940 np0000003641 devstack@n-api-meta.service[95695]: INFO dbcounter [None req-846238c5-b6e1-40b1-8aa9-f5183bd03513 None None] Registered counter for database nova_cell1
Jun 25 19:49:23.785049 np0000003641 devstack@n-api-meta.service[95693]: INFO dbcounter [None req-78dc8edc-4d65-4f9e-88a0-f870420aff27 None None] Registered counter for database nova_cell0
Jun 25 19:49:23.787808 np0000003641 devstack@n-api-meta.service[95693]: INFO dbcounter [None req-78dc8edc-4d65-4f9e-88a0-f870420aff27 None None] Registered counter for database nova_cell1
Jun 25 19:49:23.790748 np0000003641 devstack@n-api-meta.service[95694]: INFO dbcounter [None req-6365ef3d-db99-4a83-b100-be1966afb1c9 None None] Registered counter for database nova_api
Jun 25 19:49:23.813470 np0000003641 devstack@n-api-meta.service[95696]: DEBUG dbcounter [-] [95696] Writer thread running {{(pid=95696) stat_writer /opt/stack/data/venv/lib/python3.12/site-packages/dbcounter.py:102}}
Jun 25 19:49:23.816533 np0000003641 devstack@n-api-meta.service[95696]: DEBUG nova.context [None req-927b25eb-fdaf-469c-98e8-3e7d7eaff6f4 None None] Found 2 cells: 00000000-0000-0000-0000-000000000000(cell0),80569a7a-0f23-4749-844e-91eadac9d492(cell1) {{(pid=95696) load_cells /opt/stack/nova/nova/context.py:509}}
Jun 25 19:49:23.816615 np0000003641 devstack@n-api-meta.service[95696]: INFO nova.utils [None req-927b25eb-fdaf-469c-98e8-3e7d7eaff6f4 None None] The cell worker thread pool MainProcess.cell_worker is initialized
Jun 25 19:49:23.818935 np0000003641 devstack@n-api-meta.service[95696]: DEBUG oslo_concurrency.lockutils [None req-927b25eb-fdaf-469c-98e8-3e7d7eaff6f4 None None] Acquiring lock "00000000-0000-0000-0000-000000000000" by "nova.context.set_target_cell..get_or_set_cached_cell_and_set_connections" {{(pid=95696) inner /opt/stack/data/venv/lib/python3.12/site-packages/oslo_concurrency/lockutils.py:511}}
Jun 25 19:49:23.819124 np0000003641 devstack@n-api-meta.service[95696]: DEBUG oslo_concurrency.lockutils [None req-927b25eb-fdaf-469c-98e8-3e7d7eaff6f4 None None] Lock "00000000-0000-0000-0000-000000000000" acquired by "nova.context.set_target_cell..get_or_set_cached_cell_and_set_connections" :: waited 0.000s {{(pid=95696) inner /opt/stack/data/venv/lib/python3.12/site-packages/oslo_concurrency/lockutils.py:524}}
Jun 25 19:49:23.820432 np0000003641 devstack@n-api-meta.service[95696]: DEBUG oslo_concurrency.lockutils [None req-927b25eb-fdaf-469c-98e8-3e7d7eaff6f4 None None] Lock "00000000-0000-0000-0000-000000000000" "released" by "nova.context.set_target_cell..get_or_set_cached_cell_and_set_connections" :: held 0.000s {{(pid=95696) inner /opt/stack/data/venv/lib/python3.12/site-packages/oslo_concurrency/lockutils.py:543}}
Jun 25 19:49:23.820432 np0000003641 devstack@n-api-meta.service[95696]: DEBUG oslo_concurrency.lockutils [None req-927b25eb-fdaf-469c-98e8-3e7d7eaff6f4 None None] Acquiring lock "80569a7a-0f23-4749-844e-91eadac9d492" by "nova.context.set_target_cell..get_or_set_cached_cell_and_set_connections" {{(pid=95696) inner /opt/stack/data/venv/lib/python3.12/site-packages/oslo_concurrency/lockutils.py:511}}
Jun 25 19:49:23.820552 np0000003641 devstack@n-api-meta.service[95696]: DEBUG oslo_concurrency.lockutils [None req-927b25eb-fdaf-469c-98e8-3e7d7eaff6f4 None None] Lock "80569a7a-0f23-4749-844e-91eadac9d492" acquired by "nova.context.set_target_cell..get_or_set_cached_cell_and_set_connections" :: waited 0.000s {{(pid=95696) inner /opt/stack/data/venv/lib/python3.12/site-packages/oslo_concurrency/lockutils.py:524}}
Jun 25 19:49:23.822615 np0000003641 devstack@n-api-meta.service[95696]: DEBUG oslo_concurrency.lockutils [None req-927b25eb-fdaf-469c-98e8-3e7d7eaff6f4 None None] Lock "80569a7a-0f23-4749-844e-91eadac9d492" "released" by "nova.context.set_target_cell..get_or_set_cached_cell_and_set_connections" :: held 0.001s {{(pid=95696) inner /opt/stack/data/venv/lib/python3.12/site-packages/oslo_concurrency/lockutils.py:543}}
Jun 25 19:49:23.824214 np0000003641 devstack@n-api-meta.service[95696]: INFO dbcounter [None req-927b25eb-fdaf-469c-98e8-3e7d7eaff6f4 None None] Registered counter for database nova_cell0
Jun 25 19:49:23.826983 np0000003641 devstack@n-api-meta.service[95696]: INFO dbcounter [None req-927b25eb-fdaf-469c-98e8-3e7d7eaff6f4 None None] Registered counter for database nova_cell1
Jun 25 19:49:23.836852 np0000003641 devstack@n-api-meta.service[95695]: DEBUG oslo_db.sqlalchemy.engines [None req-846238c5-b6e1-40b1-8aa9-f5183bd03513 None None] MySQL server mode set to STRICT_TRANS_TABLES,STRICT_ALL_TABLES,NO_ZERO_IN_DATE,NO_ZERO_DATE,ERROR_FOR_DIVISION_BY_ZERO,TRADITIONAL,NO_ENGINE_SUBSTITUTION {{(pid=95695) _check_effective_sql_mode /opt/stack/data/venv/lib/python3.12/site-packages/oslo_db/sqlalchemy/engines.py:325}}
Jun 25 19:49:23.842928 np0000003641 devstack@n-api-meta.service[95693]: DEBUG oslo_db.sqlalchemy.engines [None req-78dc8edc-4d65-4f9e-88a0-f870420aff27 None None] MySQL server mode set to STRICT_TRANS_TABLES,STRICT_ALL_TABLES,NO_ZERO_IN_DATE,NO_ZERO_DATE,ERROR_FOR_DIVISION_BY_ZERO,TRADITIONAL,NO_ENGINE_SUBSTITUTION {{(pid=95693) _check_effective_sql_mode /opt/stack/data/venv/lib/python3.12/site-packages/oslo_db/sqlalchemy/engines.py:325}}
Jun 25 19:49:23.844851 np0000003641 devstack@n-api-meta.service[95693]: DEBUG oslo_db.sqlalchemy.engines [None req-78dc8edc-4d65-4f9e-88a0-f870420aff27 None None] MySQL server mode set to STRICT_TRANS_TABLES,STRICT_ALL_TABLES,NO_ZERO_IN_DATE,NO_ZERO_DATE,ERROR_FOR_DIVISION_BY_ZERO,TRADITIONAL,NO_ENGINE_SUBSTITUTION {{(pid=95693) _check_effective_sql_mode /opt/stack/data/venv/lib/python3.12/site-packages/oslo_db/sqlalchemy/engines.py:325}}
Jun 25 19:49:23.846851 np0000003641 devstack@n-api-meta.service[95694]: DEBUG oslo_db.sqlalchemy.engines [None req-6365ef3d-db99-4a83-b100-be1966afb1c9 None None] MySQL server mode set to STRICT_TRANS_TABLES,STRICT_ALL_TABLES,NO_ZERO_IN_DATE,NO_ZERO_DATE,ERROR_FOR_DIVISION_BY_ZERO,TRADITIONAL,NO_ENGINE_SUBSTITUTION {{(pid=95694) _check_effective_sql_mode /opt/stack/data/venv/lib/python3.12/site-packages/oslo_db/sqlalchemy/engines.py:325}}
Jun 25 19:49:23.881212 np0000003641 devstack@n-api-meta.service[95694]: DEBUG dbcounter [-] [95694] Writer thread running {{(pid=95694) stat_writer /opt/stack/data/venv/lib/python3.12/site-packages/dbcounter.py:102}}
Jun 25 19:49:23.883652 np0000003641 devstack@n-api-meta.service[95694]: DEBUG nova.context [None req-6365ef3d-db99-4a83-b100-be1966afb1c9 None None] Found 2 cells: 00000000-0000-0000-0000-000000000000(cell0),80569a7a-0f23-4749-844e-91eadac9d492(cell1) {{(pid=95694) load_cells /opt/stack/nova/nova/context.py:509}}
Jun 25 19:49:23.883890 np0000003641 devstack@n-api-meta.service[95694]: INFO nova.utils [None req-6365ef3d-db99-4a83-b100-be1966afb1c9 None None] The cell worker thread pool MainProcess.cell_worker is initialized
Jun 25 19:49:23.886795 np0000003641 devstack@n-api-meta.service[95694]: DEBUG oslo_concurrency.lockutils [None req-6365ef3d-db99-4a83-b100-be1966afb1c9 None None] Acquiring lock "00000000-0000-0000-0000-000000000000" by "nova.context.set_target_cell..get_or_set_cached_cell_and_set_connections" {{(pid=95694) inner /opt/stack/data/venv/lib/python3.12/site-packages/oslo_concurrency/lockutils.py:511}}
Jun 25 19:49:23.886795 np0000003641 devstack@n-api-meta.service[95694]: DEBUG oslo_concurrency.lockutils [None req-6365ef3d-db99-4a83-b100-be1966afb1c9 None None] Lock "00000000-0000-0000-0000-000000000000" acquired by "nova.context.set_target_cell..get_or_set_cached_cell_and_set_connections" :: waited 0.000s {{(pid=95694) inner /opt/stack/data/venv/lib/python3.12/site-packages/oslo_concurrency/lockutils.py:524}}
Jun 25 19:49:23.886795 np0000003641 devstack@n-api-meta.service[95694]: DEBUG oslo_concurrency.lockutils [None req-6365ef3d-db99-4a83-b100-be1966afb1c9 None None] Lock "00000000-0000-0000-0000-000000000000" "released" by "nova.context.set_target_cell..get_or_set_cached_cell_and_set_connections" :: held 0.000s {{(pid=95694) inner /opt/stack/data/venv/lib/python3.12/site-packages/oslo_concurrency/lockutils.py:543}}
Jun 25 19:49:23.886960 np0000003641 devstack@n-api-meta.service[95694]: DEBUG oslo_concurrency.lockutils [None req-6365ef3d-db99-4a83-b100-be1966afb1c9 None None] Acquiring lock "80569a7a-0f23-4749-844e-91eadac9d492" by "nova.context.set_target_cell..get_or_set_cached_cell_and_set_connections" {{(pid=95694) inner /opt/stack/data/venv/lib/python3.12/site-packages/oslo_concurrency/lockutils.py:511}}
Jun 25 19:49:23.887099 np0000003641 devstack@n-api-meta.service[95694]: DEBUG oslo_concurrency.lockutils [None req-6365ef3d-db99-4a83-b100-be1966afb1c9 None None] Lock "80569a7a-0f23-4749-844e-91eadac9d492" acquired by "nova.context.set_target_cell..get_or_set_cached_cell_and_set_connections" :: waited 0.000s {{(pid=95694) inner /opt/stack/data/venv/lib/python3.12/site-packages/oslo_concurrency/lockutils.py:524}}
Jun 25 19:49:23.888121 np0000003641 devstack@n-api-meta.service[95694]: DEBUG oslo_concurrency.lockutils [None req-6365ef3d-db99-4a83-b100-be1966afb1c9 None None] Lock "80569a7a-0f23-4749-844e-91eadac9d492" "released" by "nova.context.set_target_cell..get_or_set_cached_cell_and_set_connections" :: held 0.001s {{(pid=95694) inner /opt/stack/data/venv/lib/python3.12/site-packages/oslo_concurrency/lockutils.py:543}}
Jun 25 19:49:23.891919 np0000003641 devstack@n-api-meta.service[95694]: INFO dbcounter [None req-6365ef3d-db99-4a83-b100-be1966afb1c9 None None] Registered counter for database nova_cell0
Jun 25 19:49:23.892309 np0000003641 devstack@n-api-meta.service[95694]: INFO dbcounter [None req-6365ef3d-db99-4a83-b100-be1966afb1c9 None None] Registered counter for database nova_cell1
Jun 25 19:49:23.894642 np0000003641 devstack@n-api-meta.service[95696]: DEBUG oslo_db.sqlalchemy.engines [None req-927b25eb-fdaf-469c-98e8-3e7d7eaff6f4 None None] MySQL server mode set to STRICT_TRANS_TABLES,STRICT_ALL_TABLES,NO_ZERO_IN_DATE,NO_ZERO_DATE,ERROR_FOR_DIVISION_BY_ZERO,TRADITIONAL,NO_ENGINE_SUBSTITUTION {{(pid=95696) _check_effective_sql_mode /opt/stack/data/venv/lib/python3.12/site-packages/oslo_db/sqlalchemy/engines.py:325}}
Jun 25 19:49:23.904693 np0000003641 devstack@n-api-meta.service[95696]: DEBUG oslo_db.sqlalchemy.engines [None req-927b25eb-fdaf-469c-98e8-3e7d7eaff6f4 None None] MySQL server mode set to STRICT_TRANS_TABLES,STRICT_ALL_TABLES,NO_ZERO_IN_DATE,NO_ZERO_DATE,ERROR_FOR_DIVISION_BY_ZERO,TRADITIONAL,NO_ENGINE_SUBSTITUTION {{(pid=95696) _check_effective_sql_mode /opt/stack/data/venv/lib/python3.12/site-packages/oslo_db/sqlalchemy/engines.py:325}}
Jun 25 19:49:23.910963 np0000003641 devstack@n-api-meta.service[95695]: DEBUG oslo_db.sqlalchemy.engines [None req-846238c5-b6e1-40b1-8aa9-f5183bd03513 None None] MySQL server mode set to STRICT_TRANS_TABLES,STRICT_ALL_TABLES,NO_ZERO_IN_DATE,NO_ZERO_DATE,ERROR_FOR_DIVISION_BY_ZERO,TRADITIONAL,NO_ENGINE_SUBSTITUTION {{(pid=95695) _check_effective_sql_mode /opt/stack/data/venv/lib/python3.12/site-packages/oslo_db/sqlalchemy/engines.py:325}}
Jun 25 19:49:23.928047 np0000003641 devstack@n-api-meta.service[95695]: DEBUG dbcounter [-] [95695] Writer thread running {{(pid=95695) stat_writer /opt/stack/data/venv/lib/python3.12/site-packages/dbcounter.py:102}}
Jun 25 19:49:23.934140 np0000003641 devstack@n-api-meta.service[95695]: DEBUG dbcounter [-] [95695] Writer thread running {{(pid=95695) stat_writer /opt/stack/data/venv/lib/python3.12/site-packages/dbcounter.py:102}}
Jun 25 19:49:23.938924 np0000003641 devstack@n-api-meta.service[95695]: INFO dbcounter [None req-846238c5-b6e1-40b1-8aa9-f5183bd03513 None None] Registered counter for database nova_cell0
Jun 25 19:49:23.939076 np0000003641 devstack@n-api-meta.service[95694]: DEBUG oslo_db.sqlalchemy.engines [None req-6365ef3d-db99-4a83-b100-be1966afb1c9 None None] MySQL server mode set to STRICT_TRANS_TABLES,STRICT_ALL_TABLES,NO_ZERO_IN_DATE,NO_ZERO_DATE,ERROR_FOR_DIVISION_BY_ZERO,TRADITIONAL,NO_ENGINE_SUBSTITUTION {{(pid=95694) _check_effective_sql_mode /opt/stack/data/venv/lib/python3.12/site-packages/oslo_db/sqlalchemy/engines.py:325}}
Jun 25 19:49:23.945924 np0000003641 devstack@n-api-meta.service[95694]: DEBUG oslo_db.sqlalchemy.engines [None req-6365ef3d-db99-4a83-b100-be1966afb1c9 None None] MySQL server mode set to STRICT_TRANS_TABLES,STRICT_ALL_TABLES,NO_ZERO_IN_DATE,NO_ZERO_DATE,ERROR_FOR_DIVISION_BY_ZERO,TRADITIONAL,NO_ENGINE_SUBSTITUTION {{(pid=95694) _check_effective_sql_mode /opt/stack/data/venv/lib/python3.12/site-packages/oslo_db/sqlalchemy/engines.py:325}}
Jun 25 19:49:23.946559 np0000003641 devstack@n-api-meta.service[95693]: DEBUG dbcounter [-] [95693] Writer thread running {{(pid=95693) stat_writer /opt/stack/data/venv/lib/python3.12/site-packages/dbcounter.py:102}}
Jun 25 19:49:23.951511 np0000003641 devstack@n-api-meta.service[95693]: DEBUG dbcounter [-] [95693] Writer thread running {{(pid=95693) stat_writer /opt/stack/data/venv/lib/python3.12/site-packages/dbcounter.py:102}}
Jun 25 19:49:23.956558 np0000003641 devstack@n-api-meta.service[95693]: INFO dbcounter [None req-78dc8edc-4d65-4f9e-88a0-f870420aff27 None None] Registered counter for database nova_cell0
Jun 25 19:49:23.977011 np0000003641 devstack@n-api-meta.service[95695]: DEBUG oslo_db.sqlalchemy.engines [None req-846238c5-b6e1-40b1-8aa9-f5183bd03513 None None] MySQL server mode set to STRICT_TRANS_TABLES,STRICT_ALL_TABLES,NO_ZERO_IN_DATE,NO_ZERO_DATE,ERROR_FOR_DIVISION_BY_ZERO,TRADITIONAL,NO_ENGINE_SUBSTITUTION {{(pid=95695) _check_effective_sql_mode /opt/stack/data/venv/lib/python3.12/site-packages/oslo_db/sqlalchemy/engines.py:325}}
Jun 25 19:49:23.984252 np0000003641 devstack@n-api-meta.service[95695]: DEBUG dbcounter [-] [95695] Writer thread running {{(pid=95695) stat_writer /opt/stack/data/venv/lib/python3.12/site-packages/dbcounter.py:102}}
Jun 25 19:49:23.992887 np0000003641 devstack@n-api-meta.service[95696]: DEBUG dbcounter [-] [95696] Writer thread running {{(pid=95696) stat_writer /opt/stack/data/venv/lib/python3.12/site-packages/dbcounter.py:102}}
Jun 25 19:49:23.998920 np0000003641 devstack@n-api-meta.service[95696]: DEBUG dbcounter [-] [95696] Writer thread running {{(pid=95696) stat_writer /opt/stack/data/venv/lib/python3.12/site-packages/dbcounter.py:102}}
Jun 25 19:49:24.000546 np0000003641 devstack@n-api-meta.service[95696]: INFO dbcounter [None req-927b25eb-fdaf-469c-98e8-3e7d7eaff6f4 None None] Registered counter for database nova_cell0
Jun 25 19:49:24.007361 np0000003641 devstack@n-api-meta.service[95693]: DEBUG oslo_db.sqlalchemy.engines [None req-78dc8edc-4d65-4f9e-88a0-f870420aff27 None None] MySQL server mode set to STRICT_TRANS_TABLES,STRICT_ALL_TABLES,NO_ZERO_IN_DATE,NO_ZERO_DATE,ERROR_FOR_DIVISION_BY_ZERO,TRADITIONAL,NO_ENGINE_SUBSTITUTION {{(pid=95693) _check_effective_sql_mode /opt/stack/data/venv/lib/python3.12/site-packages/oslo_db/sqlalchemy/engines.py:325}}
Jun 25 19:49:24.014887 np0000003641 devstack@n-api-meta.service[95693]: DEBUG dbcounter [-] [95693] Writer thread running {{(pid=95693) stat_writer /opt/stack/data/venv/lib/python3.12/site-packages/dbcounter.py:102}}
Jun 25 19:49:24.025419 np0000003641 devstack@n-api-meta.service[95695]: WARNING nova.api.metadata.handler [None req-846238c5-b6e1-40b1-8aa9-f5183bd03513 None None] metadata_proxy_shared_secret is not configured, the metadata information returned by the proxy cannot be trusted
Jun 25 19:49:24.027809 np0000003641 devstack@n-api-meta.service[95695]: DEBUG nova.api.openstack.wsgi_app [None req-846238c5-b6e1-40b1-8aa9-f5183bd03513 None None] ******************************************************************************** {{(pid=95695) log_opt_values /opt/stack/data/venv/lib/python3.12/site-packages/oslo_config/cfg.py:3226}}
Jun 25 19:49:24.028085 np0000003641 devstack@n-api-meta.service[95695]: DEBUG nova.api.openstack.wsgi_app [None req-846238c5-b6e1-40b1-8aa9-f5183bd03513 None None] Configuration options gathered from: {{(pid=95695) log_opt_values /opt/stack/data/venv/lib/python3.12/site-packages/oslo_config/cfg.py:3227}}
Jun 25 19:49:24.028298 np0000003641 devstack@n-api-meta.service[95695]: DEBUG nova.api.openstack.wsgi_app [None req-846238c5-b6e1-40b1-8aa9-f5183bd03513 None None] command line args: [] {{(pid=95695) log_opt_values /opt/stack/data/venv/lib/python3.12/site-packages/oslo_config/cfg.py:3228}}
Jun 25 19:49:24.028567 np0000003641 devstack@n-api-meta.service[95695]: DEBUG nova.api.openstack.wsgi_app [None req-846238c5-b6e1-40b1-8aa9-f5183bd03513 None None] config files: ['/etc/nova/api-paste.ini', '/etc/nova/nova.conf'] {{(pid=95695) log_opt_values /opt/stack/data/venv/lib/python3.12/site-packages/oslo_config/cfg.py:3229}}
Jun 25 19:49:24.028770 np0000003641 devstack@n-api-meta.service[95695]: DEBUG nova.api.openstack.wsgi_app [None req-846238c5-b6e1-40b1-8aa9-f5183bd03513 None None] ================================================================================ {{(pid=95695) log_opt_values /opt/stack/data/venv/lib/python3.12/site-packages/oslo_config/cfg.py:3234}}
Jun 25 19:49:24.029074 np0000003641 devstack@n-api-meta.service[95695]: DEBUG nova.api.openstack.wsgi_app [None req-846238c5-b6e1-40b1-8aa9-f5183bd03513 None None] allow_resize_to_same_host = True {{(pid=95695) log_opt_values /opt/stack/data/venv/lib/python3.12/site-packages/oslo_config/cfg.py:3242}}
Jun 25 19:49:24.029294 np0000003641 devstack@n-api-meta.service[95695]: DEBUG nova.api.openstack.wsgi_app [None req-846238c5-b6e1-40b1-8aa9-f5183bd03513 None None] arq_binding_timeout = 300 {{(pid=95695) log_opt_values /opt/stack/data/venv/lib/python3.12/site-packages/oslo_config/cfg.py:3242}}
Jun 25 19:49:24.029528 np0000003641 devstack@n-api-meta.service[95695]: DEBUG nova.api.openstack.wsgi_app [None req-846238c5-b6e1-40b1-8aa9-f5183bd03513 None None] block_device_allocate_retries = 60 {{(pid=95695) log_opt_values /opt/stack/data/venv/lib/python3.12/site-packages/oslo_config/cfg.py:3242}}
Jun 25 19:49:24.029740 np0000003641 devstack@n-api-meta.service[95695]: DEBUG nova.api.openstack.wsgi_app [None req-846238c5-b6e1-40b1-8aa9-f5183bd03513 None None] block_device_allocate_retries_interval = 3 {{(pid=95695) log_opt_values /opt/stack/data/venv/lib/python3.12/site-packages/oslo_config/cfg.py:3242}}
Jun 25 19:49:24.031931 np0000003641 devstack@n-api-meta.service[95695]: DEBUG nova.api.openstack.wsgi_app [None req-846238c5-b6e1-40b1-8aa9-f5183bd03513 None None] cell_worker_thread_pool_size = 5 {{(pid=95695) log_opt_values /opt/stack/data/venv/lib/python3.12/site-packages/oslo_config/cfg.py:3242}}
Jun 25 19:49:24.031931 np0000003641 devstack@n-api-meta.service[95695]: DEBUG nova.api.openstack.wsgi_app [None req-846238c5-b6e1-40b1-8aa9-f5183bd03513 None None] cert = self.pem {{(pid=95695) log_opt_values /opt/stack/data/venv/lib/python3.12/site-packages/oslo_config/cfg.py:3242}}
Jun 25 19:49:24.031931 np0000003641 devstack@n-api-meta.service[95695]: DEBUG nova.api.openstack.wsgi_app [None req-846238c5-b6e1-40b1-8aa9-f5183bd03513 None None] compute_driver = libvirt.LibvirtDriver {{(pid=95695) log_opt_values /opt/stack/data/venv/lib/python3.12/site-packages/oslo_config/cfg.py:3242}}
Jun 25 19:49:24.031931 np0000003641 devstack@n-api-meta.service[95695]: DEBUG nova.api.openstack.wsgi_app [None req-846238c5-b6e1-40b1-8aa9-f5183bd03513 None None] compute_monitors = [] {{(pid=95695) log_opt_values /opt/stack/data/venv/lib/python3.12/site-packages/oslo_config/cfg.py:3242}}
Jun 25 19:49:24.031931 np0000003641 devstack@n-api-meta.service[95695]: DEBUG nova.api.openstack.wsgi_app [None req-846238c5-b6e1-40b1-8aa9-f5183bd03513 None None] config_dir = [] {{(pid=95695) log_opt_values /opt/stack/data/venv/lib/python3.12/site-packages/oslo_config/cfg.py:3242}}
Jun 25 19:49:24.031931 np0000003641 devstack@n-api-meta.service[95695]: DEBUG nova.api.openstack.wsgi_app [None req-846238c5-b6e1-40b1-8aa9-f5183bd03513 None None] config_drive_format = iso9660 {{(pid=95695) log_opt_values /opt/stack/data/venv/lib/python3.12/site-packages/oslo_config/cfg.py:3242}}
Jun 25 19:49:24.031931 np0000003641 devstack@n-api-meta.service[95695]: DEBUG nova.api.openstack.wsgi_app [None req-846238c5-b6e1-40b1-8aa9-f5183bd03513 None None] config_file = ['/etc/nova/api-paste.ini', '/etc/nova/nova.conf'] {{(pid=95695) log_opt_values /opt/stack/data/venv/lib/python3.12/site-packages/oslo_config/cfg.py:3242}}
Jun 25 19:49:24.032154 np0000003641 devstack@n-api-meta.service[95695]: DEBUG nova.api.openstack.wsgi_app [None req-846238c5-b6e1-40b1-8aa9-f5183bd03513 None None] config_source = [] {{(pid=95695) log_opt_values /opt/stack/data/venv/lib/python3.12/site-packages/oslo_config/cfg.py:3242}}
Jun 25 19:49:24.032154 np0000003641 devstack@n-api-meta.service[95695]: DEBUG nova.api.openstack.wsgi_app [None req-846238c5-b6e1-40b1-8aa9-f5183bd03513 None None] console_host = np0000003641 {{(pid=95695) log_opt_values /opt/stack/data/venv/lib/python3.12/site-packages/oslo_config/cfg.py:3242}}
Jun 25 19:49:24.032154 np0000003641 devstack@n-api-meta.service[95695]: DEBUG nova.api.openstack.wsgi_app [None req-846238c5-b6e1-40b1-8aa9-f5183bd03513 None None] control_exchange = nova {{(pid=95695) log_opt_values /opt/stack/data/venv/lib/python3.12/site-packages/oslo_config/cfg.py:3242}}
Jun 25 19:49:24.032154 np0000003641 devstack@n-api-meta.service[95695]: DEBUG nova.api.openstack.wsgi_app [None req-846238c5-b6e1-40b1-8aa9-f5183bd03513 None None] cpu_allocation_ratio = None {{(pid=95695) log_opt_values /opt/stack/data/venv/lib/python3.12/site-packages/oslo_config/cfg.py:3242}}
Jun 25 19:49:24.032154 np0000003641 devstack@n-api-meta.service[95695]: DEBUG nova.api.openstack.wsgi_app [None req-846238c5-b6e1-40b1-8aa9-f5183bd03513 None None] daemon = False {{(pid=95695) log_opt_values /opt/stack/data/venv/lib/python3.12/site-packages/oslo_config/cfg.py:3242}}
Jun 25 19:49:24.032154 np0000003641 devstack@n-api-meta.service[95695]: DEBUG nova.api.openstack.wsgi_app [None req-846238c5-b6e1-40b1-8aa9-f5183bd03513 None None] debug = True {{(pid=95695) log_opt_values /opt/stack/data/venv/lib/python3.12/site-packages/oslo_config/cfg.py:3242}}
Jun 25 19:49:24.032154 np0000003641 devstack@n-api-meta.service[95695]: DEBUG nova.api.openstack.wsgi_app [None req-846238c5-b6e1-40b1-8aa9-f5183bd03513 None None] default_access_ip_network_name = None {{(pid=95695) log_opt_values /opt/stack/data/venv/lib/python3.12/site-packages/oslo_config/cfg.py:3242}}
Jun 25 19:49:24.032299 np0000003641 devstack@n-api-meta.service[95695]: DEBUG nova.api.openstack.wsgi_app [None req-846238c5-b6e1-40b1-8aa9-f5183bd03513 None None] default_availability_zone = nova {{(pid=95695) log_opt_values /opt/stack/data/venv/lib/python3.12/site-packages/oslo_config/cfg.py:3242}}
Jun 25 19:49:24.032299 np0000003641 devstack@n-api-meta.service[95695]: DEBUG nova.api.openstack.wsgi_app [None req-846238c5-b6e1-40b1-8aa9-f5183bd03513 None None] default_ephemeral_format = ext4 {{(pid=95695) log_opt_values /opt/stack/data/venv/lib/python3.12/site-packages/oslo_config/cfg.py:3242}}
Jun 25 19:49:24.032541 np0000003641 devstack@n-api-meta.service[95695]: DEBUG nova.api.openstack.wsgi_app [None req-846238c5-b6e1-40b1-8aa9-f5183bd03513 None None] default_green_pool_size = 1000 {{(pid=95695) log_opt_values /opt/stack/data/venv/lib/python3.12/site-packages/oslo_config/cfg.py:3242}}
Jun 25 19:49:24.032838 np0000003641 devstack@n-api-meta.service[95695]: DEBUG nova.api.openstack.wsgi_app [None req-846238c5-b6e1-40b1-8aa9-f5183bd03513 None None] default_log_levels = ['amqp=WARN', 'boto=WARN', 'sqlalchemy=WARN', 'suds=INFO', 'oslo.messaging=INFO', 'oslo_messaging=INFO', 'iso8601=WARN', 'requests.packages.urllib3.connectionpool=WARN', 'urllib3.connectionpool=WARN', 'websocket=WARN', 'requests.packages.urllib3.util.retry=WARN', 'urllib3.util.retry=WARN', 'keystonemiddleware=WARN', 'routes.middleware=WARN', 'stevedore=WARN', 'taskflow=WARN', 'keystoneauth=WARN', 'oslo.cache=INFO', 'oslo_policy=INFO', 'dogpile.core.dogpile=INFO', 'glanceclient=WARN', 'oslo.privsep.daemon=INFO'] {{(pid=95695) log_opt_values /opt/stack/data/venv/lib/python3.12/site-packages/oslo_config/cfg.py:3242}}
Jun 25 19:49:24.032993 np0000003641 devstack@n-api-meta.service[95694]: DEBUG dbcounter [-] [95694] Writer thread running {{(pid=95694) stat_writer /opt/stack/data/venv/lib/python3.12/site-packages/dbcounter.py:102}}
Jun 25 19:49:24.033229 np0000003641 devstack@n-api-meta.service[95695]: DEBUG nova.api.openstack.wsgi_app [None req-846238c5-b6e1-40b1-8aa9-f5183bd03513 None None] default_schedule_zone = None {{(pid=95695) log_opt_values /opt/stack/data/venv/lib/python3.12/site-packages/oslo_config/cfg.py:3242}}
Jun 25 19:49:24.033476 np0000003641 devstack@n-api-meta.service[95695]: DEBUG nova.api.openstack.wsgi_app [None req-846238c5-b6e1-40b1-8aa9-f5183bd03513 None None] default_thread_pool_size = 10 {{(pid=95695) log_opt_values /opt/stack/data/venv/lib/python3.12/site-packages/oslo_config/cfg.py:3242}}
Jun 25 19:49:24.033690 np0000003641 devstack@n-api-meta.service[95695]: DEBUG nova.api.openstack.wsgi_app [None req-846238c5-b6e1-40b1-8aa9-f5183bd03513 None None] disk_allocation_ratio = None {{(pid=95695) log_opt_values /opt/stack/data/venv/lib/python3.12/site-packages/oslo_config/cfg.py:3242}}
Jun 25 19:49:24.033983 np0000003641 devstack@n-api-meta.service[95695]: DEBUG nova.api.openstack.wsgi_app [None req-846238c5-b6e1-40b1-8aa9-f5183bd03513 None None] enable_new_services = True {{(pid=95695) log_opt_values /opt/stack/data/venv/lib/python3.12/site-packages/oslo_config/cfg.py:3242}}
Jun 25 19:49:24.034291 np0000003641 devstack@n-api-meta.service[95695]: DEBUG nova.api.openstack.wsgi_app [None req-846238c5-b6e1-40b1-8aa9-f5183bd03513 None None] flat_injected = False {{(pid=95695) log_opt_values /opt/stack/data/venv/lib/python3.12/site-packages/oslo_config/cfg.py:3242}}
Jun 25 19:49:24.036929 np0000003641 devstack@n-api-meta.service[95695]: DEBUG nova.api.openstack.wsgi_app [None req-846238c5-b6e1-40b1-8aa9-f5183bd03513 None None] force_config_drive = True {{(pid=95695) log_opt_values /opt/stack/data/venv/lib/python3.12/site-packages/oslo_config/cfg.py:3242}}
Jun 25 19:49:24.036929 np0000003641 devstack@n-api-meta.service[95695]: DEBUG nova.api.openstack.wsgi_app [None req-846238c5-b6e1-40b1-8aa9-f5183bd03513 None None] force_raw_images = True {{(pid=95695) log_opt_values /opt/stack/data/venv/lib/python3.12/site-packages/oslo_config/cfg.py:3242}}
Jun 25 19:49:24.036929 np0000003641 devstack@n-api-meta.service[95695]: DEBUG nova.api.openstack.wsgi_app [None req-846238c5-b6e1-40b1-8aa9-f5183bd03513 None None] graceful_shutdown_timeout = 5 {{(pid=95695) log_opt_values /opt/stack/data/venv/lib/python3.12/site-packages/oslo_config/cfg.py:3242}}
Jun 25 19:49:24.036929 np0000003641 devstack@n-api-meta.service[95695]: DEBUG nova.api.openstack.wsgi_app [None req-846238c5-b6e1-40b1-8aa9-f5183bd03513 None None] heal_instance_info_cache_interval = -1 {{(pid=95695) log_opt_values /opt/stack/data/venv/lib/python3.12/site-packages/oslo_config/cfg.py:3242}}
Jun 25 19:49:24.036929 np0000003641 devstack@n-api-meta.service[95695]: DEBUG nova.api.openstack.wsgi_app [None req-846238c5-b6e1-40b1-8aa9-f5183bd03513 None None] host = np0000003641 {{(pid=95695) log_opt_values /opt/stack/data/venv/lib/python3.12/site-packages/oslo_config/cfg.py:3242}}
Jun 25 19:49:24.036929 np0000003641 devstack@n-api-meta.service[95695]: DEBUG nova.api.openstack.wsgi_app [None req-846238c5-b6e1-40b1-8aa9-f5183bd03513 None None] initial_cpu_allocation_ratio = 4.0 {{(pid=95695) log_opt_values /opt/stack/data/venv/lib/python3.12/site-packages/oslo_config/cfg.py:3242}}
Jun 25 19:49:24.036929 np0000003641 devstack@n-api-meta.service[95695]: DEBUG nova.api.openstack.wsgi_app [None req-846238c5-b6e1-40b1-8aa9-f5183bd03513 None None] initial_disk_allocation_ratio = 1.0 {{(pid=95695) log_opt_values /opt/stack/data/venv/lib/python3.12/site-packages/oslo_config/cfg.py:3242}}
Jun 25 19:49:24.037185 np0000003641 devstack@n-api-meta.service[95695]: DEBUG nova.api.openstack.wsgi_app [None req-846238c5-b6e1-40b1-8aa9-f5183bd03513 None None] initial_ram_allocation_ratio = 1.0 {{(pid=95695) log_opt_values /opt/stack/data/venv/lib/python3.12/site-packages/oslo_config/cfg.py:3242}}
Jun 25 19:49:24.037185 np0000003641 devstack@n-api-meta.service[95695]: DEBUG nova.api.openstack.wsgi_app [None req-846238c5-b6e1-40b1-8aa9-f5183bd03513 None None] injected_network_template = /opt/stack/nova/nova/virt/interfaces.template {{(pid=95695) log_opt_values /opt/stack/data/venv/lib/python3.12/site-packages/oslo_config/cfg.py:3242}}
Jun 25 19:49:24.037185 np0000003641 devstack@n-api-meta.service[95695]: DEBUG nova.api.openstack.wsgi_app [None req-846238c5-b6e1-40b1-8aa9-f5183bd03513 None None] instance_build_timeout = 0 {{(pid=95695) log_opt_values /opt/stack/data/venv/lib/python3.12/site-packages/oslo_config/cfg.py:3242}}
Jun 25 19:49:24.037185 np0000003641 devstack@n-api-meta.service[95695]: DEBUG nova.api.openstack.wsgi_app [None req-846238c5-b6e1-40b1-8aa9-f5183bd03513 None None] instance_delete_interval = 300 {{(pid=95695) log_opt_values /opt/stack/data/venv/lib/python3.12/site-packages/oslo_config/cfg.py:3242}}
Jun 25 19:49:24.037185 np0000003641 devstack@n-api-meta.service[95695]: DEBUG nova.api.openstack.wsgi_app [None req-846238c5-b6e1-40b1-8aa9-f5183bd03513 None None] instance_format = [instance: %(uuid)s] {{(pid=95695) log_opt_values /opt/stack/data/venv/lib/python3.12/site-packages/oslo_config/cfg.py:3242}}
Jun 25 19:49:24.037185 np0000003641 devstack@n-api-meta.service[95695]: DEBUG nova.api.openstack.wsgi_app [None req-846238c5-b6e1-40b1-8aa9-f5183bd03513 None None] instance_name_template = instance-%08x {{(pid=95695) log_opt_values /opt/stack/data/venv/lib/python3.12/site-packages/oslo_config/cfg.py:3242}}
Jun 25 19:49:24.037185 np0000003641 devstack@n-api-meta.service[95695]: DEBUG nova.api.openstack.wsgi_app [None req-846238c5-b6e1-40b1-8aa9-f5183bd03513 None None] instance_usage_audit = False {{(pid=95695) log_opt_values /opt/stack/data/venv/lib/python3.12/site-packages/oslo_config/cfg.py:3242}}
Jun 25 19:49:24.037395 np0000003641 devstack@n-api-meta.service[95695]: DEBUG nova.api.openstack.wsgi_app [None req-846238c5-b6e1-40b1-8aa9-f5183bd03513 None None] instance_usage_audit_period = month {{(pid=95695) log_opt_values /opt/stack/data/venv/lib/python3.12/site-packages/oslo_config/cfg.py:3242}}
Jun 25 19:49:24.037442 np0000003641 devstack@n-api-meta.service[95696]: DEBUG oslo_db.sqlalchemy.engines [None req-927b25eb-fdaf-469c-98e8-3e7d7eaff6f4 None None] MySQL server mode set to STRICT_TRANS_TABLES,STRICT_ALL_TABLES,NO_ZERO_IN_DATE,NO_ZERO_DATE,ERROR_FOR_DIVISION_BY_ZERO,TRADITIONAL,NO_ENGINE_SUBSTITUTION {{(pid=95696) _check_effective_sql_mode /opt/stack/data/venv/lib/python3.12/site-packages/oslo_db/sqlalchemy/engines.py:325}}
Jun 25 19:49:24.037632 np0000003641 devstack@n-api-meta.service[95695]: DEBUG nova.api.openstack.wsgi_app [None req-846238c5-b6e1-40b1-8aa9-f5183bd03513 None None] instance_uuid_format = [instance: %(uuid)s] {{(pid=95695) log_opt_values /opt/stack/data/venv/lib/python3.12/site-packages/oslo_config/cfg.py:3242}}
Jun 25 19:49:24.037872 np0000003641 devstack@n-api-meta.service[95695]: DEBUG nova.api.openstack.wsgi_app [None req-846238c5-b6e1-40b1-8aa9-f5183bd03513 None None] instances_path = /opt/stack/data/nova/instances {{(pid=95695) log_opt_values /opt/stack/data/venv/lib/python3.12/site-packages/oslo_config/cfg.py:3242}}
Jun 25 19:49:24.038155 np0000003641 devstack@n-api-meta.service[95695]: DEBUG nova.api.openstack.wsgi_app [None req-846238c5-b6e1-40b1-8aa9-f5183bd03513 None None] internal_service_availability_zone = internal {{(pid=95695) log_opt_values /opt/stack/data/venv/lib/python3.12/site-packages/oslo_config/cfg.py:3242}}
Jun 25 19:49:24.038368 np0000003641 devstack@n-api-meta.service[95695]: DEBUG nova.api.openstack.wsgi_app [None req-846238c5-b6e1-40b1-8aa9-f5183bd03513 None None] key = None {{(pid=95695) log_opt_values /opt/stack/data/venv/lib/python3.12/site-packages/oslo_config/cfg.py:3242}}
Jun 25 19:49:24.038593 np0000003641 devstack@n-api-meta.service[95695]: DEBUG nova.api.openstack.wsgi_app [None req-846238c5-b6e1-40b1-8aa9-f5183bd03513 None None] live_migration_retry_count = 30 {{(pid=95695) log_opt_values /opt/stack/data/venv/lib/python3.12/site-packages/oslo_config/cfg.py:3242}}
Jun 25 19:49:24.038810 np0000003641 devstack@n-api-meta.service[95695]: DEBUG nova.api.openstack.wsgi_app [None req-846238c5-b6e1-40b1-8aa9-f5183bd03513 None None] log_color = False {{(pid=95695) log_opt_values /opt/stack/data/venv/lib/python3.12/site-packages/oslo_config/cfg.py:3242}}
Jun 25 19:49:24.039053 np0000003641 devstack@n-api-meta.service[95695]: DEBUG nova.api.openstack.wsgi_app [None req-846238c5-b6e1-40b1-8aa9-f5183bd03513 None None] log_config_append = None {{(pid=95695) log_opt_values /opt/stack/data/venv/lib/python3.12/site-packages/oslo_config/cfg.py:3242}}
Jun 25 19:49:24.039138 np0000003641 devstack@n-api-meta.service[95694]: DEBUG dbcounter [-] [95694] Writer thread running {{(pid=95694) stat_writer /opt/stack/data/venv/lib/python3.12/site-packages/dbcounter.py:102}}
Jun 25 19:49:24.041913 np0000003641 devstack@n-api-meta.service[95695]: DEBUG nova.api.openstack.wsgi_app [None req-846238c5-b6e1-40b1-8aa9-f5183bd03513 None None] log_date_format = %Y-%m-%d %H:%M:%S {{(pid=95695) log_opt_values /opt/stack/data/venv/lib/python3.12/site-packages/oslo_config/cfg.py:3242}}
Jun 25 19:49:24.041913 np0000003641 devstack@n-api-meta.service[95695]: DEBUG nova.api.openstack.wsgi_app [None req-846238c5-b6e1-40b1-8aa9-f5183bd03513 None None] log_dir = None {{(pid=95695) log_opt_values /opt/stack/data/venv/lib/python3.12/site-packages/oslo_config/cfg.py:3242}}
Jun 25 19:49:24.041913 np0000003641 devstack@n-api-meta.service[95695]: DEBUG nova.api.openstack.wsgi_app [None req-846238c5-b6e1-40b1-8aa9-f5183bd03513 None None] log_file = None {{(pid=95695) log_opt_values /opt/stack/data/venv/lib/python3.12/site-packages/oslo_config/cfg.py:3242}}
Jun 25 19:49:24.041913 np0000003641 devstack@n-api-meta.service[95695]: DEBUG nova.api.openstack.wsgi_app [None req-846238c5-b6e1-40b1-8aa9-f5183bd03513 None None] log_options = True {{(pid=95695) log_opt_values /opt/stack/data/venv/lib/python3.12/site-packages/oslo_config/cfg.py:3242}}
Jun 25 19:49:24.041913 np0000003641 devstack@n-api-meta.service[95695]: DEBUG nova.api.openstack.wsgi_app [None req-846238c5-b6e1-40b1-8aa9-f5183bd03513 None None] log_rotate_interval = 1 {{(pid=95695) log_opt_values /opt/stack/data/venv/lib/python3.12/site-packages/oslo_config/cfg.py:3242}}
Jun 25 19:49:24.041913 np0000003641 devstack@n-api-meta.service[95695]: DEBUG nova.api.openstack.wsgi_app [None req-846238c5-b6e1-40b1-8aa9-f5183bd03513 None None] log_rotate_interval_type = days {{(pid=95695) log_opt_values /opt/stack/data/venv/lib/python3.12/site-packages/oslo_config/cfg.py:3242}}
Jun 25 19:49:24.041913 np0000003641 devstack@n-api-meta.service[95695]: DEBUG nova.api.openstack.wsgi_app [None req-846238c5-b6e1-40b1-8aa9-f5183bd03513 None None] log_rotation_type = none {{(pid=95695) log_opt_values /opt/stack/data/venv/lib/python3.12/site-packages/oslo_config/cfg.py:3242}}
Jun 25 19:49:24.042101 np0000003641 devstack@n-api-meta.service[95695]: DEBUG nova.api.openstack.wsgi_app [None req-846238c5-b6e1-40b1-8aa9-f5183bd03513 None None] logging_context_format_string = %(color)s%(levelname)s %(name)s [%(global_request_id)s %(request_id)s %(project_name)s %(user_name)s%(color)s] %(instance)s%(color)s%(message)s {{(pid=95695) log_opt_values /opt/stack/data/venv/lib/python3.12/site-packages/oslo_config/cfg.py:3242}}
Jun 25 19:49:24.042101 np0000003641 devstack@n-api-meta.service[95695]: DEBUG nova.api.openstack.wsgi_app [None req-846238c5-b6e1-40b1-8aa9-f5183bd03513 None None] logging_debug_format_suffix = {{(pid=%(process)d) %(funcName)s %(pathname)s:%(lineno)d}} {{(pid=95695) log_opt_values /opt/stack/data/venv/lib/python3.12/site-packages/oslo_config/cfg.py:3242}}
Jun 25 19:49:24.042101 np0000003641 devstack@n-api-meta.service[95695]: DEBUG nova.api.openstack.wsgi_app [None req-846238c5-b6e1-40b1-8aa9-f5183bd03513 None None] logging_default_format_string = %(color)s%(levelname)s %(name)s [-%(color)s] %(instance)s%(color)s%(message)s {{(pid=95695) log_opt_values /opt/stack/data/venv/lib/python3.12/site-packages/oslo_config/cfg.py:3242}}
Jun 25 19:49:24.042101 np0000003641 devstack@n-api-meta.service[95695]: DEBUG nova.api.openstack.wsgi_app [None req-846238c5-b6e1-40b1-8aa9-f5183bd03513 None None] logging_exception_prefix = ERROR %(name)s %(instance)s {{(pid=95695) log_opt_values /opt/stack/data/venv/lib/python3.12/site-packages/oslo_config/cfg.py:3242}}
Jun 25 19:49:24.042101 np0000003641 devstack@n-api-meta.service[95695]: DEBUG nova.api.openstack.wsgi_app [None req-846238c5-b6e1-40b1-8aa9-f5183bd03513 None None] logging_user_identity_format = %(user)s %(project)s %(domain)s %(system_scope)s %(user_domain)s %(project_domain)s {{(pid=95695) log_opt_values /opt/stack/data/venv/lib/python3.12/site-packages/oslo_config/cfg.py:3242}}
