Jun 25 19:49:28.598567 np0000003641 nova-conductor[98752]: DEBUG cotyledon.oslo_config_glue [-] profiler.filter_error_trace = False {{(pid=98752) log_opt_values /opt/stack/data/venv/lib/python3.12/site-packages/oslo_config/cfg.py:3253}}
Jun 25 19:49:28.598567 np0000003641 nova-conductor[98752]: DEBUG cotyledon.oslo_config_glue [-] profiler.hmac_keys = **** {{(pid=98752) log_opt_values /opt/stack/data/venv/lib/python3.12/site-packages/oslo_config/cfg.py:3253}}
Jun 25 19:49:28.598567 np0000003641 nova-conductor[98752]: DEBUG cotyledon.oslo_config_glue [-] profiler.sentinel_service_name = mymaster {{(pid=98752) log_opt_values /opt/stack/data/venv/lib/python3.12/site-packages/oslo_config/cfg.py:3253}}
Jun 25 19:49:28.598567 np0000003641 nova-conductor[98752]: DEBUG cotyledon.oslo_config_glue [-] profiler.socket_timeout = 0.1 {{(pid=98752) log_opt_values /opt/stack/data/venv/lib/python3.12/site-packages/oslo_config/cfg.py:3253}}
Jun 25 19:49:28.598758 np0000003641 nova-conductor[98752]: DEBUG cotyledon.oslo_config_glue [-] profiler.trace_requests = False {{(pid=98752) log_opt_values /opt/stack/data/venv/lib/python3.12/site-packages/oslo_config/cfg.py:3253}}
Jun 25 19:49:28.598758 np0000003641 nova-conductor[98752]: DEBUG cotyledon.oslo_config_glue [-] profiler.trace_sqlalchemy = False {{(pid=98752) log_opt_values /opt/stack/data/venv/lib/python3.12/site-packages/oslo_config/cfg.py:3253}}
Jun 25 19:49:28.598758 np0000003641 nova-conductor[98752]: DEBUG cotyledon.oslo_config_glue [-] profiler_jaeger.process_tags = {} {{(pid=98752) log_opt_values /opt/stack/data/venv/lib/python3.12/site-packages/oslo_config/cfg.py:3253}}
Jun 25 19:49:28.598758 np0000003641 nova-conductor[98752]: DEBUG cotyledon.oslo_config_glue [-] profiler_jaeger.service_name_prefix = None {{(pid=98752) log_opt_values /opt/stack/data/venv/lib/python3.12/site-packages/oslo_config/cfg.py:3253}}
Jun 25 19:49:28.598758 np0000003641 nova-conductor[98752]: DEBUG cotyledon.oslo_config_glue [-] profiler_otlp.service_name_prefix = None {{(pid=98752) log_opt_values /opt/stack/data/venv/lib/python3.12/site-packages/oslo_config/cfg.py:3253}}
Jun 25 19:49:28.598758 np0000003641 nova-conductor[98752]: DEBUG cotyledon.oslo_config_glue [-] oslo_messaging_rabbit.amqp_auto_delete = False {{(pid=98752) log_opt_values /opt/stack/data/venv/lib/python3.12/site-packages/oslo_config/cfg.py:3253}}
Jun 25 19:49:28.598758 np0000003641 nova-conductor[98752]: DEBUG cotyledon.oslo_config_glue [-] oslo_messaging_rabbit.amqp_durable_queues = False {{(pid=98752) log_opt_values /opt/stack/data/venv/lib/python3.12/site-packages/oslo_config/cfg.py:3253}}
Jun 25 19:49:28.598758 np0000003641 nova-conductor[98752]: DEBUG cotyledon.oslo_config_glue [-] oslo_messaging_rabbit.conn_pool_min_size = 2 {{(pid=98752) log_opt_values /opt/stack/data/venv/lib/python3.12/site-packages/oslo_config/cfg.py:3253}}
Jun 25 19:49:28.598758 np0000003641 nova-conductor[98752]: DEBUG cotyledon.oslo_config_glue [-] oslo_messaging_rabbit.conn_pool_ttl = 1200 {{(pid=98752) log_opt_values /opt/stack/data/venv/lib/python3.12/site-packages/oslo_config/cfg.py:3253}}
Jun 25 19:49:28.599048 np0000003641 nova-conductor[98752]: DEBUG cotyledon.oslo_config_glue [-] oslo_messaging_rabbit.direct_mandatory_flag = True {{(pid=98752) log_opt_values /opt/stack/data/venv/lib/python3.12/site-packages/oslo_config/cfg.py:3253}}
Jun 25 19:49:28.599048 np0000003641 nova-conductor[98752]: DEBUG cotyledon.oslo_config_glue [-] oslo_messaging_rabbit.enable_cancel_on_failover = False {{(pid=98752) log_opt_values /opt/stack/data/venv/lib/python3.12/site-packages/oslo_config/cfg.py:3253}}
Jun 25 19:49:28.599048 np0000003641 nova-conductor[98752]: DEBUG cotyledon.oslo_config_glue [-] oslo_messaging_rabbit.heartbeat_rate = 3 {{(pid=98752) log_opt_values /opt/stack/data/venv/lib/python3.12/site-packages/oslo_config/cfg.py:3253}}
Jun 25 19:49:28.599048 np0000003641 nova-conductor[98752]: DEBUG cotyledon.oslo_config_glue [-] oslo_messaging_rabbit.heartbeat_timeout_threshold = 60 {{(pid=98752) log_opt_values /opt/stack/data/venv/lib/python3.12/site-packages/oslo_config/cfg.py:3253}}
Jun 25 19:49:28.599048 np0000003641 nova-conductor[98752]: DEBUG cotyledon.oslo_config_glue [-] oslo_messaging_rabbit.hostname = np0000003641 {{(pid=98752) log_opt_values /opt/stack/data/venv/lib/python3.12/site-packages/oslo_config/cfg.py:3253}}
Jun 25 19:49:28.599048 np0000003641 nova-conductor[98752]: DEBUG cotyledon.oslo_config_glue [-] oslo_messaging_rabbit.kombu_compression = None {{(pid=98752) log_opt_values /opt/stack/data/venv/lib/python3.12/site-packages/oslo_config/cfg.py:3253}}
Jun 25 19:49:28.599048 np0000003641 nova-conductor[98752]: DEBUG cotyledon.oslo_config_glue [-] oslo_messaging_rabbit.kombu_failover_strategy = round-robin {{(pid=98752) log_opt_values /opt/stack/data/venv/lib/python3.12/site-packages/oslo_config/cfg.py:3253}}
Jun 25 19:49:28.599048 np0000003641 nova-conductor[98752]: DEBUG cotyledon.oslo_config_glue [-] oslo_messaging_rabbit.kombu_missing_consumer_retry_timeout = 60 {{(pid=98752) log_opt_values /opt/stack/data/venv/lib/python3.12/site-packages/oslo_config/cfg.py:3253}}
Jun 25 19:49:28.599048 np0000003641 nova-conductor[98752]: DEBUG cotyledon.oslo_config_glue [-] oslo_messaging_rabbit.kombu_reconnect_delay = 1.0 {{(pid=98752) log_opt_values /opt/stack/data/venv/lib/python3.12/site-packages/oslo_config/cfg.py:3253}}
Jun 25 19:49:28.599229 np0000003641 nova-conductor[98752]: DEBUG cotyledon.oslo_config_glue [-] oslo_messaging_rabbit.kombu_reconnect_splay = 0.0 {{(pid=98752) log_opt_values /opt/stack/data/venv/lib/python3.12/site-packages/oslo_config/cfg.py:3253}}
Jun 25 19:49:28.599229 np0000003641 nova-conductor[98752]: DEBUG cotyledon.oslo_config_glue [-] oslo_messaging_rabbit.processname = nova-conductor {{(pid=98752) log_opt_values /opt/stack/data/venv/lib/python3.12/site-packages/oslo_config/cfg.py:3253}}
Jun 25 19:49:28.599229 np0000003641 nova-conductor[98752]: DEBUG cotyledon.oslo_config_glue [-] oslo_messaging_rabbit.rabbit_ha_queues = False {{(pid=98752) log_opt_values /opt/stack/data/venv/lib/python3.12/site-packages/oslo_config/cfg.py:3253}}
Jun 25 19:49:28.599229 np0000003641 nova-conductor[98752]: DEBUG cotyledon.oslo_config_glue [-] oslo_messaging_rabbit.rabbit_interval_max = 30 {{(pid=98752) log_opt_values /opt/stack/data/venv/lib/python3.12/site-packages/oslo_config/cfg.py:3253}}
Jun 25 19:49:28.599229 np0000003641 nova-conductor[98752]: DEBUG cotyledon.oslo_config_glue [-] oslo_messaging_rabbit.rabbit_login_method = AMQPLAIN {{(pid=98752) log_opt_values /opt/stack/data/venv/lib/python3.12/site-packages/oslo_config/cfg.py:3253}}
Jun 25 19:49:28.599229 np0000003641 nova-conductor[98752]: DEBUG cotyledon.oslo_config_glue [-] oslo_messaging_rabbit.rabbit_qos_prefetch_count = 0 {{(pid=98752) log_opt_values /opt/stack/data/venv/lib/python3.12/site-packages/oslo_config/cfg.py:3253}}
Jun 25 19:49:28.599229 np0000003641 nova-conductor[98752]: DEBUG cotyledon.oslo_config_glue [-] oslo_messaging_rabbit.rabbit_quorum_delivery_limit = 0 {{(pid=98752) log_opt_values /opt/stack/data/venv/lib/python3.12/site-packages/oslo_config/cfg.py:3253}}
Jun 25 19:49:28.599229 np0000003641 nova-conductor[98752]: DEBUG cotyledon.oslo_config_glue [-] oslo_messaging_rabbit.rabbit_quorum_max_memory_bytes = 0 {{(pid=98752) log_opt_values /opt/stack/data/venv/lib/python3.12/site-packages/oslo_config/cfg.py:3253}}
Jun 25 19:49:28.599229 np0000003641 nova-conductor[98752]: DEBUG cotyledon.oslo_config_glue [-] oslo_messaging_rabbit.rabbit_quorum_max_memory_length = 0 {{(pid=98752) log_opt_values /opt/stack/data/venv/lib/python3.12/site-packages/oslo_config/cfg.py:3253}}
Jun 25 19:49:28.599415 np0000003641 nova-conductor[98752]: DEBUG cotyledon.oslo_config_glue [-] oslo_messaging_rabbit.rabbit_quorum_queue = False {{(pid=98752) log_opt_values /opt/stack/data/venv/lib/python3.12/site-packages/oslo_config/cfg.py:3253}}
Jun 25 19:49:28.599415 np0000003641 nova-conductor[98752]: DEBUG cotyledon.oslo_config_glue [-] oslo_messaging_rabbit.rabbit_retry_backoff = 2 {{(pid=98752) log_opt_values /opt/stack/data/venv/lib/python3.12/site-packages/oslo_config/cfg.py:3253}}
Jun 25 19:49:28.599415 np0000003641 nova-conductor[98752]: DEBUG cotyledon.oslo_config_glue [-] oslo_messaging_rabbit.rabbit_retry_interval = 1 {{(pid=98752) log_opt_values /opt/stack/data/venv/lib/python3.12/site-packages/oslo_config/cfg.py:3253}}
Jun 25 19:49:28.599415 np0000003641 nova-conductor[98752]: DEBUG cotyledon.oslo_config_glue [-] oslo_messaging_rabbit.rabbit_stream_fanout = False {{(pid=98752) log_opt_values /opt/stack/data/venv/lib/python3.12/site-packages/oslo_config/cfg.py:3253}}
Jun 25 19:49:28.599415 np0000003641 nova-conductor[98752]: DEBUG cotyledon.oslo_config_glue [-] oslo_messaging_rabbit.rabbit_transient_queues_ttl = 1800 {{(pid=98752) log_opt_values /opt/stack/data/venv/lib/python3.12/site-packages/oslo_config/cfg.py:3253}}
Jun 25 19:49:28.599415 np0000003641 nova-conductor[98752]: DEBUG cotyledon.oslo_config_glue [-] oslo_messaging_rabbit.rabbit_transient_quorum_queue = False {{(pid=98752) log_opt_values /opt/stack/data/venv/lib/python3.12/site-packages/oslo_config/cfg.py:3253}}
Jun 25 19:49:28.599415 np0000003641 nova-conductor[98752]: DEBUG cotyledon.oslo_config_glue [-] oslo_messaging_rabbit.rpc_conn_pool_size = 30 {{(pid=98752) log_opt_values /opt/stack/data/venv/lib/python3.12/site-packages/oslo_config/cfg.py:3253}}
Jun 25 19:49:28.599415 np0000003641 nova-conductor[98752]: DEBUG cotyledon.oslo_config_glue [-] oslo_messaging_rabbit.ssl = False {{(pid=98752) log_opt_values /opt/stack/data/venv/lib/python3.12/site-packages/oslo_config/cfg.py:3253}}
Jun 25 19:49:28.599415 np0000003641 nova-conductor[98752]: DEBUG cotyledon.oslo_config_glue [-] oslo_messaging_rabbit.ssl_ca_file = {{(pid=98752) log_opt_values /opt/stack/data/venv/lib/python3.12/site-packages/oslo_config/cfg.py:3253}}
Jun 25 19:49:28.599621 np0000003641 nova-conductor[98752]: DEBUG cotyledon.oslo_config_glue [-] oslo_messaging_rabbit.ssl_cert_file = {{(pid=98752) log_opt_values /opt/stack/data/venv/lib/python3.12/site-packages/oslo_config/cfg.py:3253}}
Jun 25 19:49:28.599621 np0000003641 nova-conductor[98752]: DEBUG cotyledon.oslo_config_glue [-] oslo_messaging_rabbit.ssl_enforce_fips_mode = False {{(pid=98752) log_opt_values /opt/stack/data/venv/lib/python3.12/site-packages/oslo_config/cfg.py:3253}}
Jun 25 19:49:28.599621 np0000003641 nova-conductor[98752]: DEBUG cotyledon.oslo_config_glue [-] oslo_messaging_rabbit.ssl_enforce_hostname_verification = True {{(pid=98752) log_opt_values /opt/stack/data/venv/lib/python3.12/site-packages/oslo_config/cfg.py:3253}}
Jun 25 19:49:28.599621 np0000003641 nova-conductor[98752]: DEBUG cotyledon.oslo_config_glue [-] oslo_messaging_rabbit.ssl_key_file = {{(pid=98752) log_opt_values /opt/stack/data/venv/lib/python3.12/site-packages/oslo_config/cfg.py:3253}}
Jun 25 19:49:28.599621 np0000003641 nova-conductor[98752]: DEBUG cotyledon.oslo_config_glue [-] oslo_messaging_rabbit.ssl_version = {{(pid=98752) log_opt_values /opt/stack/data/venv/lib/python3.12/site-packages/oslo_config/cfg.py:3253}}
Jun 25 19:49:28.599621 np0000003641 nova-conductor[98752]: DEBUG cotyledon.oslo_config_glue [-] oslo_messaging_rabbit.use_queue_manager = False {{(pid=98752) log_opt_values /opt/stack/data/venv/lib/python3.12/site-packages/oslo_config/cfg.py:3253}}
Jun 25 19:49:28.599621 np0000003641 nova-conductor[98752]: DEBUG cotyledon.oslo_config_glue [-] oslo_messaging_notifications.driver = ['messagingv2'] {{(pid=98752) log_opt_values /opt/stack/data/venv/lib/python3.12/site-packages/oslo_config/cfg.py:3253}}
Jun 25 19:49:28.599621 np0000003641 nova-conductor[98752]: DEBUG cotyledon.oslo_config_glue [-] oslo_messaging_notifications.retry = -1 {{(pid=98752) log_opt_values /opt/stack/data/venv/lib/python3.12/site-packages/oslo_config/cfg.py:3253}}
Jun 25 19:49:28.599621 np0000003641 nova-conductor[98752]: DEBUG cotyledon.oslo_config_glue [-] oslo_messaging_notifications.topics = ['notifications'] {{(pid=98752) log_opt_values /opt/stack/data/venv/lib/python3.12/site-packages/oslo_config/cfg.py:3253}}
Jun 25 19:49:28.599822 np0000003641 nova-conductor[98752]: DEBUG cotyledon.oslo_config_glue [-] oslo_messaging_notifications.transport_url = **** {{(pid=98752) log_opt_values /opt/stack/data/venv/lib/python3.12/site-packages/oslo_config/cfg.py:3253}}
Jun 25 19:49:28.599822 np0000003641 nova-conductor[98752]: DEBUG cotyledon.oslo_config_glue [-] oslo_limit.auth_section = None {{(pid=98752) log_opt_values /opt/stack/data/venv/lib/python3.12/site-packages/oslo_config/cfg.py:3253}}
Jun 25 19:49:28.599822 np0000003641 nova-conductor[98752]: DEBUG cotyledon.oslo_config_glue [-] oslo_limit.auth_type = None {{(pid=98752) log_opt_values /opt/stack/data/venv/lib/python3.12/site-packages/oslo_config/cfg.py:3253}}
Jun 25 19:49:28.599822 np0000003641 nova-conductor[98752]: DEBUG cotyledon.oslo_config_glue [-] oslo_limit.cafile = None {{(pid=98752) log_opt_values /opt/stack/data/venv/lib/python3.12/site-packages/oslo_config/cfg.py:3253}}
Jun 25 19:49:28.599822 np0000003641 nova-conductor[98752]: DEBUG cotyledon.oslo_config_glue [-] oslo_limit.certfile = None {{(pid=98752) log_opt_values /opt/stack/data/venv/lib/python3.12/site-packages/oslo_config/cfg.py:3253}}
Jun 25 19:49:28.599822 np0000003641 nova-conductor[98752]: DEBUG cotyledon.oslo_config_glue [-] oslo_limit.collect_timing = False {{(pid=98752) log_opt_values /opt/stack/data/venv/lib/python3.12/site-packages/oslo_config/cfg.py:3253}}
Jun 25 19:49:28.599822 np0000003641 nova-conductor[98752]: DEBUG cotyledon.oslo_config_glue [-] oslo_limit.connect_retries = None {{(pid=98752) log_opt_values /opt/stack/data/venv/lib/python3.12/site-packages/oslo_config/cfg.py:3253}}
Jun 25 19:49:28.599822 np0000003641 nova-conductor[98752]: DEBUG cotyledon.oslo_config_glue [-] oslo_limit.connect_retry_delay = None {{(pid=98752) log_opt_values /opt/stack/data/venv/lib/python3.12/site-packages/oslo_config/cfg.py:3253}}
Jun 25 19:49:28.599822 np0000003641 nova-conductor[98752]: DEBUG cotyledon.oslo_config_glue [-] oslo_limit.endpoint_id = None {{(pid=98752) log_opt_values /opt/stack/data/venv/lib/python3.12/site-packages/oslo_config/cfg.py:3253}}
Jun 25 19:49:28.600048 np0000003641 nova-conductor[98752]: DEBUG cotyledon.oslo_config_glue [-] oslo_limit.endpoint_interface = public {{(pid=98752) log_opt_values /opt/stack/data/venv/lib/python3.12/site-packages/oslo_config/cfg.py:3253}}
Jun 25 19:49:28.600048 np0000003641 nova-conductor[98752]: DEBUG cotyledon.oslo_config_glue [-] oslo_limit.endpoint_override = None {{(pid=98752) log_opt_values /opt/stack/data/venv/lib/python3.12/site-packages/oslo_config/cfg.py:3253}}
Jun 25 19:49:28.600048 np0000003641 nova-conductor[98752]: DEBUG cotyledon.oslo_config_glue [-] oslo_limit.endpoint_region_name = None {{(pid=98752) log_opt_values /opt/stack/data/venv/lib/python3.12/site-packages/oslo_config/cfg.py:3253}}
Jun 25 19:49:28.600048 np0000003641 nova-conductor[98752]: DEBUG cotyledon.oslo_config_glue [-] oslo_limit.endpoint_service_name = None {{(pid=98752) log_opt_values /opt/stack/data/venv/lib/python3.12/site-packages/oslo_config/cfg.py:3253}}
Jun 25 19:49:28.600048 np0000003641 nova-conductor[98752]: DEBUG cotyledon.oslo_config_glue [-] oslo_limit.endpoint_service_type = None {{(pid=98752) log_opt_values /opt/stack/data/venv/lib/python3.12/site-packages/oslo_config/cfg.py:3253}}
Jun 25 19:49:28.600048 np0000003641 nova-conductor[98752]: DEBUG cotyledon.oslo_config_glue [-] oslo_limit.insecure = False {{(pid=98752) log_opt_values /opt/stack/data/venv/lib/python3.12/site-packages/oslo_config/cfg.py:3253}}
Jun 25 19:49:28.600048 np0000003641 nova-conductor[98752]: DEBUG cotyledon.oslo_config_glue [-] oslo_limit.keyfile = None {{(pid=98752) log_opt_values /opt/stack/data/venv/lib/python3.12/site-packages/oslo_config/cfg.py:3253}}
Jun 25 19:49:28.600048 np0000003641 nova-conductor[98752]: DEBUG cotyledon.oslo_config_glue [-] oslo_limit.max_version = None {{(pid=98752) log_opt_values /opt/stack/data/venv/lib/python3.12/site-packages/oslo_config/cfg.py:3253}}
Jun 25 19:49:28.600048 np0000003641 nova-conductor[98752]: DEBUG cotyledon.oslo_config_glue [-] oslo_limit.min_version = None {{(pid=98752) log_opt_values /opt/stack/data/venv/lib/python3.12/site-packages/oslo_config/cfg.py:3253}}
Jun 25 19:49:28.600233 np0000003641 nova-conductor[98752]: DEBUG cotyledon.oslo_config_glue [-] oslo_limit.region_name = None {{(pid=98752) log_opt_values /opt/stack/data/venv/lib/python3.12/site-packages/oslo_config/cfg.py:3253}}
Jun 25 19:49:28.600233 np0000003641 nova-conductor[98752]: DEBUG cotyledon.oslo_config_glue [-] oslo_limit.retriable_status_codes = None {{(pid=98752) log_opt_values /opt/stack/data/venv/lib/python3.12/site-packages/oslo_config/cfg.py:3253}}
Jun 25 19:49:28.600233 np0000003641 nova-conductor[98752]: DEBUG cotyledon.oslo_config_glue [-] oslo_limit.service_name = None {{(pid=98752) log_opt_values /opt/stack/data/venv/lib/python3.12/site-packages/oslo_config/cfg.py:3253}}
Jun 25 19:49:28.600233 np0000003641 nova-conductor[98752]: DEBUG cotyledon.oslo_config_glue [-] oslo_limit.service_type = None {{(pid=98752) log_opt_values /opt/stack/data/venv/lib/python3.12/site-packages/oslo_config/cfg.py:3253}}
Jun 25 19:49:28.600233 np0000003641 nova-conductor[98752]: DEBUG cotyledon.oslo_config_glue [-] oslo_limit.split_loggers = False {{(pid=98752) log_opt_values /opt/stack/data/venv/lib/python3.12/site-packages/oslo_config/cfg.py:3253}}
Jun 25 19:49:28.600233 np0000003641 nova-conductor[98752]: DEBUG cotyledon.oslo_config_glue [-] oslo_limit.status_code_retries = None {{(pid=98752) log_opt_values /opt/stack/data/venv/lib/python3.12/site-packages/oslo_config/cfg.py:3253}}
Jun 25 19:49:28.600233 np0000003641 nova-conductor[98752]: DEBUG cotyledon.oslo_config_glue [-] oslo_limit.status_code_retry_delay = None {{(pid=98752) log_opt_values /opt/stack/data/venv/lib/python3.12/site-packages/oslo_config/cfg.py:3253}}
Jun 25 19:49:28.600233 np0000003641 nova-conductor[98752]: DEBUG cotyledon.oslo_config_glue [-] oslo_limit.timeout = None {{(pid=98752) log_opt_values /opt/stack/data/venv/lib/python3.12/site-packages/oslo_config/cfg.py:3253}}
Jun 25 19:49:28.600233 np0000003641 nova-conductor[98752]: DEBUG cotyledon.oslo_config_glue [-] oslo_limit.valid_interfaces = None {{(pid=98752) log_opt_values /opt/stack/data/venv/lib/python3.12/site-packages/oslo_config/cfg.py:3253}}
Jun 25 19:49:28.600422 np0000003641 nova-conductor[98752]: DEBUG cotyledon.oslo_config_glue [-] oslo_limit.version = None {{(pid=98752) log_opt_values /opt/stack/data/venv/lib/python3.12/site-packages/oslo_config/cfg.py:3253}}
Jun 25 19:49:28.600422 np0000003641 nova-conductor[98752]: DEBUG cotyledon.oslo_config_glue [-] oslo_reports.file_event_handler = None {{(pid=98752) log_opt_values /opt/stack/data/venv/lib/python3.12/site-packages/oslo_config/cfg.py:3253}}
Jun 25 19:49:28.600422 np0000003641 nova-conductor[98752]: DEBUG cotyledon.oslo_config_glue [-] oslo_reports.file_event_handler_interval = 1 {{(pid=98752) log_opt_values /opt/stack/data/venv/lib/python3.12/site-packages/oslo_config/cfg.py:3253}}
Jun 25 19:49:28.600422 np0000003641 nova-conductor[98752]: DEBUG cotyledon.oslo_config_glue [-] oslo_reports.log_dir = None {{(pid=98752) log_opt_values /opt/stack/data/venv/lib/python3.12/site-packages/oslo_config/cfg.py:3253}}
Jun 25 19:49:28.600422 np0000003641 nova-conductor[98752]: DEBUG cotyledon.oslo_config_glue [-] ******************************************************************************** {{(pid=98752) log_opt_values /opt/stack/data/venv/lib/python3.12/site-packages/oslo_config/cfg.py:3260}}
Jun 25 19:49:28.600422 np0000003641 nova-conductor[98752]: DEBUG cotyledon._service_worker [-] Run service ServiceWrapper(3) [98752] {{(pid=98752) wait_forever /opt/stack/data/venv/lib/python3.12/site-packages/cotyledon/_service_worker.py:218}}
Jun 25 19:49:28.600422 np0000003641 nova-conductor[98752]: INFO nova.service [-] Starting conductor node (version 33.1.0)
Jun 25 19:49:28.600422 np0000003641 nova-conductor[98752]: INFO dbcounter [None req-46574d75-22ba-4184-bdba-f66ee5e0a90b None None] Registered counter for database nova_cell0
Jun 25 19:49:28.600610 np0000003641 nova-conductor[98728]: DEBUG oslo_db.sqlalchemy.engines [None req-46731bf5-e436-44c7-a36d-907b4cb82d4f None None] MySQL server mode set to STRICT_TRANS_TABLES,STRICT_ALL_TABLES,NO_ZERO_IN_DATE,NO_ZERO_DATE,ERROR_FOR_DIVISION_BY_ZERO,TRADITIONAL,NO_ENGINE_SUBSTITUTION {{(pid=98728) _check_effective_sql_mode /opt/stack/data/venv/lib/python3.12/site-packages/oslo_db/sqlalchemy/engines.py:325}}
Jun 25 19:49:28.605468 np0000003641 nova-conductor[98728]: DEBUG dbcounter [-] [98728] Writer thread running {{(pid=98728) stat_writer /opt/stack/data/venv/lib/python3.12/site-packages/dbcounter.py:102}}
Jun 25 19:49:28.606588 np0000003641 nova-conductor[98734]: DEBUG oslo_db.sqlalchemy.engines [None req-0be58fa0-7422-45b8-90d2-3b9cafba0641 None None] MySQL server mode set to STRICT_TRANS_TABLES,STRICT_ALL_TABLES,NO_ZERO_IN_DATE,NO_ZERO_DATE,ERROR_FOR_DIVISION_BY_ZERO,TRADITIONAL,NO_ENGINE_SUBSTITUTION {{(pid=98734) _check_effective_sql_mode /opt/stack/data/venv/lib/python3.12/site-packages/oslo_db/sqlalchemy/engines.py:325}}
Jun 25 19:49:28.615880 np0000003641 nova-conductor[98737]: DEBUG oslo_db.sqlalchemy.engines [None req-9bdbbbdb-82e2-4c99-96b6-d09bcdac8cdc None None] MySQL server mode set to STRICT_TRANS_TABLES,STRICT_ALL_TABLES,NO_ZERO_IN_DATE,NO_ZERO_DATE,ERROR_FOR_DIVISION_BY_ZERO,TRADITIONAL,NO_ENGINE_SUBSTITUTION {{(pid=98737) _check_effective_sql_mode /opt/stack/data/venv/lib/python3.12/site-packages/oslo_db/sqlalchemy/engines.py:325}}
Jun 25 19:49:28.616578 np0000003641 nova-conductor[98734]: DEBUG dbcounter [-] [98734] Writer thread running {{(pid=98734) stat_writer /opt/stack/data/venv/lib/python3.12/site-packages/dbcounter.py:102}}
Jun 25 19:49:28.620735 np0000003641 nova-conductor[98728]: DEBUG nova.service [None req-46731bf5-e436-44c7-a36d-907b4cb82d4f None None] Creating RPC server for service: nova-conductor on topic: conductor {{(pid=98728) start /opt/stack/nova/nova/service.py:196}}
Jun 25 19:49:28.625925 np0000003641 nova-conductor[98737]: DEBUG dbcounter [-] [98737] Writer thread running {{(pid=98737) stat_writer /opt/stack/data/venv/lib/python3.12/site-packages/dbcounter.py:102}}
Jun 25 19:49:28.628704 np0000003641 nova-conductor[98737]: DEBUG nova.service [None req-9bdbbbdb-82e2-4c99-96b6-d09bcdac8cdc None None] Creating RPC server for service: nova-conductor on topic: conductor {{(pid=98737) start /opt/stack/nova/nova/service.py:196}}
Jun 25 19:49:28.632079 np0000003641 nova-conductor[98734]: DEBUG nova.service [None req-0be58fa0-7422-45b8-90d2-3b9cafba0641 None None] Creating RPC server for service: nova-conductor on topic: conductor {{(pid=98734) start /opt/stack/nova/nova/service.py:196}}
Jun 25 19:49:28.645600 np0000003641 nova-conductor[98737]: DEBUG nova.service [None req-9bdbbbdb-82e2-4c99-96b6-d09bcdac8cdc None None] Join ServiceGroup membership for this service conductor {{(pid=98737) start /opt/stack/nova/nova/service.py:222}}
Jun 25 19:49:28.645745 np0000003641 nova-conductor[98737]: DEBUG nova.servicegroup.drivers.db [None req-9bdbbbdb-82e2-4c99-96b6-d09bcdac8cdc None None] DB_Driver: join new ServiceGroup member np0000003641 to the conductor group, service = {{(pid=98737) join /opt/stack/nova/nova/servicegroup/drivers/db.py:44}}
Jun 25 19:49:28.646370 np0000003641 nova-conductor[98728]: DEBUG nova.service [None req-46731bf5-e436-44c7-a36d-907b4cb82d4f None None] Join ServiceGroup membership for this service conductor {{(pid=98728) start /opt/stack/nova/nova/service.py:222}}
Jun 25 19:49:28.646542 np0000003641 nova-conductor[98728]: DEBUG nova.servicegroup.drivers.db [None req-46731bf5-e436-44c7-a36d-907b4cb82d4f None None] DB_Driver: join new ServiceGroup member np0000003641 to the conductor group, service = {{(pid=98728) join /opt/stack/nova/nova/servicegroup/drivers/db.py:44}}
Jun 25 19:49:28.650662 np0000003641 nova-conductor[98734]: DEBUG nova.service [None req-0be58fa0-7422-45b8-90d2-3b9cafba0641 None None] Join ServiceGroup membership for this service conductor {{(pid=98734) start /opt/stack/nova/nova/service.py:222}}
Jun 25 19:49:28.650968 np0000003641 nova-conductor[98734]: DEBUG nova.servicegroup.drivers.db [None req-0be58fa0-7422-45b8-90d2-3b9cafba0641 None None] DB_Driver: join new ServiceGroup member np0000003641 to the conductor group, service = {{(pid=98734) join /opt/stack/nova/nova/servicegroup/drivers/db.py:44}}
Jun 25 19:49:28.653987 np0000003641 nova-conductor[98752]: DEBUG oslo_db.sqlalchemy.engines [None req-46574d75-22ba-4184-bdba-f66ee5e0a90b None None] MySQL server mode set to STRICT_TRANS_TABLES,STRICT_ALL_TABLES,NO_ZERO_IN_DATE,NO_ZERO_DATE,ERROR_FOR_DIVISION_BY_ZERO,TRADITIONAL,NO_ENGINE_SUBSTITUTION {{(pid=98752) _check_effective_sql_mode /opt/stack/data/venv/lib/python3.12/site-packages/oslo_db/sqlalchemy/engines.py:325}}
Jun 25 19:49:28.663069 np0000003641 nova-conductor[98752]: DEBUG dbcounter [-] [98752] Writer thread running {{(pid=98752) stat_writer /opt/stack/data/venv/lib/python3.12/site-packages/dbcounter.py:102}}
Jun 25 19:49:28.665618 np0000003641 nova-conductor[98752]: DEBUG nova.service [None req-46574d75-22ba-4184-bdba-f66ee5e0a90b None None] Creating RPC server for service: nova-conductor on topic: conductor {{(pid=98752) start /opt/stack/nova/nova/service.py:196}}
Jun 25 19:49:28.681953 np0000003641 nova-conductor[98752]: DEBUG nova.service [None req-46574d75-22ba-4184-bdba-f66ee5e0a90b None None] Join ServiceGroup membership for this service conductor {{(pid=98752) start /opt/stack/nova/nova/service.py:222}}
Jun 25 19:49:28.682192 np0000003641 nova-conductor[98752]: DEBUG nova.servicegroup.drivers.db [None req-46574d75-22ba-4184-bdba-f66ee5e0a90b None None] DB_Driver: join new ServiceGroup member np0000003641 to the conductor group, service = {{(pid=98752) join /opt/stack/nova/nova/servicegroup/drivers/db.py:44}}
Jun 25 19:49:33.662820 np0000003641 nova-conductor[98728]: DEBUG oslo.service.backend._threading.loopingcall [-] Fixed interval looping call 'nova.servicegroup.drivers.db.DbDriver._report_state' sleeping for 119.99 seconds {{(pid=98728) _run_loop /opt/stack/data/venv/lib/python3.12/site-packages/oslo_service/backend/_threading/loopingcall.py:125}}
Jun 25 19:49:33.663370 np0000003641 nova-conductor[98734]: DEBUG oslo.service.backend._threading.loopingcall [-] Fixed interval looping call 'nova.servicegroup.drivers.db.DbDriver._report_state' sleeping for 119.99 seconds {{(pid=98734) _run_loop /opt/stack/data/venv/lib/python3.12/site-packages/oslo_service/backend/_threading/loopingcall.py:125}}
Jun 25 19:49:33.670044 np0000003641 nova-conductor[98737]: DEBUG oslo.service.backend._threading.loopingcall [-] Fixed interval looping call 'nova.servicegroup.drivers.db.DbDriver._report_state' sleeping for 119.98 seconds {{(pid=98737) _run_loop /opt/stack/data/venv/lib/python3.12/site-packages/oslo_service/backend/_threading/loopingcall.py:125}}
Jun 25 19:49:33.694420 np0000003641 nova-conductor[98752]: DEBUG oslo.service.backend._threading.loopingcall [-] Fixed interval looping call 'nova.servicegroup.drivers.db.DbDriver._report_state' sleeping for 119.99 seconds {{(pid=98752) _run_loop /opt/stack/data/venv/lib/python3.12/site-packages/oslo_service/backend/_threading/loopingcall.py:125}}
Jun 25 19:49:37.241708 np0000003641 nova-conductor[97213]: DEBUG dbcounter [-] [97213] Writing DB stats nova_api:SELECT=1 {{(pid=97213) stat_writer /opt/stack/data/venv/lib/python3.12/site-packages/dbcounter.py:115}}
Jun 25 19:49:37.362564 np0000003641 nova-conductor[97213]: DEBUG dbcounter [-] [97213] Writing DB stats nova_cell1:SELECT=1 {{(pid=97213) stat_writer /opt/stack/data/venv/lib/python3.12/site-packages/dbcounter.py:115}}
Jun 25 19:49:37.371949 np0000003641 nova-conductor[97213]: DEBUG dbcounter [-] [97213] Writing DB stats nova_cell0:SELECT=1 {{(pid=97213) stat_writer /opt/stack/data/venv/lib/python3.12/site-packages/dbcounter.py:115}}
Jun 25 19:49:43.657206 np0000003641 nova-conductor[98728]: DEBUG dbcounter [-] [98728] Writing DB stats nova_cell0:SELECT=4,nova_cell0:INSERT=1,nova_cell0:UPDATE=1 {{(pid=98728) stat_writer /opt/stack/data/venv/lib/python3.12/site-packages/dbcounter.py:115}}
Jun 25 19:49:43.657864 np0000003641 nova-conductor[98734]: DEBUG dbcounter [-] [98734] Writing DB stats nova_cell0:SELECT=4,nova_cell0:INSERT=1,nova_cell0:UPDATE=1 {{(pid=98734) stat_writer /opt/stack/data/venv/lib/python3.12/site-packages/dbcounter.py:115}}
Jun 25 19:49:43.663799 np0000003641 nova-conductor[98737]: DEBUG dbcounter [-] [98737] Writing DB stats nova_cell0:SELECT=3 {{(pid=98737) stat_writer /opt/stack/data/venv/lib/python3.12/site-packages/dbcounter.py:115}}
Jun 25 19:49:43.691603 np0000003641 nova-conductor[98752]: DEBUG dbcounter [-] [98752] Writing DB stats nova_cell0:SELECT=3 {{(pid=98752) stat_writer /opt/stack/data/venv/lib/python3.12/site-packages/dbcounter.py:115}}
Jun 25 19:49:52.652654 np0000003641 nova-conductor[98734]: DEBUG oslo.service.backend._threading.loopingcall [None req-c7db8234-4085-44f8-bf2c-585df2bf6861 None None] Dynamic interval looping call 'nova.service.Service.periodic_tasks' sleeping for 60.00 seconds {{(pid=98734) _run_loop /opt/stack/data/venv/lib/python3.12/site-packages/oslo_service/backend/_threading/loopingcall.py:125}}
Jun 25 19:50:06.647922 np0000003641 nova-conductor[98737]: DEBUG oslo.service.backend._threading.loopingcall [None req-968324a1-0dea-4558-8bcb-0af6c4cc49a7 None None] Dynamic interval looping call 'nova.service.Service.periodic_tasks' sleeping for 60.00 seconds {{(pid=98737) _run_loop /opt/stack/data/venv/lib/python3.12/site-packages/oslo_service/backend/_threading/loopingcall.py:125}}
Jun 25 19:50:15.683952 np0000003641 nova-conductor[98752]: DEBUG oslo.service.backend._threading.loopingcall [None req-3368491e-585c-488f-ab0e-5cda2d8f3cd6 None None] Dynamic interval looping call 'nova.service.Service.periodic_tasks' sleeping for 60.00 seconds {{(pid=98752) _run_loop /opt/stack/data/venv/lib/python3.12/site-packages/oslo_service/backend/_threading/loopingcall.py:125}}
Jun 25 19:50:17.648310 np0000003641 nova-conductor[98728]: DEBUG oslo.service.backend._threading.loopingcall [None req-4bae0a10-994d-48d7-9597-74bab410232b None None] Dynamic interval looping call 'nova.service.Service.periodic_tasks' sleeping for 60.00 seconds {{(pid=98728) _run_loop /opt/stack/data/venv/lib/python3.12/site-packages/oslo_service/backend/_threading/loopingcall.py:125}}
Jun 25 19:50:52.653140 np0000003641 nova-conductor[98734]: DEBUG oslo.service.backend._threading.loopingcall [None req-c7db8234-4085-44f8-bf2c-585df2bf6861 None None] Dynamic interval looping call 'nova.service.Service.periodic_tasks' sleeping for 60.00 seconds {{(pid=98734) _run_loop /opt/stack/data/venv/lib/python3.12/site-packages/oslo_service/backend/_threading/loopingcall.py:125}}
Jun 25 19:51:06.648415 np0000003641 nova-conductor[98737]: DEBUG oslo.service.backend._threading.loopingcall [None req-968324a1-0dea-4558-8bcb-0af6c4cc49a7 None None] Dynamic interval looping call 'nova.service.Service.periodic_tasks' sleeping for 60.00 seconds {{(pid=98737) _run_loop /opt/stack/data/venv/lib/python3.12/site-packages/oslo_service/backend/_threading/loopingcall.py:125}}
Jun 25 19:51:15.684424 np0000003641 nova-conductor[98752]: DEBUG oslo.service.backend._threading.loopingcall [None req-3368491e-585c-488f-ab0e-5cda2d8f3cd6 None None] Dynamic interval looping call 'nova.service.Service.periodic_tasks' sleeping for 60.00 seconds {{(pid=98752) _run_loop /opt/stack/data/venv/lib/python3.12/site-packages/oslo_service/backend/_threading/loopingcall.py:125}}
Jun 25 19:51:17.648780 np0000003641 nova-conductor[98728]: DEBUG oslo.service.backend._threading.loopingcall [None req-4bae0a10-994d-48d7-9597-74bab410232b None None] Dynamic interval looping call 'nova.service.Service.periodic_tasks' sleeping for 60.00 seconds {{(pid=98728) _run_loop /opt/stack/data/venv/lib/python3.12/site-packages/oslo_service/backend/_threading/loopingcall.py:125}}
Jun 25 19:51:33.659529 np0000003641 nova-conductor[98737]: DEBUG oslo.service.backend._threading.loopingcall [-] Fixed interval looping call 'nova.servicegroup.drivers.db.DbDriver._report_state' sleeping for 119.99 seconds {{(pid=98737) _run_loop /opt/stack/data/venv/lib/python3.12/site-packages/oslo_service/backend/_threading/loopingcall.py:125}}
Jun 25 19:51:33.660004 np0000003641 nova-conductor[98728]: DEBUG oslo.service.backend._threading.loopingcall [-] Fixed interval looping call 'nova.servicegroup.drivers.db.DbDriver._report_state' sleeping for 119.99 seconds {{(pid=98728) _run_loop /opt/stack/data/venv/lib/python3.12/site-packages/oslo_service/backend/_threading/loopingcall.py:125}}
Jun 25 19:51:33.660234 np0000003641 nova-conductor[98734]: DEBUG oslo.service.backend._threading.loopingcall [-] Fixed interval looping call 'nova.servicegroup.drivers.db.DbDriver._report_state' sleeping for 119.99 seconds {{(pid=98734) _run_loop /opt/stack/data/venv/lib/python3.12/site-packages/oslo_service/backend/_threading/loopingcall.py:125}}
Jun 25 19:51:33.688502 np0000003641 nova-conductor[98752]: DEBUG oslo.service.backend._threading.loopingcall [-] Fixed interval looping call 'nova.servicegroup.drivers.db.DbDriver._report_state' sleeping for 120.00 seconds {{(pid=98752) _run_loop /opt/stack/data/venv/lib/python3.12/site-packages/oslo_service/backend/_threading/loopingcall.py:125}}
Jun 25 19:51:43.654244 np0000003641 nova-conductor[98737]: DEBUG dbcounter [-] [98737] Writing DB stats nova_cell0:SELECT=1,nova_cell0:UPDATE=1 {{(pid=98737) stat_writer /opt/stack/data/venv/lib/python3.12/site-packages/dbcounter.py:115}}
Jun 25 19:51:43.656421 np0000003641 nova-conductor[98728]: DEBUG dbcounter [-] [98728] Writing DB stats nova_cell0:SELECT=1,nova_cell0:UPDATE=1 {{(pid=98728) stat_writer /opt/stack/data/venv/lib/python3.12/site-packages/dbcounter.py:115}}
Jun 25 19:51:43.657035 np0000003641 nova-conductor[98734]: DEBUG dbcounter [-] [98734] Writing DB stats nova_cell0:SELECT=1,nova_cell0:UPDATE=1 {{(pid=98734) stat_writer /opt/stack/data/venv/lib/python3.12/site-packages/dbcounter.py:115}}
Jun 25 19:51:43.687371 np0000003641 nova-conductor[98752]: DEBUG dbcounter [-] [98752] Writing DB stats nova_cell0:SELECT=1 {{(pid=98752) stat_writer /opt/stack/data/venv/lib/python3.12/site-packages/dbcounter.py:115}}
Jun 25 19:51:52.654603 np0000003641 nova-conductor[98734]: DEBUG oslo.service.backend._threading.loopingcall [None req-c7db8234-4085-44f8-bf2c-585df2bf6861 None None] Dynamic interval looping call 'nova.service.Service.periodic_tasks' sleeping for 60.00 seconds {{(pid=98734) _run_loop /opt/stack/data/venv/lib/python3.12/site-packages/oslo_service/backend/_threading/loopingcall.py:125}}
Jun 25 19:52:01.633831 np0000003641 nova-conductor[98737]: DEBUG oslo_db.sqlalchemy.engines [None req-b4df239c-03a0-4501-9e7d-466fe4fcc66a tempest-AttachVolumeShelveTestJSON-416624445 tempest-AttachVolumeShelveTestJSON-416624445-project-member] Parent process 97213 forked (98737) with an open database connection, which is being discarded and recreated. {{(pid=98737) checkout /opt/stack/data/venv/lib/python3.12/site-packages/oslo_db/sqlalchemy/engines.py:402}}
Jun 25 19:52:01.681073 np0000003641 nova-conductor[98737]: DEBUG dbcounter [-] [98737] Writer thread running {{(pid=98737) stat_writer /opt/stack/data/venv/lib/python3.12/site-packages/dbcounter.py:102}}
Jun 25 19:52:02.708387 np0000003641 nova-conductor[98737]: DEBUG nova.conductor.manager [None req-b4df239c-03a0-4501-9e7d-466fe4fcc66a tempest-AttachVolumeShelveTestJSON-416624445 tempest-AttachVolumeShelveTestJSON-416624445-project-member] Took 1.03 seconds to select destinations for 1 instance(s). {{(pid=98737) _schedule_instances /opt/stack/nova/nova/conductor/manager.py:968}}
Jun 25 19:52:02.749099 np0000003641 nova-conductor[98737]: DEBUG oslo_concurrency.lockutils [None req-b4df239c-03a0-4501-9e7d-466fe4fcc66a tempest-AttachVolumeShelveTestJSON-416624445 tempest-AttachVolumeShelveTestJSON-416624445-project-member] Acquiring lock "80569a7a-0f23-4749-844e-91eadac9d492" by "nova.context.set_target_cell..get_or_set_cached_cell_and_set_connections" {{(pid=98737) inner /opt/stack/data/venv/lib/python3.12/site-packages/oslo_concurrency/lockutils.py:511}}
Jun 25 19:52:02.749348 np0000003641 nova-conductor[98737]: DEBUG oslo_concurrency.lockutils [None req-b4df239c-03a0-4501-9e7d-466fe4fcc66a tempest-AttachVolumeShelveTestJSON-416624445 tempest-AttachVolumeShelveTestJSON-416624445-project-member] Lock "80569a7a-0f23-4749-844e-91eadac9d492" acquired by "nova.context.set_target_cell..get_or_set_cached_cell_and_set_connections" :: waited 0.000s {{(pid=98737) inner /opt/stack/data/venv/lib/python3.12/site-packages/oslo_concurrency/lockutils.py:524}}
Jun 25 19:52:02.750843 np0000003641 nova-conductor[98737]: DEBUG oslo_concurrency.lockutils [None req-b4df239c-03a0-4501-9e7d-466fe4fcc66a tempest-AttachVolumeShelveTestJSON-416624445 tempest-AttachVolumeShelveTestJSON-416624445-project-member] Lock "80569a7a-0f23-4749-844e-91eadac9d492" "released" by "nova.context.set_target_cell..get_or_set_cached_cell_and_set_connections" :: held 0.001s {{(pid=98737) inner /opt/stack/data/venv/lib/python3.12/site-packages/oslo_concurrency/lockutils.py:543}}
Jun 25 19:52:02.753000 np0000003641 nova-conductor[98737]: INFO dbcounter [None req-b4df239c-03a0-4501-9e7d-466fe4fcc66a tempest-AttachVolumeShelveTestJSON-416624445 tempest-AttachVolumeShelveTestJSON-416624445-project-member] Registered counter for database nova_cell1
Jun 25 19:52:02.803096 np0000003641 nova-conductor[98737]: DEBUG oslo_db.sqlalchemy.engines [None req-b4df239c-03a0-4501-9e7d-466fe4fcc66a tempest-AttachVolumeShelveTestJSON-416624445 tempest-AttachVolumeShelveTestJSON-416624445-project-member] MySQL server mode set to STRICT_TRANS_TABLES,STRICT_ALL_TABLES,NO_ZERO_IN_DATE,NO_ZERO_DATE,ERROR_FOR_DIVISION_BY_ZERO,TRADITIONAL,NO_ENGINE_SUBSTITUTION {{(pid=98737) _check_effective_sql_mode /opt/stack/data/venv/lib/python3.12/site-packages/oslo_db/sqlalchemy/engines.py:325}}
Jun 25 19:52:02.809121 np0000003641 nova-conductor[98737]: DEBUG dbcounter [-] [98737] Writer thread running {{(pid=98737) stat_writer /opt/stack/data/venv/lib/python3.12/site-packages/dbcounter.py:102}}
Jun 25 19:52:02.924097 np0000003641 nova-conductor[98737]: INFO nova.utils [None req-b4df239c-03a0-4501-9e7d-466fe4fcc66a tempest-AttachVolumeShelveTestJSON-416624445 tempest-AttachVolumeShelveTestJSON-416624445-project-member] The cell worker thread pool ForkProcess-3.cell_worker is initialized
Jun 25 19:52:02.924392 np0000003641 nova-conductor[98737]: DEBUG oslo_concurrency.lockutils [None req-b4df239c-03a0-4501-9e7d-466fe4fcc66a tempest-AttachVolumeShelveTestJSON-416624445 tempest-AttachVolumeShelveTestJSON-416624445-project-member] Acquiring lock "00000000-0000-0000-0000-000000000000" by "nova.context.set_target_cell..get_or_set_cached_cell_and_set_connections" {{(pid=98737) inner /opt/stack/data/venv/lib/python3.12/site-packages/oslo_concurrency/lockutils.py:511}}
Jun 25 19:52:02.924588 np0000003641 nova-conductor[98737]: DEBUG oslo_concurrency.lockutils [None req-b4df239c-03a0-4501-9e7d-466fe4fcc66a tempest-AttachVolumeShelveTestJSON-416624445 tempest-AttachVolumeShelveTestJSON-416624445-project-member] Lock "00000000-0000-0000-0000-000000000000" acquired by "nova.context.set_target_cell..get_or_set_cached_cell_and_set_connections" :: waited 0.000s {{(pid=98737) inner /opt/stack/data/venv/lib/python3.12/site-packages/oslo_concurrency/lockutils.py:524}}
Jun 25 19:52:02.925027 np0000003641 nova-conductor[98737]: DEBUG oslo_concurrency.lockutils [None req-b4df239c-03a0-4501-9e7d-466fe4fcc66a tempest-AttachVolumeShelveTestJSON-416624445 tempest-AttachVolumeShelveTestJSON-416624445-project-member] Lock "00000000-0000-0000-0000-000000000000" "released" by "nova.context.set_target_cell..get_or_set_cached_cell_and_set_connections" :: held 0.000s {{(pid=98737) inner /opt/stack/data/venv/lib/python3.12/site-packages/oslo_concurrency/lockutils.py:543}}
Jun 25 19:52:02.925719 np0000003641 nova-conductor[98737]: DEBUG oslo_concurrency.lockutils [None req-b4df239c-03a0-4501-9e7d-466fe4fcc66a tempest-AttachVolumeShelveTestJSON-416624445 tempest-AttachVolumeShelveTestJSON-416624445-project-member] Acquiring lock "80569a7a-0f23-4749-844e-91eadac9d492" by "nova.context.set_target_cell..get_or_set_cached_cell_and_set_connections" {{(pid=98737) inner /opt/stack/data/venv/lib/python3.12/site-packages/oslo_concurrency/lockutils.py:511}}
Jun 25 19:52:02.925876 np0000003641 nova-conductor[98737]: DEBUG oslo_concurrency.lockutils [None req-b4df239c-03a0-4501-9e7d-466fe4fcc66a tempest-AttachVolumeShelveTestJSON-416624445 tempest-AttachVolumeShelveTestJSON-416624445-project-member] Lock "80569a7a-0f23-4749-844e-91eadac9d492" acquired by "nova.context.set_target_cell..get_or_set_cached_cell_and_set_connections" :: waited 0.000s {{(pid=98737) inner /opt/stack/data/venv/lib/python3.12/site-packages/oslo_concurrency/lockutils.py:524}}
Jun 25 19:52:02.926039 np0000003641 nova-conductor[98737]: DEBUG oslo_concurrency.lockutils [None req-b4df239c-03a0-4501-9e7d-466fe4fcc66a tempest-AttachVolumeShelveTestJSON-416624445 tempest-AttachVolumeShelveTestJSON-416624445-project-member] Lock "80569a7a-0f23-4749-844e-91eadac9d492" "released" by "nova.context.set_target_cell..get_or_set_cached_cell_and_set_connections" :: held 0.000s {{(pid=98737) inner /opt/stack/data/venv/lib/python3.12/site-packages/oslo_concurrency/lockutils.py:543}}
Jun 25 19:52:02.928473 np0000003641 nova-conductor[98737]: INFO dbcounter [None req-b4df239c-03a0-4501-9e7d-466fe4fcc66a tempest-AttachVolumeShelveTestJSON-416624445 tempest-AttachVolumeShelveTestJSON-416624445-project-member] Registered counter for database nova_cell0
Jun 25 19:52:02.975854 np0000003641 nova-conductor[98737]: DEBUG oslo_db.sqlalchemy.engines [None req-b4df239c-03a0-4501-9e7d-466fe4fcc66a tempest-AttachVolumeShelveTestJSON-416624445 tempest-AttachVolumeShelveTestJSON-416624445-project-member] MySQL server mode set to STRICT_TRANS_TABLES,STRICT_ALL_TABLES,NO_ZERO_IN_DATE,NO_ZERO_DATE,ERROR_FOR_DIVISION_BY_ZERO,TRADITIONAL,NO_ENGINE_SUBSTITUTION {{(pid=98737) _check_effective_sql_mode /opt/stack/data/venv/lib/python3.12/site-packages/oslo_db/sqlalchemy/engines.py:325}}
Jun 25 19:52:02.982352 np0000003641 nova-conductor[98737]: DEBUG dbcounter [-] [98737] Writer thread running {{(pid=98737) stat_writer /opt/stack/data/venv/lib/python3.12/site-packages/dbcounter.py:102}}
Jun 25 19:52:03.008579 np0000003641 nova-conductor[98737]: DEBUG nova.quota [None req-b4df239c-03a0-4501-9e7d-466fe4fcc66a tempest-AttachVolumeShelveTestJSON-416624445 tempest-AttachVolumeShelveTestJSON-416624445-project-member] Getting quotas for project 5ab3742c01724e7a89a964c34208729e. Resources: {'cores', 'instances', 'ram'} {{(pid=98737) _get_quotas /opt/stack/nova/nova/quota.py:392}}
Jun 25 19:52:03.017656 np0000003641 nova-conductor[98737]: DEBUG nova.quota [None req-b4df239c-03a0-4501-9e7d-466fe4fcc66a tempest-AttachVolumeShelveTestJSON-416624445 tempest-AttachVolumeShelveTestJSON-416624445-project-member] Getting quotas for user 25031b5ec22348fd8127685f70d98a1f and project 5ab3742c01724e7a89a964c34208729e. Resources: {'cores', 'instances', 'ram'} {{(pid=98737) _get_quotas /opt/stack/nova/nova/quota.py:382}}
Jun 25 19:52:03.024620 np0000003641 nova-conductor[98737]: DEBUG nova.conductor.manager [None req-b4df239c-03a0-4501-9e7d-466fe4fcc66a tempest-AttachVolumeShelveTestJSON-416624445 tempest-AttachVolumeShelveTestJSON-416624445-project-member] [instance: e7f97390-5d14-4e65-a085-a9dddf4d0013] Selected host: np0000003641; Selected node: np0000003641; Alternates: [] {{(pid=98737) schedule_and_build_instances /opt/stack/nova/nova/conductor/manager.py:1784}}
Jun 25 19:52:03.025170 np0000003641 nova-conductor[98737]: DEBUG oslo_concurrency.lockutils [None req-b4df239c-03a0-4501-9e7d-466fe4fcc66a tempest-AttachVolumeShelveTestJSON-416624445 tempest-AttachVolumeShelveTestJSON-416624445-project-member] Acquiring lock "80569a7a-0f23-4749-844e-91eadac9d492" by "nova.context.set_target_cell..get_or_set_cached_cell_and_set_connections" {{(pid=98737) inner /opt/stack/data/venv/lib/python3.12/site-packages/oslo_concurrency/lockutils.py:511}}
Jun 25 19:52:03.025332 np0000003641 nova-conductor[98737]: DEBUG oslo_concurrency.lockutils [None req-b4df239c-03a0-4501-9e7d-466fe4fcc66a tempest-AttachVolumeShelveTestJSON-416624445 tempest-AttachVolumeShelveTestJSON-416624445-project-member] Lock "80569a7a-0f23-4749-844e-91eadac9d492" acquired by "nova.context.set_target_cell..get_or_set_cached_cell_and_set_connections" :: waited 0.000s {{(pid=98737) inner /opt/stack/data/venv/lib/python3.12/site-packages/oslo_concurrency/lockutils.py:524}}
Jun 25 19:52:03.025471 np0000003641 nova-conductor[98737]: DEBUG oslo_concurrency.lockutils [None req-b4df239c-03a0-4501-9e7d-466fe4fcc66a tempest-AttachVolumeShelveTestJSON-416624445 tempest-AttachVolumeShelveTestJSON-416624445-project-member] Lock "80569a7a-0f23-4749-844e-91eadac9d492" "released" by "nova.context.set_target_cell..get_or_set_cached_cell_and_set_connections" :: held 0.000s {{(pid=98737) inner /opt/stack/data/venv/lib/python3.12/site-packages/oslo_concurrency/lockutils.py:543}}
Jun 25 19:52:03.048846 np0000003641 nova-conductor[98737]: DEBUG nova.conductor.manager [None req-b4df239c-03a0-4501-9e7d-466fe4fcc66a tempest-AttachVolumeShelveTestJSON-416624445 tempest-AttachVolumeShelveTestJSON-416624445-project-member] [instance: e7f97390-5d14-4e65-a085-a9dddf4d0013] block_device_mapping [BlockDeviceMapping(attachment_id=,boot_index=0,connection_info=None,created_at=,delete_on_termination=True,deleted=,deleted_at=,destination_type='local',device_name=None,device_type='disk',disk_bus=None,encrypted=False,encryption_format=None,encryption_options=None,encryption_secret_uuid=None,guest_format=None,id=,image_id='1ce26960-50ef-4146-89d7-a62783c799f4',instance=,instance_uuid=,no_device=False,snapshot_id=None,source_type='image',tag=None,updated_at=,uuid=,volume_id=None,volume_size=None,volume_type=None)] {{(pid=98737) _create_block_device_mapping /opt/stack/nova/nova/conductor/manager.py:1529}}
Jun 25 19:52:03.050158 np0000003641 nova-conductor[98737]: DEBUG oslo_concurrency.lockutils [None req-b4df239c-03a0-4501-9e7d-466fe4fcc66a tempest-AttachVolumeShelveTestJSON-416624445 tempest-AttachVolumeShelveTestJSON-416624445-project-member] Acquiring lock "80569a7a-0f23-4749-844e-91eadac9d492" by "nova.context.set_target_cell..get_or_set_cached_cell_and_set_connections" {{(pid=98737) inner /opt/stack/data/venv/lib/python3.12/site-packages/oslo_concurrency/lockutils.py:511}}
Jun 25 19:52:03.051001 np0000003641 nova-conductor[98737]: DEBUG oslo_concurrency.lockutils [None req-b4df239c-03a0-4501-9e7d-466fe4fcc66a tempest-AttachVolumeShelveTestJSON-416624445 tempest-AttachVolumeShelveTestJSON-416624445-project-member] Lock "80569a7a-0f23-4749-844e-91eadac9d492" acquired by "nova.context.set_target_cell..get_or_set_cached_cell_and_set_connections" :: waited 0.000s {{(pid=98737) inner /opt/stack/data/venv/lib/python3.12/site-packages/oslo_concurrency/lockutils.py:524}}
Jun 25 19:52:03.051001 np0000003641 nova-conductor[98737]: DEBUG oslo_concurrency.lockutils [None req-b4df239c-03a0-4501-9e7d-466fe4fcc66a tempest-AttachVolumeShelveTestJSON-416624445 tempest-AttachVolumeShelveTestJSON-416624445-project-member] Lock "80569a7a-0f23-4749-844e-91eadac9d492" "released" by "nova.context.set_target_cell..get_or_set_cached_cell_and_set_connections" :: held 0.000s {{(pid=98737) inner /opt/stack/data/venv/lib/python3.12/site-packages/oslo_concurrency/lockutils.py:543}}
Jun 25 19:52:03.129109 np0000003641 nova-conductor[98737]: DEBUG oslo_concurrency.lockutils [None req-b4df239c-03a0-4501-9e7d-466fe4fcc66a tempest-AttachVolumeShelveTestJSON-416624445 tempest-AttachVolumeShelveTestJSON-416624445-project-member] Acquiring lock "80569a7a-0f23-4749-844e-91eadac9d492" by "nova.context.set_target_cell..get_or_set_cached_cell_and_set_connections" {{(pid=98737) inner /opt/stack/data/venv/lib/python3.12/site-packages/oslo_concurrency/lockutils.py:511}}
Jun 25 19:52:03.129109 np0000003641 nova-conductor[98737]: DEBUG oslo_concurrency.lockutils [None req-b4df239c-03a0-4501-9e7d-466fe4fcc66a tempest-AttachVolumeShelveTestJSON-416624445 tempest-AttachVolumeShelveTestJSON-416624445-project-member] Lock "80569a7a-0f23-4749-844e-91eadac9d492" acquired by "nova.context.set_target_cell..get_or_set_cached_cell_and_set_connections" :: waited 0.000s {{(pid=98737) inner /opt/stack/data/venv/lib/python3.12/site-packages/oslo_concurrency/lockutils.py:524}}
Jun 25 19:52:03.129109 np0000003641 nova-conductor[98737]: DEBUG oslo_concurrency.lockutils [None req-b4df239c-03a0-4501-9e7d-466fe4fcc66a tempest-AttachVolumeShelveTestJSON-416624445 tempest-AttachVolumeShelveTestJSON-416624445-project-member] Lock "80569a7a-0f23-4749-844e-91eadac9d492" "released" by "nova.context.set_target_cell..get_or_set_cached_cell_and_set_connections" :: held 0.000s {{(pid=98737) inner /opt/stack/data/venv/lib/python3.12/site-packages/oslo_concurrency/lockutils.py:543}}
Jun 25 19:52:03.129109 np0000003641 nova-conductor[98737]: DEBUG oslo_concurrency.lockutils [None req-b4df239c-03a0-4501-9e7d-466fe4fcc66a tempest-AttachVolumeShelveTestJSON-416624445 tempest-AttachVolumeShelveTestJSON-416624445-project-member] Acquiring lock "compute-rpcapi-router" {{(pid=98737) lock /opt/stack/data/venv/lib/python3.12/site-packages/oslo_concurrency/lockutils.py:395}}
