Aug 21 16:13:49.549888 np0000007913 devstack@g-api.service[99800]: DEBUG glance.api.middleware.version_negotiation [None req-d0cfb586-b6fa-499f-8233-5030e6977430 tempest-ServerBootFromVolumeStableRescueTest-453404556 tempest-ServerBootFromVolumeStableRescueTest-453404556-project-member] new path /v2/images/2251b270-4776-4982-9207-4ff6aab6bfff {{(pid=99800) process_request /opt/stack/glance/glance/api/middleware/version_negotiation.py:70}}
Aug 21 16:13:49.773870 np0000007913 devstack@g-api.service[99800]: [pid: 99800|app: 0|req: 62/181] 127.0.0.1 () {46 vars in 1154 bytes} [Fri Aug 21 16:13:49 2026] PATCH /v2/images/2251b270-4776-4982-9207-4ff6aab6bfff => generated 1469 bytes in 225 msecs (HTTP/1.1 200) 4 headers in 158 bytes (1 switches on core 0)
Aug 21 16:13:49.826704 np0000007913 devstack@g-api.service[99799]: DEBUG glance.api.middleware.version_negotiation [None req-d0cfb586-b6fa-499f-8233-5030e6977430 tempest-ServerBootFromVolumeStableRescueTest-453404556 tempest-ServerBootFromVolumeStableRescueTest-453404556-project-member] Determining version of request: GET /v2/images/2251b270-4776-4982-9207-4ff6aab6bfff Accept: */* {{(pid=99799) process_request /opt/stack/glance/glance/api/middleware/version_negotiation.py:44}}
Aug 21 16:13:49.826925 np0000007913 devstack@g-api.service[99799]: DEBUG glance.api.middleware.version_negotiation [None req-d0cfb586-b6fa-499f-8233-5030e6977430 tempest-ServerBootFromVolumeStableRescueTest-453404556 tempest-ServerBootFromVolumeStableRescueTest-453404556-project-member] Using url versioning {{(pid=99799) process_request /opt/stack/glance/glance/api/middleware/version_negotiation.py:57}}
Aug 21 16:13:49.826985 np0000007913 devstack@g-api.service[99799]: DEBUG glance.api.middleware.version_negotiation [None req-d0cfb586-b6fa-499f-8233-5030e6977430 tempest-ServerBootFromVolumeStableRescueTest-453404556 tempest-ServerBootFromVolumeStableRescueTest-453404556-project-member] Matched version: v2 {{(pid=99799) process_request /opt/stack/glance/glance/api/middleware/version_negotiation.py:69}}
Aug 21 16:13:49.827148 np0000007913 devstack@g-api.service[99799]: DEBUG glance.api.middleware.version_negotiation [None req-d0cfb586-b6fa-499f-8233-5030e6977430 tempest-ServerBootFromVolumeStableRescueTest-453404556 tempest-ServerBootFromVolumeStableRescueTest-453404556-project-member] new path /v2/images/2251b270-4776-4982-9207-4ff6aab6bfff {{(pid=99799) process_request /opt/stack/glance/glance/api/middleware/version_negotiation.py:70}}
Aug 21 16:13:49.842068 np0000007913 devstack@g-api.service[99799]: [pid: 99799|app: 0|req: 58/182] 127.0.0.1 () {44 vars in 1111 bytes} [Fri Aug 21 16:13:49 2026] GET /v2/images/2251b270-4776-4982-9207-4ff6aab6bfff => generated 1469 bytes in 15 msecs (HTTP/1.1 200) 4 headers in 158 bytes (1 switches on core 0)
Aug 21 16:13:49.903492 np0000007913 devstack@g-api.service[99798]: DEBUG glance.api.middleware.version_negotiation [None req-d0cfb586-b6fa-499f-8233-5030e6977430 tempest-ServerBootFromVolumeStableRescueTest-453404556 tempest-ServerBootFromVolumeStableRescueTest-453404556-project-member] Determining version of request: PUT /v2/images/2251b270-4776-4982-9207-4ff6aab6bfff/file Accept: */* {{(pid=99798) process_request /opt/stack/glance/glance/api/middleware/version_negotiation.py:44}}
Aug 21 16:13:49.904965 np0000007913 devstack@g-api.service[99798]: DEBUG glance.api.middleware.version_negotiation [None req-d0cfb586-b6fa-499f-8233-5030e6977430 tempest-ServerBootFromVolumeStableRescueTest-453404556 tempest-ServerBootFromVolumeStableRescueTest-453404556-project-member] Using url versioning {{(pid=99798) process_request /opt/stack/glance/glance/api/middleware/version_negotiation.py:57}}
Aug 21 16:13:49.905299 np0000007913 devstack@g-api.service[99798]: DEBUG glance.api.middleware.version_negotiation [None req-d0cfb586-b6fa-499f-8233-5030e6977430 tempest-ServerBootFromVolumeStableRescueTest-453404556 tempest-ServerBootFromVolumeStableRescueTest-453404556-project-member] Matched version: v2 {{(pid=99798) process_request /opt/stack/glance/glance/api/middleware/version_negotiation.py:69}}
Aug 21 16:13:49.905537 np0000007913 devstack@g-api.service[99798]: DEBUG glance.api.middleware.version_negotiation [None req-d0cfb586-b6fa-499f-8233-5030e6977430 tempest-ServerBootFromVolumeStableRescueTest-453404556 tempest-ServerBootFromVolumeStableRescueTest-453404556-project-member] new path /v2/images/2251b270-4776-4982-9207-4ff6aab6bfff/file {{(pid=99798) process_request /opt/stack/glance/glance/api/middleware/version_negotiation.py:70}}
Aug 21 16:13:49.963033 np0000007913 devstack@g-api.service[99800]: DEBUG glance.api.middleware.version_negotiation [None req-d0cfb586-b6fa-499f-8233-5030e6977430 tempest-ServerBootFromVolumeStableRescueTest-453404556 tempest-ServerBootFromVolumeStableRescueTest-453404556-project-member] Determining version of request: GET /v2/images/2251b270-4776-4982-9207-4ff6aab6bfff Accept: application/json {{(pid=99800) process_request /opt/stack/glance/glance/api/middleware/version_negotiation.py:44}}
Aug 21 16:13:49.963033 np0000007913 devstack@g-api.service[99800]: DEBUG glance.api.middleware.version_negotiation [None req-d0cfb586-b6fa-499f-8233-5030e6977430 tempest-ServerBootFromVolumeStableRescueTest-453404556 tempest-ServerBootFromVolumeStableRescueTest-453404556-project-member] Using url versioning {{(pid=99800) process_request /opt/stack/glance/glance/api/middleware/version_negotiation.py:57}}
Aug 21 16:13:49.963033 np0000007913 devstack@g-api.service[99800]: DEBUG glance.api.middleware.version_negotiation [None req-d0cfb586-b6fa-499f-8233-5030e6977430 tempest-ServerBootFromVolumeStableRescueTest-453404556 tempest-ServerBootFromVolumeStableRescueTest-453404556-project-member] Matched version: v2 {{(pid=99800) process_request /opt/stack/glance/glance/api/middleware/version_negotiation.py:69}}
Aug 21 16:13:49.963240 np0000007913 devstack@g-api.service[99800]: DEBUG glance.api.middleware.version_negotiation [None req-d0cfb586-b6fa-499f-8233-5030e6977430 tempest-ServerBootFromVolumeStableRescueTest-453404556 tempest-ServerBootFromVolumeStableRescueTest-453404556-project-member] new path /v2/images/2251b270-4776-4982-9207-4ff6aab6bfff {{(pid=99800) process_request /opt/stack/glance/glance/api/middleware/version_negotiation.py:70}}
Aug 21 16:13:50.000325 np0000007913 devstack@g-api.service[99800]: [pid: 99800|app: 0|req: 63/183] 127.0.0.1 () {40 vars in 834 bytes} [Fri Aug 21 16:13:49 2026] GET /v2/images/2251b270-4776-4982-9207-4ff6aab6bfff => generated 1469 bytes in 37 msecs (HTTP/1.1 200) 4 headers in 158 bytes (1 switches on core 0)
Aug 21 16:13:50.555023 np0000007913 devstack@g-api.service[99798]: INFO glance.api.v2.image_data [None req-d0cfb586-b6fa-499f-8233-5030e6977430 tempest-ServerBootFromVolumeStableRescueTest-453404556 tempest-ServerBootFromVolumeStableRescueTest-453404556-project-member] Unable to create trust: no such option collect_timing in group [keystone_authtoken] Use the existing user token.
Aug 21 16:13:50.615929 np0000007913 devstack@g-api.service[99799]: DEBUG glance.api.middleware.version_negotiation [None req-d0cfb586-b6fa-499f-8233-5030e6977430 tempest-ServerBootFromVolumeStableRescueTest-453404556 tempest-ServerBootFromVolumeStableRescueTest-453404556-project-member] Determining version of request: GET /v2/images/dd85deac-01ff-47c4-bfc1-d5faabc10ff9 Accept: */* {{(pid=99799) process_request /opt/stack/glance/glance/api/middleware/version_negotiation.py:44}}
Aug 21 16:13:50.616395 np0000007913 devstack@g-api.service[99799]: DEBUG glance.api.middleware.version_negotiation [None req-d0cfb586-b6fa-499f-8233-5030e6977430 tempest-ServerBootFromVolumeStableRescueTest-453404556 tempest-ServerBootFromVolumeStableRescueTest-453404556-project-member] Using url versioning {{(pid=99799) process_request /opt/stack/glance/glance/api/middleware/version_negotiation.py:57}}
Aug 21 16:13:50.616395 np0000007913 devstack@g-api.service[99799]: DEBUG glance.api.middleware.version_negotiation [None req-d0cfb586-b6fa-499f-8233-5030e6977430 tempest-ServerBootFromVolumeStableRescueTest-453404556 tempest-ServerBootFromVolumeStableRescueTest-453404556-project-member] Matched version: v2 {{(pid=99799) process_request /opt/stack/glance/glance/api/middleware/version_negotiation.py:69}}
Aug 21 16:13:50.616395 np0000007913 devstack@g-api.service[99799]: DEBUG glance.api.middleware.version_negotiation [None req-d0cfb586-b6fa-499f-8233-5030e6977430 tempest-ServerBootFromVolumeStableRescueTest-453404556 tempest-ServerBootFromVolumeStableRescueTest-453404556-project-member] new path /v2/images/dd85deac-01ff-47c4-bfc1-d5faabc10ff9 {{(pid=99799) process_request /opt/stack/glance/glance/api/middleware/version_negotiation.py:70}}
Aug 21 16:13:50.632131 np0000007913 devstack@g-api.service[99799]: [pid: 99799|app: 0|req: 59/184] 127.0.0.1 () {44 vars in 1111 bytes} [Fri Aug 21 16:13:50 2026] GET /v2/images/dd85deac-01ff-47c4-bfc1-d5faabc10ff9 => generated 1044 bytes in 16 msecs (HTTP/1.1 200) 4 headers in 158 bytes (1 switches on core 0)
Aug 21 16:13:50.685023 np0000007913 devstack@g-api.service[99800]: DEBUG glance.api.middleware.version_negotiation [None req-4428af40-23a9-4f60-bd9c-49a9062028d4 tempest-ServerBootFromVolumeStableRescueTest-453404556 tempest-ServerBootFromVolumeStableRescueTest-453404556-project-member] Determining version of request: GET /v2/schemas/image Accept: */* {{(pid=99800) process_request /opt/stack/glance/glance/api/middleware/version_negotiation.py:44}}
Aug 21 16:13:50.685643 np0000007913 devstack@g-api.service[99800]: DEBUG glance.api.middleware.version_negotiation [None req-4428af40-23a9-4f60-bd9c-49a9062028d4 tempest-ServerBootFromVolumeStableRescueTest-453404556 tempest-ServerBootFromVolumeStableRescueTest-453404556-project-member] Using url versioning {{(pid=99800) process_request /opt/stack/glance/glance/api/middleware/version_negotiation.py:57}}
Aug 21 16:13:50.685643 np0000007913 devstack@g-api.service[99800]: DEBUG glance.api.middleware.version_negotiation [None req-4428af40-23a9-4f60-bd9c-49a9062028d4 tempest-ServerBootFromVolumeStableRescueTest-453404556 tempest-ServerBootFromVolumeStableRescueTest-453404556-project-member] Matched version: v2 {{(pid=99800) process_request /opt/stack/glance/glance/api/middleware/version_negotiation.py:69}}
Aug 21 16:13:50.685643 np0000007913 devstack@g-api.service[99800]: DEBUG glance.api.middleware.version_negotiation [None req-4428af40-23a9-4f60-bd9c-49a9062028d4 tempest-ServerBootFromVolumeStableRescueTest-453404556 tempest-ServerBootFromVolumeStableRescueTest-453404556-project-member] new path /v2/schemas/image {{(pid=99800) process_request /opt/stack/glance/glance/api/middleware/version_negotiation.py:70}}
Aug 21 16:13:50.689947 np0000007913 devstack@g-api.service[99800]: [pid: 99800|app: 0|req: 64/185] 127.0.0.1 () {44 vars in 1051 bytes} [Fri Aug 21 16:13:50 2026] GET /v2/schemas/image => generated 6083 bytes in 5 msecs (HTTP/1.1 200) 4 headers in 158 bytes (1 switches on core 0)
Aug 21 16:13:51.013516 np0000007913 devstack@g-api.service[99799]: DEBUG glance.api.middleware.version_negotiation [None req-220ffa6e-9ca5-40d7-82d8-f5549b502290 tempest-ServerActionsTestOtherA-358886666 tempest-ServerActionsTestOtherA-358886666-project-member] Determining version of request: GET /v2/images/2251b270-4776-4982-9207-4ff6aab6bfff Accept: application/json {{(pid=99799) process_request /opt/stack/glance/glance/api/middleware/version_negotiation.py:44}}
Aug 21 16:13:51.013806 np0000007913 devstack@g-api.service[99799]: DEBUG glance.api.middleware.version_negotiation [None req-220ffa6e-9ca5-40d7-82d8-f5549b502290 tempest-ServerActionsTestOtherA-358886666 tempest-ServerActionsTestOtherA-358886666-project-member] Using url versioning {{(pid=99799) process_request /opt/stack/glance/glance/api/middleware/version_negotiation.py:57}}
Aug 21 16:13:51.013886 np0000007913 devstack@g-api.service[99799]: DEBUG glance.api.middleware.version_negotiation [None req-220ffa6e-9ca5-40d7-82d8-f5549b502290 tempest-ServerActionsTestOtherA-358886666 tempest-ServerActionsTestOtherA-358886666-project-member] Matched version: v2 {{(pid=99799) process_request /opt/stack/glance/glance/api/middleware/version_negotiation.py:69}}
Aug 21 16:13:51.014136 np0000007913 devstack@g-api.service[99799]: DEBUG glance.api.middleware.version_negotiation [None req-220ffa6e-9ca5-40d7-82d8-f5549b502290 tempest-ServerActionsTestOtherA-358886666 tempest-ServerActionsTestOtherA-358886666-project-member] new path /v2/images/2251b270-4776-4982-9207-4ff6aab6bfff {{(pid=99799) process_request /opt/stack/glance/glance/api/middleware/version_negotiation.py:70}}
Aug 21 16:13:51.034559 np0000007913 devstack@g-api.service[99799]: [pid: 99799|app: 0|req: 60/186] 127.0.0.1 () {40 vars in 834 bytes} [Fri Aug 21 16:13:51 2026] GET /v2/images/2251b270-4776-4982-9207-4ff6aab6bfff => generated 1469 bytes in 21 msecs (HTTP/1.1 200) 4 headers in 158 bytes (1 switches on core 0)
Aug 21 16:13:51.170977 np0000007913 devstack@g-api.service[99798]: DEBUG glance.location [None req-d0cfb586-b6fa-499f-8233-5030e6977430 tempest-ServerBootFromVolumeStableRescueTest-453404556 tempest-ServerBootFromVolumeStableRescueTest-453404556-project-member] Enabling in-flight format inspection for qcow2 {{(pid=99798) set_data /opt/stack/glance/glance/location.py:596}}
Aug 21 16:13:51.171445 np0000007913 devstack@g-api.service[99798]: DEBUG glance_store.backend [None req-d0cfb586-b6fa-499f-8233-5030e6977430 tempest-ServerBootFromVolumeStableRescueTest-453404556 tempest-ServerBootFromVolumeStableRescueTest-453404556-project-member] Attempting to import store swift {{(pid=99798) _load_store /opt/stack/data/venv/lib/python3.12/site-packages/glance_store/backend.py:215}}
Aug 21 16:13:51.172997 np0000007913 devstack@g-api.service[99798]: DEBUG glance_store.capabilities [None req-d0cfb586-b6fa-499f-8233-5030e6977430 tempest-ServerBootFromVolumeStableRescueTest-453404556 tempest-ServerBootFromVolumeStableRescueTest-453404556-project-member] Store glance_store._drivers.swift.store.SingleTenantStore doesn't support updating dynamic storage capabilities. Please overwrite 'update_capabilities' method of the store to implement updating logics if needed. {{(pid=99798) update_capabilities /opt/stack/data/venv/lib/python3.12/site-packages/glance_store/capabilities.py:91}}
Aug 21 16:13:51.173108 np0000007913 devstack@g-api.service[99798]: DEBUG glance_store.driver [None req-d0cfb586-b6fa-499f-8233-5030e6977430 tempest-ServerBootFromVolumeStableRescueTest-453404556 tempest-ServerBootFromVolumeStableRescueTest-453404556-project-member] Late loading location class glance_store._drivers.swift.store.StoreLocation {{(pid=99798) get_store_location_class /opt/stack/data/venv/lib/python3.12/site-packages/glance_store/driver.py:134}}
Aug 21 16:13:51.173226 np0000007913 devstack@g-api.service[99798]: DEBUG glance_store.location [None req-d0cfb586-b6fa-499f-8233-5030e6977430 tempest-ServerBootFromVolumeStableRescueTest-453404556 tempest-ServerBootFromVolumeStableRescueTest-453404556-project-member] Registering scheme swift+https with {'store': , 'location_class': , 'store_entry': 'swift'} {{(pid=99798) register_scheme_map /opt/stack/data/venv/lib/python3.12/site-packages/glance_store/location.py:146}}
Aug 21 16:13:51.173309 np0000007913 devstack@g-api.service[99798]: DEBUG glance_store.location [None req-d0cfb586-b6fa-499f-8233-5030e6977430 tempest-ServerBootFromVolumeStableRescueTest-453404556 tempest-ServerBootFromVolumeStableRescueTest-453404556-project-member] Registering scheme swift+https with {'store': , 'location_class': , 'store_entry': 'swift'} {{(pid=99798) register_scheme_map /opt/stack/data/venv/lib/python3.12/site-packages/glance_store/location.py:146}}
Aug 21 16:13:51.173418 np0000007913 devstack@g-api.service[99798]: DEBUG glance_store.location [None req-d0cfb586-b6fa-499f-8233-5030e6977430 tempest-ServerBootFromVolumeStableRescueTest-453404556 tempest-ServerBootFromVolumeStableRescueTest-453404556-project-member] Registering scheme swift with {'store': , 'location_class': , 'store_entry': 'swift'} {{(pid=99798) register_scheme_map /opt/stack/data/venv/lib/python3.12/site-packages/glance_store/location.py:146}}
Aug 21 16:13:51.173540 np0000007913 devstack@g-api.service[99798]: DEBUG glance_store.location [None req-d0cfb586-b6fa-499f-8233-5030e6977430 tempest-ServerBootFromVolumeStableRescueTest-453404556 tempest-ServerBootFromVolumeStableRescueTest-453404556-project-member] Registering scheme swift+https with {'store': , 'location_class': , 'store_entry': 'swift'} {{(pid=99798) register_scheme_map /opt/stack/data/venv/lib/python3.12/site-packages/glance_store/location.py:146}}
Aug 21 16:13:51.173613 np0000007913 devstack@g-api.service[99798]: DEBUG glance_store.location [None req-d0cfb586-b6fa-499f-8233-5030e6977430 tempest-ServerBootFromVolumeStableRescueTest-453404556 tempest-ServerBootFromVolumeStableRescueTest-453404556-project-member] Registering scheme swift with {'store': , 'location_class': , 'store_entry': 'swift'} {{(pid=99798) register_scheme_map /opt/stack/data/venv/lib/python3.12/site-packages/glance_store/location.py:146}}
Aug 21 16:13:51.173714 np0000007913 devstack@g-api.service[99798]: DEBUG glance_store.location [None req-d0cfb586-b6fa-499f-8233-5030e6977430 tempest-ServerBootFromVolumeStableRescueTest-453404556 tempest-ServerBootFromVolumeStableRescueTest-453404556-project-member] Registering scheme swift+http with {'store': , 'location_class': , 'store_entry': 'swift'} {{(pid=99798) register_scheme_map /opt/stack/data/venv/lib/python3.12/site-packages/glance_store/location.py:146}}
Aug 21 16:13:51.174009 np0000007913 devstack@g-api.service[99798]: DEBUG glance_store.location [None req-d0cfb586-b6fa-499f-8233-5030e6977430 tempest-ServerBootFromVolumeStableRescueTest-453404556 tempest-ServerBootFromVolumeStableRescueTest-453404556-project-member] Registering scheme swift+https with {'store': , 'location_class': , 'store_entry': 'swift'} {{(pid=99798) register_scheme_map /opt/stack/data/venv/lib/python3.12/site-packages/glance_store/location.py:146}}
Aug 21 16:13:51.174009 np0000007913 devstack@g-api.service[99798]: DEBUG glance_store.location [None req-d0cfb586-b6fa-499f-8233-5030e6977430 tempest-ServerBootFromVolumeStableRescueTest-453404556 tempest-ServerBootFromVolumeStableRescueTest-453404556-project-member] Registering scheme swift with {'store': , 'location_class': , 'store_entry': 'swift'} {{(pid=99798) register_scheme_map /opt/stack/data/venv/lib/python3.12/site-packages/glance_store/location.py:146}}
Aug 21 16:13:51.174009 np0000007913 devstack@g-api.service[99798]: DEBUG glance_store.location [None req-d0cfb586-b6fa-499f-8233-5030e6977430 tempest-ServerBootFromVolumeStableRescueTest-453404556 tempest-ServerBootFromVolumeStableRescueTest-453404556-project-member] Registering scheme swift+http with {'store': , 'location_class': , 'store_entry': 'swift'} {{(pid=99798) register_scheme_map /opt/stack/data/venv/lib/python3.12/site-packages/glance_store/location.py:146}}
Aug 21 16:13:51.174009 np0000007913 devstack@g-api.service[99798]: DEBUG glance_store.location [None req-d0cfb586-b6fa-499f-8233-5030e6977430 tempest-ServerBootFromVolumeStableRescueTest-453404556 tempest-ServerBootFromVolumeStableRescueTest-453404556-project-member] Registering scheme swift+config with {'store': , 'location_class': , 'store_entry': 'swift'} {{(pid=99798) register_scheme_map /opt/stack/data/venv/lib/python3.12/site-packages/glance_store/location.py:146}}
Aug 21 16:13:51.551769 np0000007913 devstack@g-api.service[99800]: DEBUG glance.api.middleware.version_negotiation [None req-220ffa6e-9ca5-40d7-82d8-f5549b502290 tempest-ServerActionsTestOtherA-358886666 tempest-ServerActionsTestOtherA-358886666-project-member] Determining version of request: POST /v2/images Accept: application/json {{(pid=99800) process_request /opt/stack/glance/glance/api/middleware/version_negotiation.py:44}}
Aug 21 16:13:51.552013 np0000007913 devstack@g-api.service[99800]: DEBUG glance.api.middleware.version_negotiation [None req-220ffa6e-9ca5-40d7-82d8-f5549b502290 tempest-ServerActionsTestOtherA-358886666 tempest-ServerActionsTestOtherA-358886666-project-member] Using url versioning {{(pid=99800) process_request /opt/stack/glance/glance/api/middleware/version_negotiation.py:57}}
Aug 21 16:13:51.552228 np0000007913 devstack@g-api.service[99800]: DEBUG glance.api.middleware.version_negotiation [None req-220ffa6e-9ca5-40d7-82d8-f5549b502290 tempest-ServerActionsTestOtherA-358886666 tempest-ServerActionsTestOtherA-358886666-project-member] Matched version: v2 {{(pid=99800) process_request /opt/stack/glance/glance/api/middleware/version_negotiation.py:69}}
Aug 21 16:13:51.552407 np0000007913 devstack@g-api.service[99800]: DEBUG glance.api.middleware.version_negotiation [None req-220ffa6e-9ca5-40d7-82d8-f5549b502290 tempest-ServerActionsTestOtherA-358886666 tempest-ServerActionsTestOtherA-358886666-project-member] new path /v2/images {{(pid=99800) process_request /opt/stack/glance/glance/api/middleware/version_negotiation.py:70}}
Aug 21 16:13:51.618865 np0000007913 devstack@g-api.service[99798]: DEBUG swiftclient [None req-d0cfb586-b6fa-499f-8233-5030e6977430 tempest-ServerBootFromVolumeStableRescueTest-453404556 tempest-ServerBootFromVolumeStableRescueTest-453404556-project-member] REQ: curl -i https://10.4.3.90:8080/v1/AUTH_e9ce30076b504608a5f148f84f2df868/glance -I -H "X-Auth-Token: gAAAAABqiHk_53Bn..." {{(pid=99798) http_log /opt/stack/data/venv/lib/python3.12/site-packages/swiftclient/client.py:160}}
Aug 21 16:13:51.620075 np0000007913 devstack@g-api.service[99798]: DEBUG swiftclient [None req-d0cfb586-b6fa-499f-8233-5030e6977430 tempest-ServerBootFromVolumeStableRescueTest-453404556 tempest-ServerBootFromVolumeStableRescueTest-453404556-project-member] RESP STATUS: 204 No Content {{(pid=99798) http_log /opt/stack/data/venv/lib/python3.12/site-packages/swiftclient/client.py:161}}
Aug 21 16:13:51.620075 np0000007913 devstack@g-api.service[99798]: DEBUG swiftclient [None req-d0cfb586-b6fa-499f-8233-5030e6977430 tempest-ServerBootFromVolumeStableRescueTest-453404556 tempest-ServerBootFromVolumeStableRescueTest-453404556-project-member] RESP HEADERS: {'Date': 'Fri, 21 Aug 2026 16:13:51 GMT', 'Server': 'Apache/2.4.58 (Ubuntu)', 'Content-Type': 'text/plain; charset=utf-8', 'X-Container-Object-Count': '3', 'X-Container-Bytes-Used': '64356352', 'X-Timestamp': '1787328539.38083', 'Last-Modified': 'Fri, 21 Aug 2026 16:09:00 GMT', 'Accept-Ranges': 'bytes', 'X-Storage-Policy': 'Policy-0', 'X-Container-Sharding': 'False', 'Vary': 'Accept', 'X-Trans-Id': 'txf2865cc577b346319fa8b-006a88793f', 'X-Openstack-Request-Id': 'txf2865cc577b346319fa8b-006a88793f', 'Connection': 'close'} {{(pid=99798) http_log /opt/stack/data/venv/lib/python3.12/site-packages/swiftclient/client.py:162}}
Aug 21 16:13:51.620075 np0000007913 devstack@g-api.service[99798]: DEBUG glance_store._drivers.swift.store [None req-d0cfb586-b6fa-499f-8233-5030e6977430 tempest-ServerBootFromVolumeStableRescueTest-453404556 tempest-ServerBootFromVolumeStableRescueTest-453404556-project-member] Adding image object '2251b270-4776-4982-9207-4ff6aab6bfff' to Swift {{(pid=99798) add /opt/stack/data/venv/lib/python3.12/site-packages/glance_store/_drivers/swift/store.py:970}}
Aug 21 16:13:51.620075 np0000007913 devstack@g-api.service[99798]: DEBUG glance_store._drivers.swift.store [None req-d0cfb586-b6fa-499f-8233-5030e6977430 tempest-ServerBootFromVolumeStableRescueTest-453404556 tempest-ServerBootFromVolumeStableRescueTest-453404556-project-member] Cannot determine image size because it is either not provided in the request or chunked-transfer encoding is used. Adding image as a segmented object to Swift. {{(pid=99798) add /opt/stack/data/venv/lib/python3.12/site-packages/glance_store/_drivers/swift/store.py:994}}
Aug 21 16:13:51.628152 np0000007913 devstack@g-api.service[99798]: DEBUG oslo_utils.imageutils.format_inspector [None req-d0cfb586-b6fa-499f-8233-5030e6977430 tempest-ServerBootFromVolumeStableRescueTest-453404556 tempest-ServerBootFromVolumeStableRescueTest-453404556-project-member] Format inspector for vmdk does not match, excluding from consideration (Signature KDMV not found: b'QFI\xfb') {{(pid=99798) _process_chunk /opt/stack/data/venv/lib/python3.12/site-packages/oslo_utils/imageutils/format_inspector.py:1758}}
Aug 21 16:13:51.631394 np0000007913 devstack@g-api.service[99798]: DEBUG oslo_utils.imageutils.format_inspector [None req-d0cfb586-b6fa-499f-8233-5030e6977430 tempest-ServerBootFromVolumeStableRescueTest-453404556 tempest-ServerBootFromVolumeStableRescueTest-453404556-project-member] Format inspector for vhdx does not match, excluding from consideration (Region signature not found at 30000) {{(pid=99798) _process_chunk /opt/stack/data/venv/lib/python3.12/site-packages/oslo_utils/imageutils/format_inspector.py:1758}}
Aug 21 16:13:52.045998 np0000007913 devstack@g-api.service[99799]: DEBUG glance.api.middleware.version_negotiation [None req-5c8b727f-13a4-4266-8e03-ab39c7e5ca6c tempest-ServerBootFromVolumeStableRescueTest-453404556 tempest-ServerBootFromVolumeStableRescueTest-453404556-project-member] Determining version of request: GET /v2/images/2251b270-4776-4982-9207-4ff6aab6bfff Accept: application/json {{(pid=99799) process_request /opt/stack/glance/glance/api/middleware/version_negotiation.py:44}}
Aug 21 16:13:52.046364 np0000007913 devstack@g-api.service[99799]: DEBUG glance.api.middleware.version_negotiation [None req-5c8b727f-13a4-4266-8e03-ab39c7e5ca6c tempest-ServerBootFromVolumeStableRescueTest-453404556 tempest-ServerBootFromVolumeStableRescueTest-453404556-project-member] Using url versioning {{(pid=99799) process_request /opt/stack/glance/glance/api/middleware/version_negotiation.py:57}}
Aug 21 16:13:52.046476 np0000007913 devstack@g-api.service[99799]: DEBUG glance.api.middleware.version_negotiation [None req-5c8b727f-13a4-4266-8e03-ab39c7e5ca6c tempest-ServerBootFromVolumeStableRescueTest-453404556 tempest-ServerBootFromVolumeStableRescueTest-453404556-project-member] Matched version: v2 {{(pid=99799) process_request /opt/stack/glance/glance/api/middleware/version_negotiation.py:69}}
Aug 21 16:13:52.046660 np0000007913 devstack@g-api.service[99799]: DEBUG glance.api.middleware.version_negotiation [None req-5c8b727f-13a4-4266-8e03-ab39c7e5ca6c tempest-ServerBootFromVolumeStableRescueTest-453404556 tempest-ServerBootFromVolumeStableRescueTest-453404556-project-member] new path /v2/images/2251b270-4776-4982-9207-4ff6aab6bfff {{(pid=99799) process_request /opt/stack/glance/glance/api/middleware/version_negotiation.py:70}}
Aug 21 16:13:52.053735 np0000007913 devstack@g-api.service[99798]: DEBUG swiftclient [None req-d0cfb586-b6fa-499f-8233-5030e6977430 tempest-ServerBootFromVolumeStableRescueTest-453404556 tempest-ServerBootFromVolumeStableRescueTest-453404556-project-member] REQ: curl -i https://10.4.3.90:8080/v1/AUTH_e9ce30076b504608a5f148f84f2df868/glance/2251b270-4776-4982-9207-4ff6aab6bfff-00001 -X PUT -H "X-Auth-Token: gAAAAABqiHk_53Bn..." {{(pid=99798) http_log /opt/stack/data/venv/lib/python3.12/site-packages/swiftclient/client.py:160}}
Aug 21 16:13:52.054345 np0000007913 devstack@g-api.service[99798]: DEBUG swiftclient [None req-d0cfb586-b6fa-499f-8233-5030e6977430 tempest-ServerBootFromVolumeStableRescueTest-453404556 tempest-ServerBootFromVolumeStableRescueTest-453404556-project-member] RESP STATUS: 201 Created {{(pid=99798) http_log /opt/stack/data/venv/lib/python3.12/site-packages/swiftclient/client.py:161}}
Aug 21 16:13:52.054345 np0000007913 devstack@g-api.service[99798]: DEBUG swiftclient [None req-d0cfb586-b6fa-499f-8233-5030e6977430 tempest-ServerBootFromVolumeStableRescueTest-453404556 tempest-ServerBootFromVolumeStableRescueTest-453404556-project-member] RESP HEADERS: {'Date': 'Fri, 21 Aug 2026 16:13:52 GMT', 'Server': 'Apache/2.4.58 (Ubuntu)', 'Content-Type': 'text/html; charset=UTF-8', 'Content-Length': '0', 'Etag': '4fa343ee581d8d2e78533191fd1ac3e1', 'Last-Modified': 'Fri, 21 Aug 2026 16:13:52 GMT', 'X-Trans-Id': 'tx6666ec29be3245dc90c79-006a88793f', 'X-Openstack-Request-Id': 'tx6666ec29be3245dc90c79-006a88793f', 'Connection': 'close'} {{(pid=99798) http_log /opt/stack/data/venv/lib/python3.12/site-packages/swiftclient/client.py:162}}
Aug 21 16:13:52.054345 np0000007913 devstack@g-api.service[99798]: DEBUG glance_store._drivers.swift.store [None req-d0cfb586-b6fa-499f-8233-5030e6977430 tempest-ServerBootFromVolumeStableRescueTest-453404556 tempest-ServerBootFromVolumeStableRescueTest-453404556-project-member] Wrote chunk 2251b270-4776-4982-9207-4ff6aab6bfff-00001 (1/?) of length 23527424 to Swift returning MD5 of content: 4fa343ee581d8d2e78533191fd1ac3e1 {{(pid=99798) add /opt/stack/data/venv/lib/python3.12/site-packages/glance_store/_drivers/swift/store.py:1059}}
Aug 21 16:13:52.055061 np0000007913 devstack@g-api.service[99798]: DEBUG glance_store._drivers.swift.store [None req-d0cfb586-b6fa-499f-8233-5030e6977430 tempest-ServerBootFromVolumeStableRescueTest-453404556 tempest-ServerBootFromVolumeStableRescueTest-453404556-project-member] Not writing zero-length chunk. {{(pid=99798) add /opt/stack/data/venv/lib/python3.12/site-packages/glance_store/_drivers/swift/store.py:1028}}
Aug 21 16:13:52.070041 np0000007913 devstack@g-api.service[99799]: [pid: 99799|app: 0|req: 61/187] 127.0.0.1 () {40 vars in 834 bytes} [Fri Aug 21 16:13:52 2026] GET /v2/images/2251b270-4776-4982-9207-4ff6aab6bfff => generated 1469 bytes in 24 msecs (HTTP/1.1 200) 4 headers in 158 bytes (1 switches on core 0)
Aug 21 16:13:52.095078 np0000007913 devstack@g-api.service[99798]: DEBUG swiftclient [None req-d0cfb586-b6fa-499f-8233-5030e6977430 tempest-ServerBootFromVolumeStableRescueTest-453404556 tempest-ServerBootFromVolumeStableRescueTest-453404556-project-member] REQ: curl -i https://10.4.3.90:8080/v1/AUTH_e9ce30076b504608a5f148f84f2df868/glance/2251b270-4776-4982-9207-4ff6aab6bfff -X PUT -H "X-Object-Manifest: glance/2251b270-4776-4982-9207-4ff6aab6bfff-" -H "X-Auth-Token: gAAAAABqiHk_53Bn..." -H "Content-Length: 0" {{(pid=99798) http_log /opt/stack/data/venv/lib/python3.12/site-packages/swiftclient/client.py:160}}
Aug 21 16:13:52.095078 np0000007913 devstack@g-api.service[99798]: DEBUG swiftclient [None req-d0cfb586-b6fa-499f-8233-5030e6977430 tempest-ServerBootFromVolumeStableRescueTest-453404556 tempest-ServerBootFromVolumeStableRescueTest-453404556-project-member] RESP STATUS: 201 Created {{(pid=99798) http_log /opt/stack/data/venv/lib/python3.12/site-packages/swiftclient/client.py:161}}
Aug 21 16:13:52.095078 np0000007913 devstack@g-api.service[99798]: DEBUG swiftclient [None req-d0cfb586-b6fa-499f-8233-5030e6977430 tempest-ServerBootFromVolumeStableRescueTest-453404556 tempest-ServerBootFromVolumeStableRescueTest-453404556-project-member] RESP HEADERS: {'Date': 'Fri, 21 Aug 2026 16:13:52 GMT', 'Server': 'Apache/2.4.58 (Ubuntu)', 'Content-Type': 'text/html; charset=UTF-8', 'Content-Length': '0', 'Etag': 'd41d8cd98f00b204e9800998ecf8427e', 'Last-Modified': 'Fri, 21 Aug 2026 16:13:53 GMT', 'X-Trans-Id': 'tx1fd656e2b1f542029e4f6-006a887940', 'X-Openstack-Request-Id': 'tx1fd656e2b1f542029e4f6-006a887940', 'Connection': 'close'} {{(pid=99798) http_log /opt/stack/data/venv/lib/python3.12/site-packages/swiftclient/client.py:162}}
Aug 21 16:13:52.095078 np0000007913 devstack@g-api.service[99798]: INFO glance.location [None req-d0cfb586-b6fa-499f-8233-5030e6977430 tempest-ServerBootFromVolumeStableRescueTest-453404556 tempest-ServerBootFromVolumeStableRescueTest-453404556-project-member] Image format matched and virtual size computed: 1073741824
Aug 21 16:13:52.145540 np0000007913 devstack@g-api.service[99798]: DEBUG glance_store.backend [None req-d0cfb586-b6fa-499f-8233-5030e6977430 tempest-ServerBootFromVolumeStableRescueTest-453404556 tempest-ServerBootFromVolumeStableRescueTest-453404556-project-member] Attempting to import store swift {{(pid=99798) _load_store /opt/stack/data/venv/lib/python3.12/site-packages/glance_store/backend.py:215}}
Aug 21 16:13:52.147293 np0000007913 devstack@g-api.service[99798]: DEBUG glance_store.capabilities [None req-d0cfb586-b6fa-499f-8233-5030e6977430 tempest-ServerBootFromVolumeStableRescueTest-453404556 tempest-ServerBootFromVolumeStableRescueTest-453404556-project-member] Store glance_store._drivers.swift.store.SingleTenantStore doesn't support updating dynamic storage capabilities. Please overwrite 'update_capabilities' method of the store to implement updating logics if needed. {{(pid=99798) update_capabilities /opt/stack/data/venv/lib/python3.12/site-packages/glance_store/capabilities.py:91}}
Aug 21 16:13:52.147614 np0000007913 devstack@g-api.service[99798]: DEBUG glance_store.driver [None req-d0cfb586-b6fa-499f-8233-5030e6977430 tempest-ServerBootFromVolumeStableRescueTest-453404556 tempest-ServerBootFromVolumeStableRescueTest-453404556-project-member] Late loading location class glance_store._drivers.swift.store.StoreLocation {{(pid=99798) get_store_location_class /opt/stack/data/venv/lib/python3.12/site-packages/glance_store/driver.py:134}}
Aug 21 16:13:52.147822 np0000007913 devstack@g-api.service[99798]: DEBUG glance_store.location [None req-d0cfb586-b6fa-499f-8233-5030e6977430 tempest-ServerBootFromVolumeStableRescueTest-453404556 tempest-ServerBootFromVolumeStableRescueTest-453404556-project-member] Registering scheme swift+https with {'store': , 'location_class': , 'store_entry': 'swift'} {{(pid=99798) register_scheme_map /opt/stack/data/venv/lib/python3.12/site-packages/glance_store/location.py:146}}
Aug 21 16:13:52.148002 np0000007913 devstack@g-api.service[99798]: DEBUG glance_store.location [None req-d0cfb586-b6fa-499f-8233-5030e6977430 tempest-ServerBootFromVolumeStableRescueTest-453404556 tempest-ServerBootFromVolumeStableRescueTest-453404556-project-member] Registering scheme swift+https with {'store': , 'location_class': , 'store_entry': 'swift'} {{(pid=99798) register_scheme_map /opt/stack/data/venv/lib/python3.12/site-packages/glance_store/location.py:146}}
Aug 21 16:13:52.148197 np0000007913 devstack@g-api.service[99798]: DEBUG glance_store.location [None req-d0cfb586-b6fa-499f-8233-5030e6977430 tempest-ServerBootFromVolumeStableRescueTest-453404556 tempest-ServerBootFromVolumeStableRescueTest-453404556-project-member] Registering scheme swift with {'store': , 'location_class': , 'store_entry': 'swift'} {{(pid=99798) register_scheme_map /opt/stack/data/venv/lib/python3.12/site-packages/glance_store/location.py:146}}
Aug 21 16:13:52.148320 np0000007913 devstack@g-api.service[99798]: DEBUG glance_store.location [None req-d0cfb586-b6fa-499f-8233-5030e6977430 tempest-ServerBootFromVolumeStableRescueTest-453404556 tempest-ServerBootFromVolumeStableRescueTest-453404556-project-member] Registering scheme swift+https with {'store': , 'location_class': , 'store_entry': 'swift'} {{(pid=99798) register_scheme_map /opt/stack/data/venv/lib/python3.12/site-packages/glance_store/location.py:146}}
Aug 21 16:13:52.148409 np0000007913 devstack@g-api.service[99798]: DEBUG glance_store.location [None req-d0cfb586-b6fa-499f-8233-5030e6977430 tempest-ServerBootFromVolumeStableRescueTest-453404556 tempest-ServerBootFromVolumeStableRescueTest-453404556-project-member] Registering scheme swift with {'store': , 'location_class': , 'store_entry': 'swift'} {{(pid=99798) register_scheme_map /opt/stack/data/venv/lib/python3.12/site-packages/glance_store/location.py:146}}
Aug 21 16:13:52.148467 np0000007913 devstack@g-api.service[99798]: DEBUG glance_store.location [None req-d0cfb586-b6fa-499f-8233-5030e6977430 tempest-ServerBootFromVolumeStableRescueTest-453404556 tempest-ServerBootFromVolumeStableRescueTest-453404556-project-member] Registering scheme swift+http with {'store': , 'location_class': , 'store_entry': 'swift'} {{(pid=99798) register_scheme_map /opt/stack/data/venv/lib/python3.12/site-packages/glance_store/location.py:146}}
Aug 21 16:13:52.149313 np0000007913 devstack@g-api.service[99798]: DEBUG glance_store.location [None req-d0cfb586-b6fa-499f-8233-5030e6977430 tempest-ServerBootFromVolumeStableRescueTest-453404556 tempest-ServerBootFromVolumeStableRescueTest-453404556-project-member] Registering scheme swift+https with {'store': , 'location_class': , 'store_entry': 'swift'} {{(pid=99798) register_scheme_map /opt/stack/data/venv/lib/python3.12/site-packages/glance_store/location.py:146}}
Aug 21 16:13:52.149313 np0000007913 devstack@g-api.service[99798]: DEBUG glance_store.location [None req-d0cfb586-b6fa-499f-8233-5030e6977430 tempest-ServerBootFromVolumeStableRescueTest-453404556 tempest-ServerBootFromVolumeStableRescueTest-453404556-project-member] Registering scheme swift with {'store': , 'location_class': , 'store_entry': 'swift'} {{(pid=99798) register_scheme_map /opt/stack/data/venv/lib/python3.12/site-packages/glance_store/location.py:146}}
Aug 21 16:13:52.149313 np0000007913 devstack@g-api.service[99798]: DEBUG glance_store.location [None req-d0cfb586-b6fa-499f-8233-5030e6977430 tempest-ServerBootFromVolumeStableRescueTest-453404556 tempest-ServerBootFromVolumeStableRescueTest-453404556-project-member] Registering scheme swift+http with {'store': , 'location_class': , 'store_entry': 'swift'} {{(pid=99798) register_scheme_map /opt/stack/data/venv/lib/python3.12/site-packages/glance_store/location.py:146}}
Aug 21 16:13:52.149313 np0000007913 devstack@g-api.service[99798]: DEBUG glance_store.location [None req-d0cfb586-b6fa-499f-8233-5030e6977430 tempest-ServerBootFromVolumeStableRescueTest-453404556 tempest-ServerBootFromVolumeStableRescueTest-453404556-project-member] Registering scheme swift+config with {'store': , 'location_class': , 'store_entry': 'swift'} {{(pid=99798) register_scheme_map /opt/stack/data/venv/lib/python3.12/site-packages/glance_store/location.py:146}}
Aug 21 16:13:52.149313 np0000007913 devstack@g-api.service[99798]: DEBUG glance_store.backend [None req-d0cfb586-b6fa-499f-8233-5030e6977430 tempest-ServerBootFromVolumeStableRescueTest-453404556 tempest-ServerBootFromVolumeStableRescueTest-453404556-project-member] Skipping store.set_acls... not implemented. {{(pid=99798) set_acls /opt/stack/data/venv/lib/python3.12/site-packages/glance_store/backend.py:507}}
Aug 21 16:13:52.151046 np0000007913 devstack@g-api.service[99798]: [pid: 99798|app: 0|req: 63/188] 127.0.0.1 () {46 vars in 1154 bytes} [Fri Aug 21 16:13:49 2026] PUT /v2/images/2251b270-4776-4982-9207-4ff6aab6bfff/file => generated 0 bytes in 2248 msecs (HTTP/1.1 204) 4 headers in 171 bytes (1 switches on core 0)
Aug 21 16:13:52.199257 np0000007913 devstack@g-api.service[99799]: DEBUG glance.api.middleware.version_negotiation [None req-eff64809-791e-41f4-9bcb-a5b02e0eac09 tempest-ServerBootFromVolumeStableRescueTest-453404556 tempest-ServerBootFromVolumeStableRescueTest-453404556-project-member] Determining version of request: GET /v2/images/2251b270-4776-4982-9207-4ff6aab6bfff Accept: */* {{(pid=99799) process_request /opt/stack/glance/glance/api/middleware/version_negotiation.py:44}}
Aug 21 16:13:52.199890 np0000007913 devstack@g-api.service[99799]: DEBUG glance.api.middleware.version_negotiation [None req-eff64809-791e-41f4-9bcb-a5b02e0eac09 tempest-ServerBootFromVolumeStableRescueTest-453404556 tempest-ServerBootFromVolumeStableRescueTest-453404556-project-member] Using url versioning {{(pid=99799) process_request /opt/stack/glance/glance/api/middleware/version_negotiation.py:57}}
Aug 21 16:13:52.200206 np0000007913 devstack@g-api.service[99799]: DEBUG glance.api.middleware.version_negotiation [None req-eff64809-791e-41f4-9bcb-a5b02e0eac09 tempest-ServerBootFromVolumeStableRescueTest-453404556 tempest-ServerBootFromVolumeStableRescueTest-453404556-project-member] Matched version: v2 {{(pid=99799) process_request /opt/stack/glance/glance/api/middleware/version_negotiation.py:69}}
Aug 21 16:13:52.201011 np0000007913 devstack@g-api.service[99799]: DEBUG glance.api.middleware.version_negotiation [None req-eff64809-791e-41f4-9bcb-a5b02e0eac09 tempest-ServerBootFromVolumeStableRescueTest-453404556 tempest-ServerBootFromVolumeStableRescueTest-453404556-project-member] new path /v2/images/2251b270-4776-4982-9207-4ff6aab6bfff {{(pid=99799) process_request /opt/stack/glance/glance/api/middleware/version_negotiation.py:70}}
Aug 21 16:13:52.217725 np0000007913 devstack@g-api.service[99799]: [pid: 99799|app: 0|req: 62/189] 127.0.0.1 () {44 vars in 1111 bytes} [Fri Aug 21 16:13:52 2026] GET /v2/images/2251b270-4776-4982-9207-4ff6aab6bfff => generated 1639 bytes in 20 msecs (HTTP/1.1 200) 4 headers in 158 bytes (1 switches on core 0)
Aug 21 16:13:52.253573 np0000007913 devstack@g-api.service[99798]: DEBUG glance.api.middleware.version_negotiation [None req-d0cfb586-b6fa-499f-8233-5030e6977430 tempest-ServerBootFromVolumeStableRescueTest-453404556 tempest-ServerBootFromVolumeStableRescueTest-453404556-project-member] Determining version of request: GET /v2/schemas/image Accept: */* {{(pid=99798) process_request /opt/stack/glance/glance/api/middleware/version_negotiation.py:44}}
Aug 21 16:13:52.253713 np0000007913 devstack@g-api.service[99798]: DEBUG glance.api.middleware.version_negotiation [None req-d0cfb586-b6fa-499f-8233-5030e6977430 tempest-ServerBootFromVolumeStableRescueTest-453404556 tempest-ServerBootFromVolumeStableRescueTest-453404556-project-member] Using url versioning {{(pid=99798) process_request /opt/stack/glance/glance/api/middleware/version_negotiation.py:57}}
Aug 21 16:13:52.254438 np0000007913 devstack@g-api.service[99798]: DEBUG glance.api.middleware.version_negotiation [None req-d0cfb586-b6fa-499f-8233-5030e6977430 tempest-ServerBootFromVolumeStableRescueTest-453404556 tempest-ServerBootFromVolumeStableRescueTest-453404556-project-member] Matched version: v2 {{(pid=99798) process_request /opt/stack/glance/glance/api/middleware/version_negotiation.py:69}}
Aug 21 16:13:52.255051 np0000007913 devstack@g-api.service[99798]: DEBUG glance.api.middleware.version_negotiation [None req-d0cfb586-b6fa-499f-8233-5030e6977430 tempest-ServerBootFromVolumeStableRescueTest-453404556 tempest-ServerBootFromVolumeStableRescueTest-453404556-project-member] new path /v2/schemas/image {{(pid=99798) process_request /opt/stack/glance/glance/api/middleware/version_negotiation.py:70}}
Aug 21 16:13:52.260268 np0000007913 devstack@g-api.service[99798]: [pid: 99798|app: 0|req: 64/190] 127.0.0.1 () {44 vars in 1051 bytes} [Fri Aug 21 16:13:52 2026] GET /v2/schemas/image => generated 6083 bytes in 7 msecs (HTTP/1.1 200) 4 headers in 158 bytes (1 switches on core 0)
Aug 21 16:13:52.317667 np0000007913 devstack@g-api.service[99800]: [pid: 99800|app: 0|req: 65/191] 127.0.0.1 () {42 vars in 782 bytes} [Fri Aug 21 16:13:51 2026] POST /v2/images => generated 647 bytes in 766 msecs (HTTP/1.1 201) 6 headers in 315 bytes (1 switches on core 0)
Aug 21 16:13:52.329905 np0000007913 devstack@g-api.service[99799]: DEBUG glance.api.middleware.version_negotiation [None req-d0cfb586-b6fa-499f-8233-5030e6977430 tempest-ServerBootFromVolumeStableRescueTest-453404556 tempest-ServerBootFromVolumeStableRescueTest-453404556-project-member] Determining version of request: PUT /v2/images/8a9b99ac-e9e3-4e62-a660-4ee89baa2d40/file Accept: {{(pid=99799) process_request /opt/stack/glance/glance/api/middleware/version_negotiation.py:44}}
Aug 21 16:13:52.332589 np0000007913 devstack@g-api.service[99799]: DEBUG glance.api.middleware.version_negotiation [None req-d0cfb586-b6fa-499f-8233-5030e6977430 tempest-ServerBootFromVolumeStableRescueTest-453404556 tempest-ServerBootFromVolumeStableRescueTest-453404556-project-member] Using url versioning {{(pid=99799) process_request /opt/stack/glance/glance/api/middleware/version_negotiation.py:57}}
Aug 21 16:13:52.332927 np0000007913 devstack@g-api.service[99799]: DEBUG glance.api.middleware.version_negotiation [None req-d0cfb586-b6fa-499f-8233-5030e6977430 tempest-ServerBootFromVolumeStableRescueTest-453404556 tempest-ServerBootFromVolumeStableRescueTest-453404556-project-member] Matched version: v2 {{(pid=99799) process_request /opt/stack/glance/glance/api/middleware/version_negotiation.py:69}}
Aug 21 16:13:52.333174 np0000007913 devstack@g-api.service[99799]: DEBUG glance.api.middleware.version_negotiation [None req-d0cfb586-b6fa-499f-8233-5030e6977430 tempest-ServerBootFromVolumeStableRescueTest-453404556 tempest-ServerBootFromVolumeStableRescueTest-453404556-project-member] new path /v2/images/8a9b99ac-e9e3-4e62-a660-4ee89baa2d40/file {{(pid=99799) process_request /opt/stack/glance/glance/api/middleware/version_negotiation.py:70}}
Aug 21 16:13:53.002802 np0000007913 devstack@g-api.service[99799]: INFO glance.api.v2.image_data [None req-dc198907-6afc-4770-96fd-982cceed9fb0 tempest-ImageDependencyTests-340020303 tempest-ImageDependencyTests-340020303-project-member] Unable to create trust: no such option collect_timing in group [keystone_authtoken] Use the existing user token.
Aug 21 16:13:53.079007 np0000007913 devstack@g-api.service[99798]: DEBUG glance.api.middleware.version_negotiation [None req-d0cfb586-b6fa-499f-8233-5030e6977430 tempest-ServerBootFromVolumeStableRescueTest-453404556 tempest-ServerBootFromVolumeStableRescueTest-453404556-project-member] Determining version of request: GET /v2/images/2251b270-4776-4982-9207-4ff6aab6bfff Accept: application/json {{(pid=99798) process_request /opt/stack/glance/glance/api/middleware/version_negotiation.py:44}}
Aug 21 16:13:53.079507 np0000007913 devstack@g-api.service[99798]: DEBUG glance.api.middleware.version_negotiation [None req-d0cfb586-b6fa-499f-8233-5030e6977430 tempest-ServerBootFromVolumeStableRescueTest-453404556 tempest-ServerBootFromVolumeStableRescueTest-453404556-project-member] Using url versioning {{(pid=99798) process_request /opt/stack/glance/glance/api/middleware/version_negotiation.py:57}}
Aug 21 16:13:53.079507 np0000007913 devstack@g-api.service[99798]: DEBUG glance.api.middleware.version_negotiation [None req-d0cfb586-b6fa-499f-8233-5030e6977430 tempest-ServerBootFromVolumeStableRescueTest-453404556 tempest-ServerBootFromVolumeStableRescueTest-453404556-project-member] Matched version: v2 {{(pid=99798) process_request /opt/stack/glance/glance/api/middleware/version_negotiation.py:69}}
Aug 21 16:13:53.079507 np0000007913 devstack@g-api.service[99798]: DEBUG glance.api.middleware.version_negotiation [None req-d0cfb586-b6fa-499f-8233-5030e6977430 tempest-ServerBootFromVolumeStableRescueTest-453404556 tempest-ServerBootFromVolumeStableRescueTest-453404556-project-member] new path /v2/images/2251b270-4776-4982-9207-4ff6aab6bfff {{(pid=99798) process_request /opt/stack/glance/glance/api/middleware/version_negotiation.py:70}}
Aug 21 16:13:53.092992 np0000007913 devstack@g-api.service[99798]: [pid: 99798|app: 0|req: 65/192] 127.0.0.1 () {40 vars in 834 bytes} [Fri Aug 21 16:13:53 2026] GET /v2/images/2251b270-4776-4982-9207-4ff6aab6bfff => generated 1639 bytes in 13 msecs (HTTP/1.1 200) 4 headers in 158 bytes (1 switches on core 0)
Aug 21 16:13:53.104333 np0000007913 devstack@g-api.service[99800]: DEBUG glance.api.middleware.version_negotiation [None req-680eae40-60cc-46a4-af9e-13e1a22cd204 tempest-ImageDependencyTests-340020303 tempest-ImageDependencyTests-340020303-project-member] Determining version of request: GET /v2/images/2251b270-4776-4982-9207-4ff6aab6bfff Accept: application/json {{(pid=99800) process_request /opt/stack/glance/glance/api/middleware/version_negotiation.py:44}}
Aug 21 16:13:53.104528 np0000007913 devstack@g-api.service[99800]: DEBUG glance.api.middleware.version_negotiation [None req-680eae40-60cc-46a4-af9e-13e1a22cd204 tempest-ImageDependencyTests-340020303 tempest-ImageDependencyTests-340020303-project-member] Using url versioning {{(pid=99800) process_request /opt/stack/glance/glance/api/middleware/version_negotiation.py:57}}
Aug 21 16:13:53.104714 np0000007913 devstack@g-api.service[99800]: DEBUG glance.api.middleware.version_negotiation [None req-680eae40-60cc-46a4-af9e-13e1a22cd204 tempest-ImageDependencyTests-340020303 tempest-ImageDependencyTests-340020303-project-member] Matched version: v2 {{(pid=99800) process_request /opt/stack/glance/glance/api/middleware/version_negotiation.py:69}}
Aug 21 16:13:53.104861 np0000007913 devstack@g-api.service[99800]: DEBUG glance.api.middleware.version_negotiation [None req-680eae40-60cc-46a4-af9e-13e1a22cd204 tempest-ImageDependencyTests-340020303 tempest-ImageDependencyTests-340020303-project-member] new path /v2/images/2251b270-4776-4982-9207-4ff6aab6bfff {{(pid=99800) process_request /opt/stack/glance/glance/api/middleware/version_negotiation.py:70}}
Aug 21 16:13:53.119865 np0000007913 devstack@g-api.service[99800]: [pid: 99800|app: 0|req: 66/193] 127.0.0.1 () {40 vars in 834 bytes} [Fri Aug 21 16:13:53 2026] GET /v2/images/2251b270-4776-4982-9207-4ff6aab6bfff => generated 1639 bytes in 16 msecs (HTTP/1.1 200) 4 headers in 158 bytes (1 switches on core 0)
Aug 21 16:13:53.553623 np0000007913 devstack@g-api.service[99799]: DEBUG glance.location [None req-dc198907-6afc-4770-96fd-982cceed9fb0 tempest-ImageDependencyTests-340020303 tempest-ImageDependencyTests-340020303-project-member] Enabling in-flight format inspection for raw {{(pid=99799) set_data /opt/stack/glance/glance/location.py:596}}
Aug 21 16:13:53.554261 np0000007913 devstack@g-api.service[99799]: DEBUG glance_store.backend [None req-dc198907-6afc-4770-96fd-982cceed9fb0 tempest-ImageDependencyTests-340020303 tempest-ImageDependencyTests-340020303-project-member] Attempting to import store swift {{(pid=99799) _load_store /opt/stack/data/venv/lib/python3.12/site-packages/glance_store/backend.py:215}}
