Aug 21 16:08:28.990915 np0000007913 nova-scheduler[93483]: DEBUG cotyledon.oslo_config_glue [-] oslo_messaging_rabbit.rabbit_quorum_queue = False {{(pid=93483) log_opt_values /opt/stack/data/venv/lib/python3.12/site-packages/oslo_config/cfg.py:3560}}
Aug 21 16:08:28.991097 np0000007913 nova-scheduler[93483]: DEBUG cotyledon.oslo_config_glue [-] oslo_messaging_rabbit.rabbit_retry_backoff = 2 {{(pid=93483) log_opt_values /opt/stack/data/venv/lib/python3.12/site-packages/oslo_config/cfg.py:3560}}
Aug 21 16:08:28.991097 np0000007913 nova-scheduler[93483]: DEBUG cotyledon.oslo_config_glue [-] oslo_messaging_rabbit.rabbit_retry_interval = 1 {{(pid=93483) log_opt_values /opt/stack/data/venv/lib/python3.12/site-packages/oslo_config/cfg.py:3560}}
Aug 21 16:08:28.991097 np0000007913 nova-scheduler[93483]: DEBUG cotyledon.oslo_config_glue [-] oslo_messaging_rabbit.rabbit_stream_fanout = False {{(pid=93483) log_opt_values /opt/stack/data/venv/lib/python3.12/site-packages/oslo_config/cfg.py:3560}}
Aug 21 16:08:28.991097 np0000007913 nova-scheduler[93483]: DEBUG cotyledon.oslo_config_glue [-] oslo_messaging_rabbit.rabbit_transient_queues_ttl = 1800 {{(pid=93483) log_opt_values /opt/stack/data/venv/lib/python3.12/site-packages/oslo_config/cfg.py:3560}}
Aug 21 16:08:28.991097 np0000007913 nova-scheduler[93483]: DEBUG cotyledon.oslo_config_glue [-] oslo_messaging_rabbit.rabbit_transient_quorum_queue = False {{(pid=93483) log_opt_values /opt/stack/data/venv/lib/python3.12/site-packages/oslo_config/cfg.py:3560}}
Aug 21 16:08:28.991097 np0000007913 nova-scheduler[93483]: DEBUG cotyledon.oslo_config_glue [-] oslo_messaging_rabbit.rpc_conn_pool_size = 30 {{(pid=93483) log_opt_values /opt/stack/data/venv/lib/python3.12/site-packages/oslo_config/cfg.py:3560}}
Aug 21 16:08:28.991097 np0000007913 nova-scheduler[93483]: DEBUG cotyledon.oslo_config_glue [-] oslo_messaging_rabbit.ssl = False {{(pid=93483) log_opt_values /opt/stack/data/venv/lib/python3.12/site-packages/oslo_config/cfg.py:3560}}
Aug 21 16:08:28.991097 np0000007913 nova-scheduler[93483]: DEBUG cotyledon.oslo_config_glue [-] oslo_messaging_rabbit.ssl_ca_file = {{(pid=93483) log_opt_values /opt/stack/data/venv/lib/python3.12/site-packages/oslo_config/cfg.py:3560}}
Aug 21 16:08:28.991097 np0000007913 nova-scheduler[93483]: DEBUG cotyledon.oslo_config_glue [-] oslo_messaging_rabbit.ssl_cert_file = {{(pid=93483) log_opt_values /opt/stack/data/venv/lib/python3.12/site-packages/oslo_config/cfg.py:3560}}
Aug 21 16:08:28.991277 np0000007913 nova-scheduler[93483]: DEBUG cotyledon.oslo_config_glue [-] oslo_messaging_rabbit.ssl_enforce_fips_mode = False {{(pid=93483) log_opt_values /opt/stack/data/venv/lib/python3.12/site-packages/oslo_config/cfg.py:3560}}
Aug 21 16:08:28.991277 np0000007913 nova-scheduler[93483]: DEBUG cotyledon.oslo_config_glue [-] oslo_messaging_rabbit.ssl_enforce_hostname_verification = True {{(pid=93483) log_opt_values /opt/stack/data/venv/lib/python3.12/site-packages/oslo_config/cfg.py:3560}}
Aug 21 16:08:28.991277 np0000007913 nova-scheduler[93483]: DEBUG cotyledon.oslo_config_glue [-] oslo_messaging_rabbit.ssl_key_file = {{(pid=93483) log_opt_values /opt/stack/data/venv/lib/python3.12/site-packages/oslo_config/cfg.py:3560}}
Aug 21 16:08:28.991277 np0000007913 nova-scheduler[93483]: DEBUG cotyledon.oslo_config_glue [-] oslo_messaging_rabbit.ssl_version = {{(pid=93483) log_opt_values /opt/stack/data/venv/lib/python3.12/site-packages/oslo_config/cfg.py:3560}}
Aug 21 16:08:28.991277 np0000007913 nova-scheduler[93483]: DEBUG cotyledon.oslo_config_glue [-] oslo_messaging_rabbit.use_queue_manager = False {{(pid=93483) log_opt_values /opt/stack/data/venv/lib/python3.12/site-packages/oslo_config/cfg.py:3560}}
Aug 21 16:08:28.991277 np0000007913 nova-scheduler[93483]: DEBUG cotyledon.oslo_config_glue [-] oslo_messaging_notifications.driver = ['messagingv2'] {{(pid=93483) log_opt_values /opt/stack/data/venv/lib/python3.12/site-packages/oslo_config/cfg.py:3560}}
Aug 21 16:08:28.991277 np0000007913 nova-scheduler[93483]: DEBUG cotyledon.oslo_config_glue [-] oslo_messaging_notifications.retry = -1 {{(pid=93483) log_opt_values /opt/stack/data/venv/lib/python3.12/site-packages/oslo_config/cfg.py:3560}}
Aug 21 16:08:28.991277 np0000007913 nova-scheduler[93483]: DEBUG cotyledon.oslo_config_glue [-] oslo_messaging_notifications.topics = ['notifications'] {{(pid=93483) log_opt_values /opt/stack/data/venv/lib/python3.12/site-packages/oslo_config/cfg.py:3560}}
Aug 21 16:08:28.991277 np0000007913 nova-scheduler[93483]: DEBUG cotyledon.oslo_config_glue [-] oslo_messaging_notifications.transport_url = **** {{(pid=93483) log_opt_values /opt/stack/data/venv/lib/python3.12/site-packages/oslo_config/cfg.py:3560}}
Aug 21 16:08:28.991454 np0000007913 nova-scheduler[93483]: DEBUG cotyledon.oslo_config_glue [-] oslo_limit.auth_section = None {{(pid=93483) log_opt_values /opt/stack/data/venv/lib/python3.12/site-packages/oslo_config/cfg.py:3560}}
Aug 21 16:08:28.991454 np0000007913 nova-scheduler[93483]: DEBUG cotyledon.oslo_config_glue [-] oslo_limit.auth_type = None {{(pid=93483) log_opt_values /opt/stack/data/venv/lib/python3.12/site-packages/oslo_config/cfg.py:3560}}
Aug 21 16:08:28.991454 np0000007913 nova-scheduler[93483]: DEBUG cotyledon.oslo_config_glue [-] oslo_limit.cafile = None {{(pid=93483) log_opt_values /opt/stack/data/venv/lib/python3.12/site-packages/oslo_config/cfg.py:3560}}
Aug 21 16:08:28.991454 np0000007913 nova-scheduler[93483]: DEBUG cotyledon.oslo_config_glue [-] oslo_limit.certfile = None {{(pid=93483) log_opt_values /opt/stack/data/venv/lib/python3.12/site-packages/oslo_config/cfg.py:3560}}
Aug 21 16:08:28.991454 np0000007913 nova-scheduler[93483]: DEBUG cotyledon.oslo_config_glue [-] oslo_limit.collect_timing = False {{(pid=93483) log_opt_values /opt/stack/data/venv/lib/python3.12/site-packages/oslo_config/cfg.py:3560}}
Aug 21 16:08:28.991454 np0000007913 nova-scheduler[93483]: DEBUG cotyledon.oslo_config_glue [-] oslo_limit.connect_retries = None {{(pid=93483) log_opt_values /opt/stack/data/venv/lib/python3.12/site-packages/oslo_config/cfg.py:3560}}
Aug 21 16:08:28.991454 np0000007913 nova-scheduler[93483]: DEBUG cotyledon.oslo_config_glue [-] oslo_limit.connect_retry_delay = None {{(pid=93483) log_opt_values /opt/stack/data/venv/lib/python3.12/site-packages/oslo_config/cfg.py:3560}}
Aug 21 16:08:28.991454 np0000007913 nova-scheduler[93483]: DEBUG cotyledon.oslo_config_glue [-] oslo_limit.endpoint_id = None {{(pid=93483) log_opt_values /opt/stack/data/venv/lib/python3.12/site-packages/oslo_config/cfg.py:3560}}
Aug 21 16:08:28.991454 np0000007913 nova-scheduler[93483]: DEBUG cotyledon.oslo_config_glue [-] oslo_limit.endpoint_interface = public {{(pid=93483) log_opt_values /opt/stack/data/venv/lib/python3.12/site-packages/oslo_config/cfg.py:3560}}
Aug 21 16:08:28.991630 np0000007913 nova-scheduler[93483]: DEBUG cotyledon.oslo_config_glue [-] oslo_limit.endpoint_override = None {{(pid=93483) log_opt_values /opt/stack/data/venv/lib/python3.12/site-packages/oslo_config/cfg.py:3560}}
Aug 21 16:08:28.991630 np0000007913 nova-scheduler[93483]: DEBUG cotyledon.oslo_config_glue [-] oslo_limit.endpoint_region_name = None {{(pid=93483) log_opt_values /opt/stack/data/venv/lib/python3.12/site-packages/oslo_config/cfg.py:3560}}
Aug 21 16:08:28.991630 np0000007913 nova-scheduler[93483]: DEBUG cotyledon.oslo_config_glue [-] oslo_limit.endpoint_service_name = None {{(pid=93483) log_opt_values /opt/stack/data/venv/lib/python3.12/site-packages/oslo_config/cfg.py:3560}}
Aug 21 16:08:28.991630 np0000007913 nova-scheduler[93483]: DEBUG cotyledon.oslo_config_glue [-] oslo_limit.endpoint_service_type = None {{(pid=93483) log_opt_values /opt/stack/data/venv/lib/python3.12/site-packages/oslo_config/cfg.py:3560}}
Aug 21 16:08:28.991630 np0000007913 nova-scheduler[93483]: DEBUG cotyledon.oslo_config_glue [-] oslo_limit.insecure = False {{(pid=93483) log_opt_values /opt/stack/data/venv/lib/python3.12/site-packages/oslo_config/cfg.py:3560}}
Aug 21 16:08:28.991630 np0000007913 nova-scheduler[93483]: DEBUG cotyledon.oslo_config_glue [-] oslo_limit.keyfile = None {{(pid=93483) log_opt_values /opt/stack/data/venv/lib/python3.12/site-packages/oslo_config/cfg.py:3560}}
Aug 21 16:08:28.991630 np0000007913 nova-scheduler[93483]: DEBUG cotyledon.oslo_config_glue [-] oslo_limit.max_version = None {{(pid=93483) log_opt_values /opt/stack/data/venv/lib/python3.12/site-packages/oslo_config/cfg.py:3560}}
Aug 21 16:08:28.991630 np0000007913 nova-scheduler[93483]: DEBUG cotyledon.oslo_config_glue [-] oslo_limit.min_version = None {{(pid=93483) log_opt_values /opt/stack/data/venv/lib/python3.12/site-packages/oslo_config/cfg.py:3560}}
Aug 21 16:08:28.991630 np0000007913 nova-scheduler[93483]: DEBUG cotyledon.oslo_config_glue [-] oslo_limit.region_name = None {{(pid=93483) log_opt_values /opt/stack/data/venv/lib/python3.12/site-packages/oslo_config/cfg.py:3560}}
Aug 21 16:08:28.991792 np0000007913 nova-scheduler[93483]: DEBUG cotyledon.oslo_config_glue [-] oslo_limit.retriable_status_codes = None {{(pid=93483) log_opt_values /opt/stack/data/venv/lib/python3.12/site-packages/oslo_config/cfg.py:3560}}
Aug 21 16:08:28.991792 np0000007913 nova-scheduler[93483]: DEBUG cotyledon.oslo_config_glue [-] oslo_limit.service_name = None {{(pid=93483) log_opt_values /opt/stack/data/venv/lib/python3.12/site-packages/oslo_config/cfg.py:3560}}
Aug 21 16:08:28.991792 np0000007913 nova-scheduler[93483]: DEBUG cotyledon.oslo_config_glue [-] oslo_limit.service_type = None {{(pid=93483) log_opt_values /opt/stack/data/venv/lib/python3.12/site-packages/oslo_config/cfg.py:3560}}
Aug 21 16:08:28.991792 np0000007913 nova-scheduler[93483]: DEBUG cotyledon.oslo_config_glue [-] oslo_limit.split_loggers = False {{(pid=93483) log_opt_values /opt/stack/data/venv/lib/python3.12/site-packages/oslo_config/cfg.py:3560}}
Aug 21 16:08:28.991792 np0000007913 nova-scheduler[93483]: DEBUG cotyledon.oslo_config_glue [-] oslo_limit.status_code_retries = None {{(pid=93483) log_opt_values /opt/stack/data/venv/lib/python3.12/site-packages/oslo_config/cfg.py:3560}}
Aug 21 16:08:28.991792 np0000007913 nova-scheduler[93483]: DEBUG cotyledon.oslo_config_glue [-] oslo_limit.status_code_retry_delay = None {{(pid=93483) log_opt_values /opt/stack/data/venv/lib/python3.12/site-packages/oslo_config/cfg.py:3560}}
Aug 21 16:08:28.991792 np0000007913 nova-scheduler[93483]: DEBUG cotyledon.oslo_config_glue [-] oslo_limit.timeout = None {{(pid=93483) log_opt_values /opt/stack/data/venv/lib/python3.12/site-packages/oslo_config/cfg.py:3560}}
Aug 21 16:08:28.991792 np0000007913 nova-scheduler[93483]: DEBUG cotyledon.oslo_config_glue [-] oslo_limit.valid_interfaces = None {{(pid=93483) log_opt_values /opt/stack/data/venv/lib/python3.12/site-packages/oslo_config/cfg.py:3560}}
Aug 21 16:08:28.991792 np0000007913 nova-scheduler[93483]: DEBUG cotyledon.oslo_config_glue [-] oslo_limit.version = None {{(pid=93483) log_opt_values /opt/stack/data/venv/lib/python3.12/site-packages/oslo_config/cfg.py:3560}}
Aug 21 16:08:28.991951 np0000007913 nova-scheduler[93483]: DEBUG cotyledon.oslo_config_glue [-] oslo_reports.file_event_handler = None {{(pid=93483) log_opt_values /opt/stack/data/venv/lib/python3.12/site-packages/oslo_config/cfg.py:3560}}
Aug 21 16:08:28.991951 np0000007913 nova-scheduler[93483]: DEBUG cotyledon.oslo_config_glue [-] oslo_reports.file_event_handler_interval = 1 {{(pid=93483) log_opt_values /opt/stack/data/venv/lib/python3.12/site-packages/oslo_config/cfg.py:3560}}
Aug 21 16:08:28.991951 np0000007913 nova-scheduler[93483]: DEBUG cotyledon.oslo_config_glue [-] oslo_reports.log_dir = None {{(pid=93483) log_opt_values /opt/stack/data/venv/lib/python3.12/site-packages/oslo_config/cfg.py:3560}}
Aug 21 16:08:28.991951 np0000007913 nova-scheduler[93483]: DEBUG cotyledon.oslo_config_glue [-] ******************************************************************************** {{(pid=93483) log_opt_values /opt/stack/data/venv/lib/python3.12/site-packages/oslo_config/cfg.py:3567}}
Aug 21 16:08:28.991951 np0000007913 nova-scheduler[93483]: DEBUG cotyledon._service_worker [-] Run service ServiceWrapper(2) [93483] {{(pid=93483) wait_forever /opt/stack/data/venv/lib/python3.12/site-packages/cotyledon/_service_worker.py:218}}
Aug 21 16:08:28.991951 np0000007913 nova-scheduler[93483]: INFO nova.service [-] Starting scheduler node (version 33.1.0)
Aug 21 16:08:28.995431 np0000007913 nova-scheduler[93483]: INFO dbcounter [None req-75ee854b-2e5a-4e95-8a3f-742d0614e64a None None] Registered counter for database nova_cell0
Aug 21 16:08:28.998832 np0000007913 nova-scheduler[93479]: DEBUG oslo_db.sqlalchemy.engines [None req-667c6afe-5be9-43e4-af52-a73b1e321d7d None None] MySQL server mode set to STRICT_TRANS_TABLES,STRICT_ALL_TABLES,NO_ZERO_IN_DATE,NO_ZERO_DATE,ERROR_FOR_DIVISION_BY_ZERO,TRADITIONAL,NO_ENGINE_SUBSTITUTION {{(pid=93479) _check_effective_sql_mode /opt/stack/data/venv/lib/python3.12/site-packages/oslo_db/sqlalchemy/engines.py:325}}
Aug 21 16:08:29.008939 np0000007913 nova-scheduler[93479]: DEBUG dbcounter [-] [93479] Writer thread running {{(pid=93479) stat_writer /opt/stack/data/venv/lib/python3.12/site-packages/dbcounter.py:102}}
Aug 21 16:08:29.019694 np0000007913 nova-scheduler[93481]: DEBUG oslo_db.sqlalchemy.engines [None req-807c2268-0348-4be3-8945-fa6b4b9445fb None None] MySQL server mode set to STRICT_TRANS_TABLES,STRICT_ALL_TABLES,NO_ZERO_IN_DATE,NO_ZERO_DATE,ERROR_FOR_DIVISION_BY_ZERO,TRADITIONAL,NO_ENGINE_SUBSTITUTION {{(pid=93481) _check_effective_sql_mode /opt/stack/data/venv/lib/python3.12/site-packages/oslo_db/sqlalchemy/engines.py:325}}
Aug 21 16:08:29.025809 np0000007913 nova-scheduler[93479]: DEBUG nova.service [None req-667c6afe-5be9-43e4-af52-a73b1e321d7d None None] Creating RPC server for service: nova-scheduler on topic: scheduler {{(pid=93479) start /opt/stack/nova/nova/service.py:262}}
Aug 21 16:08:29.028560 np0000007913 nova-scheduler[93481]: DEBUG dbcounter [-] [93481] Writer thread running {{(pid=93481) stat_writer /opt/stack/data/venv/lib/python3.12/site-packages/dbcounter.py:102}}
Aug 21 16:08:29.031665 np0000007913 nova-scheduler[93481]: DEBUG nova.service [None req-807c2268-0348-4be3-8945-fa6b4b9445fb None None] Creating RPC server for service: nova-scheduler on topic: scheduler {{(pid=93481) start /opt/stack/nova/nova/service.py:262}}
Aug 21 16:08:29.038902 np0000007913 nova-scheduler[93483]: DEBUG oslo_db.sqlalchemy.engines [None req-75ee854b-2e5a-4e95-8a3f-742d0614e64a None None] MySQL server mode set to STRICT_TRANS_TABLES,STRICT_ALL_TABLES,NO_ZERO_IN_DATE,NO_ZERO_DATE,ERROR_FOR_DIVISION_BY_ZERO,TRADITIONAL,NO_ENGINE_SUBSTITUTION {{(pid=93483) _check_effective_sql_mode /opt/stack/data/venv/lib/python3.12/site-packages/oslo_db/sqlalchemy/engines.py:325}}
Aug 21 16:08:29.047778 np0000007913 nova-scheduler[93483]: DEBUG dbcounter [-] [93483] Writer thread running {{(pid=93483) stat_writer /opt/stack/data/venv/lib/python3.12/site-packages/dbcounter.py:102}}
Aug 21 16:08:29.048517 np0000007913 nova-scheduler[93481]: DEBUG nova.service [None req-807c2268-0348-4be3-8945-fa6b4b9445fb None None] Join ServiceGroup membership for this service scheduler {{(pid=93481) start /opt/stack/nova/nova/service.py:288}}
Aug 21 16:08:29.048517 np0000007913 nova-scheduler[93481]: DEBUG nova.servicegroup.drivers.db [None req-807c2268-0348-4be3-8945-fa6b4b9445fb None None] DB_Driver: join new ServiceGroup member np0000007913 to the scheduler group, service = {{(pid=93481) join /opt/stack/nova/nova/servicegroup/drivers/db.py:44}}
Aug 21 16:08:29.049216 np0000007913 nova-scheduler[93479]: DEBUG nova.service [None req-667c6afe-5be9-43e4-af52-a73b1e321d7d None None] Join ServiceGroup membership for this service scheduler {{(pid=93479) start /opt/stack/nova/nova/service.py:288}}
Aug 21 16:08:29.049405 np0000007913 nova-scheduler[93479]: DEBUG nova.servicegroup.drivers.db [None req-667c6afe-5be9-43e4-af52-a73b1e321d7d None None] DB_Driver: join new ServiceGroup member np0000007913 to the scheduler group, service = {{(pid=93479) join /opt/stack/nova/nova/servicegroup/drivers/db.py:44}}
Aug 21 16:08:29.050661 np0000007913 nova-scheduler[93483]: DEBUG nova.service [None req-75ee854b-2e5a-4e95-8a3f-742d0614e64a None None] Creating RPC server for service: nova-scheduler on topic: scheduler {{(pid=93483) start /opt/stack/nova/nova/service.py:262}}
Aug 21 16:08:29.068137 np0000007913 nova-scheduler[93483]: DEBUG nova.service [None req-75ee854b-2e5a-4e95-8a3f-742d0614e64a None None] Join ServiceGroup membership for this service scheduler {{(pid=93483) start /opt/stack/nova/nova/service.py:288}}
Aug 21 16:08:29.068383 np0000007913 nova-scheduler[93483]: DEBUG nova.servicegroup.drivers.db [None req-75ee854b-2e5a-4e95-8a3f-742d0614e64a None None] DB_Driver: join new ServiceGroup member np0000007913 to the scheduler group, service = {{(pid=93483) join /opt/stack/nova/nova/servicegroup/drivers/db.py:44}}
Aug 21 16:08:34.065789 np0000007913 nova-scheduler[93481]: DEBUG oslo.service.backend._threading.loopingcall [-] Fixed interval looping call 'nova.servicegroup.drivers.db.DbDriver._report_state' sleeping for 119.98 seconds {{(pid=93481) _run_loop /opt/stack/data/venv/lib/python3.12/site-packages/oslo_service/backend/_threading/loopingcall.py:125}}
Aug 21 16:08:34.066277 np0000007913 nova-scheduler[93479]: DEBUG oslo.service.backend._threading.loopingcall [-] Fixed interval looping call 'nova.servicegroup.drivers.db.DbDriver._report_state' sleeping for 119.99 seconds {{(pid=93479) _run_loop /opt/stack/data/venv/lib/python3.12/site-packages/oslo_service/backend/_threading/loopingcall.py:125}}
Aug 21 16:08:34.079914 np0000007913 nova-scheduler[93483]: DEBUG oslo.service.backend._threading.loopingcall [-] Fixed interval looping call 'nova.servicegroup.drivers.db.DbDriver._report_state' sleeping for 119.99 seconds {{(pid=93483) _run_loop /opt/stack/data/venv/lib/python3.12/site-packages/oslo_service/backend/_threading/loopingcall.py:125}}
Aug 21 16:08:37.648241 np0000007913 nova-scheduler[92281]: DEBUG dbcounter [-] [92281] Writing DB stats nova_api:SELECT=3 {{(pid=92281) stat_writer /opt/stack/data/venv/lib/python3.12/site-packages/dbcounter.py:115}}
Aug 21 16:08:37.789883 np0000007913 nova-scheduler[92281]: DEBUG dbcounter [-] [92281] Writing DB stats nova_cell1:SELECT=1 {{(pid=92281) stat_writer /opt/stack/data/venv/lib/python3.12/site-packages/dbcounter.py:115}}
Aug 21 16:08:37.791549 np0000007913 nova-scheduler[92281]: DEBUG dbcounter [-] [92281] Writing DB stats nova_cell0:SELECT=1 {{(pid=92281) stat_writer /opt/stack/data/venv/lib/python3.12/site-packages/dbcounter.py:115}}
Aug 21 16:08:44.061197 np0000007913 nova-scheduler[93481]: DEBUG dbcounter [-] [93481] Writing DB stats nova_cell0:SELECT=3,nova_cell0:UPDATE=1 {{(pid=93481) stat_writer /opt/stack/data/venv/lib/python3.12/site-packages/dbcounter.py:115}}
Aug 21 16:08:44.062560 np0000007913 nova-scheduler[93479]: DEBUG dbcounter [-] [93479] Writing DB stats nova_cell0:SELECT=4,nova_cell0:INSERT=1,nova_cell0:UPDATE=1 {{(pid=93479) stat_writer /opt/stack/data/venv/lib/python3.12/site-packages/dbcounter.py:115}}
Aug 21 16:08:44.077430 np0000007913 nova-scheduler[93483]: DEBUG dbcounter [-] [93483] Writing DB stats nova_cell0:SELECT=3 {{(pid=93483) stat_writer /opt/stack/data/venv/lib/python3.12/site-packages/dbcounter.py:115}}
Aug 21 16:08:46.051288 np0000007913 nova-scheduler[93479]: DEBUG oslo.service.backend._threading.loopingcall [None req-1530006d-38a8-4dfd-8881-2b87c11d926e None None] Dynamic interval looping call 'nova.service.Service.periodic_tasks' sleeping for 60.00 seconds {{(pid=93479) _run_loop /opt/stack/data/venv/lib/python3.12/site-packages/oslo_service/backend/_threading/loopingcall.py:125}}
Aug 21 16:08:59.070515 np0000007913 nova-scheduler[93483]: DEBUG oslo.service.backend._threading.loopingcall [None req-1aebcfc9-206f-41e3-81e8-2e0a394b0f42 None None] Dynamic interval looping call 'nova.service.Service.periodic_tasks' sleeping for 60.00 seconds {{(pid=93483) _run_loop /opt/stack/data/venv/lib/python3.12/site-packages/oslo_service/backend/_threading/loopingcall.py:125}}
Aug 21 16:09:24.050343 np0000007913 nova-scheduler[93481]: DEBUG oslo.service.backend._threading.loopingcall [None req-5471e674-628c-4035-8dd0-520bf935f566 None None] Dynamic interval looping call 'nova.service.Service.periodic_tasks' sleeping for 60.00 seconds {{(pid=93481) _run_loop /opt/stack/data/venv/lib/python3.12/site-packages/oslo_service/backend/_threading/loopingcall.py:125}}
Aug 21 16:09:46.051801 np0000007913 nova-scheduler[93479]: DEBUG oslo.service.backend._threading.loopingcall [None req-1530006d-38a8-4dfd-8881-2b87c11d926e None None] Dynamic interval looping call 'nova.service.Service.periodic_tasks' sleeping for 60.00 seconds {{(pid=93479) _run_loop /opt/stack/data/venv/lib/python3.12/site-packages/oslo_service/backend/_threading/loopingcall.py:125}}
Aug 21 16:09:59.070998 np0000007913 nova-scheduler[93483]: DEBUG oslo.service.backend._threading.loopingcall [None req-1aebcfc9-206f-41e3-81e8-2e0a394b0f42 None None] Dynamic interval looping call 'nova.service.Service.periodic_tasks' sleeping for 60.00 seconds {{(pid=93483) _run_loop /opt/stack/data/venv/lib/python3.12/site-packages/oslo_service/backend/_threading/loopingcall.py:125}}
Aug 21 16:10:24.050826 np0000007913 nova-scheduler[93481]: DEBUG oslo.service.backend._threading.loopingcall [None req-5471e674-628c-4035-8dd0-520bf935f566 None None] Dynamic interval looping call 'nova.service.Service.periodic_tasks' sleeping for 60.00 seconds {{(pid=93481) _run_loop /opt/stack/data/venv/lib/python3.12/site-packages/oslo_service/backend/_threading/loopingcall.py:125}}
Aug 21 16:10:34.052164 np0000007913 nova-scheduler[93481]: DEBUG oslo.service.backend._threading.loopingcall [-] Fixed interval looping call 'nova.servicegroup.drivers.db.DbDriver._report_state' sleeping for 119.99 seconds {{(pid=93481) _run_loop /opt/stack/data/venv/lib/python3.12/site-packages/oslo_service/backend/_threading/loopingcall.py:125}}
Aug 21 16:10:34.061192 np0000007913 nova-scheduler[93479]: DEBUG oslo.service.backend._threading.loopingcall [-] Fixed interval looping call 'nova.servicegroup.drivers.db.DbDriver._report_state' sleeping for 119.99 seconds {{(pid=93479) _run_loop /opt/stack/data/venv/lib/python3.12/site-packages/oslo_service/backend/_threading/loopingcall.py:125}}
Aug 21 16:10:34.074228 np0000007913 nova-scheduler[93483]: DEBUG oslo.service.backend._threading.loopingcall [-] Fixed interval looping call 'nova.servicegroup.drivers.db.DbDriver._report_state' sleeping for 120.00 seconds {{(pid=93483) _run_loop /opt/stack/data/venv/lib/python3.12/site-packages/oslo_service/backend/_threading/loopingcall.py:125}}
Aug 21 16:10:44.049985 np0000007913 nova-scheduler[93481]: DEBUG dbcounter [-] [93481] Writing DB stats nova_cell0:SELECT=1,nova_cell0:UPDATE=1 {{(pid=93481) stat_writer /opt/stack/data/venv/lib/python3.12/site-packages/dbcounter.py:115}}
Aug 21 16:10:44.059304 np0000007913 nova-scheduler[93479]: DEBUG dbcounter [-] [93479] Writing DB stats nova_cell0:SELECT=1 {{(pid=93479) stat_writer /opt/stack/data/venv/lib/python3.12/site-packages/dbcounter.py:115}}
Aug 21 16:10:44.072658 np0000007913 nova-scheduler[93483]: DEBUG dbcounter [-] [93483] Writing DB stats nova_cell0:SELECT=1 {{(pid=93483) stat_writer /opt/stack/data/venv/lib/python3.12/site-packages/dbcounter.py:115}}
Aug 21 16:10:46.052448 np0000007913 nova-scheduler[93479]: DEBUG oslo.service.backend._threading.loopingcall [None req-1530006d-38a8-4dfd-8881-2b87c11d926e None None] Dynamic interval looping call 'nova.service.Service.periodic_tasks' sleeping for 60.00 seconds {{(pid=93479) _run_loop /opt/stack/data/venv/lib/python3.12/site-packages/oslo_service/backend/_threading/loopingcall.py:125}}
Aug 21 16:10:59.072024 np0000007913 nova-scheduler[93483]: DEBUG oslo.service.backend._threading.loopingcall [None req-1aebcfc9-206f-41e3-81e8-2e0a394b0f42 None None] Dynamic interval looping call 'nova.service.Service.periodic_tasks' sleeping for 60.00 seconds {{(pid=93483) _run_loop /opt/stack/data/venv/lib/python3.12/site-packages/oslo_service/backend/_threading/loopingcall.py:125}}
Aug 21 16:11:05.540672 np0000007913 nova-scheduler[93481]: DEBUG nova.scheduler.manager [None req-94eed2a6-5189-4212-af33-c0dd297331b0 tempest-ServerRescueNegativeTestJSON-1907235475 tempest-ServerRescueNegativeTestJSON-1907235475-project-member] Starting to schedule for instances: ['b024e63e-b2b6-43a5-8003-9e52f38824c9'] {{(pid=93481) select_destinations /opt/stack/nova/nova/scheduler/manager.py:197}}
Aug 21 16:11:05.541448 np0000007913 nova-scheduler[93481]: DEBUG nova.scheduler.request_filter [None req-94eed2a6-5189-4212-af33-c0dd297331b0 tempest-ServerRescueNegativeTestJSON-1907235475 tempest-ServerRescueNegativeTestJSON-1907235475-project-member] compute_status_filter request filter added forbidden trait COMPUTE_STATUS_DISABLED {{(pid=93481) compute_status_filter /opt/stack/nova/nova/scheduler/request_filter.py:253}}
Aug 21 16:11:05.541824 np0000007913 nova-scheduler[93481]: DEBUG nova.scheduler.request_filter [None req-94eed2a6-5189-4212-af33-c0dd297331b0 tempest-ServerRescueNegativeTestJSON-1907235475 tempest-ServerRescueNegativeTestJSON-1907235475-project-member] Request filter 'compute_status_filter' took 0.0 seconds {{(pid=93481) wrapper /opt/stack/nova/nova/scheduler/request_filter.py:46}}
Aug 21 16:11:05.542292 np0000007913 nova-scheduler[93481]: DEBUG nova.scheduler.request_filter [None req-94eed2a6-5189-4212-af33-c0dd297331b0 tempest-ServerRescueNegativeTestJSON-1907235475 tempest-ServerRescueNegativeTestJSON-1907235475-project-member] Request filter 'accelerators_filter' took 0.0 seconds {{(pid=93481) wrapper /opt/stack/nova/nova/scheduler/request_filter.py:46}}
Aug 21 16:11:05.542856 np0000007913 nova-scheduler[93481]: DEBUG nova.scheduler.request_filter [None req-94eed2a6-5189-4212-af33-c0dd297331b0 tempest-ServerRescueNegativeTestJSON-1907235475 tempest-ServerRescueNegativeTestJSON-1907235475-project-member] Request filter 'packed_virtqueue_filter' took 0.0 seconds {{(pid=93481) wrapper /opt/stack/nova/nova/scheduler/request_filter.py:46}}
Aug 21 16:11:05.545715 np0000007913 nova-scheduler[93481]: DEBUG nova.scheduler.request_filter [None req-94eed2a6-5189-4212-af33-c0dd297331b0 tempest-ServerRescueNegativeTestJSON-1907235475 tempest-ServerRescueNegativeTestJSON-1907235475-project-member] Request filter 'remote_managed_ports_filter' took 0.0 seconds {{(pid=93481) wrapper /opt/stack/nova/nova/scheduler/request_filter.py:46}}
Aug 21 16:11:05.545715 np0000007913 nova-scheduler[93481]: DEBUG nova.scheduler.request_filter [None req-94eed2a6-5189-4212-af33-c0dd297331b0 tempest-ServerRescueNegativeTestJSON-1907235475 tempest-ServerRescueNegativeTestJSON-1907235475-project-member] ephemeral_encryption_filter skipped {{(pid=93481) ephemeral_encryption_filter /opt/stack/nova/nova/scheduler/request_filter.py:426}}
Aug 21 16:11:05.545715 np0000007913 nova-scheduler[93481]: DEBUG nova.scheduler.request_filter [None req-94eed2a6-5189-4212-af33-c0dd297331b0 tempest-ServerRescueNegativeTestJSON-1907235475 tempest-ServerRescueNegativeTestJSON-1907235475-project-member] virtio_sound_filter skipped {{(pid=93481) virtio_sound_filter /opt/stack/nova/nova/scheduler/request_filter.py:460}}
Aug 21 16:11:05.545715 np0000007913 nova-scheduler[93481]: DEBUG nova.scheduler.request_filter [None req-94eed2a6-5189-4212-af33-c0dd297331b0 tempest-ServerRescueNegativeTestJSON-1907235475 tempest-ServerRescueNegativeTestJSON-1907235475-project-member] tpm_secret_security_filter skipped {{(pid=93481) tpm_secret_security_filter /opt/stack/nova/nova/scheduler/request_filter.py:477}}
Aug 21 16:11:06.156573 np0000007913 nova-scheduler[93481]: DEBUG oslo_concurrency.lockutils [None req-94eed2a6-5189-4212-af33-c0dd297331b0 tempest-ServerRescueNegativeTestJSON-1907235475 tempest-ServerRescueNegativeTestJSON-1907235475-project-member] Acquiring lock "952b314d-a5c6-45de-8d1d-07a340682489" by "nova.context.set_target_cell..get_or_set_cached_cell_and_set_connections" {{(pid=93481) inner /opt/stack/data/venv/lib/python3.12/site-packages/oslo_concurrency/lockutils.py:512}}
Aug 21 16:11:06.156843 np0000007913 nova-scheduler[93481]: DEBUG oslo_concurrency.lockutils [None req-94eed2a6-5189-4212-af33-c0dd297331b0 tempest-ServerRescueNegativeTestJSON-1907235475 tempest-ServerRescueNegativeTestJSON-1907235475-project-member] Lock "952b314d-a5c6-45de-8d1d-07a340682489" acquired by "nova.context.set_target_cell..get_or_set_cached_cell_and_set_connections" :: waited 0.000s {{(pid=93481) inner /opt/stack/data/venv/lib/python3.12/site-packages/oslo_concurrency/lockutils.py:525}}
Aug 21 16:11:06.158745 np0000007913 nova-scheduler[93481]: DEBUG oslo_concurrency.lockutils [None req-94eed2a6-5189-4212-af33-c0dd297331b0 tempest-ServerRescueNegativeTestJSON-1907235475 tempest-ServerRescueNegativeTestJSON-1907235475-project-member] Lock "952b314d-a5c6-45de-8d1d-07a340682489" "released" by "nova.context.set_target_cell..get_or_set_cached_cell_and_set_connections" :: held 0.002s {{(pid=93481) inner /opt/stack/data/venv/lib/python3.12/site-packages/oslo_concurrency/lockutils.py:544}}
Aug 21 16:11:06.159074 np0000007913 nova-scheduler[93481]: INFO nova.thread_pool_factory [None req-94eed2a6-5189-4212-af33-c0dd297331b0 tempest-ServerRescueNegativeTestJSON-1907235475 tempest-ServerRescueNegativeTestJSON-1907235475-project-member] The cell_worker thread pool ForkProcess-2.cell_worker is initialized
Aug 21 16:11:06.162064 np0000007913 nova-scheduler[93481]: INFO dbcounter [None req-94eed2a6-5189-4212-af33-c0dd297331b0 tempest-ServerRescueNegativeTestJSON-1907235475 tempest-ServerRescueNegativeTestJSON-1907235475-project-member] Registered counter for database nova_cell1
Aug 21 16:11:06.210491 np0000007913 nova-scheduler[93481]: DEBUG oslo_db.sqlalchemy.engines [None req-94eed2a6-5189-4212-af33-c0dd297331b0 tempest-ServerRescueNegativeTestJSON-1907235475 tempest-ServerRescueNegativeTestJSON-1907235475-project-member] MySQL server mode set to STRICT_TRANS_TABLES,STRICT_ALL_TABLES,NO_ZERO_IN_DATE,NO_ZERO_DATE,ERROR_FOR_DIVISION_BY_ZERO,TRADITIONAL,NO_ENGINE_SUBSTITUTION {{(pid=93481) _check_effective_sql_mode /opt/stack/data/venv/lib/python3.12/site-packages/oslo_db/sqlalchemy/engines.py:325}}
Aug 21 16:11:06.219226 np0000007913 nova-scheduler[93481]: DEBUG dbcounter [-] [93481] Writer thread running {{(pid=93481) stat_writer /opt/stack/data/venv/lib/python3.12/site-packages/dbcounter.py:102}}
Aug 21 16:11:06.232321 np0000007913 nova-scheduler[93481]: DEBUG oslo_db.sqlalchemy.engines [None req-94eed2a6-5189-4212-af33-c0dd297331b0 tempest-ServerRescueNegativeTestJSON-1907235475 tempest-ServerRescueNegativeTestJSON-1907235475-project-member] Parent process 92281 forked (93481) with an open database connection, which is being discarded and recreated. {{(pid=93481) checkout /opt/stack/data/venv/lib/python3.12/site-packages/oslo_db/sqlalchemy/engines.py:402}}
Aug 21 16:11:06.264507 np0000007913 nova-scheduler[93481]: DEBUG dbcounter [-] [93481] Writer thread running {{(pid=93481) stat_writer /opt/stack/data/venv/lib/python3.12/site-packages/dbcounter.py:102}}
Aug 21 16:11:06.269246 np0000007913 nova-scheduler[93481]: DEBUG oslo_concurrency.lockutils [None req-94eed2a6-5189-4212-af33-c0dd297331b0 tempest-ServerRescueNegativeTestJSON-1907235475 tempest-ServerRescueNegativeTestJSON-1907235475-project-member] Acquiring lock "952b314d-a5c6-45de-8d1d-07a340682489" by "nova.context.set_target_cell..get_or_set_cached_cell_and_set_connections" {{(pid=93481) inner /opt/stack/data/venv/lib/python3.12/site-packages/oslo_concurrency/lockutils.py:512}}
Aug 21 16:11:06.269530 np0000007913 nova-scheduler[93481]: DEBUG oslo_concurrency.lockutils [None req-94eed2a6-5189-4212-af33-c0dd297331b0 tempest-ServerRescueNegativeTestJSON-1907235475 tempest-ServerRescueNegativeTestJSON-1907235475-project-member] Lock "952b314d-a5c6-45de-8d1d-07a340682489" acquired by "nova.context.set_target_cell..get_or_set_cached_cell_and_set_connections" :: waited 0.000s {{(pid=93481) inner /opt/stack/data/venv/lib/python3.12/site-packages/oslo_concurrency/lockutils.py:525}}
Aug 21 16:11:06.269723 np0000007913 nova-scheduler[93481]: DEBUG oslo_concurrency.lockutils [None req-94eed2a6-5189-4212-af33-c0dd297331b0 tempest-ServerRescueNegativeTestJSON-1907235475 tempest-ServerRescueNegativeTestJSON-1907235475-project-member] Lock "952b314d-a5c6-45de-8d1d-07a340682489" "released" by "nova.context.set_target_cell..get_or_set_cached_cell_and_set_connections" :: held 0.000s {{(pid=93481) inner /opt/stack/data/venv/lib/python3.12/site-packages/oslo_concurrency/lockutils.py:544}}
Aug 21 16:11:06.273920 np0000007913 nova-scheduler[93481]: DEBUG oslo_concurrency.lockutils [None req-94eed2a6-5189-4212-af33-c0dd297331b0 tempest-ServerRescueNegativeTestJSON-1907235475 tempest-ServerRescueNegativeTestJSON-1907235475-project-member] Acquiring lock "np0000007913-np0000007913" by "nova.scheduler.host_manager.HostState.update.._locked_update" {{(pid=93481) inner /opt/stack/data/venv/lib/python3.12/site-packages/oslo_concurrency/lockutils.py:512}}
Aug 21 16:11:06.274117 np0000007913 nova-scheduler[93481]: DEBUG oslo_concurrency.lockutils [None req-94eed2a6-5189-4212-af33-c0dd297331b0 tempest-ServerRescueNegativeTestJSON-1907235475 tempest-ServerRescueNegativeTestJSON-1907235475-project-member] Lock "np0000007913-np0000007913" acquired by "nova.scheduler.host_manager.HostState.update.._locked_update" :: waited 0.000s {{(pid=93481) inner /opt/stack/data/venv/lib/python3.12/site-packages/oslo_concurrency/lockutils.py:525}}
Aug 21 16:11:06.275819 np0000007913 nova-scheduler[93481]: DEBUG nova.scheduler.host_manager [None req-94eed2a6-5189-4212-af33-c0dd297331b0 tempest-ServerRescueNegativeTestJSON-1907235475 tempest-ServerRescueNegativeTestJSON-1907235475-project-member] Update host state from compute node: ComputeNode(cpu_allocation_ratio=4.0,cpu_info='{"arch": "x86_64", "model": "EPYC-Milan", "vendor": "AMD", "topology": {"cells": 1, "sockets": 16, "cores": 1, "threads": 1}, "maxphysaddr": {"mode": "emulate", "bits": 40}, "features": ["fxsr", "nrip-save", "xgetbv1", "msr", "lm", "erms", "smap", "pause-filter", "flushbyasid", "xsavec", "avx", "mmxext", "pge", "clflush", "stibp", "rdrand", "fsgsbase", "lahf_lm", "clzero", "sse4.2", "rdpid", "vpclmulqdq", "amd-stibp", "pcid", "wbnoinvd", "cr8legacy", "stibp-always-on", "vmcb-clean", "mtrr", "vme", "bmi2", "svme-addr-chk", "ssse3", "sse4a", "xsave", "cmp_legacy", "3dnowprefetch", "apic", "skip-l1dfl-vmentry", "tsc", "arch-capabilities", "mds-no", "topoext", "gds-no", "tsc-scale", "v-vmsave-vmload", "invpcid", "ssbd", "mmx", "spec-ctrl", "xsaveerptr", "adx", "pse", "lbrv", "rdseed", "pfthreshold", "rdctl-no", "ibpb", "fma", "pse36", "npt", "fxsr_opt", "avx2", "virt-ssbd", "sse", "bmi1", "hypervisor", "mca", "f16c", "pdpe1gb", "vaes", "no-nested-data-bp", "cx8", "abm", "clwb", "arat", "pschange-mc-no", "sse2", "sha-ni", "misalignsse", "movbe", "amd-ssbd", "mce", "pae", "xsaveopt", "pni", "vgif", "pclmuldq", "svm", "tsc_adjust", "cx16", "xsaves", "perfctr_core", "amd-psfd", "ibrs", "lfence-always-serializing", "clflushopt", "aes", "null-sel-clr-base", "pku", "fpu", "sep", "cmov", "smep", "de", "rdtscp", "nx", "syscall", "umip", "osvw", "x2apic", "tsc-deadline", "pat", "fsrm", "sse4.1", "popcnt"]}',created_at=2026-08-21T16:08:51Z,current_workload=0,deleted=False,deleted_at=None,disk_allocation_ratio=1.0,disk_available_least=73,free_disk_gb=95,free_ram_mb=62765,host='np0000007913',host_ip=10.4.3.90,hypervisor_hostname='np0000007913',hypervisor_type='QEMU',hypervisor_version=8002002,id=1,local_gb=95,local_gb_used=0,mapped=1,memory_mb=63277,memory_mb_used=512,metrics='[]',numa_topology='{"nova_object.name": "NUMATopology", "nova_object.namespace": "nova", "nova_object.version": "1.2", "nova_object.data": {"cells": [{"nova_object.name": "NUMACell", "nova_object.namespace": "nova", "nova_object.version": "1.5", "nova_object.data": {"id": 0, "cpuset": [0, 1, 2, 3, 4, 5, 6, 7, 8, 9, 10, 11, 12, 13, 14, 15], "pcpuset": [0, 1, 2, 3, 4, 5, 6, 7, 8, 9, 10, 11, 12, 13, 14, 15], "memory": 63277, "cpu_usage": 0, "memory_usage": 0, "pinned_cpus": [], "siblings": [[6], [12], [2], [15], [5], [11], [8], [14], [4], [1], [7], [10], [0], [13], [3], [9]], "mempages": [{"nova_object.name": "NUMAPagesTopology", "nova_object.namespace": "nova", "nova_object.version": "1.1", "nova_object.data": {"size_kb": 4, "total": 16177930, "used": 0, "reserved": 0}, "nova_object.changes": ["size_kb", "total", "reserved", "used"]}, {"nova_object.name": "NUMAPagesTopology", "nova_object.namespace": "nova", "nova_object.version": "1.1", "nova_object.data": {"size_kb": 2048, "total": 41, "used": 0, "reserved": 0}, "nova_object.changes": ["size_kb", "total", "reserved", "used"]}, {"nova_object.name": "NUMAPagesTopology", "nova_object.namespace": "nova", "nova_object.version": "1.1", "nova_object.data": {"size_kb": 1048576, "total": 0, "used": 0, "reserved": 0}, "nova_object.changes": ["size_kb", "total", "reserved", "used"]}], "network_metadata": {"nova_object.name": "NetworkMetadata", "nova_object.namespace": "nova", "nova_object.version": "1.0", "nova_object.data": {"physnets": [], "tunneled": false}, "nova_object.changes": ["tunneled", "physnets"]}, "socket": null}, "nova_object.changes": ["memory_usage", "pinned_cpus", "siblings", "pcpuset", "id", "socket", "memory", "cpuset", "mempages", "network_metadata", "cpu_usage"]}]}, "nova_object.changes": ["cells"]}',pci_device_pools=PciDevicePoolList,ram_allocation_ratio=1.0,running_vms=0,service_id=4,stats={failed_builds='0',uptime=' 16:10:37 up 13 min, 2 users, load average: 1.76, 1.45, 0.81
Aug 21 16:11:06.275819 np0000007913 nova-scheduler[93481]: '},supported_hv_specs=[HVSpec,HVSpec,HVSpec,HVSpec,HVSpec,HVSpec,HVSpec,HVSpec,HVSpec,HVSpec,HVSpec,HVSpec,HVSpec,HVSpec,HVSpec,HVSpec,HVSpec,HVSpec,HVSpec,HVSpec,HVSpec,HVSpec,HVSpec,HVSpec,HVSpec],updated_at=2026-08-21T16:10:37Z,uuid=6f1b1690-0b1a-499f-a230-eb7816e46a0b,vcpus=16,vcpus_used=0) {{(pid=93481) _locked_update /opt/stack/nova/nova/scheduler/host_manager.py:169}}
Aug 21 16:11:06.277106 np0000007913 nova-scheduler[93481]: DEBUG nova.scheduler.host_manager [None req-94eed2a6-5189-4212-af33-c0dd297331b0 tempest-ServerRescueNegativeTestJSON-1907235475 tempest-ServerRescueNegativeTestJSON-1907235475-project-member] Update host state with aggregates: [] {{(pid=93481) _locked_update /opt/stack/nova/nova/scheduler/host_manager.py:172}}
Aug 21 16:11:06.277289 np0000007913 nova-scheduler[93481]: DEBUG nova.scheduler.host_manager [None req-94eed2a6-5189-4212-af33-c0dd297331b0 tempest-ServerRescueNegativeTestJSON-1907235475 tempest-ServerRescueNegativeTestJSON-1907235475-project-member] Update host state with service dict: {'id': 4, 'uuid': 'c1c2277e-7db2-4656-93df-aa961a86d92d', 'host': 'np0000007913', 'binary': 'nova-compute', 'topic': 'compute', 'report_count': 2, 'disabled': False, 'disabled_reason': None, 'last_seen_up': datetime.datetime(2026, 8, 21, 16, 10, 57, tzinfo=datetime.timezone.utc), 'forced_down': False, 'version': 72, 'created_at': datetime.datetime(2026, 8, 21, 16, 8, 51, tzinfo=datetime.timezone.utc), 'updated_at': datetime.datetime(2026, 8, 21, 16, 10, 58, tzinfo=datetime.timezone.utc), 'deleted_at': None, 'deleted': False} {{(pid=93481) _locked_update /opt/stack/nova/nova/scheduler/host_manager.py:175}}
Aug 21 16:11:06.277548 np0000007913 nova-scheduler[93481]: DEBUG nova.scheduler.host_manager [None req-94eed2a6-5189-4212-af33-c0dd297331b0 tempest-ServerRescueNegativeTestJSON-1907235475 tempest-ServerRescueNegativeTestJSON-1907235475-project-member] Update host state with instances: [] {{(pid=93481) _locked_update /opt/stack/nova/nova/scheduler/host_manager.py:178}}
Aug 21 16:11:06.277649 np0000007913 nova-scheduler[93481]: DEBUG oslo_concurrency.lockutils [None req-94eed2a6-5189-4212-af33-c0dd297331b0 tempest-ServerRescueNegativeTestJSON-1907235475 tempest-ServerRescueNegativeTestJSON-1907235475-project-member] Lock "np0000007913-np0000007913" "released" by "nova.scheduler.host_manager.HostState.update.._locked_update" :: held 0.004s {{(pid=93481) inner /opt/stack/data/venv/lib/python3.12/site-packages/oslo_concurrency/lockutils.py:544}}
Aug 21 16:11:06.278217 np0000007913 nova-scheduler[93481]: DEBUG nova.filters [None req-94eed2a6-5189-4212-af33-c0dd297331b0 tempest-ServerRescueNegativeTestJSON-1907235475 tempest-ServerRescueNegativeTestJSON-1907235475-project-member] Starting with 1 host(s) {{(pid=93481) get_filtered_objects /opt/stack/nova/nova/filters.py:70}}
Aug 21 16:11:06.278548 np0000007913 nova-scheduler[93481]: DEBUG nova.filters [None req-94eed2a6-5189-4212-af33-c0dd297331b0 tempest-ServerRescueNegativeTestJSON-1907235475 tempest-ServerRescueNegativeTestJSON-1907235475-project-member] Filter ComputeFilter returned 1 host(s) {{(pid=93481) get_filtered_objects /opt/stack/nova/nova/filters.py:102}}
Aug 21 16:11:06.278765 np0000007913 nova-scheduler[93481]: DEBUG nova.filters [None req-94eed2a6-5189-4212-af33-c0dd297331b0 tempest-ServerRescueNegativeTestJSON-1907235475 tempest-ServerRescueNegativeTestJSON-1907235475-project-member] Filter ComputeCapabilitiesFilter returned 1 host(s) {{(pid=93481) get_filtered_objects /opt/stack/nova/nova/filters.py:102}}
Aug 21 16:11:06.278932 np0000007913 nova-scheduler[93481]: DEBUG nova.filters [None req-94eed2a6-5189-4212-af33-c0dd297331b0 tempest-ServerRescueNegativeTestJSON-1907235475 tempest-ServerRescueNegativeTestJSON-1907235475-project-member] Filter ImagePropertiesFilter returned 1 host(s) {{(pid=93481) get_filtered_objects /opt/stack/nova/nova/filters.py:102}}
Aug 21 16:11:06.279009 np0000007913 nova-scheduler[93481]: DEBUG nova.filters [None req-94eed2a6-5189-4212-af33-c0dd297331b0 tempest-ServerRescueNegativeTestJSON-1907235475 tempest-ServerRescueNegativeTestJSON-1907235475-project-member] Filter ServerGroupAntiAffinityFilter returned 1 host(s) {{(pid=93481) get_filtered_objects /opt/stack/nova/nova/filters.py:102}}
Aug 21 16:11:06.279119 np0000007913 nova-scheduler[93481]: DEBUG nova.filters [None req-94eed2a6-5189-4212-af33-c0dd297331b0 tempest-ServerRescueNegativeTestJSON-1907235475 tempest-ServerRescueNegativeTestJSON-1907235475-project-member] Filter ServerGroupAffinityFilter returned 1 host(s) {{(pid=93481) get_filtered_objects /opt/stack/nova/nova/filters.py:102}}
Aug 21 16:11:06.279309 np0000007913 nova-scheduler[93481]: DEBUG nova.filters [None req-94eed2a6-5189-4212-af33-c0dd297331b0 tempest-ServerRescueNegativeTestJSON-1907235475 tempest-ServerRescueNegativeTestJSON-1907235475-project-member] Filter SameHostFilter returned 1 host(s) {{(pid=93481) get_filtered_objects /opt/stack/nova/nova/filters.py:102}}
Aug 21 16:11:06.279772 np0000007913 nova-scheduler[93481]: DEBUG nova.filters [None req-94eed2a6-5189-4212-af33-c0dd297331b0 tempest-ServerRescueNegativeTestJSON-1907235475 tempest-ServerRescueNegativeTestJSON-1907235475-project-member] Filter DifferentHostFilter returned 1 host(s) {{(pid=93481) get_filtered_objects /opt/stack/nova/nova/filters.py:102}}
Aug 21 16:11:06.279980 np0000007913 nova-scheduler[93481]: DEBUG nova.scheduler.manager [None req-94eed2a6-5189-4212-af33-c0dd297331b0 tempest-ServerRescueNegativeTestJSON-1907235475 tempest-ServerRescueNegativeTestJSON-1907235475-project-member] Filtered [(np0000007913, np0000007913) ram: 62765MB disk: 74752MB io_ops: 0 instances: 0, allocation_candidates: 1] {{(pid=93481) _get_sorted_hosts /opt/stack/nova/nova/scheduler/manager.py:730}}
Aug 21 16:11:06.280232 np0000007913 nova-scheduler[93481]: DEBUG nova.scheduler.manager [None req-94eed2a6-5189-4212-af33-c0dd297331b0 tempest-ServerRescueNegativeTestJSON-1907235475 tempest-ServerRescueNegativeTestJSON-1907235475-project-member] Weighed [WeighedHost [host: (np0000007913, np0000007913) ram: 62765MB disk: 74752MB io_ops: 0 instances: 0, allocation_candidates: 1, weight: 0.0]] {{(pid=93481) _get_sorted_hosts /opt/stack/nova/nova/scheduler/manager.py:752}}
Aug 21 16:11:06.280510 np0000007913 nova-scheduler[93481]: DEBUG nova.scheduler.utils [None req-94eed2a6-5189-4212-af33-c0dd297331b0 tempest-ServerRescueNegativeTestJSON-1907235475 tempest-ServerRescueNegativeTestJSON-1907235475-project-member] Attempting to claim resources in the placement API for instance b024e63e-b2b6-43a5-8003-9e52f38824c9 {{(pid=93481) claim_resources /opt/stack/nova/nova/scheduler/utils.py:1345}}
Aug 21 16:11:06.478642 np0000007913 nova-scheduler[93481]: DEBUG nova.scheduler.manager [None req-94eed2a6-5189-4212-af33-c0dd297331b0 tempest-ServerRescueNegativeTestJSON-1907235475 tempest-ServerRescueNegativeTestJSON-1907235475-project-member] [instance: b024e63e-b2b6-43a5-8003-9e52f38824c9] Selected host: (np0000007913, np0000007913) ram: 62765MB disk: 74752MB io_ops: 0 instances: 0, allocation_candidates: 1 {{(pid=93481) _consume_selected_host /opt/stack/nova/nova/scheduler/manager.py:612}}
Aug 21 16:11:06.478642 np0000007913 nova-scheduler[93481]: DEBUG oslo_concurrency.lockutils [None req-94eed2a6-5189-4212-af33-c0dd297331b0 tempest-ServerRescueNegativeTestJSON-1907235475 tempest-ServerRescueNegativeTestJSON-1907235475-project-member] Acquiring lock "np0000007913-np0000007913" by "nova.scheduler.host_manager.HostState.consume_from_request.._locked" {{(pid=93481) inner /opt/stack/data/venv/lib/python3.12/site-packages/oslo_concurrency/lockutils.py:512}}
Aug 21 16:11:06.478842 np0000007913 nova-scheduler[93481]: DEBUG oslo_concurrency.lockutils [None req-94eed2a6-5189-4212-af33-c0dd297331b0 tempest-ServerRescueNegativeTestJSON-1907235475 tempest-ServerRescueNegativeTestJSON-1907235475-project-member] Lock "np0000007913-np0000007913" acquired by "nova.scheduler.host_manager.HostState.consume_from_request.._locked" :: waited 0.000s {{(pid=93481) inner /opt/stack/data/venv/lib/python3.12/site-packages/oslo_concurrency/lockutils.py:525}}
Aug 21 16:11:06.478913 np0000007913 nova-scheduler[93481]: DEBUG oslo_concurrency.lockutils [None req-94eed2a6-5189-4212-af33-c0dd297331b0 tempest-ServerRescueNegativeTestJSON-1907235475 tempest-ServerRescueNegativeTestJSON-1907235475-project-member] Lock "np0000007913-np0000007913" "released" by "nova.scheduler.host_manager.HostState.consume_from_request.._locked" :: held 0.000s {{(pid=93481) inner /opt/stack/data/venv/lib/python3.12/site-packages/oslo_concurrency/lockutils.py:544}}
Aug 21 16:11:07.880215 np0000007913 nova-scheduler[93479]: DEBUG nova.scheduler.manager [None req-a516f699-0dd8-4394-a801-f77a07d48b40 tempest-DeleteServersTestJSON-440776292 tempest-DeleteServersTestJSON-440776292-project-member] Starting to schedule for instances: ['fd141bcc-8f2d-49cc-b801-290e1135440f'] {{(pid=93479) select_destinations /opt/stack/nova/nova/scheduler/manager.py:197}}
Aug 21 16:11:07.881018 np0000007913 nova-scheduler[93479]: DEBUG nova.scheduler.request_filter [None req-a516f699-0dd8-4394-a801-f77a07d48b40 tempest-DeleteServersTestJSON-440776292 tempest-DeleteServersTestJSON-440776292-project-member] compute_status_filter request filter added forbidden trait COMPUTE_STATUS_DISABLED {{(pid=93479) compute_status_filter /opt/stack/nova/nova/scheduler/request_filter.py:253}}
Aug 21 16:11:07.881018 np0000007913 nova-scheduler[93479]: DEBUG nova.scheduler.request_filter [None req-a516f699-0dd8-4394-a801-f77a07d48b40 tempest-DeleteServersTestJSON-440776292 tempest-DeleteServersTestJSON-440776292-project-member] Request filter 'compute_status_filter' took 0.0 seconds {{(pid=93479) wrapper /opt/stack/nova/nova/scheduler/request_filter.py:46}}
Aug 21 16:11:07.881821 np0000007913 nova-scheduler[93479]: DEBUG nova.scheduler.request_filter [None req-a516f699-0dd8-4394-a801-f77a07d48b40 tempest-DeleteServersTestJSON-440776292 tempest-DeleteServersTestJSON-440776292-project-member] Request filter 'accelerators_filter' took 0.0 seconds {{(pid=93479) wrapper /opt/stack/nova/nova/scheduler/request_filter.py:46}}
Aug 21 16:11:07.881821 np0000007913 nova-scheduler[93479]: DEBUG nova.scheduler.request_filter [None req-a516f699-0dd8-4394-a801-f77a07d48b40 tempest-DeleteServersTestJSON-440776292 tempest-DeleteServersTestJSON-440776292-project-member] Request filter 'packed_virtqueue_filter' took 0.0 seconds {{(pid=93479) wrapper /opt/stack/nova/nova/scheduler/request_filter.py:46}}
Aug 21 16:11:07.881821 np0000007913 nova-scheduler[93479]: DEBUG nova.scheduler.request_filter [None req-a516f699-0dd8-4394-a801-f77a07d48b40 tempest-DeleteServersTestJSON-440776292 tempest-DeleteServersTestJSON-440776292-project-member] Request filter 'remote_managed_ports_filter' took 0.0 seconds {{(pid=93479) wrapper /opt/stack/nova/nova/scheduler/request_filter.py:46}}
Aug 21 16:11:07.881821 np0000007913 nova-scheduler[93479]: DEBUG nova.scheduler.request_filter [None req-a516f699-0dd8-4394-a801-f77a07d48b40 tempest-DeleteServersTestJSON-440776292 tempest-DeleteServersTestJSON-440776292-project-member] ephemeral_encryption_filter skipped {{(pid=93479) ephemeral_encryption_filter /opt/stack/nova/nova/scheduler/request_filter.py:426}}
Aug 21 16:11:07.882205 np0000007913 nova-scheduler[93479]: DEBUG nova.scheduler.request_filter [None req-a516f699-0dd8-4394-a801-f77a07d48b40 tempest-DeleteServersTestJSON-440776292 tempest-DeleteServersTestJSON-440776292-project-member] virtio_sound_filter skipped {{(pid=93479) virtio_sound_filter /opt/stack/nova/nova/scheduler/request_filter.py:460}}
Aug 21 16:11:07.882205 np0000007913 nova-scheduler[93479]: DEBUG nova.scheduler.request_filter [None req-a516f699-0dd8-4394-a801-f77a07d48b40 tempest-DeleteServersTestJSON-440776292 tempest-DeleteServersTestJSON-440776292-project-member] tpm_secret_security_filter skipped {{(pid=93479) tpm_secret_security_filter /opt/stack/nova/nova/scheduler/request_filter.py:477}}
