Aug 21 16:10:38.391790 np0000007913 devstack@neutron-api.service[87632]: DEBUG neutron_lib.callbacks.manager [None req-eaeeed66-28c4-40b7-bc07-c93b3d02eab7 admin admin] Publish callbacks ['neutron.plugins.ml2.ovo_rpc._ObjectChangeHandler.handle_event-4142354'] for network (0de6c8b5-9e76-486f-9063-b3e6e76f3180), after_create {{(pid=87632) _notify_loop /opt/stack/data/venv/lib/python3.12/site-packages/neutron_lib/callbacks/manager.py:184}}
Aug 21 16:10:38.394135 np0000007913 devstack@neutron-api.service[87634]: DEBUG neutron_lib.callbacks.manager [None req-2b5a15de-d9f1-45a3-9a2f-4caa6ea1223b admin admin] Publish callbacks ['neutron.plugins.ml2.drivers.ovn.mech_driver.mech_driver.OVNMechanismDriver._create_security_group_precommit-1030414'] for security_group (60d8952e-dad4-451b-a2c8-d17053d23da5), precommit_create {{(pid=87634) _notify_loop /opt/stack/data/venv/lib/python3.12/site-packages/neutron_lib/callbacks/manager.py:184}}
Aug 21 16:10:38.394315 np0000007913 devstack@neutron-api.service[87634]: DEBUG neutron.db.ovn_revision_numbers_db [None req-2b5a15de-d9f1-45a3-9a2f-4caa6ea1223b admin admin] create_initial_revision uuid=60d8952e-dad4-451b-a2c8-d17053d23da5, type=security_groups, rev=-1 {{(pid=87634) create_initial_revision /opt/stack/neutron/neutron/db/ovn_revision_numbers_db.py:98}}
Aug 21 16:10:38.395779 np0000007913 devstack@neutron-api.service[87634]: DEBUG neutron.db.ovn_revision_numbers_db [None req-2b5a15de-d9f1-45a3-9a2f-4caa6ea1223b admin admin] create_initial_revision uuid=54681192-bdba-4bce-abf3-c42934c3bd78, type=security_group_rules, rev=-1 {{(pid=87634) create_initial_revision /opt/stack/neutron/neutron/db/ovn_revision_numbers_db.py:98}}
Aug 21 16:10:38.396931 np0000007913 devstack@neutron-api.service[87634]: DEBUG neutron.db.ovn_revision_numbers_db [None req-2b5a15de-d9f1-45a3-9a2f-4caa6ea1223b admin admin] create_initial_revision uuid=a3d8a581-4110-4ea6-aa9b-c0b48e65e9ee, type=security_group_rules, rev=-1 {{(pid=87634) create_initial_revision /opt/stack/neutron/neutron/db/ovn_revision_numbers_db.py:98}}
Aug 21 16:10:38.398089 np0000007913 devstack@neutron-api.service[87634]: DEBUG neutron.db.ovn_revision_numbers_db [None req-2b5a15de-d9f1-45a3-9a2f-4caa6ea1223b admin admin] create_initial_revision uuid=f8ee8d18-fbb6-4c26-9789-0d9be968126e, type=security_group_rules, rev=-1 {{(pid=87634) create_initial_revision /opt/stack/neutron/neutron/db/ovn_revision_numbers_db.py:98}}
Aug 21 16:10:38.399288 np0000007913 devstack@neutron-api.service[87634]: DEBUG neutron.db.ovn_revision_numbers_db [None req-2b5a15de-d9f1-45a3-9a2f-4caa6ea1223b admin admin] create_initial_revision uuid=f98a0343-7397-43cf-920c-46a78e444d8c, type=security_group_rules, rev=-1 {{(pid=87634) create_initial_revision /opt/stack/neutron/neutron/db/ovn_revision_numbers_db.py:98}}
Aug 21 16:10:38.403972 np0000007913 devstack@neutron-api.service[87634]: DEBUG neutron_lib.callbacks.manager [None req-2b5a15de-d9f1-45a3-9a2f-4caa6ea1223b admin admin] Publish callbacks ['neutron.plugins.ml2.drivers.ovn.mech_driver.mech_driver.OVNMechanismDriver._create_security_group-1030404', 'neutron.plugins.ml2.ovo_rpc._ObjectChangeHandler.handle_event-3577990'] for security_group (60d8952e-dad4-451b-a2c8-d17053d23da5), after_create {{(pid=87634) _notify_loop /opt/stack/data/venv/lib/python3.12/site-packages/neutron_lib/callbacks/manager.py:184}}
Aug 21 16:10:38.404556 np0000007913 devstack@neutron-api.service[87634]: DEBUG ovsdbapp.backend.ovs_idl.transaction [None req-f22699e4-e232-4c39-8a00-8677cc6e819a None None] Running txn 7bda8aaf n=1 command(idx=0): PgAddCommand(_result=None, name=pg_60d8952e_dad4_451b_a2c8_d17053d23da5, may_exist=False, columns={'acls': [], 'external_ids': {'neutron:security_group_id': '60d8952e-dad4-451b-a2c8-d17053d23da5'}}) {{(pid=87634) do_commit /opt/stack/data/venv/lib/python3.12/site-packages/ovsdbapp/backend/ovs_idl/transaction.py:91}}
Aug 21 16:10:38.404890 np0000007913 devstack@neutron-api.service[87634]: DEBUG ovsdbapp.backend.ovs_idl.transaction [None req-f22699e4-e232-4c39-8a00-8677cc6e819a None None] Running txn 7bda8aaf n=1 command(idx=1): PgAclAddCommand(_result=None, entity=pg_60d8952e_dad4_451b_a2c8_d17053d23da5, direction=to-lport, priority=1002, match=outport == @pg_60d8952e_dad4_451b_a2c8_d17053d23da5 && ip6 && ip6.src == $pg_60d8952e_dad4_451b_a2c8_d17053d23da5_ip6, action=allow-related, log=False, may_exist=True, severity=[], name=[], meter=[], external_ids={'neutron:security_group_rule_id': '54681192-bdba-4bce-abf3-c42934c3bd78'}) {{(pid=87634) do_commit /opt/stack/data/venv/lib/python3.12/site-packages/ovsdbapp/backend/ovs_idl/transaction.py:91}}
Aug 21 16:10:38.405182 np0000007913 devstack@neutron-api.service[87634]: DEBUG ovsdbapp.backend.ovs_idl.transaction [None req-f22699e4-e232-4c39-8a00-8677cc6e819a None None] Running txn 7bda8aaf n=1 command(idx=2): PgAclAddCommand(_result=None, entity=pg_60d8952e_dad4_451b_a2c8_d17053d23da5, direction=to-lport, priority=1002, match=outport == @pg_60d8952e_dad4_451b_a2c8_d17053d23da5 && ip4 && ip4.src == $pg_60d8952e_dad4_451b_a2c8_d17053d23da5_ip4, action=allow-related, log=False, may_exist=True, severity=[], name=[], meter=[], external_ids={'neutron:security_group_rule_id': 'a3d8a581-4110-4ea6-aa9b-c0b48e65e9ee'}) {{(pid=87634) do_commit /opt/stack/data/venv/lib/python3.12/site-packages/ovsdbapp/backend/ovs_idl/transaction.py:91}}
Aug 21 16:10:38.405434 np0000007913 devstack@neutron-api.service[87634]: DEBUG ovsdbapp.backend.ovs_idl.transaction [None req-f22699e4-e232-4c39-8a00-8677cc6e819a None None] Running txn 7bda8aaf n=1 command(idx=3): PgAclAddCommand(_result=None, entity=pg_60d8952e_dad4_451b_a2c8_d17053d23da5, direction=from-lport, priority=1002, match=inport == @pg_60d8952e_dad4_451b_a2c8_d17053d23da5 && ip4, action=allow-related, log=False, may_exist=True, severity=[], name=[], meter=[], external_ids={'neutron:security_group_rule_id': 'f8ee8d18-fbb6-4c26-9789-0d9be968126e'}) {{(pid=87634) do_commit /opt/stack/data/venv/lib/python3.12/site-packages/ovsdbapp/backend/ovs_idl/transaction.py:91}}
Aug 21 16:10:38.405665 np0000007913 devstack@neutron-api.service[87634]: DEBUG ovsdbapp.backend.ovs_idl.transaction [None req-f22699e4-e232-4c39-8a00-8677cc6e819a None None] Running txn 7bda8aaf n=1 command(idx=4): PgAclAddCommand(_result=None, entity=pg_60d8952e_dad4_451b_a2c8_d17053d23da5, direction=from-lport, priority=1002, match=inport == @pg_60d8952e_dad4_451b_a2c8_d17053d23da5 && ip6, action=allow-related, log=False, may_exist=True, severity=[], name=[], meter=[], external_ids={'neutron:security_group_rule_id': 'f98a0343-7397-43cf-920c-46a78e444d8c'}) {{(pid=87634) do_commit /opt/stack/data/venv/lib/python3.12/site-packages/ovsdbapp/backend/ovs_idl/transaction.py:91}}
Aug 21 16:10:38.408224 np0000007913 devstack@neutron-api.service[87632]: DEBUG neutron.api.rpc.handlers.resources_rpc [None req-eaeeed66-28c4-40b7-bc07-c93b3d02eab7 admin admin] Pushing event updated for resources: {'Network': ['ID=0de6c8b5-9e76-486f-9063-b3e6e76f3180,revision_number=1']} {{(pid=87632) push /opt/stack/neutron/neutron/api/rpc/handlers/resources_rpc.py:237}}
Aug 21 16:10:38.412803 np0000007913 devstack@neutron-api.service[87634]: DEBUG neutron.plugins.ml2.drivers.ovn.mech_driver.ovsdb.ovsdb_monitor [None req-f22699e4-e232-4c39-8a00-8677cc6e819a None None] Hash Ring: Node 53db95fe23b25a46a203f270eb1c183f (host: np0000007913) handling event "create" for row bb0525f6-19f2-47cc-a59c-004781b876af (table: ACL) {{(pid=87634) notify /opt/stack/neutron/neutron/plugins/ml2/drivers/ovn/mech_driver/ovsdb/ovsdb_monitor.py:1099}}
Aug 21 16:10:38.413018 np0000007913 devstack@neutron-api.service[87634]: DEBUG ovsdbapp.backend.ovs_idl.transaction [None req-f22699e4-e232-4c39-8a00-8677cc6e819a None None] txn 7bda8aaf succeeded {{(pid=87634) do_commit /opt/stack/data/venv/lib/python3.12/site-packages/ovsdbapp/backend/ovs_idl/transaction.py:137}}
Aug 21 16:10:38.414048 np0000007913 devstack@neutron-api.service[87633]: DEBUG neutron.plugins.ml2.drivers.ovn.mech_driver.ovsdb.ovsdb_monitor [None req-8f59daf0-f603-4df3-aff2-3641f0f443db None None] Hash Ring: Node 3b855234aa935b23b81c60525cc5dbe7 (host: np0000007913) handling event "create" for row d77c74eb-ed5a-41cc-b720-770d73dfd713 (table: ACL) {{(pid=87633) notify /opt/stack/neutron/neutron/plugins/ml2/drivers/ovn/mech_driver/ovsdb/ovsdb_monitor.py:1099}}
Aug 21 16:10:38.414232 np0000007913 devstack@neutron-api.service[87633]: DEBUG neutron.plugins.ml2.drivers.ovn.mech_driver.ovsdb.ovsdb_monitor [None req-8f59daf0-f603-4df3-aff2-3641f0f443db None None] Hash Ring: Node 3b855234aa935b23b81c60525cc5dbe7 (host: np0000007913) handling event "create" for row b9c7079c-1c23-4c19-b47a-54470ec9e2da (table: Port_Group) {{(pid=87633) notify /opt/stack/neutron/neutron/plugins/ml2/drivers/ovn/mech_driver/ovsdb/ovsdb_monitor.py:1099}}
Aug 21 16:10:38.419316 np0000007913 devstack@neutron-api.service[87632]: DEBUG neutron.plugins.ml2.drivers.ovn.mech_driver.ovsdb.ovsdb_monitor [None req-4b210359-89b5-4c8f-a2d1-e6dc6418cc2b None None] Hash Ring: Node 7482c79a21b15a519aa306849719288d (host: np0000007913) handling event "create" for row 301438b7-cf21-4b57-8325-434387b680c8 (table: ACL) {{(pid=87632) notify /opt/stack/neutron/neutron/plugins/ml2/drivers/ovn/mech_driver/ovsdb/ovsdb_monitor.py:1099}}
Aug 21 16:10:38.419574 np0000007913 devstack@neutron-api.service[87632]: DEBUG neutron.plugins.ml2.drivers.ovn.mech_driver.ovsdb.ovsdb_monitor [None req-4b210359-89b5-4c8f-a2d1-e6dc6418cc2b None None] Hash Ring: Node 7482c79a21b15a519aa306849719288d (host: np0000007913) handling event "create" for row 4cbcd531-4792-4883-8a20-3cc1f5207564 (table: ACL) {{(pid=87632) notify /opt/stack/neutron/neutron/plugins/ml2/drivers/ovn/mech_driver/ovsdb/ovsdb_monitor.py:1099}}
Aug 21 16:10:38.421596 np0000007913 devstack@neutron-api.service[87632]: DEBUG ovsdbapp.backend.ovs_idl.transaction [None req-4b210359-89b5-4c8f-a2d1-e6dc6418cc2b None None] Running txn d8a759a4 n=1 command(idx=0): AddNetworkCommand(_result=None, network_uuid=0de6c8b5-9e76-486f-9063-b3e6e76f3180, may_exist=True, columns={'external_ids': {'neutron:network_name': 'tempest-ServerRescueNegativeTestJSON-562782096-network', 'neutron:mtu': '1372', 'neutron:revision_number': '1', 'neutron:availability_zone_hints': '', 'neutron:provnet-network-type': 'geneve'}, 'other_config': {'mcast_snoop': 'false', 'mcast_flood_unregistered': 'false', 'vlan-passthru': 'false'}}) {{(pid=87632) do_commit /opt/stack/data/venv/lib/python3.12/site-packages/ovsdbapp/backend/ovs_idl/transaction.py:91}}
Aug 21 16:10:38.424858 np0000007913 devstack@neutron-api.service[87632]: DEBUG ovsdbapp.backend.ovs_idl.transaction [None req-4b210359-89b5-4c8f-a2d1-e6dc6418cc2b None None] txn d8a759a4 succeeded {{(pid=87632) do_commit /opt/stack/data/venv/lib/python3.12/site-packages/ovsdbapp/backend/ovs_idl/transaction.py:137}}
Aug 21 16:10:38.425376 np0000007913 devstack@neutron-api.service[87634]: DEBUG neutron.plugins.ml2.drivers.ovn.mech_driver.ovsdb.ovsdb_monitor [None req-f22699e4-e232-4c39-8a00-8677cc6e819a None None] Hash Ring: Node 53db95fe23b25a46a203f270eb1c183f (host: np0000007913) handling event "create" for row 0de6c8b5-9e76-486f-9063-b3e6e76f3180 (table: Logical_Switch) {{(pid=87634) notify /opt/stack/neutron/neutron/plugins/ml2/drivers/ovn/mech_driver/ovsdb/ovsdb_monitor.py:1099}}
Aug 21 16:10:38.429050 np0000007913 devstack@neutron-api.service[87634]: INFO neutron.db.ovn_revision_numbers_db [None req-2b5a15de-d9f1-45a3-9a2f-4caa6ea1223b admin admin] Successfully bumped revision number for resource 60d8952e-dad4-451b-a2c8-d17053d23da5 (type: security_groups) to 1
Aug 21 16:10:38.431091 np0000007913 devstack@neutron-api.service[87632]: DEBUG neutron.plugins.ml2.drivers.ovn.mech_driver.ovsdb.ovsdb_monitor [None req-49421012-a903-4069-99c6-2a3f3a3e10c2 None None] Hash Ring: Node 7482c79a21b15a519aa306849719288d (host: np0000007913) handling event "create" for row 92af1235-24b5-4b33-9fcd-d356d4547b4b (table: Datapath_Binding) {{(pid=87632) notify /opt/stack/neutron/neutron/plugins/ml2/drivers/ovn/mech_driver/ovsdb/ovsdb_monitor.py:1099}}
Aug 21 16:10:38.440293 np0000007913 devstack@neutron-api.service[87634]: INFO neutron.db.ovn_revision_numbers_db [None req-2b5a15de-d9f1-45a3-9a2f-4caa6ea1223b admin admin] Successfully bumped revision number for resource 54681192-bdba-4bce-abf3-c42934c3bd78 (type: security_group_rules) to 0
Aug 21 16:10:38.445554 np0000007913 devstack@neutron-api.service[87632]: INFO neutron.db.ovn_revision_numbers_db [None req-eaeeed66-28c4-40b7-bc07-c93b3d02eab7 admin admin] Successfully bumped revision number for resource 0de6c8b5-9e76-486f-9063-b3e6e76f3180 (type: networks) to 1
Aug 21 16:10:38.450144 np0000007913 devstack@neutron-api.service[87634]: INFO neutron.db.ovn_revision_numbers_db [None req-2b5a15de-d9f1-45a3-9a2f-4caa6ea1223b admin admin] Successfully bumped revision number for resource a3d8a581-4110-4ea6-aa9b-c0b48e65e9ee (type: security_group_rules) to 0
Aug 21 16:10:38.458271 np0000007913 devstack@neutron-api.service[87632]: DEBUG neutron_lib.callbacks.manager [None req-eaeeed66-28c4-40b7-bc07-c93b3d02eab7 admin admin] Publish callbacks ['neutron.plugins.ml2.plugin.SecurityGroupDbMixin._ensure_default_security_group_handler-208531'] for port (None), before_create {{(pid=87632) _notify_loop /opt/stack/data/venv/lib/python3.12/site-packages/neutron_lib/callbacks/manager.py:184}}
Aug 21 16:10:38.459510 np0000007913 devstack@neutron-api.service[87634]: INFO neutron.db.ovn_revision_numbers_db [None req-2b5a15de-d9f1-45a3-9a2f-4caa6ea1223b admin admin] Successfully bumped revision number for resource f8ee8d18-fbb6-4c26-9789-0d9be968126e (type: security_group_rules) to 0
Aug 21 16:10:38.468540 np0000007913 devstack@neutron-api.service[87634]: INFO neutron.db.ovn_revision_numbers_db [None req-2b5a15de-d9f1-45a3-9a2f-4caa6ea1223b admin admin] Successfully bumped revision number for resource f98a0343-7397-43cf-920c-46a78e444d8c (type: security_group_rules) to 0
Aug 21 16:10:38.490406 np0000007913 devstack@neutron-api.service[87634]: DEBUG neutron.api.rpc.handlers.resources_rpc [None req-2b5a15de-d9f1-45a3-9a2f-4caa6ea1223b admin admin] Pushing event updated for resources: {'SecurityGroup': ['ID=60d8952e-dad4-451b-a2c8-d17053d23da5,revision_number=1']} {{(pid=87634) push /opt/stack/neutron/neutron/api/rpc/handlers/resources_rpc.py:237}}
Aug 21 16:10:38.505014 np0000007913 devstack@neutron-api.service[87633]: DEBUG neutron.api.v2.base [None req-037ee714-d61e-4d2f-b5c3-3ae6ddbb4d4c admin admin] Request body: {'network': {'name': 'tempest-TestVolumeSwap-504140915-network', 'project_id': '64a482627e8442efae32f2e5292cb549'}} {{(pid=87633) prepare_request_body /opt/stack/neutron/neutron/api/v2/base.py:727}}
Aug 21 16:10:38.517749 np0000007913 devstack@neutron-api.service[87633]: DEBUG neutron.pecan_wsgi.hooks.quota_enforcement [None req-037ee714-d61e-4d2f-b5c3-3ae6ddbb4d4c admin admin] Made reservation on behalf of 64a482627e8442efae32f2e5292cb549 for: {'network': 1} {{(pid=87633) before /opt/stack/neutron/neutron/pecan_wsgi/hooks/quota_enforcement.py:66}}
Aug 21 16:10:38.519011 np0000007913 devstack@neutron-api.service[87634]: DEBUG neutron.plugins.ml2.drivers.helpers [None req-2b5a15de-d9f1-45a3-9a2f-4caa6ea1223b admin admin] geneve segment allocate from pool success with {'geneve_vni': 62933} {{(pid=87634) allocate_partially_specified_segment /opt/stack/neutron/neutron/plugins/ml2/drivers/helpers.py:142}}
Aug 21 16:10:38.520530 np0000007913 devstack@neutron-api.service[87633]: DEBUG neutron_lib.callbacks.manager [None req-037ee714-d61e-4d2f-b5c3-3ae6ddbb4d4c admin admin] Publish callbacks ['neutron.plugins.ml2.plugin.SecurityGroupDbMixin._ensure_default_security_group_handler-80736'] for network (None), before_create {{(pid=87633) _notify_loop /opt/stack/data/venv/lib/python3.12/site-packages/neutron_lib/callbacks/manager.py:184}}
Aug 21 16:10:38.524963 np0000007913 devstack@neutron-api.service[87633]: DEBUG neutron_lib.callbacks.manager [None req-037ee714-d61e-4d2f-b5c3-3ae6ddbb4d4c admin admin] Publish callbacks [] for security_group (None), before_create {{(pid=87633) _notify_loop /opt/stack/data/venv/lib/python3.12/site-packages/neutron_lib/callbacks/manager.py:184}}
Aug 21 16:10:38.527027 np0000007913 devstack@neutron-api.service[87634]: DEBUG neutron_lib.callbacks.manager [None req-2b5a15de-d9f1-45a3-9a2f-4caa6ea1223b admin admin] Publish callbacks ['neutron.services.segments.db._add_segment_host_mapping_for_segment-7716012322830', 'neutron.plugins.ml2.plugin.Ml2Plugin._handle_segment_change-475908'] for segment (1c120f28-8ca2-44b0-a53e-e1dd032efec5), precommit_create {{(pid=87634) _notify_loop /opt/stack/data/venv/lib/python3.12/site-packages/neutron_lib/callbacks/manager.py:184}}
Aug 21 16:10:38.527173 np0000007913 devstack@neutron-api.service[87634]: INFO neutron.db.segments_db [None req-2b5a15de-d9f1-45a3-9a2f-4caa6ea1223b admin admin] Added segment 1c120f28-8ca2-44b0-a53e-e1dd032efec5 of type geneve for network 33217f88-f108-49ae-b099-18920c1d1a45
Aug 21 16:10:38.541174 np0000007913 devstack@neutron-api.service[87632]: DEBUG neutron_lib.callbacks.manager [None req-eaeeed66-28c4-40b7-bc07-c93b3d02eab7 admin admin] Publish callbacks ['neutron.plugins.ml2.drivers.ovn.mech_driver.mech_driver.OVNMechanismDriver._validate_allowed_address_pairs-793983'] for allowed_address_pair (edb73b96-6ed8-4147-b44b-a07691dc2cee), before_create {{(pid=87632) _notify_loop /opt/stack/data/venv/lib/python3.12/site-packages/neutron_lib/callbacks/manager.py:184}}
Aug 21 16:10:38.542024 np0000007913 devstack@neutron-api.service[87632]: DEBUG neutron_lib.callbacks.manager [None req-eaeeed66-28c4-40b7-bc07-c93b3d02eab7 admin admin] Publish callbacks [] for port (edb73b96-6ed8-4147-b44b-a07691dc2cee), precommit_create {{(pid=87632) _notify_loop /opt/stack/data/venv/lib/python3.12/site-packages/neutron_lib/callbacks/manager.py:184}}
Aug 21 16:10:38.542242 np0000007913 devstack@neutron-api.service[87632]: DEBUG neutron.plugins.ml2.drivers.ovn.mech_driver.mech_driver [None req-eaeeed66-28c4-40b7-bc07-c93b3d02eab7 admin admin] No provisioning block for port edb73b96-6ed8-4147-b44b-a07691dc2cee since it does not have a host {{(pid=87632) _is_port_provisioning_required /opt/stack/neutron/neutron/plugins/ml2/drivers/ovn/mech_driver/mech_driver.py:877}}
Aug 21 16:10:38.542456 np0000007913 devstack@neutron-api.service[87632]: DEBUG neutron.db.ovn_revision_numbers_db [None req-eaeeed66-28c4-40b7-bc07-c93b3d02eab7 admin admin] create_initial_revision uuid=edb73b96-6ed8-4147-b44b-a07691dc2cee, type=ports, rev=-1 {{(pid=87632) create_initial_revision /opt/stack/neutron/neutron/db/ovn_revision_numbers_db.py:98}}
Aug 21 16:10:38.544208 np0000007913 devstack@neutron-api.service[87634]: DEBUG neutron_lib.callbacks.manager [None req-2b5a15de-d9f1-45a3-9a2f-4caa6ea1223b admin admin] Publish callbacks ['neutron.services.auto_allocate.db._ensure_external_network_default_value_callback-7716009700406'] for network (33217f88-f108-49ae-b099-18920c1d1a45), precommit_create {{(pid=87634) _notify_loop /opt/stack/data/venv/lib/python3.12/site-packages/neutron_lib/callbacks/manager.py:184}}
Aug 21 16:10:38.558106 np0000007913 devstack@neutron-api.service[87634]: DEBUG neutron.plugins.ml2.drivers.ovn.mech_driver.mech_driver [None req-2b5a15de-d9f1-45a3-9a2f-4caa6ea1223b admin admin] Validating network segment with type geneve, segmentation ID 62933, physical network None {{(pid=87634) _validate_network_segments /opt/stack/neutron/neutron/plugins/ml2/drivers/ovn/mech_driver/mech_driver.py:624}}
Aug 21 16:10:38.558236 np0000007913 devstack@neutron-api.service[87634]: DEBUG neutron.db.ovn_revision_numbers_db [None req-2b5a15de-d9f1-45a3-9a2f-4caa6ea1223b admin admin] create_initial_revision uuid=33217f88-f108-49ae-b099-18920c1d1a45, type=networks, rev=-1 {{(pid=87634) create_initial_revision /opt/stack/neutron/neutron/db/ovn_revision_numbers_db.py:98}}
Aug 21 16:10:38.570708 np0000007913 devstack@neutron-api.service[87634]: DEBUG neutron_lib.callbacks.manager [None req-2b5a15de-d9f1-45a3-9a2f-4caa6ea1223b admin admin] Publish callbacks ['neutron.plugins.ml2.ovo_rpc._ObjectChangeHandler.handle_event-3577987'] for network (33217f88-f108-49ae-b099-18920c1d1a45), after_create {{(pid=87634) _notify_loop /opt/stack/data/venv/lib/python3.12/site-packages/neutron_lib/callbacks/manager.py:184}}
Aug 21 16:10:38.576523 np0000007913 devstack@neutron-api.service[87632]: DEBUG neutron_lib.callbacks.manager [None req-eaeeed66-28c4-40b7-bc07-c93b3d02eab7 admin admin] Publish callbacks ['neutron.plugins.ml2.ovo_rpc._ObjectChangeHandler.handle_event-4142341'] for port (edb73b96-6ed8-4147-b44b-a07691dc2cee), after_create {{(pid=87632) _notify_loop /opt/stack/data/venv/lib/python3.12/site-packages/neutron_lib/callbacks/manager.py:184}}
Aug 21 16:10:38.596736 np0000007913 devstack@neutron-api.service[87634]: DEBUG neutron.api.rpc.handlers.resources_rpc [None req-2b5a15de-d9f1-45a3-9a2f-4caa6ea1223b admin admin] Pushing event updated for resources: {'Network': ['ID=33217f88-f108-49ae-b099-18920c1d1a45,revision_number=1']} {{(pid=87634) push /opt/stack/neutron/neutron/api/rpc/handlers/resources_rpc.py:237}}
Aug 21 16:10:38.601704 np0000007913 devstack@neutron-api.service[87633]: DEBUG neutron_lib.callbacks.manager [None req-037ee714-d61e-4d2f-b5c3-3ae6ddbb4d4c admin admin] Publish callbacks ['neutron.plugins.ml2.drivers.ovn.mech_driver.mech_driver.OVNMechanismDriver._create_security_group_precommit-1040451'] for security_group (f72905e1-5207-463b-ac8d-4f550d251d20), precommit_create {{(pid=87633) _notify_loop /opt/stack/data/venv/lib/python3.12/site-packages/neutron_lib/callbacks/manager.py:184}}
Aug 21 16:10:38.601888 np0000007913 devstack@neutron-api.service[87633]: DEBUG neutron.db.ovn_revision_numbers_db [None req-037ee714-d61e-4d2f-b5c3-3ae6ddbb4d4c admin admin] create_initial_revision uuid=f72905e1-5207-463b-ac8d-4f550d251d20, type=security_groups, rev=-1 {{(pid=87633) create_initial_revision /opt/stack/neutron/neutron/db/ovn_revision_numbers_db.py:98}}
Aug 21 16:10:38.603091 np0000007913 devstack@neutron-api.service[87633]: DEBUG neutron.db.ovn_revision_numbers_db [None req-037ee714-d61e-4d2f-b5c3-3ae6ddbb4d4c admin admin] create_initial_revision uuid=257f0e8a-7160-414f-bdab-e1a6754b5c4e, type=security_group_rules, rev=-1 {{(pid=87633) create_initial_revision /opt/stack/neutron/neutron/db/ovn_revision_numbers_db.py:98}}
Aug 21 16:10:38.604242 np0000007913 devstack@neutron-api.service[87633]: DEBUG neutron.db.ovn_revision_numbers_db [None req-037ee714-d61e-4d2f-b5c3-3ae6ddbb4d4c admin admin] create_initial_revision uuid=4225d8f7-7209-4023-8495-f0fd5f761dbb, type=security_group_rules, rev=-1 {{(pid=87633) create_initial_revision /opt/stack/neutron/neutron/db/ovn_revision_numbers_db.py:98}}
Aug 21 16:10:38.605368 np0000007913 devstack@neutron-api.service[87633]: DEBUG neutron.db.ovn_revision_numbers_db [None req-037ee714-d61e-4d2f-b5c3-3ae6ddbb4d4c admin admin] create_initial_revision uuid=acb5617b-5713-4ab9-967c-d601e224d0bc, type=security_group_rules, rev=-1 {{(pid=87633) create_initial_revision /opt/stack/neutron/neutron/db/ovn_revision_numbers_db.py:98}}
Aug 21 16:10:38.606482 np0000007913 devstack@neutron-api.service[87633]: DEBUG neutron.db.ovn_revision_numbers_db [None req-037ee714-d61e-4d2f-b5c3-3ae6ddbb4d4c admin admin] create_initial_revision uuid=e73c3e4b-2902-44c2-8994-2c5b7d0850b9, type=security_group_rules, rev=-1 {{(pid=87633) create_initial_revision /opt/stack/neutron/neutron/db/ovn_revision_numbers_db.py:98}}
Aug 21 16:10:38.607175 np0000007913 devstack@neutron-api.service[87634]: DEBUG ovsdbapp.backend.ovs_idl.transaction [None req-f22699e4-e232-4c39-8a00-8677cc6e819a None None] Running txn 31d5c0de n=1 command(idx=0): AddNetworkCommand(_result=None, network_uuid=33217f88-f108-49ae-b099-18920c1d1a45, may_exist=True, columns={'external_ids': {'neutron:network_name': 'tempest-AttachSCSIVolumeTestJSON-1604431488-network', 'neutron:mtu': '1372', 'neutron:revision_number': '1', 'neutron:availability_zone_hints': '', 'neutron:provnet-network-type': 'geneve'}, 'other_config': {'mcast_snoop': 'false', 'mcast_flood_unregistered': 'false', 'vlan-passthru': 'false'}}) {{(pid=87634) do_commit /opt/stack/data/venv/lib/python3.12/site-packages/ovsdbapp/backend/ovs_idl/transaction.py:91}}
Aug 21 16:10:38.607463 np0000007913 devstack@neutron-api.service[87634]: DEBUG neutron.common.ovn.utils [None req-f22699e4-e232-4c39-8a00-8677cc6e819a None None] OVS persist_uuid supported=True {{(pid=87634) ovs_persist_uuid_supported /opt/stack/neutron/neutron/common/ovn/utils.py:1565}}
Aug 21 16:10:38.608766 np0000007913 devstack@neutron-api.service[87632]: DEBUG neutron.api.rpc.handlers.resources_rpc [None req-eaeeed66-28c4-40b7-bc07-c93b3d02eab7 admin admin] Pushing event updated for resources: {'Port': ['ID=edb73b96-6ed8-4147-b44b-a07691dc2cee,revision_number=1']} {{(pid=87632) push /opt/stack/neutron/neutron/api/rpc/handlers/resources_rpc.py:237}}
Aug 21 16:10:38.610227 np0000007913 devstack@neutron-api.service[87634]: DEBUG ovsdbapp.backend.ovs_idl.transaction [None req-f22699e4-e232-4c39-8a00-8677cc6e819a None None] txn 31d5c0de succeeded {{(pid=87634) do_commit /opt/stack/data/venv/lib/python3.12/site-packages/ovsdbapp/backend/ovs_idl/transaction.py:137}}
Aug 21 16:10:38.612404 np0000007913 devstack@neutron-api.service[87633]: DEBUG neutron.plugins.ml2.drivers.ovn.mech_driver.ovsdb.ovsdb_monitor [None req-8f59daf0-f603-4df3-aff2-3641f0f443db None None] Hash Ring: Node 3b855234aa935b23b81c60525cc5dbe7 (host: np0000007913) handling event "create" for row 33217f88-f108-49ae-b099-18920c1d1a45 (table: Logical_Switch) {{(pid=87633) notify /opt/stack/neutron/neutron/plugins/ml2/drivers/ovn/mech_driver/ovsdb/ovsdb_monitor.py:1099}}
Aug 21 16:10:38.614808 np0000007913 devstack@neutron-api.service[87633]: DEBUG neutron_lib.callbacks.manager [None req-037ee714-d61e-4d2f-b5c3-3ae6ddbb4d4c admin admin] Publish callbacks ['neutron.plugins.ml2.drivers.ovn.mech_driver.mech_driver.OVNMechanismDriver._create_security_group-1040477', 'neutron.plugins.ml2.ovo_rpc._ObjectChangeHandler.handle_event-4093004'] for security_group (f72905e1-5207-463b-ac8d-4f550d251d20), after_create {{(pid=87633) _notify_loop /opt/stack/data/venv/lib/python3.12/site-packages/neutron_lib/callbacks/manager.py:184}}
Aug 21 16:10:38.616092 np0000007913 devstack@neutron-api.service[87633]: DEBUG ovsdbapp.backend.ovs_idl.transaction [None req-8f59daf0-f603-4df3-aff2-3641f0f443db None None] Running txn f8b3ce37 n=1 command(idx=0): PgAddCommand(_result=None, name=pg_f72905e1_5207_463b_ac8d_4f550d251d20, may_exist=False, columns={'acls': [], 'external_ids': {'neutron:security_group_id': 'f72905e1-5207-463b-ac8d-4f550d251d20'}}) {{(pid=87633) do_commit /opt/stack/data/venv/lib/python3.12/site-packages/ovsdbapp/backend/ovs_idl/transaction.py:91}}
Aug 21 16:10:38.616382 np0000007913 devstack@neutron-api.service[87634]: DEBUG neutron.plugins.ml2.drivers.ovn.mech_driver.ovsdb.ovsdb_monitor [-] Hash Ring: Node 53db95fe23b25a46a203f270eb1c183f (host: np0000007913) handling event "create" for row 67665947-ff8e-4cc8-9ac7-6bee54b2395a (table: Datapath_Binding) {{(pid=87634) notify /opt/stack/neutron/neutron/plugins/ml2/drivers/ovn/mech_driver/ovsdb/ovsdb_monitor.py:1099}}
Aug 21 16:10:38.617419 np0000007913 devstack@neutron-api.service[87633]: DEBUG ovsdbapp.backend.ovs_idl.transaction [None req-8f59daf0-f603-4df3-aff2-3641f0f443db None None] Running txn f8b3ce37 n=1 command(idx=1): PgAclAddCommand(_result=None, entity=pg_f72905e1_5207_463b_ac8d_4f550d251d20, direction=to-lport, priority=1002, match=outport == @pg_f72905e1_5207_463b_ac8d_4f550d251d20 && ip4 && ip4.src == $pg_f72905e1_5207_463b_ac8d_4f550d251d20_ip4, action=allow-related, log=False, may_exist=True, severity=[], name=[], meter=[], external_ids={'neutron:security_group_rule_id': '257f0e8a-7160-414f-bdab-e1a6754b5c4e'}) {{(pid=87633) do_commit /opt/stack/data/venv/lib/python3.12/site-packages/ovsdbapp/backend/ovs_idl/transaction.py:91}}
Aug 21 16:10:38.617834 np0000007913 devstack@neutron-api.service[87633]: DEBUG ovsdbapp.backend.ovs_idl.transaction [None req-8f59daf0-f603-4df3-aff2-3641f0f443db None None] Running txn f8b3ce37 n=1 command(idx=2): PgAclAddCommand(_result=None, entity=pg_f72905e1_5207_463b_ac8d_4f550d251d20, direction=from-lport, priority=1002, match=inport == @pg_f72905e1_5207_463b_ac8d_4f550d251d20 && ip4, action=allow-related, log=False, may_exist=True, severity=[], name=[], meter=[], external_ids={'neutron:security_group_rule_id': '4225d8f7-7209-4023-8495-f0fd5f761dbb'}) {{(pid=87633) do_commit /opt/stack/data/venv/lib/python3.12/site-packages/ovsdbapp/backend/ovs_idl/transaction.py:91}}
Aug 21 16:10:38.618120 np0000007913 devstack@neutron-api.service[87633]: DEBUG ovsdbapp.backend.ovs_idl.transaction [None req-8f59daf0-f603-4df3-aff2-3641f0f443db None None] Running txn f8b3ce37 n=1 command(idx=3): PgAclAddCommand(_result=None, entity=pg_f72905e1_5207_463b_ac8d_4f550d251d20, direction=from-lport, priority=1002, match=inport == @pg_f72905e1_5207_463b_ac8d_4f550d251d20 && ip6, action=allow-related, log=False, may_exist=True, severity=[], name=[], meter=[], external_ids={'neutron:security_group_rule_id': 'acb5617b-5713-4ab9-967c-d601e224d0bc'}) {{(pid=87633) do_commit /opt/stack/data/venv/lib/python3.12/site-packages/ovsdbapp/backend/ovs_idl/transaction.py:91}}
Aug 21 16:10:38.618403 np0000007913 devstack@neutron-api.service[87633]: DEBUG ovsdbapp.backend.ovs_idl.transaction [None req-8f59daf0-f603-4df3-aff2-3641f0f443db None None] Running txn f8b3ce37 n=1 command(idx=4): PgAclAddCommand(_result=None, entity=pg_f72905e1_5207_463b_ac8d_4f550d251d20, direction=to-lport, priority=1002, match=outport == @pg_f72905e1_5207_463b_ac8d_4f550d251d20 && ip6 && ip6.src == $pg_f72905e1_5207_463b_ac8d_4f550d251d20_ip6, action=allow-related, log=False, may_exist=True, severity=[], name=[], meter=[], external_ids={'neutron:security_group_rule_id': 'e73c3e4b-2902-44c2-8994-2c5b7d0850b9'}) {{(pid=87633) do_commit /opt/stack/data/venv/lib/python3.12/site-packages/ovsdbapp/backend/ovs_idl/transaction.py:91}}
Aug 21 16:10:38.618490 np0000007913 devstack@neutron-api.service[87632]: DEBUG neutron.plugins.ml2.drivers.ovn.mech_driver.ovsdb.commands [None req-eaeeed66-28c4-40b7-bc07-c93b3d02eab7 admin admin] Converting tag [] to a tag_request {{(pid=87632) _tag_column_to_tag_request /opt/stack/neutron/neutron/plugins/ml2/drivers/ovn/mech_driver/ovsdb/commands.py:227}}
Aug 21 16:10:38.619094 np0000007913 devstack@neutron-api.service[87632]: DEBUG ovsdbapp.backend.ovs_idl.transaction [None req-4b210359-89b5-4c8f-a2d1-e6dc6418cc2b None None] Running txn 1c07ea42 n=1 command(idx=0): AddLSwitchPortCommand(_result=None, lport=edb73b96-6ed8-4147-b44b-a07691dc2cee, lswitch=neutron-0de6c8b5-9e76-486f-9063-b3e6e76f3180, may_exist=True, network_uuid=0de6c8b5-9e76-486f-9063-b3e6e76f3180, columns={'addresses': ['fa:16:3e:29:cb:dd'], 'external_ids': {'neutron:port_name': '', 'neutron:device_id': 'ovnmeta-0de6c8b5-9e76-486f-9063-b3e6e76f3180', 'neutron:project_id': '0604423fd9c742e4b5403fa5e999abd4', 'neutron:cidrs': '', 'neutron:device_owner': 'network:distributed', 'neutron:subnet_pool_addr_scope4': '', 'neutron:subnet_pool_addr_scope6': '', 'neutron:network_name': 'neutron-0de6c8b5-9e76-486f-9063-b3e6e76f3180', 'neutron:security_group_ids': '', 'neutron:revision_number': '1', 'neutron:vnic_type': 'normal', 'neutron:port_capabilities': '', 'neutron:mtu': '1372'}, 'parent_name': [], 'enabled': True, 'options': {}, 'type': 'localport', 'port_security': [], 'dhcpv4_options': [], 'dhcpv6_options': [], 'tag_request': []}) {{(pid=87632) do_commit /opt/stack/data/venv/lib/python3.12/site-packages/ovsdbapp/backend/ovs_idl/transaction.py:91}}
Aug 21 16:10:38.619683 np0000007913 devstack@neutron-api.service[87632]: DEBUG ovsdbapp.backend.ovs_idl.transaction [None req-4b210359-89b5-4c8f-a2d1-e6dc6418cc2b None None] Running txn 1c07ea42 n=1 command(idx=1): QoSDelCommand(_result=None, switch=neutron-0de6c8b5-9e76-486f-9063-b3e6e76f3180, conditions=[('direction', '=', 'to-lport'), ('priority', '=', 2002), ('match', '=', 'outport == "edb73b96-6ed8-4147-b44b-a07691dc2cee"')], if_exists=True) {{(pid=87632) do_commit /opt/stack/data/venv/lib/python3.12/site-packages/ovsdbapp/backend/ovs_idl/transaction.py:91}}
Aug 21 16:10:38.619857 np0000007913 devstack@neutron-api.service[87632]: DEBUG ovsdbapp.backend.ovs_idl.transaction [None req-4b210359-89b5-4c8f-a2d1-e6dc6418cc2b None None] Running txn 1c07ea42 n=1 command(idx=2): QoSDelCommand(_result=None, switch=neutron-0de6c8b5-9e76-486f-9063-b3e6e76f3180, conditions=[('direction', '=', 'from-lport'), ('priority', '=', 2002), ('match', '=', 'inport == "edb73b96-6ed8-4147-b44b-a07691dc2cee"')], if_exists=True) {{(pid=87632) do_commit /opt/stack/data/venv/lib/python3.12/site-packages/ovsdbapp/backend/ovs_idl/transaction.py:91}}
Aug 21 16:10:38.625100 np0000007913 devstack@neutron-api.service[87633]: DEBUG neutron.plugins.ml2.drivers.ovn.mech_driver.ovsdb.ovsdb_monitor [None req-8f59daf0-f603-4df3-aff2-3641f0f443db None None] Hash Ring: Node 3b855234aa935b23b81c60525cc5dbe7 (host: np0000007913) handling event "create" for row f52c3b4c-443b-4438-aed3-fdd994f44fae (table: ACL) {{(pid=87633) notify /opt/stack/neutron/neutron/plugins/ml2/drivers/ovn/mech_driver/ovsdb/ovsdb_monitor.py:1099}}
Aug 21 16:10:38.625100 np0000007913 devstack@neutron-api.service[87633]: DEBUG neutron.plugins.ml2.drivers.ovn.mech_driver.ovsdb.ovsdb_monitor [None req-8f59daf0-f603-4df3-aff2-3641f0f443db None None] Hash Ring: Node 3b855234aa935b23b81c60525cc5dbe7 (host: np0000007913) handling event "create" for row c9f3c550-cae9-437a-a4f0-63f6d3d8c369 (table: Port_Group) {{(pid=87633) notify /opt/stack/neutron/neutron/plugins/ml2/drivers/ovn/mech_driver/ovsdb/ovsdb_monitor.py:1099}}
Aug 21 16:10:38.625264 np0000007913 devstack@neutron-api.service[87632]: DEBUG neutron.plugins.ml2.drivers.ovn.mech_driver.ovsdb.ovsdb_monitor [None req-4b210359-89b5-4c8f-a2d1-e6dc6418cc2b None None] Hash Ring: Node 7482c79a21b15a519aa306849719288d (host: np0000007913) handling event "create" for row 438d6a61-5f7d-48e3-8090-18ad6b485ff3 (table: ACL) {{(pid=87632) notify /opt/stack/neutron/neutron/plugins/ml2/drivers/ovn/mech_driver/ovsdb/ovsdb_monitor.py:1099}}
Aug 21 16:10:38.627818 np0000007913 devstack@neutron-api.service[87632]: DEBUG neutron.plugins.ml2.drivers.ovn.mech_driver.ovsdb.ovsdb_monitor [None req-4b210359-89b5-4c8f-a2d1-e6dc6418cc2b None None] Hash Ring: Node 7482c79a21b15a519aa306849719288d (host: np0000007913) handling event "create" for row 7e084752-f011-4b25-9ab3-d973e91c50d3 (table: Logical_Switch_Port) {{(pid=87632) notify /opt/stack/neutron/neutron/plugins/ml2/drivers/ovn/mech_driver/ovsdb/ovsdb_monitor.py:1099}}
Aug 21 16:10:38.628848 np0000007913 devstack@neutron-api.service[87632]: DEBUG ovsdbapp.backend.ovs_idl.event [None req-4b210359-89b5-4c8f-a2d1-e6dc6418cc2b None None] Matched CREATE: LogicalSwitchPortCreateEvent(events=('create',), table='Logical_Switch_Port', conditions=[], old_conditions=None), priority=20 to row=Logical_Switch_Port(uuid=7e084752-f011-4b25-9ab3-d973e91c50d3, addresses=['fa:16:3e:29:cb:dd'], dhcpv4_options=[], dhcpv6_options=[], dynamic_addresses=[], enabled=True, external_ids={'neutron:cidrs': '', 'neutron:device_id': 'ovnmeta-0de6c8b5-9e76-486f-9063-b3e6e76f3180', 'neutron:device_owner': 'network:distributed', 'neutron:mtu': '1372', 'neutron:network_name': 'neutron-0de6c8b5-9e76-486f-9063-b3e6e76f3180', 'neutron:port_capabilities': '', 'neutron:port_name': '', 'neutron:project_id': '0604423fd9c742e4b5403fa5e999abd4', 'neutron:revision_number': '1', 'neutron:security_group_ids': '', 'neutron:subnet_pool_addr_scope4': '', 'neutron:subnet_pool_addr_scope6': '', 'neutron:vnic_type': 'normal'}, ha_chassis_group=[], mirror_rules=[], name='edb73b96-6ed8-4147-b44b-a07691dc2cee', options={}, parent_name=[], port_security=[], tag=[], tag_request=[], type='localport', up=[]) old= {{(pid=87632) matches /opt/stack/data/venv/lib/python3.12/site-packages/ovsdbapp/backend/ovs_idl/event.py:55}}
Aug 21 16:10:38.629780 np0000007913 devstack@neutron-api.service[87632]: INFO neutron.plugins.ml2.drivers.ovn.mech_driver.mech_driver [None req-f8c25b54-85fe-40b7-bbae-05de7b2a8aaf None None] OVN reports status down for port: edb73b96-6ed8-4147-b44b-a07691dc2cee
Aug 21 16:10:38.630270 np0000007913 devstack@neutron-api.service[87634]: DEBUG neutron.plugins.ml2.drivers.ovn.mech_driver.ovsdb.ovsdb_monitor [None req-f22699e4-e232-4c39-8a00-8677cc6e819a None None] Hash Ring: Node 53db95fe23b25a46a203f270eb1c183f (host: np0000007913) handling event "create" for row 4fba37be-0387-48b8-950a-3ef84d2505ed (table: ACL) {{(pid=87634) notify /opt/stack/neutron/neutron/plugins/ml2/drivers/ovn/mech_driver/ovsdb/ovsdb_monitor.py:1099}}
Aug 21 16:10:38.630361 np0000007913 devstack@neutron-api.service[87633]: DEBUG ovsdbapp.backend.ovs_idl.transaction [None req-8f59daf0-f603-4df3-aff2-3641f0f443db None None] txn f8b3ce37 succeeded {{(pid=87633) do_commit /opt/stack/data/venv/lib/python3.12/site-packages/ovsdbapp/backend/ovs_idl/transaction.py:137}}
Aug 21 16:10:38.630554 np0000007913 devstack@neutron-api.service[87634]: DEBUG neutron.plugins.ml2.drivers.ovn.mech_driver.ovsdb.ovsdb_monitor [None req-f22699e4-e232-4c39-8a00-8677cc6e819a None None] Hash Ring: Node 53db95fe23b25a46a203f270eb1c183f (host: np0000007913) handling event "create" for row bd5b9804-c227-4243-9e6e-f6144c56a00c (table: ACL) {{(pid=87634) notify /opt/stack/neutron/neutron/plugins/ml2/drivers/ovn/mech_driver/ovsdb/ovsdb_monitor.py:1099}}
Aug 21 16:10:38.630619 np0000007913 devstack@neutron-api.service[87632]: DEBUG neutron.plugins.ml2.drivers.ovn.mech_driver.ovsdb.ovsdb_monitor [None req-49421012-a903-4069-99c6-2a3f3a3e10c2 None None] Hash Ring: Node 7482c79a21b15a519aa306849719288d (host: np0000007913) handling event "create" for row 4bc25d59-ecb3-460e-b014-2206661dc9f9 (table: Port_Binding) {{(pid=87632) notify /opt/stack/neutron/neutron/plugins/ml2/drivers/ovn/mech_driver/ovsdb/ovsdb_monitor.py:1099}}
Aug 21 16:10:38.630821 np0000007913 devstack@neutron-api.service[87634]: DEBUG neutron.plugins.ml2.drivers.ovn.mech_driver.ovsdb.ovsdb_monitor [None req-f22699e4-e232-4c39-8a00-8677cc6e819a None None] Hash Ring: Node 53db95fe23b25a46a203f270eb1c183f (host: np0000007913) handling event "update" for row 0de6c8b5-9e76-486f-9063-b3e6e76f3180 (table: Logical_Switch) {{(pid=87634) notify /opt/stack/neutron/neutron/plugins/ml2/drivers/ovn/mech_driver/ovsdb/ovsdb_monitor.py:1099}}
Aug 21 16:10:38.631837 np0000007913 devstack@neutron-api.service[87632]: DEBUG neutron.plugins.ml2.drivers.ovn.mech_driver.ovsdb.ovsdb_monitor [None req-4b210359-89b5-4c8f-a2d1-e6dc6418cc2b None None] Hash Ring: Node 7482c79a21b15a519aa306849719288d (host: np0000007913) handling event "update" for row 7e084752-f011-4b25-9ab3-d973e91c50d3 (table: Logical_Switch_Port) {{(pid=87632) notify /opt/stack/neutron/neutron/plugins/ml2/drivers/ovn/mech_driver/ovsdb/ovsdb_monitor.py:1099}}
Aug 21 16:10:38.632416 np0000007913 devstack@neutron-api.service[87632]: DEBUG ovsdbapp.backend.ovs_idl.transaction [None req-4b210359-89b5-4c8f-a2d1-e6dc6418cc2b None None] txn 1c07ea42 succeeded {{(pid=87632) do_commit /opt/stack/data/venv/lib/python3.12/site-packages/ovsdbapp/backend/ovs_idl/transaction.py:137}}
Aug 21 16:10:38.642416 np0000007913 devstack@neutron-api.service[87634]: INFO neutron.db.ovn_revision_numbers_db [None req-2b5a15de-d9f1-45a3-9a2f-4caa6ea1223b admin admin] Successfully bumped revision number for resource 33217f88-f108-49ae-b099-18920c1d1a45 (type: networks) to 1
Aug 21 16:10:38.656565 np0000007913 devstack@neutron-api.service[87633]: INFO neutron.db.ovn_revision_numbers_db [None req-037ee714-d61e-4d2f-b5c3-3ae6ddbb4d4c admin admin] Successfully bumped revision number for resource f72905e1-5207-463b-ac8d-4f550d251d20 (type: security_groups) to 1
Aug 21 16:10:38.669878 np0000007913 devstack@neutron-api.service[87633]: INFO neutron.db.ovn_revision_numbers_db [None req-037ee714-d61e-4d2f-b5c3-3ae6ddbb4d4c admin admin] Successfully bumped revision number for resource 257f0e8a-7160-414f-bdab-e1a6754b5c4e (type: security_group_rules) to 0
Aug 21 16:10:38.680183 np0000007913 devstack@neutron-api.service[87632]: INFO neutron.db.ovn_revision_numbers_db [None req-eaeeed66-28c4-40b7-bc07-c93b3d02eab7 admin admin] Successfully bumped revision number for resource edb73b96-6ed8-4147-b44b-a07691dc2cee (type: ports) to 1
Aug 21 16:10:38.681294 np0000007913 devstack@neutron-api.service[87632]: DEBUG neutron.db.provisioning_blocks [None req-f8c25b54-85fe-40b7-bbae-05de7b2a8aaf None None] Transition to ACTIVE for port object edb73b96-6ed8-4147-b44b-a07691dc2cee will not be triggered until provisioned by entity L2. {{(pid=87632) add_provisioning_component /opt/stack/neutron/neutron/db/provisioning_blocks.py:74}}
Aug 21 16:10:38.682473 np0000007913 devstack@neutron-api.service[87633]: INFO neutron.db.ovn_revision_numbers_db [None req-037ee714-d61e-4d2f-b5c3-3ae6ddbb4d4c admin admin] Successfully bumped revision number for resource 4225d8f7-7209-4023-8495-f0fd5f761dbb (type: security_group_rules) to 0
Aug 21 16:10:38.688528 np0000007913 devstack@neutron-api.service[87634]: DEBUG neutron_lib.callbacks.manager [None req-2b5a15de-d9f1-45a3-9a2f-4caa6ea1223b admin admin] Publish callbacks ['neutron.plugins.ml2.plugin.SecurityGroupDbMixin._ensure_default_security_group_handler-219788'] for port (None), before_create {{(pid=87634) _notify_loop /opt/stack/data/venv/lib/python3.12/site-packages/neutron_lib/callbacks/manager.py:184}}
Aug 21 16:10:38.689672 np0000007913 devstack@neutron-api.service[87632]: DEBUG neutron.pecan_wsgi.hooks.policy_enforcement [None req-eaeeed66-28c4-40b7-bc07-c93b3d02eab7 admin admin] Attributes excluded by policy engine: ['standard_attr_id'] {{(pid=87632) _exclude_attributes_by_policy /opt/stack/neutron/neutron/pecan_wsgi/hooks/policy_enforcement.py:259}}
Aug 21 16:10:38.690119 np0000007913 devstack@neutron-api.service[87632]: DEBUG neutron_lib.callbacks.manager [None req-eaeeed66-28c4-40b7-bc07-c93b3d02eab7 admin admin] Publish callbacks [] for network (None), before_response {{(pid=87632) _notify_loop /opt/stack/data/venv/lib/python3.12/site-packages/neutron_lib/callbacks/manager.py:184}}
Aug 21 16:10:38.695654 np0000007913 devstack@neutron-api.service[87633]: INFO neutron.db.ovn_revision_numbers_db [None req-037ee714-d61e-4d2f-b5c3-3ae6ddbb4d4c admin admin] Successfully bumped revision number for resource acb5617b-5713-4ab9-967c-d601e224d0bc (type: security_group_rules) to 0
Aug 21 16:10:38.706698 np0000007913 devstack@neutron-api.service[87633]: INFO neutron.db.ovn_revision_numbers_db [None req-037ee714-d61e-4d2f-b5c3-3ae6ddbb4d4c admin admin] Successfully bumped revision number for resource e73c3e4b-2902-44c2-8994-2c5b7d0850b9 (type: security_group_rules) to 0
Aug 21 16:10:38.709736 np0000007913 devstack@neutron-api.service[87632]: [pid: 87632|app: 0|req: 16/44] 10.4.3.90 () {68 vars in 1270 bytes} [Fri Aug 21 16:10:37 2026] POST /networking/v2.0/networks => generated 728 bytes in 988 msecs (HTTP/1.1 201) 4 headers in 162 bytes (1 switches on core 0)
Aug 21 16:10:38.715784 np0000007913 devstack@neutron-api.service[87632]: DEBUG neutron.plugins.ml2.plugin [None req-f8c25b54-85fe-40b7-bbae-05de7b2a8aaf None None] Current status of the port edb73b96-6ed8-4147-b44b-a07691dc2cee is: DOWN; New status is: DOWN {{(pid=87632) _update_individual_port_db_status /opt/stack/neutron/neutron/plugins/ml2/plugin.py:2473}}
Aug 21 16:10:38.719913 np0000007913 devstack@neutron-api.service[87632]: DEBUG ovsdbapp.backend.ovs_idl.transaction [None req-4b210359-89b5-4c8f-a2d1-e6dc6418cc2b None None] Running txn 57b5d2f8 n=1 command(idx=0): DbRemoveCommand(_result=None, table=Logical_Switch_Port, record=edb73b96-6ed8-4147-b44b-a07691dc2cee, column=external_ids, values=('neutron:host_id',), keyvalues={}, if_exists=True) {{(pid=87632) do_commit /opt/stack/data/venv/lib/python3.12/site-packages/ovsdbapp/backend/ovs_idl/transaction.py:91}}
Aug 21 16:10:38.720213 np0000007913 devstack@neutron-api.service[87632]: DEBUG ovsdbapp.backend.ovs_idl.transaction [None req-4b210359-89b5-4c8f-a2d1-e6dc6418cc2b None None] txn 57b5d2f8 succeeded {{(pid=87632) do_commit /opt/stack/data/venv/lib/python3.12/site-packages/ovsdbapp/backend/ovs_idl/transaction.py:137}}
Aug 21 16:10:38.729669 np0000007913 devstack@neutron-api.service[87633]: DEBUG neutron.api.rpc.handlers.resources_rpc [None req-037ee714-d61e-4d2f-b5c3-3ae6ddbb4d4c admin admin] Pushing event updated for resources: {'SecurityGroup': ['ID=f72905e1-5207-463b-ac8d-4f550d251d20,revision_number=1']} {{(pid=87633) push /opt/stack/neutron/neutron/api/rpc/handlers/resources_rpc.py:237}}
Aug 21 16:10:38.738268 np0000007913 devstack@neutron-api.service[87633]: DEBUG neutron.api.rpc.callbacks.version_manager [None req-037ee714-d61e-4d2f-b5c3-3ae6ddbb4d4c admin admin] Tracked resource versions report:
Aug 21 16:10:38.738268 np0000007913 devstack@neutron-api.service[87633]: pushed versions:
Aug 21 16:10:38.738268 np0000007913 devstack@neutron-api.service[87633]: { 'AddressGroup': {'1.2'},
Aug 21 16:10:38.738268 np0000007913 devstack@neutron-api.service[87633]: 'Agent': {'1.1'},
Aug 21 16:10:38.738268 np0000007913 devstack@neutron-api.service[87633]: 'ConntrackHelper': {'1.0'},
Aug 21 16:10:38.738268 np0000007913 devstack@neutron-api.service[87633]: 'LocalIPAssociation': {'1.0'},
Aug 21 16:10:38.738268 np0000007913 devstack@neutron-api.service[87633]: 'Log': {'1.0'},
Aug 21 16:10:38.738268 np0000007913 devstack@neutron-api.service[87633]: 'NDPProxy': {'1.0'},
Aug 21 16:10:38.738268 np0000007913 devstack@neutron-api.service[87633]: 'Network': {'1.3'},
Aug 21 16:10:38.738268 np0000007913 devstack@neutron-api.service[87633]: 'Port': {'1.11'},
Aug 21 16:10:38.738268 np0000007913 devstack@neutron-api.service[87633]: 'PortForwarding': {'1.3'},
Aug 21 16:10:38.738268 np0000007913 devstack@neutron-api.service[87633]: 'QosPolicy': {'1.10'},
Aug 21 16:10:38.738268 np0000007913 devstack@neutron-api.service[87633]: 'SecurityGroup': {'1.6'},
Aug 21 16:10:38.738268 np0000007913 devstack@neutron-api.service[87633]: 'SecurityGroupRule': {'1.3'},
Aug 21 16:10:38.738268 np0000007913 devstack@neutron-api.service[87633]: 'SubPort': {'1.0'},
Aug 21 16:10:38.738268 np0000007913 devstack@neutron-api.service[87633]: 'Subnet': {'1.2'},
Aug 21 16:10:38.738268 np0000007913 devstack@neutron-api.service[87633]: 'Trunk': {'1.1'}}
Aug 21 16:10:38.738268 np0000007913 devstack@neutron-api.service[87633]: consumer versions:
Aug 21 16:10:38.738268 np0000007913 devstack@neutron-api.service[87633]: { OVN Neutron agent@np0000007913: {},
Aug 21 16:10:38.738268 np0000007913 devstack@neutron-api.service[87633]: OVN Controller Gateway agent@np0000007913: {}}
Aug 21 16:10:38.738268 np0000007913 devstack@neutron-api.service[87633]: {{(pid=87633) report /opt/stack/neutron/neutron/api/rpc/callbacks/version_manager.py:183}}
Aug 21 16:10:38.767260 np0000007913 devstack@neutron-api.service[87633]: DEBUG neutron.plugins.ml2.drivers.helpers [None req-037ee714-d61e-4d2f-b5c3-3ae6ddbb4d4c admin admin] geneve segment allocate from pool success with {'geneve_vni': 64595} {{(pid=87633) allocate_partially_specified_segment /opt/stack/neutron/neutron/plugins/ml2/drivers/helpers.py:142}}
Aug 21 16:10:38.774170 np0000007913 devstack@neutron-api.service[87633]: DEBUG neutron_lib.callbacks.manager [None req-037ee714-d61e-4d2f-b5c3-3ae6ddbb4d4c admin admin] Publish callbacks ['neutron.plugins.ml2.plugin.Ml2Plugin._handle_segment_change-378768'] for segment (6191e674-80e7-4837-b01a-87ef1a13200c), precommit_create {{(pid=87633) _notify_loop /opt/stack/data/venv/lib/python3.12/site-packages/neutron_lib/callbacks/manager.py:184}}
Aug 21 16:10:38.774375 np0000007913 devstack@neutron-api.service[87633]: INFO neutron.db.segments_db [None req-037ee714-d61e-4d2f-b5c3-3ae6ddbb4d4c admin admin] Added segment 6191e674-80e7-4837-b01a-87ef1a13200c of type geneve for network 359d4709-6bf3-4dd0-8548-2dd4beb8ee2c
Aug 21 16:10:38.788564 np0000007913 devstack@neutron-api.service[87633]: DEBUG neutron_lib.callbacks.manager [None req-037ee714-d61e-4d2f-b5c3-3ae6ddbb4d4c admin admin] Publish callbacks ['neutron.services.auto_allocate.db._ensure_external_network_default_value_callback-7716009707420'] for network (359d4709-6bf3-4dd0-8548-2dd4beb8ee2c), precommit_create {{(pid=87633) _notify_loop /opt/stack/data/venv/lib/python3.12/site-packages/neutron_lib/callbacks/manager.py:184}}
Aug 21 16:10:38.799085 np0000007913 devstack@neutron-api.service[87634]: DEBUG neutron_lib.callbacks.manager [None req-2b5a15de-d9f1-45a3-9a2f-4caa6ea1223b admin admin] Publish callbacks ['neutron.plugins.ml2.drivers.ovn.mech_driver.mech_driver.OVNMechanismDriver._validate_allowed_address_pairs-1030518'] for allowed_address_pair (5100d68f-691c-46b7-bee2-92122d1ec3a9), before_create {{(pid=87634) _notify_loop /opt/stack/data/venv/lib/python3.12/site-packages/neutron_lib/callbacks/manager.py:184}}
Aug 21 16:10:38.799196 np0000007913 devstack@neutron-api.service[87633]: DEBUG neutron.plugins.ml2.drivers.ovn.mech_driver.mech_driver [None req-037ee714-d61e-4d2f-b5c3-3ae6ddbb4d4c admin admin] Validating network segment with type geneve, segmentation ID 64595, physical network None {{(pid=87633) _validate_network_segments /opt/stack/neutron/neutron/plugins/ml2/drivers/ovn/mech_driver/mech_driver.py:624}}
Aug 21 16:10:38.799256 np0000007913 devstack@neutron-api.service[87633]: DEBUG neutron.db.ovn_revision_numbers_db [None req-037ee714-d61e-4d2f-b5c3-3ae6ddbb4d4c admin admin] create_initial_revision uuid=359d4709-6bf3-4dd0-8548-2dd4beb8ee2c, type=networks, rev=-1 {{(pid=87633) create_initial_revision /opt/stack/neutron/neutron/db/ovn_revision_numbers_db.py:98}}
