Jul 03 10:34:59.389932 np0000004406 nova-conductor[98769]: DEBUG cotyledon.oslo_config_glue [-] profiler.filter_error_trace = False {{(pid=98769) log_opt_values /opt/stack/data/venv/lib/python3.12/site-packages/oslo_config/cfg.py:3253}}
Jul 03 10:34:59.389932 np0000004406 nova-conductor[98769]: DEBUG cotyledon.oslo_config_glue [-] profiler.hmac_keys = **** {{(pid=98769) log_opt_values /opt/stack/data/venv/lib/python3.12/site-packages/oslo_config/cfg.py:3253}}
Jul 03 10:34:59.389932 np0000004406 nova-conductor[98769]: DEBUG cotyledon.oslo_config_glue [-] profiler.sentinel_service_name = mymaster {{(pid=98769) log_opt_values /opt/stack/data/venv/lib/python3.12/site-packages/oslo_config/cfg.py:3253}}
Jul 03 10:34:59.389932 np0000004406 nova-conductor[98769]: DEBUG cotyledon.oslo_config_glue [-] profiler.socket_timeout = 0.1 {{(pid=98769) log_opt_values /opt/stack/data/venv/lib/python3.12/site-packages/oslo_config/cfg.py:3253}}
Jul 03 10:34:59.389932 np0000004406 nova-conductor[98769]: DEBUG cotyledon.oslo_config_glue [-] profiler.trace_requests = False {{(pid=98769) log_opt_values /opt/stack/data/venv/lib/python3.12/site-packages/oslo_config/cfg.py:3253}}
Jul 03 10:34:59.390079 np0000004406 nova-conductor[98745]: DEBUG oslo_db.sqlalchemy.engines [None req-7ccb9ecc-75cd-44ef-8aa1-0d1dd0cd496d None None] MySQL server mode set to STRICT_TRANS_TABLES,STRICT_ALL_TABLES,NO_ZERO_IN_DATE,NO_ZERO_DATE,ERROR_FOR_DIVISION_BY_ZERO,TRADITIONAL,NO_ENGINE_SUBSTITUTION {{(pid=98745) _check_effective_sql_mode /opt/stack/data/venv/lib/python3.12/site-packages/oslo_db/sqlalchemy/engines.py:325}}
Jul 03 10:34:59.390140 np0000004406 nova-conductor[98769]: DEBUG cotyledon.oslo_config_glue [-] profiler.trace_sqlalchemy = False {{(pid=98769) log_opt_values /opt/stack/data/venv/lib/python3.12/site-packages/oslo_config/cfg.py:3253}}
Jul 03 10:34:59.390140 np0000004406 nova-conductor[98769]: DEBUG cotyledon.oslo_config_glue [-] profiler_jaeger.process_tags = {} {{(pid=98769) log_opt_values /opt/stack/data/venv/lib/python3.12/site-packages/oslo_config/cfg.py:3253}}
Jul 03 10:34:59.390140 np0000004406 nova-conductor[98769]: DEBUG cotyledon.oslo_config_glue [-] profiler_jaeger.service_name_prefix = None {{(pid=98769) log_opt_values /opt/stack/data/venv/lib/python3.12/site-packages/oslo_config/cfg.py:3253}}
Jul 03 10:34:59.390140 np0000004406 nova-conductor[98769]: DEBUG cotyledon.oslo_config_glue [-] profiler_otlp.service_name_prefix = None {{(pid=98769) log_opt_values /opt/stack/data/venv/lib/python3.12/site-packages/oslo_config/cfg.py:3253}}
Jul 03 10:34:59.390140 np0000004406 nova-conductor[98769]: DEBUG cotyledon.oslo_config_glue [-] oslo_messaging_rabbit.amqp_auto_delete = False {{(pid=98769) log_opt_values /opt/stack/data/venv/lib/python3.12/site-packages/oslo_config/cfg.py:3253}}
Jul 03 10:34:59.390140 np0000004406 nova-conductor[98769]: DEBUG cotyledon.oslo_config_glue [-] oslo_messaging_rabbit.amqp_durable_queues = False {{(pid=98769) log_opt_values /opt/stack/data/venv/lib/python3.12/site-packages/oslo_config/cfg.py:3253}}
Jul 03 10:34:59.390140 np0000004406 nova-conductor[98769]: DEBUG cotyledon.oslo_config_glue [-] oslo_messaging_rabbit.conn_pool_min_size = 2 {{(pid=98769) log_opt_values /opt/stack/data/venv/lib/python3.12/site-packages/oslo_config/cfg.py:3253}}
Jul 03 10:34:59.390140 np0000004406 nova-conductor[98769]: DEBUG cotyledon.oslo_config_glue [-] oslo_messaging_rabbit.conn_pool_ttl = 1200 {{(pid=98769) log_opt_values /opt/stack/data/venv/lib/python3.12/site-packages/oslo_config/cfg.py:3253}}
Jul 03 10:34:59.390140 np0000004406 nova-conductor[98769]: DEBUG cotyledon.oslo_config_glue [-] oslo_messaging_rabbit.direct_mandatory_flag = True {{(pid=98769) log_opt_values /opt/stack/data/venv/lib/python3.12/site-packages/oslo_config/cfg.py:3253}}
Jul 03 10:34:59.390329 np0000004406 nova-conductor[98769]: DEBUG cotyledon.oslo_config_glue [-] oslo_messaging_rabbit.enable_cancel_on_failover = False {{(pid=98769) log_opt_values /opt/stack/data/venv/lib/python3.12/site-packages/oslo_config/cfg.py:3253}}
Jul 03 10:34:59.390329 np0000004406 nova-conductor[98769]: DEBUG cotyledon.oslo_config_glue [-] oslo_messaging_rabbit.heartbeat_rate = 3 {{(pid=98769) log_opt_values /opt/stack/data/venv/lib/python3.12/site-packages/oslo_config/cfg.py:3253}}
Jul 03 10:34:59.390329 np0000004406 nova-conductor[98769]: DEBUG cotyledon.oslo_config_glue [-] oslo_messaging_rabbit.heartbeat_timeout_threshold = 60 {{(pid=98769) log_opt_values /opt/stack/data/venv/lib/python3.12/site-packages/oslo_config/cfg.py:3253}}
Jul 03 10:34:59.390329 np0000004406 nova-conductor[98769]: DEBUG cotyledon.oslo_config_glue [-] oslo_messaging_rabbit.hostname = np0000004406 {{(pid=98769) log_opt_values /opt/stack/data/venv/lib/python3.12/site-packages/oslo_config/cfg.py:3253}}
Jul 03 10:34:59.390329 np0000004406 nova-conductor[98769]: DEBUG cotyledon.oslo_config_glue [-] oslo_messaging_rabbit.kombu_compression = None {{(pid=98769) log_opt_values /opt/stack/data/venv/lib/python3.12/site-packages/oslo_config/cfg.py:3253}}
Jul 03 10:34:59.390329 np0000004406 nova-conductor[98769]: DEBUG cotyledon.oslo_config_glue [-] oslo_messaging_rabbit.kombu_failover_strategy = round-robin {{(pid=98769) log_opt_values /opt/stack/data/venv/lib/python3.12/site-packages/oslo_config/cfg.py:3253}}
Jul 03 10:34:59.390329 np0000004406 nova-conductor[98769]: DEBUG cotyledon.oslo_config_glue [-] oslo_messaging_rabbit.kombu_missing_consumer_retry_timeout = 60 {{(pid=98769) log_opt_values /opt/stack/data/venv/lib/python3.12/site-packages/oslo_config/cfg.py:3253}}
Jul 03 10:34:59.390329 np0000004406 nova-conductor[98769]: DEBUG cotyledon.oslo_config_glue [-] oslo_messaging_rabbit.kombu_reconnect_delay = 1.0 {{(pid=98769) log_opt_values /opt/stack/data/venv/lib/python3.12/site-packages/oslo_config/cfg.py:3253}}
Jul 03 10:34:59.390329 np0000004406 nova-conductor[98769]: DEBUG cotyledon.oslo_config_glue [-] oslo_messaging_rabbit.kombu_reconnect_splay = 0.0 {{(pid=98769) log_opt_values /opt/stack/data/venv/lib/python3.12/site-packages/oslo_config/cfg.py:3253}}
Jul 03 10:34:59.390508 np0000004406 nova-conductor[98769]: DEBUG cotyledon.oslo_config_glue [-] oslo_messaging_rabbit.processname = nova-conductor {{(pid=98769) log_opt_values /opt/stack/data/venv/lib/python3.12/site-packages/oslo_config/cfg.py:3253}}
Jul 03 10:34:59.390508 np0000004406 nova-conductor[98769]: DEBUG cotyledon.oslo_config_glue [-] oslo_messaging_rabbit.rabbit_ha_queues = False {{(pid=98769) log_opt_values /opt/stack/data/venv/lib/python3.12/site-packages/oslo_config/cfg.py:3253}}
Jul 03 10:34:59.390508 np0000004406 nova-conductor[98769]: DEBUG cotyledon.oslo_config_glue [-] oslo_messaging_rabbit.rabbit_interval_max = 30 {{(pid=98769) log_opt_values /opt/stack/data/venv/lib/python3.12/site-packages/oslo_config/cfg.py:3253}}
Jul 03 10:34:59.390508 np0000004406 nova-conductor[98769]: DEBUG cotyledon.oslo_config_glue [-] oslo_messaging_rabbit.rabbit_login_method = AMQPLAIN {{(pid=98769) log_opt_values /opt/stack/data/venv/lib/python3.12/site-packages/oslo_config/cfg.py:3253}}
Jul 03 10:34:59.390508 np0000004406 nova-conductor[98769]: DEBUG cotyledon.oslo_config_glue [-] oslo_messaging_rabbit.rabbit_qos_prefetch_count = 0 {{(pid=98769) log_opt_values /opt/stack/data/venv/lib/python3.12/site-packages/oslo_config/cfg.py:3253}}
Jul 03 10:34:59.390508 np0000004406 nova-conductor[98769]: DEBUG cotyledon.oslo_config_glue [-] oslo_messaging_rabbit.rabbit_quorum_delivery_limit = 0 {{(pid=98769) log_opt_values /opt/stack/data/venv/lib/python3.12/site-packages/oslo_config/cfg.py:3253}}
Jul 03 10:34:59.390508 np0000004406 nova-conductor[98769]: DEBUG cotyledon.oslo_config_glue [-] oslo_messaging_rabbit.rabbit_quorum_max_memory_bytes = 0 {{(pid=98769) log_opt_values /opt/stack/data/venv/lib/python3.12/site-packages/oslo_config/cfg.py:3253}}
Jul 03 10:34:59.390508 np0000004406 nova-conductor[98769]: DEBUG cotyledon.oslo_config_glue [-] oslo_messaging_rabbit.rabbit_quorum_max_memory_length = 0 {{(pid=98769) log_opt_values /opt/stack/data/venv/lib/python3.12/site-packages/oslo_config/cfg.py:3253}}
Jul 03 10:34:59.390508 np0000004406 nova-conductor[98769]: DEBUG cotyledon.oslo_config_glue [-] oslo_messaging_rabbit.rabbit_quorum_queue = False {{(pid=98769) log_opt_values /opt/stack/data/venv/lib/python3.12/site-packages/oslo_config/cfg.py:3253}}
Jul 03 10:34:59.390692 np0000004406 nova-conductor[98769]: DEBUG cotyledon.oslo_config_glue [-] oslo_messaging_rabbit.rabbit_retry_backoff = 2 {{(pid=98769) log_opt_values /opt/stack/data/venv/lib/python3.12/site-packages/oslo_config/cfg.py:3253}}
Jul 03 10:34:59.390692 np0000004406 nova-conductor[98769]: DEBUG cotyledon.oslo_config_glue [-] oslo_messaging_rabbit.rabbit_retry_interval = 1 {{(pid=98769) log_opt_values /opt/stack/data/venv/lib/python3.12/site-packages/oslo_config/cfg.py:3253}}
Jul 03 10:34:59.390692 np0000004406 nova-conductor[98769]: DEBUG cotyledon.oslo_config_glue [-] oslo_messaging_rabbit.rabbit_stream_fanout = False {{(pid=98769) log_opt_values /opt/stack/data/venv/lib/python3.12/site-packages/oslo_config/cfg.py:3253}}
Jul 03 10:34:59.390692 np0000004406 nova-conductor[98769]: DEBUG cotyledon.oslo_config_glue [-] oslo_messaging_rabbit.rabbit_transient_queues_ttl = 1800 {{(pid=98769) log_opt_values /opt/stack/data/venv/lib/python3.12/site-packages/oslo_config/cfg.py:3253}}
Jul 03 10:34:59.390692 np0000004406 nova-conductor[98769]: DEBUG cotyledon.oslo_config_glue [-] oslo_messaging_rabbit.rabbit_transient_quorum_queue = False {{(pid=98769) log_opt_values /opt/stack/data/venv/lib/python3.12/site-packages/oslo_config/cfg.py:3253}}
Jul 03 10:34:59.390692 np0000004406 nova-conductor[98769]: DEBUG cotyledon.oslo_config_glue [-] oslo_messaging_rabbit.rpc_conn_pool_size = 30 {{(pid=98769) log_opt_values /opt/stack/data/venv/lib/python3.12/site-packages/oslo_config/cfg.py:3253}}
Jul 03 10:34:59.390692 np0000004406 nova-conductor[98769]: DEBUG cotyledon.oslo_config_glue [-] oslo_messaging_rabbit.ssl = False {{(pid=98769) log_opt_values /opt/stack/data/venv/lib/python3.12/site-packages/oslo_config/cfg.py:3253}}
Jul 03 10:34:59.390692 np0000004406 nova-conductor[98769]: DEBUG cotyledon.oslo_config_glue [-] oslo_messaging_rabbit.ssl_ca_file = {{(pid=98769) log_opt_values /opt/stack/data/venv/lib/python3.12/site-packages/oslo_config/cfg.py:3253}}
Jul 03 10:34:59.390692 np0000004406 nova-conductor[98769]: DEBUG cotyledon.oslo_config_glue [-] oslo_messaging_rabbit.ssl_cert_file = {{(pid=98769) log_opt_values /opt/stack/data/venv/lib/python3.12/site-packages/oslo_config/cfg.py:3253}}
Jul 03 10:34:59.390868 np0000004406 nova-conductor[98769]: DEBUG cotyledon.oslo_config_glue [-] oslo_messaging_rabbit.ssl_enforce_fips_mode = False {{(pid=98769) log_opt_values /opt/stack/data/venv/lib/python3.12/site-packages/oslo_config/cfg.py:3253}}
Jul 03 10:34:59.390868 np0000004406 nova-conductor[98769]: DEBUG cotyledon.oslo_config_glue [-] oslo_messaging_rabbit.ssl_enforce_hostname_verification = True {{(pid=98769) log_opt_values /opt/stack/data/venv/lib/python3.12/site-packages/oslo_config/cfg.py:3253}}
Jul 03 10:34:59.390868 np0000004406 nova-conductor[98769]: DEBUG cotyledon.oslo_config_glue [-] oslo_messaging_rabbit.ssl_key_file = {{(pid=98769) log_opt_values /opt/stack/data/venv/lib/python3.12/site-packages/oslo_config/cfg.py:3253}}
Jul 03 10:34:59.390868 np0000004406 nova-conductor[98769]: DEBUG cotyledon.oslo_config_glue [-] oslo_messaging_rabbit.ssl_version = {{(pid=98769) log_opt_values /opt/stack/data/venv/lib/python3.12/site-packages/oslo_config/cfg.py:3253}}
Jul 03 10:34:59.390868 np0000004406 nova-conductor[98769]: DEBUG cotyledon.oslo_config_glue [-] oslo_messaging_rabbit.use_queue_manager = False {{(pid=98769) log_opt_values /opt/stack/data/venv/lib/python3.12/site-packages/oslo_config/cfg.py:3253}}
Jul 03 10:34:59.390868 np0000004406 nova-conductor[98769]: DEBUG cotyledon.oslo_config_glue [-] oslo_messaging_notifications.driver = ['messagingv2'] {{(pid=98769) log_opt_values /opt/stack/data/venv/lib/python3.12/site-packages/oslo_config/cfg.py:3253}}
Jul 03 10:34:59.390868 np0000004406 nova-conductor[98769]: DEBUG cotyledon.oslo_config_glue [-] oslo_messaging_notifications.retry = -1 {{(pid=98769) log_opt_values /opt/stack/data/venv/lib/python3.12/site-packages/oslo_config/cfg.py:3253}}
Jul 03 10:34:59.390868 np0000004406 nova-conductor[98769]: DEBUG cotyledon.oslo_config_glue [-] oslo_messaging_notifications.topics = ['notifications'] {{(pid=98769) log_opt_values /opt/stack/data/venv/lib/python3.12/site-packages/oslo_config/cfg.py:3253}}
Jul 03 10:34:59.390868 np0000004406 nova-conductor[98769]: DEBUG cotyledon.oslo_config_glue [-] oslo_messaging_notifications.transport_url = **** {{(pid=98769) log_opt_values /opt/stack/data/venv/lib/python3.12/site-packages/oslo_config/cfg.py:3253}}
Jul 03 10:34:59.391063 np0000004406 nova-conductor[98769]: DEBUG cotyledon.oslo_config_glue [-] oslo_limit.auth_section = None {{(pid=98769) log_opt_values /opt/stack/data/venv/lib/python3.12/site-packages/oslo_config/cfg.py:3253}}
Jul 03 10:34:59.391063 np0000004406 nova-conductor[98769]: DEBUG cotyledon.oslo_config_glue [-] oslo_limit.auth_type = None {{(pid=98769) log_opt_values /opt/stack/data/venv/lib/python3.12/site-packages/oslo_config/cfg.py:3253}}
Jul 03 10:34:59.391063 np0000004406 nova-conductor[98769]: DEBUG cotyledon.oslo_config_glue [-] oslo_limit.cafile = None {{(pid=98769) log_opt_values /opt/stack/data/venv/lib/python3.12/site-packages/oslo_config/cfg.py:3253}}
Jul 03 10:34:59.391063 np0000004406 nova-conductor[98769]: DEBUG cotyledon.oslo_config_glue [-] oslo_limit.certfile = None {{(pid=98769) log_opt_values /opt/stack/data/venv/lib/python3.12/site-packages/oslo_config/cfg.py:3253}}
Jul 03 10:34:59.391063 np0000004406 nova-conductor[98769]: DEBUG cotyledon.oslo_config_glue [-] oslo_limit.collect_timing = False {{(pid=98769) log_opt_values /opt/stack/data/venv/lib/python3.12/site-packages/oslo_config/cfg.py:3253}}
Jul 03 10:34:59.391063 np0000004406 nova-conductor[98769]: DEBUG cotyledon.oslo_config_glue [-] oslo_limit.connect_retries = None {{(pid=98769) log_opt_values /opt/stack/data/venv/lib/python3.12/site-packages/oslo_config/cfg.py:3253}}
Jul 03 10:34:59.391063 np0000004406 nova-conductor[98769]: DEBUG cotyledon.oslo_config_glue [-] oslo_limit.connect_retry_delay = None {{(pid=98769) log_opt_values /opt/stack/data/venv/lib/python3.12/site-packages/oslo_config/cfg.py:3253}}
Jul 03 10:34:59.391063 np0000004406 nova-conductor[98769]: DEBUG cotyledon.oslo_config_glue [-] oslo_limit.endpoint_id = None {{(pid=98769) log_opt_values /opt/stack/data/venv/lib/python3.12/site-packages/oslo_config/cfg.py:3253}}
Jul 03 10:34:59.391063 np0000004406 nova-conductor[98769]: DEBUG cotyledon.oslo_config_glue [-] oslo_limit.endpoint_interface = public {{(pid=98769) log_opt_values /opt/stack/data/venv/lib/python3.12/site-packages/oslo_config/cfg.py:3253}}
Jul 03 10:34:59.391311 np0000004406 nova-conductor[98769]: DEBUG cotyledon.oslo_config_glue [-] oslo_limit.endpoint_override = None {{(pid=98769) log_opt_values /opt/stack/data/venv/lib/python3.12/site-packages/oslo_config/cfg.py:3253}}
Jul 03 10:34:59.391311 np0000004406 nova-conductor[98769]: DEBUG cotyledon.oslo_config_glue [-] oslo_limit.endpoint_region_name = None {{(pid=98769) log_opt_values /opt/stack/data/venv/lib/python3.12/site-packages/oslo_config/cfg.py:3253}}
Jul 03 10:34:59.391311 np0000004406 nova-conductor[98769]: DEBUG cotyledon.oslo_config_glue [-] oslo_limit.endpoint_service_name = None {{(pid=98769) log_opt_values /opt/stack/data/venv/lib/python3.12/site-packages/oslo_config/cfg.py:3253}}
Jul 03 10:34:59.391311 np0000004406 nova-conductor[98769]: DEBUG cotyledon.oslo_config_glue [-] oslo_limit.endpoint_service_type = None {{(pid=98769) log_opt_values /opt/stack/data/venv/lib/python3.12/site-packages/oslo_config/cfg.py:3253}}
Jul 03 10:34:59.391311 np0000004406 nova-conductor[98769]: DEBUG cotyledon.oslo_config_glue [-] oslo_limit.insecure = False {{(pid=98769) log_opt_values /opt/stack/data/venv/lib/python3.12/site-packages/oslo_config/cfg.py:3253}}
Jul 03 10:34:59.391311 np0000004406 nova-conductor[98769]: DEBUG cotyledon.oslo_config_glue [-] oslo_limit.keyfile = None {{(pid=98769) log_opt_values /opt/stack/data/venv/lib/python3.12/site-packages/oslo_config/cfg.py:3253}}
Jul 03 10:34:59.391311 np0000004406 nova-conductor[98769]: DEBUG cotyledon.oslo_config_glue [-] oslo_limit.max_version = None {{(pid=98769) log_opt_values /opt/stack/data/venv/lib/python3.12/site-packages/oslo_config/cfg.py:3253}}
Jul 03 10:34:59.391311 np0000004406 nova-conductor[98769]: DEBUG cotyledon.oslo_config_glue [-] oslo_limit.min_version = None {{(pid=98769) log_opt_values /opt/stack/data/venv/lib/python3.12/site-packages/oslo_config/cfg.py:3253}}
Jul 03 10:34:59.391311 np0000004406 nova-conductor[98769]: DEBUG cotyledon.oslo_config_glue [-] oslo_limit.region_name = None {{(pid=98769) log_opt_values /opt/stack/data/venv/lib/python3.12/site-packages/oslo_config/cfg.py:3253}}
Jul 03 10:34:59.391506 np0000004406 nova-conductor[98769]: DEBUG cotyledon.oslo_config_glue [-] oslo_limit.retriable_status_codes = None {{(pid=98769) log_opt_values /opt/stack/data/venv/lib/python3.12/site-packages/oslo_config/cfg.py:3253}}
Jul 03 10:34:59.391506 np0000004406 nova-conductor[98769]: DEBUG cotyledon.oslo_config_glue [-] oslo_limit.service_name = None {{(pid=98769) log_opt_values /opt/stack/data/venv/lib/python3.12/site-packages/oslo_config/cfg.py:3253}}
Jul 03 10:34:59.391506 np0000004406 nova-conductor[98769]: DEBUG cotyledon.oslo_config_glue [-] oslo_limit.service_type = None {{(pid=98769) log_opt_values /opt/stack/data/venv/lib/python3.12/site-packages/oslo_config/cfg.py:3253}}
Jul 03 10:34:59.391506 np0000004406 nova-conductor[98769]: DEBUG cotyledon.oslo_config_glue [-] oslo_limit.split_loggers = False {{(pid=98769) log_opt_values /opt/stack/data/venv/lib/python3.12/site-packages/oslo_config/cfg.py:3253}}
Jul 03 10:34:59.391506 np0000004406 nova-conductor[98769]: DEBUG cotyledon.oslo_config_glue [-] oslo_limit.status_code_retries = None {{(pid=98769) log_opt_values /opt/stack/data/venv/lib/python3.12/site-packages/oslo_config/cfg.py:3253}}
Jul 03 10:34:59.391506 np0000004406 nova-conductor[98769]: DEBUG cotyledon.oslo_config_glue [-] oslo_limit.status_code_retry_delay = None {{(pid=98769) log_opt_values /opt/stack/data/venv/lib/python3.12/site-packages/oslo_config/cfg.py:3253}}
Jul 03 10:34:59.391506 np0000004406 nova-conductor[98769]: DEBUG cotyledon.oslo_config_glue [-] oslo_limit.timeout = None {{(pid=98769) log_opt_values /opt/stack/data/venv/lib/python3.12/site-packages/oslo_config/cfg.py:3253}}
Jul 03 10:34:59.391506 np0000004406 nova-conductor[98769]: DEBUG cotyledon.oslo_config_glue [-] oslo_limit.valid_interfaces = None {{(pid=98769) log_opt_values /opt/stack/data/venv/lib/python3.12/site-packages/oslo_config/cfg.py:3253}}
Jul 03 10:34:59.391506 np0000004406 nova-conductor[98769]: DEBUG cotyledon.oslo_config_glue [-] oslo_limit.version = None {{(pid=98769) log_opt_values /opt/stack/data/venv/lib/python3.12/site-packages/oslo_config/cfg.py:3253}}
Jul 03 10:34:59.391679 np0000004406 nova-conductor[98769]: DEBUG cotyledon.oslo_config_glue [-] oslo_reports.file_event_handler = None {{(pid=98769) log_opt_values /opt/stack/data/venv/lib/python3.12/site-packages/oslo_config/cfg.py:3253}}
Jul 03 10:34:59.391679 np0000004406 nova-conductor[98769]: DEBUG cotyledon.oslo_config_glue [-] oslo_reports.file_event_handler_interval = 1 {{(pid=98769) log_opt_values /opt/stack/data/venv/lib/python3.12/site-packages/oslo_config/cfg.py:3253}}
Jul 03 10:34:59.391679 np0000004406 nova-conductor[98769]: DEBUG cotyledon.oslo_config_glue [-] oslo_reports.log_dir = None {{(pid=98769) log_opt_values /opt/stack/data/venv/lib/python3.12/site-packages/oslo_config/cfg.py:3253}}
Jul 03 10:34:59.391679 np0000004406 nova-conductor[98769]: DEBUG cotyledon.oslo_config_glue [-] ******************************************************************************** {{(pid=98769) log_opt_values /opt/stack/data/venv/lib/python3.12/site-packages/oslo_config/cfg.py:3260}}
Jul 03 10:34:59.391679 np0000004406 nova-conductor[98769]: DEBUG cotyledon._service_worker [-] Run service ServiceWrapper(3) [98769] {{(pid=98769) wait_forever /opt/stack/data/venv/lib/python3.12/site-packages/cotyledon/_service_worker.py:218}}
Jul 03 10:34:59.391679 np0000004406 nova-conductor[98769]: INFO nova.service [-] Starting conductor node (version 33.1.0)
Jul 03 10:34:59.391679 np0000004406 nova-conductor[98769]: INFO dbcounter [None req-9db3c007-790a-4bf9-8261-fe1488603e70 None None] Registered counter for database nova_cell0
Jul 03 10:34:59.391823 np0000004406 nova-conductor[98745]: DEBUG dbcounter [-] [98745] Writer thread running {{(pid=98745) stat_writer /opt/stack/data/venv/lib/python3.12/site-packages/dbcounter.py:102}}
Jul 03 10:34:59.397402 np0000004406 nova-conductor[98751]: DEBUG oslo_db.sqlalchemy.engines [None req-cebdd20b-5017-4c7a-84e4-356bbf369f41 None None] MySQL server mode set to STRICT_TRANS_TABLES,STRICT_ALL_TABLES,NO_ZERO_IN_DATE,NO_ZERO_DATE,ERROR_FOR_DIVISION_BY_ZERO,TRADITIONAL,NO_ENGINE_SUBSTITUTION {{(pid=98751) _check_effective_sql_mode /opt/stack/data/venv/lib/python3.12/site-packages/oslo_db/sqlalchemy/engines.py:325}}
Jul 03 10:34:59.401925 np0000004406 nova-conductor[98745]: DEBUG nova.service [None req-7ccb9ecc-75cd-44ef-8aa1-0d1dd0cd496d None None] Creating RPC server for service: nova-conductor on topic: conductor {{(pid=98745) start /opt/stack/nova/nova/service.py:196}}
Jul 03 10:34:59.408736 np0000004406 nova-conductor[98751]: DEBUG dbcounter [-] [98751] Writer thread running {{(pid=98751) stat_writer /opt/stack/data/venv/lib/python3.12/site-packages/dbcounter.py:102}}
Jul 03 10:34:59.410925 np0000004406 nova-conductor[98756]: DEBUG oslo_db.sqlalchemy.engines [None req-1cdf1d3e-e76b-446d-8163-1b540d5d8e72 None None] MySQL server mode set to STRICT_TRANS_TABLES,STRICT_ALL_TABLES,NO_ZERO_IN_DATE,NO_ZERO_DATE,ERROR_FOR_DIVISION_BY_ZERO,TRADITIONAL,NO_ENGINE_SUBSTITUTION {{(pid=98756) _check_effective_sql_mode /opt/stack/data/venv/lib/python3.12/site-packages/oslo_db/sqlalchemy/engines.py:325}}
Jul 03 10:34:59.412894 np0000004406 nova-conductor[98751]: DEBUG nova.service [None req-cebdd20b-5017-4c7a-84e4-356bbf369f41 None None] Creating RPC server for service: nova-conductor on topic: conductor {{(pid=98751) start /opt/stack/nova/nova/service.py:196}}
Jul 03 10:34:59.421155 np0000004406 nova-conductor[98756]: DEBUG dbcounter [-] [98756] Writer thread running {{(pid=98756) stat_writer /opt/stack/data/venv/lib/python3.12/site-packages/dbcounter.py:102}}
Jul 03 10:34:59.423852 np0000004406 nova-conductor[98756]: DEBUG nova.service [None req-1cdf1d3e-e76b-446d-8163-1b540d5d8e72 None None] Creating RPC server for service: nova-conductor on topic: conductor {{(pid=98756) start /opt/stack/nova/nova/service.py:196}}
Jul 03 10:34:59.426233 np0000004406 nova-conductor[98745]: DEBUG nova.service [None req-7ccb9ecc-75cd-44ef-8aa1-0d1dd0cd496d None None] Join ServiceGroup membership for this service conductor {{(pid=98745) start /opt/stack/nova/nova/service.py:222}}
Jul 03 10:34:59.426947 np0000004406 nova-conductor[98745]: DEBUG nova.servicegroup.drivers.db [None req-7ccb9ecc-75cd-44ef-8aa1-0d1dd0cd496d None None] DB_Driver: join new ServiceGroup member np0000004406 to the conductor group, service = {{(pid=98745) join /opt/stack/nova/nova/servicegroup/drivers/db.py:44}}
Jul 03 10:34:59.427259 np0000004406 nova-conductor[98769]: DEBUG oslo_db.sqlalchemy.engines [None req-9db3c007-790a-4bf9-8261-fe1488603e70 None None] MySQL server mode set to STRICT_TRANS_TABLES,STRICT_ALL_TABLES,NO_ZERO_IN_DATE,NO_ZERO_DATE,ERROR_FOR_DIVISION_BY_ZERO,TRADITIONAL,NO_ENGINE_SUBSTITUTION {{(pid=98769) _check_effective_sql_mode /opt/stack/data/venv/lib/python3.12/site-packages/oslo_db/sqlalchemy/engines.py:325}}
Jul 03 10:34:59.433810 np0000004406 nova-conductor[98751]: DEBUG nova.service [None req-cebdd20b-5017-4c7a-84e4-356bbf369f41 None None] Join ServiceGroup membership for this service conductor {{(pid=98751) start /opt/stack/nova/nova/service.py:222}}
Jul 03 10:34:59.434127 np0000004406 nova-conductor[98751]: DEBUG nova.servicegroup.drivers.db [None req-cebdd20b-5017-4c7a-84e4-356bbf369f41 None None] DB_Driver: join new ServiceGroup member np0000004406 to the conductor group, service = {{(pid=98751) join /opt/stack/nova/nova/servicegroup/drivers/db.py:44}}
Jul 03 10:34:59.439517 np0000004406 nova-conductor[98769]: DEBUG dbcounter [-] [98769] Writer thread running {{(pid=98769) stat_writer /opt/stack/data/venv/lib/python3.12/site-packages/dbcounter.py:102}}
Jul 03 10:34:59.441435 np0000004406 nova-conductor[98756]: DEBUG nova.service [None req-1cdf1d3e-e76b-446d-8163-1b540d5d8e72 None None] Join ServiceGroup membership for this service conductor {{(pid=98756) start /opt/stack/nova/nova/service.py:222}}
Jul 03 10:34:59.441673 np0000004406 nova-conductor[98756]: DEBUG nova.servicegroup.drivers.db [None req-1cdf1d3e-e76b-446d-8163-1b540d5d8e72 None None] DB_Driver: join new ServiceGroup member np0000004406 to the conductor group, service = {{(pid=98756) join /opt/stack/nova/nova/servicegroup/drivers/db.py:44}}
Jul 03 10:34:59.443780 np0000004406 nova-conductor[98769]: DEBUG nova.service [None req-9db3c007-790a-4bf9-8261-fe1488603e70 None None] Creating RPC server for service: nova-conductor on topic: conductor {{(pid=98769) start /opt/stack/nova/nova/service.py:196}}
Jul 03 10:34:59.468257 np0000004406 nova-conductor[98769]: DEBUG nova.service [None req-9db3c007-790a-4bf9-8261-fe1488603e70 None None] Join ServiceGroup membership for this service conductor {{(pid=98769) start /opt/stack/nova/nova/service.py:222}}
Jul 03 10:34:59.468540 np0000004406 nova-conductor[98769]: DEBUG nova.servicegroup.drivers.db [None req-9db3c007-790a-4bf9-8261-fe1488603e70 None None] DB_Driver: join new ServiceGroup member np0000004406 to the conductor group, service = {{(pid=98769) join /opt/stack/nova/nova/servicegroup/drivers/db.py:44}}
Jul 03 10:35:04.450188 np0000004406 nova-conductor[98745]: DEBUG oslo.service.backend._threading.loopingcall [-] Fixed interval looping call 'nova.servicegroup.drivers.db.DbDriver._report_state' sleeping for 119.98 seconds {{(pid=98745) _run_loop /opt/stack/data/venv/lib/python3.12/site-packages/oslo_service/backend/_threading/loopingcall.py:125}}
Jul 03 10:35:04.451329 np0000004406 nova-conductor[98751]: DEBUG oslo.service.backend._threading.loopingcall [-] Fixed interval looping call 'nova.servicegroup.drivers.db.DbDriver._report_state' sleeping for 119.98 seconds {{(pid=98751) _run_loop /opt/stack/data/venv/lib/python3.12/site-packages/oslo_service/backend/_threading/loopingcall.py:125}}
Jul 03 10:35:04.456412 np0000004406 nova-conductor[98756]: DEBUG oslo.service.backend._threading.loopingcall [-] Fixed interval looping call 'nova.servicegroup.drivers.db.DbDriver._report_state' sleeping for 119.99 seconds {{(pid=98756) _run_loop /opt/stack/data/venv/lib/python3.12/site-packages/oslo_service/backend/_threading/loopingcall.py:125}}
Jul 03 10:35:04.480480 np0000004406 nova-conductor[98769]: DEBUG oslo.service.backend._threading.loopingcall [-] Fixed interval looping call 'nova.servicegroup.drivers.db.DbDriver._report_state' sleeping for 119.99 seconds {{(pid=98769) _run_loop /opt/stack/data/venv/lib/python3.12/site-packages/oslo_service/backend/_threading/loopingcall.py:125}}
Jul 03 10:35:07.960042 np0000004406 nova-conductor[97278]: DEBUG dbcounter [-] [97278] Writing DB stats nova_api:SELECT=1 {{(pid=97278) stat_writer /opt/stack/data/venv/lib/python3.12/site-packages/dbcounter.py:115}}
Jul 03 10:35:08.098556 np0000004406 nova-conductor[97278]: DEBUG dbcounter [-] [97278] Writing DB stats nova_cell0:SELECT=1 {{(pid=97278) stat_writer /opt/stack/data/venv/lib/python3.12/site-packages/dbcounter.py:115}}
Jul 03 10:35:08.102698 np0000004406 nova-conductor[97278]: DEBUG dbcounter [-] [97278] Writing DB stats nova_cell1:SELECT=1 {{(pid=97278) stat_writer /opt/stack/data/venv/lib/python3.12/site-packages/dbcounter.py:115}}
Jul 03 10:35:08.444166 np0000004406 nova-conductor[98756]: DEBUG oslo.service.backend._threading.loopingcall [None req-23c40dfe-d837-4336-97fa-565853a2ce19 None None] Dynamic interval looping call 'nova.service.Service.periodic_tasks' sleeping for 60.00 seconds {{(pid=98756) _run_loop /opt/stack/data/venv/lib/python3.12/site-packages/oslo_service/backend/_threading/loopingcall.py:125}}
Jul 03 10:35:10.470806 np0000004406 nova-conductor[98769]: DEBUG oslo.service.backend._threading.loopingcall [None req-e7503c84-9229-4f34-88e7-7b7c71d38640 None None] Dynamic interval looping call 'nova.service.Service.periodic_tasks' sleeping for 60.00 seconds {{(pid=98769) _run_loop /opt/stack/data/venv/lib/python3.12/site-packages/oslo_service/backend/_threading/loopingcall.py:125}}
Jul 03 10:35:14.439655 np0000004406 nova-conductor[98745]: DEBUG dbcounter [-] [98745] Writing DB stats nova_cell0:SELECT=4,nova_cell0:INSERT=1,nova_cell0:UPDATE=1 {{(pid=98745) stat_writer /opt/stack/data/venv/lib/python3.12/site-packages/dbcounter.py:115}}
Jul 03 10:35:14.446919 np0000004406 nova-conductor[98751]: DEBUG dbcounter [-] [98751] Writing DB stats nova_cell0:SELECT=3,nova_cell0:UPDATE=1 {{(pid=98751) stat_writer /opt/stack/data/venv/lib/python3.12/site-packages/dbcounter.py:115}}
Jul 03 10:35:14.453402 np0000004406 nova-conductor[98756]: DEBUG dbcounter [-] [98756] Writing DB stats nova_cell0:SELECT=3 {{(pid=98756) stat_writer /opt/stack/data/venv/lib/python3.12/site-packages/dbcounter.py:115}}
Jul 03 10:35:14.477443 np0000004406 nova-conductor[98769]: DEBUG dbcounter [-] [98769] Writing DB stats nova_cell0:SELECT=3 {{(pid=98769) stat_writer /opt/stack/data/venv/lib/python3.12/site-packages/dbcounter.py:115}}
Jul 03 10:35:47.429460 np0000004406 nova-conductor[98745]: DEBUG oslo.service.backend._threading.loopingcall [None req-137f2658-010e-4904-b699-25d2df8f9408 None None] Dynamic interval looping call 'nova.service.Service.periodic_tasks' sleeping for 60.00 seconds {{(pid=98745) _run_loop /opt/stack/data/venv/lib/python3.12/site-packages/oslo_service/backend/_threading/loopingcall.py:125}}
Jul 03 10:35:50.437051 np0000004406 nova-conductor[98751]: DEBUG oslo.service.backend._threading.loopingcall [None req-652cffa8-727e-4892-865e-49dc0a3c08e6 None None] Dynamic interval looping call 'nova.service.Service.periodic_tasks' sleeping for 60.00 seconds {{(pid=98751) _run_loop /opt/stack/data/venv/lib/python3.12/site-packages/oslo_service/backend/_threading/loopingcall.py:125}}
Jul 03 10:36:08.444766 np0000004406 nova-conductor[98756]: DEBUG oslo.service.backend._threading.loopingcall [None req-23c40dfe-d837-4336-97fa-565853a2ce19 None None] Dynamic interval looping call 'nova.service.Service.periodic_tasks' sleeping for 60.00 seconds {{(pid=98756) _run_loop /opt/stack/data/venv/lib/python3.12/site-packages/oslo_service/backend/_threading/loopingcall.py:125}}
Jul 03 10:36:10.471381 np0000004406 nova-conductor[98769]: DEBUG oslo.service.backend._threading.loopingcall [None req-e7503c84-9229-4f34-88e7-7b7c71d38640 None None] Dynamic interval looping call 'nova.service.Service.periodic_tasks' sleeping for 60.00 seconds {{(pid=98769) _run_loop /opt/stack/data/venv/lib/python3.12/site-packages/oslo_service/backend/_threading/loopingcall.py:125}}
Jul 03 10:36:47.429982 np0000004406 nova-conductor[98745]: DEBUG oslo.service.backend._threading.loopingcall [None req-137f2658-010e-4904-b699-25d2df8f9408 None None] Dynamic interval looping call 'nova.service.Service.periodic_tasks' sleeping for 60.00 seconds {{(pid=98745) _run_loop /opt/stack/data/venv/lib/python3.12/site-packages/oslo_service/backend/_threading/loopingcall.py:125}}
Jul 03 10:36:50.437565 np0000004406 nova-conductor[98751]: DEBUG oslo.service.backend._threading.loopingcall [None req-652cffa8-727e-4892-865e-49dc0a3c08e6 None None] Dynamic interval looping call 'nova.service.Service.periodic_tasks' sleeping for 60.00 seconds {{(pid=98751) _run_loop /opt/stack/data/venv/lib/python3.12/site-packages/oslo_service/backend/_threading/loopingcall.py:125}}
Jul 03 10:37:04.445975 np0000004406 nova-conductor[98745]: DEBUG oslo.service.backend._threading.loopingcall [-] Fixed interval looping call 'nova.servicegroup.drivers.db.DbDriver._report_state' sleeping for 119.99 seconds {{(pid=98745) _run_loop /opt/stack/data/venv/lib/python3.12/site-packages/oslo_service/backend/_threading/loopingcall.py:125}}
Jul 03 10:37:04.447334 np0000004406 nova-conductor[98751]: DEBUG oslo.service.backend._threading.loopingcall [-] Fixed interval looping call 'nova.servicegroup.drivers.db.DbDriver._report_state' sleeping for 119.98 seconds {{(pid=98751) _run_loop /opt/stack/data/venv/lib/python3.12/site-packages/oslo_service/backend/_threading/loopingcall.py:125}}
Jul 03 10:37:04.450119 np0000004406 nova-conductor[98756]: DEBUG oslo.service.backend._threading.loopingcall [-] Fixed interval looping call 'nova.servicegroup.drivers.db.DbDriver._report_state' sleeping for 120.00 seconds {{(pid=98756) _run_loop /opt/stack/data/venv/lib/python3.12/site-packages/oslo_service/backend/_threading/loopingcall.py:125}}
Jul 03 10:37:04.473969 np0000004406 nova-conductor[98769]: DEBUG oslo.service.backend._threading.loopingcall [-] Fixed interval looping call 'nova.servicegroup.drivers.db.DbDriver._report_state' sleeping for 120.00 seconds {{(pid=98769) _run_loop /opt/stack/data/venv/lib/python3.12/site-packages/oslo_service/backend/_threading/loopingcall.py:125}}
Jul 03 10:37:08.445719 np0000004406 nova-conductor[98756]: DEBUG oslo.service.backend._threading.loopingcall [None req-23c40dfe-d837-4336-97fa-565853a2ce19 None None] Dynamic interval looping call 'nova.service.Service.periodic_tasks' sleeping for 60.00 seconds {{(pid=98756) _run_loop /opt/stack/data/venv/lib/python3.12/site-packages/oslo_service/backend/_threading/loopingcall.py:125}}
Jul 03 10:37:10.471792 np0000004406 nova-conductor[98769]: DEBUG oslo.service.backend._threading.loopingcall [None req-e7503c84-9229-4f34-88e7-7b7c71d38640 None None] Dynamic interval looping call 'nova.service.Service.periodic_tasks' sleeping for 60.00 seconds {{(pid=98769) _run_loop /opt/stack/data/venv/lib/python3.12/site-packages/oslo_service/backend/_threading/loopingcall.py:125}}
Jul 03 10:37:14.436777 np0000004406 nova-conductor[98745]: DEBUG dbcounter [-] [98745] Writing DB stats nova_cell0:SELECT=1,nova_cell0:UPDATE=1 {{(pid=98745) stat_writer /opt/stack/data/venv/lib/python3.12/site-packages/dbcounter.py:115}}
Jul 03 10:37:14.438002 np0000004406 nova-conductor[98751]: DEBUG dbcounter [-] [98751] Writing DB stats nova_cell0:SELECT=1,nova_cell0:UPDATE=1 {{(pid=98751) stat_writer /opt/stack/data/venv/lib/python3.12/site-packages/dbcounter.py:115}}
Jul 03 10:37:14.448461 np0000004406 nova-conductor[98756]: DEBUG dbcounter [-] [98756] Writing DB stats nova_cell0:SELECT=1 {{(pid=98756) stat_writer /opt/stack/data/venv/lib/python3.12/site-packages/dbcounter.py:115}}
Jul 03 10:37:14.472394 np0000004406 nova-conductor[98769]: DEBUG dbcounter [-] [98769] Writing DB stats nova_cell0:SELECT=1 {{(pid=98769) stat_writer /opt/stack/data/venv/lib/python3.12/site-packages/dbcounter.py:115}}
Jul 03 10:37:23.985521 np0000004406 nova-conductor[98745]: DEBUG oslo_db.sqlalchemy.engines [None req-1d265f2b-9820-4155-a733-fbdb6b732191 tempest-DeleteServersTestJSON-82208563 tempest-DeleteServersTestJSON-82208563-project-member] Parent process 97278 forked (98745) with an open database connection, which is being discarded and recreated. {{(pid=98745) checkout /opt/stack/data/venv/lib/python3.12/site-packages/oslo_db/sqlalchemy/engines.py:402}}
Jul 03 10:37:24.031123 np0000004406 nova-conductor[98745]: DEBUG dbcounter [-] [98745] Writer thread running {{(pid=98745) stat_writer /opt/stack/data/venv/lib/python3.12/site-packages/dbcounter.py:102}}
Jul 03 10:37:25.076142 np0000004406 nova-conductor[98745]: DEBUG nova.conductor.manager [None req-1d265f2b-9820-4155-a733-fbdb6b732191 tempest-DeleteServersTestJSON-82208563 tempest-DeleteServersTestJSON-82208563-project-member] Took 1.04 seconds to select destinations for 1 instance(s). {{(pid=98745) _schedule_instances /opt/stack/nova/nova/conductor/manager.py:968}}
Jul 03 10:37:25.102204 np0000004406 nova-conductor[98745]: DEBUG oslo_concurrency.lockutils [None req-1d265f2b-9820-4155-a733-fbdb6b732191 tempest-DeleteServersTestJSON-82208563 tempest-DeleteServersTestJSON-82208563-project-member] Acquiring lock "2b8abc66-3e22-4e8f-8e52-6d9b2673c2a4" by "nova.context.set_target_cell..get_or_set_cached_cell_and_set_connections" {{(pid=98745) inner /opt/stack/data/venv/lib/python3.12/site-packages/oslo_concurrency/lockutils.py:511}}
Jul 03 10:37:25.102435 np0000004406 nova-conductor[98745]: DEBUG oslo_concurrency.lockutils [None req-1d265f2b-9820-4155-a733-fbdb6b732191 tempest-DeleteServersTestJSON-82208563 tempest-DeleteServersTestJSON-82208563-project-member] Lock "2b8abc66-3e22-4e8f-8e52-6d9b2673c2a4" acquired by "nova.context.set_target_cell..get_or_set_cached_cell_and_set_connections" :: waited 0.000s {{(pid=98745) inner /opt/stack/data/venv/lib/python3.12/site-packages/oslo_concurrency/lockutils.py:524}}
Jul 03 10:37:25.104075 np0000004406 nova-conductor[98745]: DEBUG oslo_concurrency.lockutils [None req-1d265f2b-9820-4155-a733-fbdb6b732191 tempest-DeleteServersTestJSON-82208563 tempest-DeleteServersTestJSON-82208563-project-member] Lock "2b8abc66-3e22-4e8f-8e52-6d9b2673c2a4" "released" by "nova.context.set_target_cell..get_or_set_cached_cell_and_set_connections" :: held 0.002s {{(pid=98745) inner /opt/stack/data/venv/lib/python3.12/site-packages/oslo_concurrency/lockutils.py:543}}
Jul 03 10:37:25.106442 np0000004406 nova-conductor[98745]: INFO dbcounter [None req-1d265f2b-9820-4155-a733-fbdb6b732191 tempest-DeleteServersTestJSON-82208563 tempest-DeleteServersTestJSON-82208563-project-member] Registered counter for database nova_cell1
Jul 03 10:37:25.152550 np0000004406 nova-conductor[98745]: DEBUG oslo_db.sqlalchemy.engines [None req-1d265f2b-9820-4155-a733-fbdb6b732191 tempest-DeleteServersTestJSON-82208563 tempest-DeleteServersTestJSON-82208563-project-member] MySQL server mode set to STRICT_TRANS_TABLES,STRICT_ALL_TABLES,NO_ZERO_IN_DATE,NO_ZERO_DATE,ERROR_FOR_DIVISION_BY_ZERO,TRADITIONAL,NO_ENGINE_SUBSTITUTION {{(pid=98745) _check_effective_sql_mode /opt/stack/data/venv/lib/python3.12/site-packages/oslo_db/sqlalchemy/engines.py:325}}
Jul 03 10:37:25.159126 np0000004406 nova-conductor[98745]: DEBUG dbcounter [-] [98745] Writer thread running {{(pid=98745) stat_writer /opt/stack/data/venv/lib/python3.12/site-packages/dbcounter.py:102}}
Jul 03 10:37:25.248003 np0000004406 nova-conductor[98745]: INFO nova.utils [None req-1d265f2b-9820-4155-a733-fbdb6b732191 tempest-DeleteServersTestJSON-82208563 tempest-DeleteServersTestJSON-82208563-project-member] The cell worker thread pool ForkProcess-1.cell_worker is initialized
Jul 03 10:37:25.248545 np0000004406 nova-conductor[98745]: DEBUG oslo_concurrency.lockutils [None req-1d265f2b-9820-4155-a733-fbdb6b732191 tempest-DeleteServersTestJSON-82208563 tempest-DeleteServersTestJSON-82208563-project-member] Acquiring lock "00000000-0000-0000-0000-000000000000" by "nova.context.set_target_cell..get_or_set_cached_cell_and_set_connections" {{(pid=98745) inner /opt/stack/data/venv/lib/python3.12/site-packages/oslo_concurrency/lockutils.py:511}}
Jul 03 10:37:25.248545 np0000004406 nova-conductor[98745]: DEBUG oslo_concurrency.lockutils [None req-1d265f2b-9820-4155-a733-fbdb6b732191 tempest-DeleteServersTestJSON-82208563 tempest-DeleteServersTestJSON-82208563-project-member] Lock "00000000-0000-0000-0000-000000000000" acquired by "nova.context.set_target_cell..get_or_set_cached_cell_and_set_connections" :: waited 0.000s {{(pid=98745) inner /opt/stack/data/venv/lib/python3.12/site-packages/oslo_concurrency/lockutils.py:524}}
Jul 03 10:37:25.248927 np0000004406 nova-conductor[98745]: DEBUG oslo_concurrency.lockutils [None req-1d265f2b-9820-4155-a733-fbdb6b732191 tempest-DeleteServersTestJSON-82208563 tempest-DeleteServersTestJSON-82208563-project-member] Lock "00000000-0000-0000-0000-000000000000" "released" by "nova.context.set_target_cell..get_or_set_cached_cell_and_set_connections" :: held 0.000s {{(pid=98745) inner /opt/stack/data/venv/lib/python3.12/site-packages/oslo_concurrency/lockutils.py:543}}
Jul 03 10:37:25.249696 np0000004406 nova-conductor[98745]: DEBUG oslo_concurrency.lockutils [None req-1d265f2b-9820-4155-a733-fbdb6b732191 tempest-DeleteServersTestJSON-82208563 tempest-DeleteServersTestJSON-82208563-project-member] Acquiring lock "2b8abc66-3e22-4e8f-8e52-6d9b2673c2a4" by "nova.context.set_target_cell..get_or_set_cached_cell_and_set_connections" {{(pid=98745) inner /opt/stack/data/venv/lib/python3.12/site-packages/oslo_concurrency/lockutils.py:511}}
Jul 03 10:37:25.250303 np0000004406 nova-conductor[98745]: DEBUG oslo_concurrency.lockutils [None req-1d265f2b-9820-4155-a733-fbdb6b732191 tempest-DeleteServersTestJSON-82208563 tempest-DeleteServersTestJSON-82208563-project-member] Lock "2b8abc66-3e22-4e8f-8e52-6d9b2673c2a4" acquired by "nova.context.set_target_cell..get_or_set_cached_cell_and_set_connections" :: waited 0.000s {{(pid=98745) inner /opt/stack/data/venv/lib/python3.12/site-packages/oslo_concurrency/lockutils.py:524}}
Jul 03 10:37:25.250303 np0000004406 nova-conductor[98745]: DEBUG oslo_concurrency.lockutils [None req-1d265f2b-9820-4155-a733-fbdb6b732191 tempest-DeleteServersTestJSON-82208563 tempest-DeleteServersTestJSON-82208563-project-member] Lock "2b8abc66-3e22-4e8f-8e52-6d9b2673c2a4" "released" by "nova.context.set_target_cell..get_or_set_cached_cell_and_set_connections" :: held 0.000s {{(pid=98745) inner /opt/stack/data/venv/lib/python3.12/site-packages/oslo_concurrency/lockutils.py:543}}
Jul 03 10:37:25.252243 np0000004406 nova-conductor[98745]: INFO dbcounter [None req-1d265f2b-9820-4155-a733-fbdb6b732191 tempest-DeleteServersTestJSON-82208563 tempest-DeleteServersTestJSON-82208563-project-member] Registered counter for database nova_cell0
Jul 03 10:37:25.306824 np0000004406 nova-conductor[98745]: DEBUG oslo_db.sqlalchemy.engines [None req-1d265f2b-9820-4155-a733-fbdb6b732191 tempest-DeleteServersTestJSON-82208563 tempest-DeleteServersTestJSON-82208563-project-member] MySQL server mode set to STRICT_TRANS_TABLES,STRICT_ALL_TABLES,NO_ZERO_IN_DATE,NO_ZERO_DATE,ERROR_FOR_DIVISION_BY_ZERO,TRADITIONAL,NO_ENGINE_SUBSTITUTION {{(pid=98745) _check_effective_sql_mode /opt/stack/data/venv/lib/python3.12/site-packages/oslo_db/sqlalchemy/engines.py:325}}
Jul 03 10:37:25.316016 np0000004406 nova-conductor[98745]: DEBUG dbcounter [-] [98745] Writer thread running {{(pid=98745) stat_writer /opt/stack/data/venv/lib/python3.12/site-packages/dbcounter.py:102}}
Jul 03 10:37:25.331814 np0000004406 nova-conductor[98745]: DEBUG nova.quota [None req-1d265f2b-9820-4155-a733-fbdb6b732191 tempest-DeleteServersTestJSON-82208563 tempest-DeleteServersTestJSON-82208563-project-member] Getting quotas for project bd60246657d246f396a0014b364b0f7c. Resources: {'cores', 'ram', 'instances'} {{(pid=98745) _get_quotas /opt/stack/nova/nova/quota.py:389}}
Jul 03 10:37:25.336852 np0000004406 nova-conductor[98745]: DEBUG nova.quota [None req-1d265f2b-9820-4155-a733-fbdb6b732191 tempest-DeleteServersTestJSON-82208563 tempest-DeleteServersTestJSON-82208563-project-member] Getting quotas for user 12bf3cca77e949ef81dacd623bd11630 and project bd60246657d246f396a0014b364b0f7c. Resources: {'cores', 'ram', 'instances'} {{(pid=98745) _get_quotas /opt/stack/nova/nova/quota.py:379}}
Jul 03 10:37:25.344225 np0000004406 nova-conductor[98745]: DEBUG nova.conductor.manager [None req-1d265f2b-9820-4155-a733-fbdb6b732191 tempest-DeleteServersTestJSON-82208563 tempest-DeleteServersTestJSON-82208563-project-member] [instance: d2b505e3-f22d-40a4-8273-3cbc4e13b3ec] Selected host: np0000004406; Selected node: np0000004406; Alternates: [] {{(pid=98745) schedule_and_build_instances /opt/stack/nova/nova/conductor/manager.py:1784}}
Jul 03 10:37:25.344953 np0000004406 nova-conductor[98745]: DEBUG oslo_concurrency.lockutils [None req-1d265f2b-9820-4155-a733-fbdb6b732191 tempest-DeleteServersTestJSON-82208563 tempest-DeleteServersTestJSON-82208563-project-member] Acquiring lock "2b8abc66-3e22-4e8f-8e52-6d9b2673c2a4" by "nova.context.set_target_cell..get_or_set_cached_cell_and_set_connections" {{(pid=98745) inner /opt/stack/data/venv/lib/python3.12/site-packages/oslo_concurrency/lockutils.py:511}}
Jul 03 10:37:25.345074 np0000004406 nova-conductor[98745]: DEBUG oslo_concurrency.lockutils [None req-1d265f2b-9820-4155-a733-fbdb6b732191 tempest-DeleteServersTestJSON-82208563 tempest-DeleteServersTestJSON-82208563-project-member] Lock "2b8abc66-3e22-4e8f-8e52-6d9b2673c2a4" acquired by "nova.context.set_target_cell..get_or_set_cached_cell_and_set_connections" :: waited 0.000s {{(pid=98745) inner /opt/stack/data/venv/lib/python3.12/site-packages/oslo_concurrency/lockutils.py:524}}
Jul 03 10:37:25.345219 np0000004406 nova-conductor[98745]: DEBUG oslo_concurrency.lockutils [None req-1d265f2b-9820-4155-a733-fbdb6b732191 tempest-DeleteServersTestJSON-82208563 tempest-DeleteServersTestJSON-82208563-project-member] Lock "2b8abc66-3e22-4e8f-8e52-6d9b2673c2a4" "released" by "nova.context.set_target_cell..get_or_set_cached_cell_and_set_connections" :: held 0.000s {{(pid=98745) inner /opt/stack/data/venv/lib/python3.12/site-packages/oslo_concurrency/lockutils.py:543}}
Jul 03 10:37:25.357388 np0000004406 nova-conductor[98745]: DEBUG nova.conductor.manager [None req-1d265f2b-9820-4155-a733-fbdb6b732191 tempest-DeleteServersTestJSON-82208563 tempest-DeleteServersTestJSON-82208563-project-member] [instance: d2b505e3-f22d-40a4-8273-3cbc4e13b3ec] block_device_mapping [BlockDeviceMapping(attachment_id=,boot_index=0,connection_info=None,created_at=,delete_on_termination=True,deleted=,deleted_at=,destination_type='local',device_name=None,device_type='disk',disk_bus=None,encrypted=False,encryption_format=None,encryption_options=None,encryption_secret_uuid=None,guest_format=None,id=,image_id='710dab13-99bf-4d07-b1a1-b31f4ebbc3fe',instance=,instance_uuid=,no_device=False,snapshot_id=None,source_type='image',tag=None,updated_at=,uuid=,volume_id=None,volume_size=None,volume_type=None)] {{(pid=98745) _create_block_device_mapping /opt/stack/nova/nova/conductor/manager.py:1529}}
Jul 03 10:37:25.358807 np0000004406 nova-conductor[98745]: DEBUG oslo_concurrency.lockutils [None req-1d265f2b-9820-4155-a733-fbdb6b732191 tempest-DeleteServersTestJSON-82208563 tempest-DeleteServersTestJSON-82208563-project-member] Acquiring lock "2b8abc66-3e22-4e8f-8e52-6d9b2673c2a4" by "nova.context.set_target_cell..get_or_set_cached_cell_and_set_connections" {{(pid=98745) inner /opt/stack/data/venv/lib/python3.12/site-packages/oslo_concurrency/lockutils.py:511}}
Jul 03 10:37:25.359016 np0000004406 nova-conductor[98745]: DEBUG oslo_concurrency.lockutils [None req-1d265f2b-9820-4155-a733-fbdb6b732191 tempest-DeleteServersTestJSON-82208563 tempest-DeleteServersTestJSON-82208563-project-member] Lock "2b8abc66-3e22-4e8f-8e52-6d9b2673c2a4" acquired by "nova.context.set_target_cell..get_or_set_cached_cell_and_set_connections" :: waited 0.000s {{(pid=98745) inner /opt/stack/data/venv/lib/python3.12/site-packages/oslo_concurrency/lockutils.py:524}}
Jul 03 10:37:25.359168 np0000004406 nova-conductor[98745]: DEBUG oslo_concurrency.lockutils [None req-1d265f2b-9820-4155-a733-fbdb6b732191 tempest-DeleteServersTestJSON-82208563 tempest-DeleteServersTestJSON-82208563-project-member] Lock "2b8abc66-3e22-4e8f-8e52-6d9b2673c2a4" "released" by "nova.context.set_target_cell..get_or_set_cached_cell_and_set_connections" :: held 0.000s {{(pid=98745) inner /opt/stack/data/venv/lib/python3.12/site-packages/oslo_concurrency/lockutils.py:543}}
Jul 03 10:37:25.410788 np0000004406 nova-conductor[98745]: DEBUG oslo_concurrency.lockutils [None req-1d265f2b-9820-4155-a733-fbdb6b732191 tempest-DeleteServersTestJSON-82208563 tempest-DeleteServersTestJSON-82208563-project-member] Acquiring lock "2b8abc66-3e22-4e8f-8e52-6d9b2673c2a4" by "nova.context.set_target_cell..get_or_set_cached_cell_and_set_connections" {{(pid=98745) inner /opt/stack/data/venv/lib/python3.12/site-packages/oslo_concurrency/lockutils.py:511}}
Jul 03 10:37:25.411029 np0000004406 nova-conductor[98745]: DEBUG oslo_concurrency.lockutils [None req-1d265f2b-9820-4155-a733-fbdb6b732191 tempest-DeleteServersTestJSON-82208563 tempest-DeleteServersTestJSON-82208563-project-member] Lock "2b8abc66-3e22-4e8f-8e52-6d9b2673c2a4" acquired by "nova.context.set_target_cell..get_or_set_cached_cell_and_set_connections" :: waited 0.000s {{(pid=98745) inner /opt/stack/data/venv/lib/python3.12/site-packages/oslo_concurrency/lockutils.py:524}}
Jul 03 10:37:25.411194 np0000004406 nova-conductor[98745]: DEBUG oslo_concurrency.lockutils [None req-1d265f2b-9820-4155-a733-fbdb6b732191 tempest-DeleteServersTestJSON-82208563 tempest-DeleteServersTestJSON-82208563-project-member] Lock "2b8abc66-3e22-4e8f-8e52-6d9b2673c2a4" "released" by "nova.context.set_target_cell..get_or_set_cached_cell_and_set_connections" :: held 0.000s {{(pid=98745) inner /opt/stack/data/venv/lib/python3.12/site-packages/oslo_concurrency/lockutils.py:543}}
Jul 03 10:37:25.411483 np0000004406 nova-conductor[98745]: DEBUG oslo_concurrency.lockutils [None req-1d265f2b-9820-4155-a733-fbdb6b732191 tempest-DeleteServersTestJSON-82208563 tempest-DeleteServersTestJSON-82208563-project-member] Acquiring lock "compute-rpcapi-router" {{(pid=98745) lock /opt/stack/data/venv/lib/python3.12/site-packages/oslo_concurrency/lockutils.py:395}}
