Jul 18 22:51:01.207575 np0000005399 devstack@g-api.service[99702]: DEBUG glance_store._drivers.swift.store [None req-9e037497-c3a8-4878-98f7-1ebe7a6fd540 tempest-ServerBootFromVolumeStableRescueTest-347773062 tempest-ServerBootFromVolumeStableRescueTest-347773062-project-member] Cannot determine image size because it is either not provided in the request or chunked-transfer encoding is used. Adding image as a segmented object to Swift. {{(pid=99702) add /opt/stack/data/venv/lib/python3.12/site-packages/glance_store/_drivers/swift/store.py:994}}
Jul 18 22:51:01.214906 np0000005399 devstack@g-api.service[99702]: DEBUG oslo_utils.imageutils.format_inspector [None req-9e037497-c3a8-4878-98f7-1ebe7a6fd540 tempest-ServerBootFromVolumeStableRescueTest-347773062 tempest-ServerBootFromVolumeStableRescueTest-347773062-project-member] Format inspector for vmdk does not match, excluding from consideration (Signature KDMV not found: b'QFI\xfb') {{(pid=99702) _process_chunk /opt/stack/data/venv/lib/python3.12/site-packages/oslo_utils/imageutils/format_inspector.py:1758}}
Jul 18 22:51:01.218110 np0000005399 devstack@g-api.service[99702]: DEBUG oslo_utils.imageutils.format_inspector [None req-9e037497-c3a8-4878-98f7-1ebe7a6fd540 tempest-ServerBootFromVolumeStableRescueTest-347773062 tempest-ServerBootFromVolumeStableRescueTest-347773062-project-member] Format inspector for vhdx does not match, excluding from consideration (Region signature not found at 30000) {{(pid=99702) _process_chunk /opt/stack/data/venv/lib/python3.12/site-packages/oslo_utils/imageutils/format_inspector.py:1758}}
Jul 18 22:51:01.423855 np0000005399 devstack@g-api.service[99700]: DEBUG glance.api.middleware.version_negotiation [None req-2921cae4-dabe-4be1-ae66-f533aeb3b462 tempest-ServerBootFromVolumeStableRescueTest-347773062 tempest-ServerBootFromVolumeStableRescueTest-347773062-project-member] Determining version of request: GET /v2/images/c395a97c-43fd-48d4-9f70-16594334f091 Accept: application/json {{(pid=99700) process_request /opt/stack/glance/glance/api/middleware/version_negotiation.py:44}}
Jul 18 22:51:01.423855 np0000005399 devstack@g-api.service[99700]: DEBUG glance.api.middleware.version_negotiation [None req-2921cae4-dabe-4be1-ae66-f533aeb3b462 tempest-ServerBootFromVolumeStableRescueTest-347773062 tempest-ServerBootFromVolumeStableRescueTest-347773062-project-member] Using url versioning {{(pid=99700) process_request /opt/stack/glance/glance/api/middleware/version_negotiation.py:57}}
Jul 18 22:51:01.423855 np0000005399 devstack@g-api.service[99700]: DEBUG glance.api.middleware.version_negotiation [None req-2921cae4-dabe-4be1-ae66-f533aeb3b462 tempest-ServerBootFromVolumeStableRescueTest-347773062 tempest-ServerBootFromVolumeStableRescueTest-347773062-project-member] Matched version: v2 {{(pid=99700) process_request /opt/stack/glance/glance/api/middleware/version_negotiation.py:69}}
Jul 18 22:51:01.424392 np0000005399 devstack@g-api.service[99700]: DEBUG glance.api.middleware.version_negotiation [None req-2921cae4-dabe-4be1-ae66-f533aeb3b462 tempest-ServerBootFromVolumeStableRescueTest-347773062 tempest-ServerBootFromVolumeStableRescueTest-347773062-project-member] new path /v2/images/c395a97c-43fd-48d4-9f70-16594334f091 {{(pid=99700) process_request /opt/stack/glance/glance/api/middleware/version_negotiation.py:70}}
Jul 18 22:51:01.439738 np0000005399 devstack@g-api.service[99700]: [pid: 99700|app: 0|req: 68/176] 127.0.0.1 () {40 vars in 838 bytes} [Sat Jul 18 22:51:01 2026] GET /v2/images/c395a97c-43fd-48d4-9f70-16594334f091 => generated 1469 bytes in 17 msecs (HTTP/1.1 200) 4 headers in 158 bytes (1 switches on core 0)
Jul 18 22:51:01.511525 np0000005399 devstack@g-api.service[99702]: DEBUG swiftclient [None req-9e037497-c3a8-4878-98f7-1ebe7a6fd540 tempest-ServerBootFromVolumeStableRescueTest-347773062 tempest-ServerBootFromVolumeStableRescueTest-347773062-project-member] REQ: curl -i https://10.4.3.216:8080/v1/AUTH_d85dc04dc59a4c898a84a0a09d9993c7/glance/c395a97c-43fd-48d4-9f70-16594334f091-00001 -X PUT -H "X-Auth-Token: gAAAAABqXANUlbtR..." {{(pid=99702) http_log /opt/stack/data/venv/lib/python3.12/site-packages/swiftclient/client.py:160}}
Jul 18 22:51:01.511688 np0000005399 devstack@g-api.service[99702]: DEBUG swiftclient [None req-9e037497-c3a8-4878-98f7-1ebe7a6fd540 tempest-ServerBootFromVolumeStableRescueTest-347773062 tempest-ServerBootFromVolumeStableRescueTest-347773062-project-member] RESP STATUS: 201 Created {{(pid=99702) http_log /opt/stack/data/venv/lib/python3.12/site-packages/swiftclient/client.py:161}}
Jul 18 22:51:01.511838 np0000005399 devstack@g-api.service[99702]: DEBUG swiftclient [None req-9e037497-c3a8-4878-98f7-1ebe7a6fd540 tempest-ServerBootFromVolumeStableRescueTest-347773062 tempest-ServerBootFromVolumeStableRescueTest-347773062-project-member] RESP HEADERS: {'Date': 'Sat, 18 Jul 2026 22:51:01 GMT', 'Server': 'Apache/2.4.58 (Ubuntu)', 'Content-Type': 'text/html; charset=UTF-8', 'Content-Length': '0', 'Etag': '4fa343ee581d8d2e78533191fd1ac3e1', 'Last-Modified': 'Sat, 18 Jul 2026 22:51:02 GMT', 'X-Trans-Id': 'tx05933319b0e84c9a9002c-006a5c0355', 'X-Openstack-Request-Id': 'tx05933319b0e84c9a9002c-006a5c0355', 'Connection': 'close'} {{(pid=99702) http_log /opt/stack/data/venv/lib/python3.12/site-packages/swiftclient/client.py:162}}
Jul 18 22:51:01.511966 np0000005399 devstack@g-api.service[99702]: DEBUG glance_store._drivers.swift.store [None req-9e037497-c3a8-4878-98f7-1ebe7a6fd540 tempest-ServerBootFromVolumeStableRescueTest-347773062 tempest-ServerBootFromVolumeStableRescueTest-347773062-project-member] Wrote chunk c395a97c-43fd-48d4-9f70-16594334f091-00001 (1/?) of length 23527424 to Swift returning MD5 of content: 4fa343ee581d8d2e78533191fd1ac3e1 {{(pid=99702) add /opt/stack/data/venv/lib/python3.12/site-packages/glance_store/_drivers/swift/store.py:1059}}
Jul 18 22:51:01.512290 np0000005399 devstack@g-api.service[99702]: DEBUG glance_store._drivers.swift.store [None req-9e037497-c3a8-4878-98f7-1ebe7a6fd540 tempest-ServerBootFromVolumeStableRescueTest-347773062 tempest-ServerBootFromVolumeStableRescueTest-347773062-project-member] Not writing zero-length chunk. {{(pid=99702) add /opt/stack/data/venv/lib/python3.12/site-packages/glance_store/_drivers/swift/store.py:1028}}
Jul 18 22:51:01.541910 np0000005399 devstack@g-api.service[99702]: DEBUG swiftclient [None req-9e037497-c3a8-4878-98f7-1ebe7a6fd540 tempest-ServerBootFromVolumeStableRescueTest-347773062 tempest-ServerBootFromVolumeStableRescueTest-347773062-project-member] REQ: curl -i https://10.4.3.216:8080/v1/AUTH_d85dc04dc59a4c898a84a0a09d9993c7/glance/c395a97c-43fd-48d4-9f70-16594334f091 -X PUT -H "X-Object-Manifest: glance/c395a97c-43fd-48d4-9f70-16594334f091-" -H "X-Auth-Token: gAAAAABqXANUlbtR..." -H "Content-Length: 0" {{(pid=99702) http_log /opt/stack/data/venv/lib/python3.12/site-packages/swiftclient/client.py:160}}
Jul 18 22:51:01.542202 np0000005399 devstack@g-api.service[99702]: DEBUG swiftclient [None req-9e037497-c3a8-4878-98f7-1ebe7a6fd540 tempest-ServerBootFromVolumeStableRescueTest-347773062 tempest-ServerBootFromVolumeStableRescueTest-347773062-project-member] RESP STATUS: 201 Created {{(pid=99702) http_log /opt/stack/data/venv/lib/python3.12/site-packages/swiftclient/client.py:161}}
Jul 18 22:51:01.542316 np0000005399 devstack@g-api.service[99702]: DEBUG swiftclient [None req-9e037497-c3a8-4878-98f7-1ebe7a6fd540 tempest-ServerBootFromVolumeStableRescueTest-347773062 tempest-ServerBootFromVolumeStableRescueTest-347773062-project-member] RESP HEADERS: {'Date': 'Sat, 18 Jul 2026 22:51:01 GMT', 'Server': 'Apache/2.4.58 (Ubuntu)', 'Content-Type': 'text/html; charset=UTF-8', 'Content-Length': '0', 'Etag': 'd41d8cd98f00b204e9800998ecf8427e', 'Last-Modified': 'Sat, 18 Jul 2026 22:51:02 GMT', 'X-Trans-Id': 'tx1da6e461c98543e896460-006a5c0355', 'X-Openstack-Request-Id': 'tx1da6e461c98543e896460-006a5c0355', 'Connection': 'close'} {{(pid=99702) http_log /opt/stack/data/venv/lib/python3.12/site-packages/swiftclient/client.py:162}}
Jul 18 22:51:01.542892 np0000005399 devstack@g-api.service[99702]: INFO glance.location [None req-9e037497-c3a8-4878-98f7-1ebe7a6fd540 tempest-ServerBootFromVolumeStableRescueTest-347773062 tempest-ServerBootFromVolumeStableRescueTest-347773062-project-member] Image format matched and virtual size computed: 1073741824
Jul 18 22:51:01.589906 np0000005399 devstack@g-api.service[99702]: DEBUG glance_store.backend [None req-9e037497-c3a8-4878-98f7-1ebe7a6fd540 tempest-ServerBootFromVolumeStableRescueTest-347773062 tempest-ServerBootFromVolumeStableRescueTest-347773062-project-member] Attempting to import store swift {{(pid=99702) _load_store /opt/stack/data/venv/lib/python3.12/site-packages/glance_store/backend.py:215}}
Jul 18 22:51:01.591762 np0000005399 devstack@g-api.service[99702]: DEBUG glance_store.capabilities [None req-9e037497-c3a8-4878-98f7-1ebe7a6fd540 tempest-ServerBootFromVolumeStableRescueTest-347773062 tempest-ServerBootFromVolumeStableRescueTest-347773062-project-member] Store glance_store._drivers.swift.store.SingleTenantStore doesn't support updating dynamic storage capabilities. Please overwrite 'update_capabilities' method of the store to implement updating logics if needed. {{(pid=99702) update_capabilities /opt/stack/data/venv/lib/python3.12/site-packages/glance_store/capabilities.py:91}}
Jul 18 22:51:01.591965 np0000005399 devstack@g-api.service[99702]: DEBUG glance_store.driver [None req-9e037497-c3a8-4878-98f7-1ebe7a6fd540 tempest-ServerBootFromVolumeStableRescueTest-347773062 tempest-ServerBootFromVolumeStableRescueTest-347773062-project-member] Late loading location class glance_store._drivers.swift.store.StoreLocation {{(pid=99702) get_store_location_class /opt/stack/data/venv/lib/python3.12/site-packages/glance_store/driver.py:134}}
Jul 18 22:51:01.592014 np0000005399 devstack@g-api.service[99702]: DEBUG glance_store.location [None req-9e037497-c3a8-4878-98f7-1ebe7a6fd540 tempest-ServerBootFromVolumeStableRescueTest-347773062 tempest-ServerBootFromVolumeStableRescueTest-347773062-project-member] Registering scheme swift+https with {'store': , 'location_class': , 'store_entry': 'swift'} {{(pid=99702) register_scheme_map /opt/stack/data/venv/lib/python3.12/site-packages/glance_store/location.py:146}}
Jul 18 22:51:01.592145 np0000005399 devstack@g-api.service[99702]: DEBUG glance_store.location [None req-9e037497-c3a8-4878-98f7-1ebe7a6fd540 tempest-ServerBootFromVolumeStableRescueTest-347773062 tempest-ServerBootFromVolumeStableRescueTest-347773062-project-member] Registering scheme swift+https with {'store': , 'location_class': , 'store_entry': 'swift'} {{(pid=99702) register_scheme_map /opt/stack/data/venv/lib/python3.12/site-packages/glance_store/location.py:146}}
Jul 18 22:51:01.592261 np0000005399 devstack@g-api.service[99702]: DEBUG glance_store.location [None req-9e037497-c3a8-4878-98f7-1ebe7a6fd540 tempest-ServerBootFromVolumeStableRescueTest-347773062 tempest-ServerBootFromVolumeStableRescueTest-347773062-project-member] Registering scheme swift with {'store': , 'location_class': , 'store_entry': 'swift'} {{(pid=99702) register_scheme_map /opt/stack/data/venv/lib/python3.12/site-packages/glance_store/location.py:146}}
Jul 18 22:51:01.592373 np0000005399 devstack@g-api.service[99702]: DEBUG glance_store.location [None req-9e037497-c3a8-4878-98f7-1ebe7a6fd540 tempest-ServerBootFromVolumeStableRescueTest-347773062 tempest-ServerBootFromVolumeStableRescueTest-347773062-project-member] Registering scheme swift+https with {'store': , 'location_class': , 'store_entry': 'swift'} {{(pid=99702) register_scheme_map /opt/stack/data/venv/lib/python3.12/site-packages/glance_store/location.py:146}}
Jul 18 22:51:01.592468 np0000005399 devstack@g-api.service[99702]: DEBUG glance_store.location [None req-9e037497-c3a8-4878-98f7-1ebe7a6fd540 tempest-ServerBootFromVolumeStableRescueTest-347773062 tempest-ServerBootFromVolumeStableRescueTest-347773062-project-member] Registering scheme swift with {'store': , 'location_class': , 'store_entry': 'swift'} {{(pid=99702) register_scheme_map /opt/stack/data/venv/lib/python3.12/site-packages/glance_store/location.py:146}}
Jul 18 22:51:01.592598 np0000005399 devstack@g-api.service[99702]: DEBUG glance_store.location [None req-9e037497-c3a8-4878-98f7-1ebe7a6fd540 tempest-ServerBootFromVolumeStableRescueTest-347773062 tempest-ServerBootFromVolumeStableRescueTest-347773062-project-member] Registering scheme swift+http with {'store': , 'location_class': , 'store_entry': 'swift'} {{(pid=99702) register_scheme_map /opt/stack/data/venv/lib/python3.12/site-packages/glance_store/location.py:146}}
Jul 18 22:51:01.592685 np0000005399 devstack@g-api.service[99702]: DEBUG glance_store.location [None req-9e037497-c3a8-4878-98f7-1ebe7a6fd540 tempest-ServerBootFromVolumeStableRescueTest-347773062 tempest-ServerBootFromVolumeStableRescueTest-347773062-project-member] Registering scheme swift+https with {'store': , 'location_class': , 'store_entry': 'swift'} {{(pid=99702) register_scheme_map /opt/stack/data/venv/lib/python3.12/site-packages/glance_store/location.py:146}}
Jul 18 22:51:01.592844 np0000005399 devstack@g-api.service[99702]: DEBUG glance_store.location [None req-9e037497-c3a8-4878-98f7-1ebe7a6fd540 tempest-ServerBootFromVolumeStableRescueTest-347773062 tempest-ServerBootFromVolumeStableRescueTest-347773062-project-member] Registering scheme swift with {'store': , 'location_class': , 'store_entry': 'swift'} {{(pid=99702) register_scheme_map /opt/stack/data/venv/lib/python3.12/site-packages/glance_store/location.py:146}}
Jul 18 22:51:01.592916 np0000005399 devstack@g-api.service[99702]: DEBUG glance_store.location [None req-9e037497-c3a8-4878-98f7-1ebe7a6fd540 tempest-ServerBootFromVolumeStableRescueTest-347773062 tempest-ServerBootFromVolumeStableRescueTest-347773062-project-member] Registering scheme swift+http with {'store': , 'location_class': , 'store_entry': 'swift'} {{(pid=99702) register_scheme_map /opt/stack/data/venv/lib/python3.12/site-packages/glance_store/location.py:146}}
Jul 18 22:51:01.593020 np0000005399 devstack@g-api.service[99702]: DEBUG glance_store.location [None req-9e037497-c3a8-4878-98f7-1ebe7a6fd540 tempest-ServerBootFromVolumeStableRescueTest-347773062 tempest-ServerBootFromVolumeStableRescueTest-347773062-project-member] Registering scheme swift+config with {'store': , 'location_class': , 'store_entry': 'swift'} {{(pid=99702) register_scheme_map /opt/stack/data/venv/lib/python3.12/site-packages/glance_store/location.py:146}}
Jul 18 22:51:01.593235 np0000005399 devstack@g-api.service[99702]: DEBUG glance_store.backend [None req-9e037497-c3a8-4878-98f7-1ebe7a6fd540 tempest-ServerBootFromVolumeStableRescueTest-347773062 tempest-ServerBootFromVolumeStableRescueTest-347773062-project-member] Skipping store.set_acls... not implemented. {{(pid=99702) set_acls /opt/stack/data/venv/lib/python3.12/site-packages/glance_store/backend.py:507}}
Jul 18 22:51:01.595324 np0000005399 devstack@g-api.service[99702]: [pid: 99702|app: 0|req: 48/177] 127.0.0.1 () {46 vars in 1158 bytes} [Sat Jul 18 22:50:59 2026] PUT /v2/images/c395a97c-43fd-48d4-9f70-16594334f091/file => generated 0 bytes in 2588 msecs (HTTP/1.1 204) 4 headers in 171 bytes (1 switches on core 0)
Jul 18 22:51:01.632704 np0000005399 devstack@g-api.service[99701]: DEBUG glance.api.middleware.version_negotiation [None req-ce1acbf4-98cb-4a37-b50e-73faa7f0e019 tempest-ServerBootFromVolumeStableRescueTest-347773062 tempest-ServerBootFromVolumeStableRescueTest-347773062-project-member] Determining version of request: GET /v2/images/c395a97c-43fd-48d4-9f70-16594334f091 Accept: */* {{(pid=99701) process_request /opt/stack/glance/glance/api/middleware/version_negotiation.py:44}}
Jul 18 22:51:01.633276 np0000005399 devstack@g-api.service[99701]: DEBUG glance.api.middleware.version_negotiation [None req-ce1acbf4-98cb-4a37-b50e-73faa7f0e019 tempest-ServerBootFromVolumeStableRescueTest-347773062 tempest-ServerBootFromVolumeStableRescueTest-347773062-project-member] Using url versioning {{(pid=99701) process_request /opt/stack/glance/glance/api/middleware/version_negotiation.py:57}}
Jul 18 22:51:01.633276 np0000005399 devstack@g-api.service[99701]: DEBUG glance.api.middleware.version_negotiation [None req-ce1acbf4-98cb-4a37-b50e-73faa7f0e019 tempest-ServerBootFromVolumeStableRescueTest-347773062 tempest-ServerBootFromVolumeStableRescueTest-347773062-project-member] Matched version: v2 {{(pid=99701) process_request /opt/stack/glance/glance/api/middleware/version_negotiation.py:69}}
Jul 18 22:51:01.633465 np0000005399 devstack@g-api.service[99701]: DEBUG glance.api.middleware.version_negotiation [None req-ce1acbf4-98cb-4a37-b50e-73faa7f0e019 tempest-ServerBootFromVolumeStableRescueTest-347773062 tempest-ServerBootFromVolumeStableRescueTest-347773062-project-member] new path /v2/images/c395a97c-43fd-48d4-9f70-16594334f091 {{(pid=99701) process_request /opt/stack/glance/glance/api/middleware/version_negotiation.py:70}}
Jul 18 22:51:01.647421 np0000005399 devstack@g-api.service[99701]: [pid: 99701|app: 0|req: 62/178] 127.0.0.1 () {44 vars in 1115 bytes} [Sat Jul 18 22:51:01 2026] GET /v2/images/c395a97c-43fd-48d4-9f70-16594334f091 => generated 1639 bytes in 15 msecs (HTTP/1.1 200) 4 headers in 158 bytes (1 switches on core 0)
Jul 18 22:51:01.677625 np0000005399 devstack@g-api.service[99700]: DEBUG glance.api.middleware.version_negotiation [None req-e3f4d17d-b82b-4d8f-b483-cf451f017d6e tempest-ServerBootFromVolumeStableRescueTest-347773062 tempest-ServerBootFromVolumeStableRescueTest-347773062-project-member] Determining version of request: GET /v2/schemas/image Accept: */* {{(pid=99700) process_request /opt/stack/glance/glance/api/middleware/version_negotiation.py:44}}
Jul 18 22:51:01.677886 np0000005399 devstack@g-api.service[99700]: DEBUG glance.api.middleware.version_negotiation [None req-e3f4d17d-b82b-4d8f-b483-cf451f017d6e tempest-ServerBootFromVolumeStableRescueTest-347773062 tempest-ServerBootFromVolumeStableRescueTest-347773062-project-member] Using url versioning {{(pid=99700) process_request /opt/stack/glance/glance/api/middleware/version_negotiation.py:57}}
Jul 18 22:51:01.678056 np0000005399 devstack@g-api.service[99700]: DEBUG glance.api.middleware.version_negotiation [None req-e3f4d17d-b82b-4d8f-b483-cf451f017d6e tempest-ServerBootFromVolumeStableRescueTest-347773062 tempest-ServerBootFromVolumeStableRescueTest-347773062-project-member] Matched version: v2 {{(pid=99700) process_request /opt/stack/glance/glance/api/middleware/version_negotiation.py:69}}
Jul 18 22:51:01.678220 np0000005399 devstack@g-api.service[99700]: DEBUG glance.api.middleware.version_negotiation [None req-e3f4d17d-b82b-4d8f-b483-cf451f017d6e tempest-ServerBootFromVolumeStableRescueTest-347773062 tempest-ServerBootFromVolumeStableRescueTest-347773062-project-member] new path /v2/schemas/image {{(pid=99700) process_request /opt/stack/glance/glance/api/middleware/version_negotiation.py:70}}
Jul 18 22:51:01.681944 np0000005399 devstack@g-api.service[99700]: [pid: 99700|app: 0|req: 69/179] 127.0.0.1 () {44 vars in 1055 bytes} [Sat Jul 18 22:51:01 2026] GET /v2/schemas/image => generated 6083 bytes in 5 msecs (HTTP/1.1 200) 4 headers in 158 bytes (1 switches on core 0)
Jul 18 22:51:02.451145 np0000005399 devstack@g-api.service[99702]: DEBUG glance.api.middleware.version_negotiation [None req-9e037497-c3a8-4878-98f7-1ebe7a6fd540 tempest-ServerBootFromVolumeStableRescueTest-347773062 tempest-ServerBootFromVolumeStableRescueTest-347773062-project-member] Determining version of request: GET /v2/images/c395a97c-43fd-48d4-9f70-16594334f091 Accept: application/json {{(pid=99702) process_request /opt/stack/glance/glance/api/middleware/version_negotiation.py:44}}
Jul 18 22:51:02.451690 np0000005399 devstack@g-api.service[99702]: DEBUG glance.api.middleware.version_negotiation [None req-9e037497-c3a8-4878-98f7-1ebe7a6fd540 tempest-ServerBootFromVolumeStableRescueTest-347773062 tempest-ServerBootFromVolumeStableRescueTest-347773062-project-member] Using url versioning {{(pid=99702) process_request /opt/stack/glance/glance/api/middleware/version_negotiation.py:57}}
Jul 18 22:51:02.451690 np0000005399 devstack@g-api.service[99702]: DEBUG glance.api.middleware.version_negotiation [None req-9e037497-c3a8-4878-98f7-1ebe7a6fd540 tempest-ServerBootFromVolumeStableRescueTest-347773062 tempest-ServerBootFromVolumeStableRescueTest-347773062-project-member] Matched version: v2 {{(pid=99702) process_request /opt/stack/glance/glance/api/middleware/version_negotiation.py:69}}
Jul 18 22:51:02.451690 np0000005399 devstack@g-api.service[99702]: DEBUG glance.api.middleware.version_negotiation [None req-9e037497-c3a8-4878-98f7-1ebe7a6fd540 tempest-ServerBootFromVolumeStableRescueTest-347773062 tempest-ServerBootFromVolumeStableRescueTest-347773062-project-member] new path /v2/images/c395a97c-43fd-48d4-9f70-16594334f091 {{(pid=99702) process_request /opt/stack/glance/glance/api/middleware/version_negotiation.py:70}}
Jul 18 22:51:02.469195 np0000005399 devstack@g-api.service[99702]: [pid: 99702|app: 0|req: 49/180] 127.0.0.1 () {40 vars in 838 bytes} [Sat Jul 18 22:51:02 2026] GET /v2/images/c395a97c-43fd-48d4-9f70-16594334f091 => generated 1639 bytes in 18 msecs (HTTP/1.1 200) 4 headers in 158 bytes (1 switches on core 0)
Jul 18 22:51:02.481471 np0000005399 devstack@g-api.service[99701]: DEBUG glance.api.middleware.version_negotiation [None req-9e037497-c3a8-4878-98f7-1ebe7a6fd540 tempest-ServerBootFromVolumeStableRescueTest-347773062 tempest-ServerBootFromVolumeStableRescueTest-347773062-project-member] Determining version of request: GET /v2/images/c395a97c-43fd-48d4-9f70-16594334f091 Accept: application/json {{(pid=99701) process_request /opt/stack/glance/glance/api/middleware/version_negotiation.py:44}}
Jul 18 22:51:02.481990 np0000005399 devstack@g-api.service[99701]: DEBUG glance.api.middleware.version_negotiation [None req-9e037497-c3a8-4878-98f7-1ebe7a6fd540 tempest-ServerBootFromVolumeStableRescueTest-347773062 tempest-ServerBootFromVolumeStableRescueTest-347773062-project-member] Using url versioning {{(pid=99701) process_request /opt/stack/glance/glance/api/middleware/version_negotiation.py:57}}
Jul 18 22:51:02.482192 np0000005399 devstack@g-api.service[99701]: DEBUG glance.api.middleware.version_negotiation [None req-9e037497-c3a8-4878-98f7-1ebe7a6fd540 tempest-ServerBootFromVolumeStableRescueTest-347773062 tempest-ServerBootFromVolumeStableRescueTest-347773062-project-member] Matched version: v2 {{(pid=99701) process_request /opt/stack/glance/glance/api/middleware/version_negotiation.py:69}}
Jul 18 22:51:02.482375 np0000005399 devstack@g-api.service[99701]: DEBUG glance.api.middleware.version_negotiation [None req-9e037497-c3a8-4878-98f7-1ebe7a6fd540 tempest-ServerBootFromVolumeStableRescueTest-347773062 tempest-ServerBootFromVolumeStableRescueTest-347773062-project-member] new path /v2/images/c395a97c-43fd-48d4-9f70-16594334f091 {{(pid=99701) process_request /opt/stack/glance/glance/api/middleware/version_negotiation.py:70}}
Jul 18 22:51:02.505828 np0000005399 devstack@g-api.service[99701]: [pid: 99701|app: 0|req: 63/181] 127.0.0.1 () {40 vars in 838 bytes} [Sat Jul 18 22:51:02 2026] GET /v2/images/c395a97c-43fd-48d4-9f70-16594334f091 => generated 1639 bytes in 24 msecs (HTTP/1.1 200) 4 headers in 158 bytes (1 switches on core 0)
Jul 18 22:51:04.972753 np0000005399 devstack@g-api.service[99700]: DEBUG glance.api.middleware.version_negotiation [None req-9e037497-c3a8-4878-98f7-1ebe7a6fd540 tempest-ServerBootFromVolumeStableRescueTest-347773062 tempest-ServerBootFromVolumeStableRescueTest-347773062-project-member] Determining version of request: GET /v2/images/da120fe1-473a-4b5a-a004-31b481933bd0 Accept: */* {{(pid=99700) process_request /opt/stack/glance/glance/api/middleware/version_negotiation.py:44}}
Jul 18 22:51:04.973671 np0000005399 devstack@g-api.service[99700]: DEBUG glance.api.middleware.version_negotiation [None req-9e037497-c3a8-4878-98f7-1ebe7a6fd540 tempest-ServerBootFromVolumeStableRescueTest-347773062 tempest-ServerBootFromVolumeStableRescueTest-347773062-project-member] Using url versioning {{(pid=99700) process_request /opt/stack/glance/glance/api/middleware/version_negotiation.py:57}}
Jul 18 22:51:04.973671 np0000005399 devstack@g-api.service[99700]: DEBUG glance.api.middleware.version_negotiation [None req-9e037497-c3a8-4878-98f7-1ebe7a6fd540 tempest-ServerBootFromVolumeStableRescueTest-347773062 tempest-ServerBootFromVolumeStableRescueTest-347773062-project-member] Matched version: v2 {{(pid=99700) process_request /opt/stack/glance/glance/api/middleware/version_negotiation.py:69}}
Jul 18 22:51:04.973671 np0000005399 devstack@g-api.service[99700]: DEBUG glance.api.middleware.version_negotiation [None req-9e037497-c3a8-4878-98f7-1ebe7a6fd540 tempest-ServerBootFromVolumeStableRescueTest-347773062 tempest-ServerBootFromVolumeStableRescueTest-347773062-project-member] new path /v2/images/da120fe1-473a-4b5a-a004-31b481933bd0 {{(pid=99700) process_request /opt/stack/glance/glance/api/middleware/version_negotiation.py:70}}
Jul 18 22:51:04.994644 np0000005399 devstack@g-api.service[99700]: [pid: 99700|app: 0|req: 70/182] 127.0.0.1 () {44 vars in 1115 bytes} [Sat Jul 18 22:51:04 2026] GET /v2/images/da120fe1-473a-4b5a-a004-31b481933bd0 => generated 1044 bytes in 22 msecs (HTTP/1.1 200) 4 headers in 158 bytes (1 switches on core 0)
Jul 18 22:51:05.043071 np0000005399 devstack@g-api.service[99702]: DEBUG glance.api.middleware.version_negotiation [None req-c1c4ee6a-78b3-4701-a277-cea0b5053e97 tempest-ServerBootFromVolumeStableRescueTest-347773062 tempest-ServerBootFromVolumeStableRescueTest-347773062-project-member] Determining version of request: GET /v2/schemas/image Accept: */* {{(pid=99702) process_request /opt/stack/glance/glance/api/middleware/version_negotiation.py:44}}
Jul 18 22:51:05.044422 np0000005399 devstack@g-api.service[99702]: DEBUG glance.api.middleware.version_negotiation [None req-c1c4ee6a-78b3-4701-a277-cea0b5053e97 tempest-ServerBootFromVolumeStableRescueTest-347773062 tempest-ServerBootFromVolumeStableRescueTest-347773062-project-member] Using url versioning {{(pid=99702) process_request /opt/stack/glance/glance/api/middleware/version_negotiation.py:57}}
Jul 18 22:51:05.044422 np0000005399 devstack@g-api.service[99702]: DEBUG glance.api.middleware.version_negotiation [None req-c1c4ee6a-78b3-4701-a277-cea0b5053e97 tempest-ServerBootFromVolumeStableRescueTest-347773062 tempest-ServerBootFromVolumeStableRescueTest-347773062-project-member] Matched version: v2 {{(pid=99702) process_request /opt/stack/glance/glance/api/middleware/version_negotiation.py:69}}
Jul 18 22:51:05.044422 np0000005399 devstack@g-api.service[99702]: DEBUG glance.api.middleware.version_negotiation [None req-c1c4ee6a-78b3-4701-a277-cea0b5053e97 tempest-ServerBootFromVolumeStableRescueTest-347773062 tempest-ServerBootFromVolumeStableRescueTest-347773062-project-member] new path /v2/schemas/image {{(pid=99702) process_request /opt/stack/glance/glance/api/middleware/version_negotiation.py:70}}
Jul 18 22:51:05.052238 np0000005399 devstack@g-api.service[99702]: [pid: 99702|app: 0|req: 50/183] 127.0.0.1 () {44 vars in 1055 bytes} [Sat Jul 18 22:51:05 2026] GET /v2/schemas/image => generated 6083 bytes in 9 msecs (HTTP/1.1 200) 4 headers in 158 bytes (1 switches on core 0)
Jul 18 22:51:08.074581 np0000005399 devstack@g-api.service[99701]: DEBUG glance.api.middleware.version_negotiation [None req-ecb21096-d8bf-41fb-b398-71f3eccabb87 tempest-ServerBootFromVolumeStableRescueTest-347773062 tempest-ServerBootFromVolumeStableRescueTest-347773062-project-member] Determining version of request: GET /v2/images/da120fe1-473a-4b5a-a004-31b481933bd0 Accept: */* {{(pid=99701) process_request /opt/stack/glance/glance/api/middleware/version_negotiation.py:44}}
Jul 18 22:51:08.075058 np0000005399 devstack@g-api.service[99701]: DEBUG glance.api.middleware.version_negotiation [None req-ecb21096-d8bf-41fb-b398-71f3eccabb87 tempest-ServerBootFromVolumeStableRescueTest-347773062 tempest-ServerBootFromVolumeStableRescueTest-347773062-project-member] Using url versioning {{(pid=99701) process_request /opt/stack/glance/glance/api/middleware/version_negotiation.py:57}}
Jul 18 22:51:08.075058 np0000005399 devstack@g-api.service[99701]: DEBUG glance.api.middleware.version_negotiation [None req-ecb21096-d8bf-41fb-b398-71f3eccabb87 tempest-ServerBootFromVolumeStableRescueTest-347773062 tempest-ServerBootFromVolumeStableRescueTest-347773062-project-member] Matched version: v2 {{(pid=99701) process_request /opt/stack/glance/glance/api/middleware/version_negotiation.py:69}}
Jul 18 22:51:08.075058 np0000005399 devstack@g-api.service[99701]: DEBUG glance.api.middleware.version_negotiation [None req-ecb21096-d8bf-41fb-b398-71f3eccabb87 tempest-ServerBootFromVolumeStableRescueTest-347773062 tempest-ServerBootFromVolumeStableRescueTest-347773062-project-member] new path /v2/images/da120fe1-473a-4b5a-a004-31b481933bd0 {{(pid=99701) process_request /opt/stack/glance/glance/api/middleware/version_negotiation.py:70}}
Jul 18 22:51:08.098613 np0000005399 devstack@g-api.service[99701]: [pid: 99701|app: 0|req: 64/184] 127.0.0.1 () {44 vars in 1115 bytes} [Sat Jul 18 22:51:08 2026] GET /v2/images/da120fe1-473a-4b5a-a004-31b481933bd0 => generated 1044 bytes in 24 msecs (HTTP/1.1 200) 4 headers in 158 bytes (1 switches on core 0)
Jul 18 22:51:08.110071 np0000005399 devstack@g-api.service[99700]: DEBUG glance.api.middleware.version_negotiation [None req-17378479-8aee-42ae-98da-04a715c7ad7d tempest-ServerBootFromVolumeStableRescueTest-347773062 tempest-ServerBootFromVolumeStableRescueTest-347773062-project-member] Determining version of request: GET /v2/schemas/image Accept: */* {{(pid=99700) process_request /opt/stack/glance/glance/api/middleware/version_negotiation.py:44}}
Jul 18 22:51:08.110641 np0000005399 devstack@g-api.service[99700]: DEBUG glance.api.middleware.version_negotiation [None req-17378479-8aee-42ae-98da-04a715c7ad7d tempest-ServerBootFromVolumeStableRescueTest-347773062 tempest-ServerBootFromVolumeStableRescueTest-347773062-project-member] Using url versioning {{(pid=99700) process_request /opt/stack/glance/glance/api/middleware/version_negotiation.py:57}}
Jul 18 22:51:08.110641 np0000005399 devstack@g-api.service[99700]: DEBUG glance.api.middleware.version_negotiation [None req-17378479-8aee-42ae-98da-04a715c7ad7d tempest-ServerBootFromVolumeStableRescueTest-347773062 tempest-ServerBootFromVolumeStableRescueTest-347773062-project-member] Matched version: v2 {{(pid=99700) process_request /opt/stack/glance/glance/api/middleware/version_negotiation.py:69}}
Jul 18 22:51:08.110641 np0000005399 devstack@g-api.service[99700]: DEBUG glance.api.middleware.version_negotiation [None req-17378479-8aee-42ae-98da-04a715c7ad7d tempest-ServerBootFromVolumeStableRescueTest-347773062 tempest-ServerBootFromVolumeStableRescueTest-347773062-project-member] new path /v2/schemas/image {{(pid=99700) process_request /opt/stack/glance/glance/api/middleware/version_negotiation.py:70}}
Jul 18 22:51:08.115498 np0000005399 devstack@g-api.service[99700]: [pid: 99700|app: 0|req: 71/185] 127.0.0.1 () {44 vars in 1055 bytes} [Sat Jul 18 22:51:08 2026] GET /v2/schemas/image => generated 6083 bytes in 6 msecs (HTTP/1.1 200) 4 headers in 158 bytes (1 switches on core 0)
Jul 18 22:51:08.129417 np0000005399 devstack@g-api.service[99702]: DEBUG glance.api.middleware.version_negotiation [None req-17378479-8aee-42ae-98da-04a715c7ad7d tempest-ServerBootFromVolumeStableRescueTest-347773062 tempest-ServerBootFromVolumeStableRescueTest-347773062-project-member] Determining version of request: GET /v2/schemas/image Accept: */* {{(pid=99702) process_request /opt/stack/glance/glance/api/middleware/version_negotiation.py:44}}
Jul 18 22:51:08.129905 np0000005399 devstack@g-api.service[99702]: DEBUG glance.api.middleware.version_negotiation [None req-17378479-8aee-42ae-98da-04a715c7ad7d tempest-ServerBootFromVolumeStableRescueTest-347773062 tempest-ServerBootFromVolumeStableRescueTest-347773062-project-member] Using url versioning {{(pid=99702) process_request /opt/stack/glance/glance/api/middleware/version_negotiation.py:57}}
Jul 18 22:51:08.129905 np0000005399 devstack@g-api.service[99702]: DEBUG glance.api.middleware.version_negotiation [None req-17378479-8aee-42ae-98da-04a715c7ad7d tempest-ServerBootFromVolumeStableRescueTest-347773062 tempest-ServerBootFromVolumeStableRescueTest-347773062-project-member] Matched version: v2 {{(pid=99702) process_request /opt/stack/glance/glance/api/middleware/version_negotiation.py:69}}
Jul 18 22:51:08.130009 np0000005399 devstack@g-api.service[99702]: DEBUG glance.api.middleware.version_negotiation [None req-17378479-8aee-42ae-98da-04a715c7ad7d tempest-ServerBootFromVolumeStableRescueTest-347773062 tempest-ServerBootFromVolumeStableRescueTest-347773062-project-member] new path /v2/schemas/image {{(pid=99702) process_request /opt/stack/glance/glance/api/middleware/version_negotiation.py:70}}
Jul 18 22:51:08.137622 np0000005399 devstack@g-api.service[99702]: [pid: 99702|app: 0|req: 51/186] 127.0.0.1 () {44 vars in 1055 bytes} [Sat Jul 18 22:51:08 2026] GET /v2/schemas/image => generated 6083 bytes in 8 msecs (HTTP/1.1 200) 4 headers in 158 bytes (1 switches on core 0)
Jul 18 22:51:08.156214 np0000005399 devstack@g-api.service[99701]: DEBUG glance.api.middleware.version_negotiation [None req-17378479-8aee-42ae-98da-04a715c7ad7d tempest-ServerBootFromVolumeStableRescueTest-347773062 tempest-ServerBootFromVolumeStableRescueTest-347773062-project-member] Determining version of request: GET /v2/images/da120fe1-473a-4b5a-a004-31b481933bd0 Accept: */* {{(pid=99701) process_request /opt/stack/glance/glance/api/middleware/version_negotiation.py:44}}
Jul 18 22:51:08.156403 np0000005399 devstack@g-api.service[99701]: DEBUG glance.api.middleware.version_negotiation [None req-17378479-8aee-42ae-98da-04a715c7ad7d tempest-ServerBootFromVolumeStableRescueTest-347773062 tempest-ServerBootFromVolumeStableRescueTest-347773062-project-member] Using url versioning {{(pid=99701) process_request /opt/stack/glance/glance/api/middleware/version_negotiation.py:57}}
Jul 18 22:51:08.156479 np0000005399 devstack@g-api.service[99701]: DEBUG glance.api.middleware.version_negotiation [None req-17378479-8aee-42ae-98da-04a715c7ad7d tempest-ServerBootFromVolumeStableRescueTest-347773062 tempest-ServerBootFromVolumeStableRescueTest-347773062-project-member] Matched version: v2 {{(pid=99701) process_request /opt/stack/glance/glance/api/middleware/version_negotiation.py:69}}
Jul 18 22:51:08.156539 np0000005399 devstack@g-api.service[99701]: DEBUG glance.api.middleware.version_negotiation [None req-17378479-8aee-42ae-98da-04a715c7ad7d tempest-ServerBootFromVolumeStableRescueTest-347773062 tempest-ServerBootFromVolumeStableRescueTest-347773062-project-member] new path /v2/images/da120fe1-473a-4b5a-a004-31b481933bd0 {{(pid=99701) process_request /opt/stack/glance/glance/api/middleware/version_negotiation.py:70}}
Jul 18 22:51:08.179327 np0000005399 devstack@g-api.service[99701]: [pid: 99701|app: 0|req: 65/187] 127.0.0.1 () {44 vars in 1115 bytes} [Sat Jul 18 22:51:08 2026] GET /v2/images/da120fe1-473a-4b5a-a004-31b481933bd0 => generated 1044 bytes in 23 msecs (HTTP/1.1 200) 4 headers in 158 bytes (1 switches on core 0)
Jul 18 22:51:08.194167 np0000005399 devstack@g-api.service[99700]: DEBUG glance.api.middleware.version_negotiation [None req-17378479-8aee-42ae-98da-04a715c7ad7d tempest-ServerBootFromVolumeStableRescueTest-347773062 tempest-ServerBootFromVolumeStableRescueTest-347773062-project-member] Determining version of request: GET /v2/schemas/image Accept: */* {{(pid=99700) process_request /opt/stack/glance/glance/api/middleware/version_negotiation.py:44}}
Jul 18 22:51:08.194543 np0000005399 devstack@g-api.service[99700]: DEBUG glance.api.middleware.version_negotiation [None req-17378479-8aee-42ae-98da-04a715c7ad7d tempest-ServerBootFromVolumeStableRescueTest-347773062 tempest-ServerBootFromVolumeStableRescueTest-347773062-project-member] Using url versioning {{(pid=99700) process_request /opt/stack/glance/glance/api/middleware/version_negotiation.py:57}}
Jul 18 22:51:08.194719 np0000005399 devstack@g-api.service[99700]: DEBUG glance.api.middleware.version_negotiation [None req-17378479-8aee-42ae-98da-04a715c7ad7d tempest-ServerBootFromVolumeStableRescueTest-347773062 tempest-ServerBootFromVolumeStableRescueTest-347773062-project-member] Matched version: v2 {{(pid=99700) process_request /opt/stack/glance/glance/api/middleware/version_negotiation.py:69}}
Jul 18 22:51:08.194907 np0000005399 devstack@g-api.service[99700]: DEBUG glance.api.middleware.version_negotiation [None req-17378479-8aee-42ae-98da-04a715c7ad7d tempest-ServerBootFromVolumeStableRescueTest-347773062 tempest-ServerBootFromVolumeStableRescueTest-347773062-project-member] new path /v2/schemas/image {{(pid=99700) process_request /opt/stack/glance/glance/api/middleware/version_negotiation.py:70}}
Jul 18 22:51:08.202665 np0000005399 devstack@g-api.service[99700]: [pid: 99700|app: 0|req: 72/188] 127.0.0.1 () {44 vars in 1055 bytes} [Sat Jul 18 22:51:08 2026] GET /v2/schemas/image => generated 6083 bytes in 8 msecs (HTTP/1.1 200) 4 headers in 158 bytes (1 switches on core 0)
Jul 18 22:51:08.218202 np0000005399 devstack@g-api.service[99702]: DEBUG glance.api.middleware.version_negotiation [None req-17378479-8aee-42ae-98da-04a715c7ad7d tempest-ServerBootFromVolumeStableRescueTest-347773062 tempest-ServerBootFromVolumeStableRescueTest-347773062-project-member] Determining version of request: GET /v2/schemas/image Accept: */* {{(pid=99702) process_request /opt/stack/glance/glance/api/middleware/version_negotiation.py:44}}
Jul 18 22:51:08.218376 np0000005399 devstack@g-api.service[99702]: DEBUG glance.api.middleware.version_negotiation [None req-17378479-8aee-42ae-98da-04a715c7ad7d tempest-ServerBootFromVolumeStableRescueTest-347773062 tempest-ServerBootFromVolumeStableRescueTest-347773062-project-member] Using url versioning {{(pid=99702) process_request /opt/stack/glance/glance/api/middleware/version_negotiation.py:57}}
Jul 18 22:51:08.218562 np0000005399 devstack@g-api.service[99702]: DEBUG glance.api.middleware.version_negotiation [None req-17378479-8aee-42ae-98da-04a715c7ad7d tempest-ServerBootFromVolumeStableRescueTest-347773062 tempest-ServerBootFromVolumeStableRescueTest-347773062-project-member] Matched version: v2 {{(pid=99702) process_request /opt/stack/glance/glance/api/middleware/version_negotiation.py:69}}
Jul 18 22:51:08.218703 np0000005399 devstack@g-api.service[99702]: DEBUG glance.api.middleware.version_negotiation [None req-17378479-8aee-42ae-98da-04a715c7ad7d tempest-ServerBootFromVolumeStableRescueTest-347773062 tempest-ServerBootFromVolumeStableRescueTest-347773062-project-member] new path /v2/schemas/image {{(pid=99702) process_request /opt/stack/glance/glance/api/middleware/version_negotiation.py:70}}
Jul 18 22:51:08.221665 np0000005399 devstack@g-api.service[99702]: [pid: 99702|app: 0|req: 52/189] 127.0.0.1 () {44 vars in 1055 bytes} [Sat Jul 18 22:51:08 2026] GET /v2/schemas/image => generated 6083 bytes in 3 msecs (HTTP/1.1 200) 4 headers in 158 bytes (1 switches on core 0)
Jul 18 22:51:08.267839 np0000005399 devstack@g-api.service[99701]: DEBUG glance.api.middleware.version_negotiation [None req-17378479-8aee-42ae-98da-04a715c7ad7d tempest-ServerBootFromVolumeStableRescueTest-347773062 tempest-ServerBootFromVolumeStableRescueTest-347773062-project-member] Determining version of request: GET /v2/images/da120fe1-473a-4b5a-a004-31b481933bd0 Accept: */* {{(pid=99701) process_request /opt/stack/glance/glance/api/middleware/version_negotiation.py:44}}
Jul 18 22:51:08.269372 np0000005399 devstack@g-api.service[99701]: DEBUG glance.api.middleware.version_negotiation [None req-17378479-8aee-42ae-98da-04a715c7ad7d tempest-ServerBootFromVolumeStableRescueTest-347773062 tempest-ServerBootFromVolumeStableRescueTest-347773062-project-member] Using url versioning {{(pid=99701) process_request /opt/stack/glance/glance/api/middleware/version_negotiation.py:57}}
Jul 18 22:51:08.269372 np0000005399 devstack@g-api.service[99701]: DEBUG glance.api.middleware.version_negotiation [None req-17378479-8aee-42ae-98da-04a715c7ad7d tempest-ServerBootFromVolumeStableRescueTest-347773062 tempest-ServerBootFromVolumeStableRescueTest-347773062-project-member] Matched version: v2 {{(pid=99701) process_request /opt/stack/glance/glance/api/middleware/version_negotiation.py:69}}
Jul 18 22:51:08.269372 np0000005399 devstack@g-api.service[99701]: DEBUG glance.api.middleware.version_negotiation [None req-17378479-8aee-42ae-98da-04a715c7ad7d tempest-ServerBootFromVolumeStableRescueTest-347773062 tempest-ServerBootFromVolumeStableRescueTest-347773062-project-member] new path /v2/images/da120fe1-473a-4b5a-a004-31b481933bd0 {{(pid=99701) process_request /opt/stack/glance/glance/api/middleware/version_negotiation.py:70}}
Jul 18 22:51:08.287734 np0000005399 devstack@g-api.service[99701]: [pid: 99701|app: 0|req: 66/190] 127.0.0.1 () {44 vars in 1115 bytes} [Sat Jul 18 22:51:08 2026] GET /v2/images/da120fe1-473a-4b5a-a004-31b481933bd0 => generated 1044 bytes in 20 msecs (HTTP/1.1 200) 4 headers in 158 bytes (1 switches on core 0)
Jul 18 22:51:08.301392 np0000005399 devstack@g-api.service[99700]: DEBUG glance.api.middleware.version_negotiation [None req-17378479-8aee-42ae-98da-04a715c7ad7d tempest-ServerBootFromVolumeStableRescueTest-347773062 tempest-ServerBootFromVolumeStableRescueTest-347773062-project-member] Determining version of request: GET /v2/schemas/image Accept: */* {{(pid=99700) process_request /opt/stack/glance/glance/api/middleware/version_negotiation.py:44}}
Jul 18 22:51:08.301596 np0000005399 devstack@g-api.service[99700]: DEBUG glance.api.middleware.version_negotiation [None req-17378479-8aee-42ae-98da-04a715c7ad7d tempest-ServerBootFromVolumeStableRescueTest-347773062 tempest-ServerBootFromVolumeStableRescueTest-347773062-project-member] Using url versioning {{(pid=99700) process_request /opt/stack/glance/glance/api/middleware/version_negotiation.py:57}}
Jul 18 22:51:08.301758 np0000005399 devstack@g-api.service[99700]: DEBUG glance.api.middleware.version_negotiation [None req-17378479-8aee-42ae-98da-04a715c7ad7d tempest-ServerBootFromVolumeStableRescueTest-347773062 tempest-ServerBootFromVolumeStableRescueTest-347773062-project-member] Matched version: v2 {{(pid=99700) process_request /opt/stack/glance/glance/api/middleware/version_negotiation.py:69}}
Jul 18 22:51:08.302313 np0000005399 devstack@g-api.service[99700]: DEBUG glance.api.middleware.version_negotiation [None req-17378479-8aee-42ae-98da-04a715c7ad7d tempest-ServerBootFromVolumeStableRescueTest-347773062 tempest-ServerBootFromVolumeStableRescueTest-347773062-project-member] new path /v2/schemas/image {{(pid=99700) process_request /opt/stack/glance/glance/api/middleware/version_negotiation.py:70}}
Jul 18 22:51:08.306705 np0000005399 devstack@g-api.service[99700]: [pid: 99700|app: 0|req: 73/191] 127.0.0.1 () {44 vars in 1055 bytes} [Sat Jul 18 22:51:08 2026] GET /v2/schemas/image => generated 6083 bytes in 6 msecs (HTTP/1.1 200) 4 headers in 158 bytes (1 switches on core 0)
Jul 18 22:51:09.065636 np0000005399 devstack@g-api.service[99702]: DEBUG glance.api.middleware.version_negotiation [None req-17378479-8aee-42ae-98da-04a715c7ad7d tempest-ServerBootFromVolumeStableRescueTest-347773062 tempest-ServerBootFromVolumeStableRescueTest-347773062-project-member] Determining version of request: GET /versions Accept: */* {{(pid=99702) process_request /opt/stack/glance/glance/api/middleware/version_negotiation.py:44}}
Jul 18 22:51:09.067171 np0000005399 devstack@g-api.service[99702]: [pid: 99702|app: 0|req: 53/192] 127.0.0.1 () {44 vars in 1039 bytes} [Sat Jul 18 22:51:09 2026] GET /versions => generated 1515 bytes in 2 msecs (HTTP/1.1 200) 3 headers in 92 bytes (1 switches on core 0)
Jul 18 22:51:09.086867 np0000005399 devstack@g-api.service[99701]: DEBUG glance.api.middleware.version_negotiation [None req-17378479-8aee-42ae-98da-04a715c7ad7d tempest-ServerBootFromVolumeStableRescueTest-347773062 tempest-ServerBootFromVolumeStableRescueTest-347773062-project-member] Determining version of request: GET /v2/images/da120fe1-473a-4b5a-a004-31b481933bd0/locations Accept: */* {{(pid=99701) process_request /opt/stack/glance/glance/api/middleware/version_negotiation.py:44}}
Jul 18 22:51:09.086867 np0000005399 devstack@g-api.service[99701]: DEBUG glance.api.middleware.version_negotiation [None req-17378479-8aee-42ae-98da-04a715c7ad7d tempest-ServerBootFromVolumeStableRescueTest-347773062 tempest-ServerBootFromVolumeStableRescueTest-347773062-project-member] Using url versioning {{(pid=99701) process_request /opt/stack/glance/glance/api/middleware/version_negotiation.py:57}}
Jul 18 22:51:09.086867 np0000005399 devstack@g-api.service[99701]: DEBUG glance.api.middleware.version_negotiation [None req-17378479-8aee-42ae-98da-04a715c7ad7d tempest-ServerBootFromVolumeStableRescueTest-347773062 tempest-ServerBootFromVolumeStableRescueTest-347773062-project-member] Matched version: v2 {{(pid=99701) process_request /opt/stack/glance/glance/api/middleware/version_negotiation.py:69}}
Jul 18 22:51:09.087325 np0000005399 devstack@g-api.service[99701]: DEBUG glance.api.middleware.version_negotiation [None req-17378479-8aee-42ae-98da-04a715c7ad7d tempest-ServerBootFromVolumeStableRescueTest-347773062 tempest-ServerBootFromVolumeStableRescueTest-347773062-project-member] new path /v2/images/da120fe1-473a-4b5a-a004-31b481933bd0/locations {{(pid=99701) process_request /opt/stack/glance/glance/api/middleware/version_negotiation.py:70}}
Jul 18 22:51:09.400393 np0000005399 devstack@g-api.service[99701]: [pid: 99701|app: 0|req: 67/193] 127.0.0.1 () {44 vars in 1135 bytes} [Sat Jul 18 22:51:09 2026] GET /v2/images/da120fe1-473a-4b5a-a004-31b481933bd0/locations => generated 92 bytes in 314 msecs (HTTP/1.1 200) 4 headers in 156 bytes (1 switches on core 0)
Jul 18 22:51:09.419920 np0000005399 devstack@g-api.service[99700]: DEBUG glance.api.middleware.version_negotiation [None req-17378479-8aee-42ae-98da-04a715c7ad7d tempest-ServerBootFromVolumeStableRescueTest-347773062 tempest-ServerBootFromVolumeStableRescueTest-347773062-project-member] Determining version of request: GET /v2/images/da120fe1-473a-4b5a-a004-31b481933bd0 Accept: */* {{(pid=99700) process_request /opt/stack/glance/glance/api/middleware/version_negotiation.py:44}}
Jul 18 22:51:09.420516 np0000005399 devstack@g-api.service[99700]: DEBUG glance.api.middleware.version_negotiation [None req-17378479-8aee-42ae-98da-04a715c7ad7d tempest-ServerBootFromVolumeStableRescueTest-347773062 tempest-ServerBootFromVolumeStableRescueTest-347773062-project-member] Using url versioning {{(pid=99700) process_request /opt/stack/glance/glance/api/middleware/version_negotiation.py:57}}
Jul 18 22:51:09.420516 np0000005399 devstack@g-api.service[99700]: DEBUG glance.api.middleware.version_negotiation [None req-17378479-8aee-42ae-98da-04a715c7ad7d tempest-ServerBootFromVolumeStableRescueTest-347773062 tempest-ServerBootFromVolumeStableRescueTest-347773062-project-member] Matched version: v2 {{(pid=99700) process_request /opt/stack/glance/glance/api/middleware/version_negotiation.py:69}}
Jul 18 22:51:09.420625 np0000005399 devstack@g-api.service[99700]: DEBUG glance.api.middleware.version_negotiation [None req-17378479-8aee-42ae-98da-04a715c7ad7d tempest-ServerBootFromVolumeStableRescueTest-347773062 tempest-ServerBootFromVolumeStableRescueTest-347773062-project-member] new path /v2/images/da120fe1-473a-4b5a-a004-31b481933bd0 {{(pid=99700) process_request /opt/stack/glance/glance/api/middleware/version_negotiation.py:70}}
Jul 18 22:51:09.434579 np0000005399 devstack@g-api.service[99700]: [pid: 99700|app: 0|req: 74/194] 127.0.0.1 () {44 vars in 1115 bytes} [Sat Jul 18 22:51:09 2026] GET /v2/images/da120fe1-473a-4b5a-a004-31b481933bd0 => generated 1044 bytes in 15 msecs (HTTP/1.1 200) 4 headers in 158 bytes (1 switches on core 0)
Jul 18 22:51:09.445005 np0000005399 devstack@g-api.service[99702]: DEBUG glance.api.middleware.version_negotiation [None req-17378479-8aee-42ae-98da-04a715c7ad7d tempest-ServerBootFromVolumeStableRescueTest-347773062 tempest-ServerBootFromVolumeStableRescueTest-347773062-project-member] Determining version of request: GET /v2/schemas/image Accept: */* {{(pid=99702) process_request /opt/stack/glance/glance/api/middleware/version_negotiation.py:44}}
Jul 18 22:51:09.447111 np0000005399 devstack@g-api.service[99702]: DEBUG glance.api.middleware.version_negotiation [None req-17378479-8aee-42ae-98da-04a715c7ad7d tempest-ServerBootFromVolumeStableRescueTest-347773062 tempest-ServerBootFromVolumeStableRescueTest-347773062-project-member] Using url versioning {{(pid=99702) process_request /opt/stack/glance/glance/api/middleware/version_negotiation.py:57}}
Jul 18 22:51:09.447111 np0000005399 devstack@g-api.service[99702]: DEBUG glance.api.middleware.version_negotiation [None req-17378479-8aee-42ae-98da-04a715c7ad7d tempest-ServerBootFromVolumeStableRescueTest-347773062 tempest-ServerBootFromVolumeStableRescueTest-347773062-project-member] Matched version: v2 {{(pid=99702) process_request /opt/stack/glance/glance/api/middleware/version_negotiation.py:69}}
Jul 18 22:51:09.447111 np0000005399 devstack@g-api.service[99702]: DEBUG glance.api.middleware.version_negotiation [None req-17378479-8aee-42ae-98da-04a715c7ad7d tempest-ServerBootFromVolumeStableRescueTest-347773062 tempest-ServerBootFromVolumeStableRescueTest-347773062-project-member] new path /v2/schemas/image {{(pid=99702) process_request /opt/stack/glance/glance/api/middleware/version_negotiation.py:70}}
