Jun 26 09:46:42.029560 np0000003728 devstack@c-api.service[96923]: INFO cinder.api.openstack.wsgi [req-ffa507a8-98d3-453d-b3ac-66911fd38a47 req-ef7e1006-f151-4e6f-a9d6-06a29c24a859 tempest-ServerActionsTestOtherA-1251785104 tempest-ServerActionsTestOtherA-1251785104-project-member] GET https://10.4.3.20/volume/v3/volumes/52c5b77b-cc13-44f9-8abe-8c34b589eb2d
Jun 26 09:46:42.029560 np0000003728 devstack@c-api.service[96923]: DEBUG cinder.api.openstack.wsgi [req-ffa507a8-98d3-453d-b3ac-66911fd38a47 req-ef7e1006-f151-4e6f-a9d6-06a29c24a859 tempest-ServerActionsTestOtherA-1251785104 tempest-ServerActionsTestOtherA-1251785104-project-member] Empty body provided in request {{(pid=96923) get_body /opt/stack/cinder/cinder/api/openstack/wsgi.py:725}}
Jun 26 09:46:42.029560 np0000003728 devstack@c-api.service[96923]: DEBUG cinder.api.openstack.wsgi [req-ffa507a8-98d3-453d-b3ac-66911fd38a47 req-ef7e1006-f151-4e6f-a9d6-06a29c24a859 tempest-ServerActionsTestOtherA-1251785104 tempest-ServerActionsTestOtherA-1251785104-project-member] Calling method 'show' {{(pid=96923) _process_stack /opt/stack/cinder/cinder/api/openstack/wsgi.py:878}}
Jun 26 09:46:42.042759 np0000003728 devstack@c-api.service[96923]: /opt/stack/data/venv/lib/python3.12/site-packages/oslo_context/context.py:102: DeprecationWarning: Policy enforcement is depending on the value of is_admin. This key is deprecated. Please update your policy file to use the standard policy values.
Jun 26 09:46:42.042759 np0000003728 devstack@c-api.service[96923]: warnings.warn(
Jun 26 09:46:42.051024 np0000003728 devstack@c-api.service[96923]: INFO cinder.volume.api [req-ffa507a8-98d3-453d-b3ac-66911fd38a47 req-ef7e1006-f151-4e6f-a9d6-06a29c24a859 tempest-ServerActionsTestOtherA-1251785104 tempest-ServerActionsTestOtherA-1251785104-project-member] Volume info retrieved successfully.
Jun 26 09:46:42.053389 np0000003728 devstack@c-api.service[96922]: DEBUG cinder.volume.api [None req-7b5f2caa-b5fc-4626-ac4c-e920a20f04e4 tempest-VolumesListAdminTestJSON-919062518 tempest-VolumesListAdminTestJSON-919062518-project-admin] Task 'cinder.volume.flows.api.create_volume.ExtractVolumeRequestTask;volume:create' (7d708834-9580-4d7b-90d8-7f98a82231d8) transitioned into state 'SUCCESS' from state 'RUNNING' with result '{'size': 1, 'snapshot_id': None, 'source_volid': None, 'volume_type': VolumeType(created_at=2026-06-26T09:40:40Z,deleted=False,deleted_at=None,description=None,extra_specs={volume_backend_name='storpool'},id=4f276aac-5906-4a09-b74d-3d64c509a7df,is_public=True,name='storpool',projects=[],qos_specs=,qos_specs_id=None,updated_at=None), 'volume_type_id': '4f276aac-5906-4a09-b74d-3d64c509a7df', 'encryption_key_id': None, 'qos_specs': None, 'consistencygroup_id': None, 'cgsnapshot_id': None, 'group_id': None, 'replication_status': 'disabled', 'refresh_az': False, 'backup_id': None, 'multiattach': False, 'availability_zones': ['nova']}' {{(pid=96922) _task_receiver /opt/stack/data/venv/lib/python3.12/site-packages/taskflow/listeners/logging.py:218}}
Jun 26 09:46:42.054602 np0000003728 devstack@c-api.service[96922]: DEBUG cinder.volume.api [None req-7b5f2caa-b5fc-4626-ac4c-e920a20f04e4 tempest-VolumesListAdminTestJSON-919062518 tempest-VolumesListAdminTestJSON-919062518-project-admin] Task 'cinder.volume.flows.api.create_volume.QuotaReserveTask;volume:create' (7d41dd1e-bb9e-406d-91fb-3ce59c5e8ccd) transitioned into state 'RUNNING' from state 'PENDING' {{(pid=96922) _task_receiver /opt/stack/data/venv/lib/python3.12/site-packages/taskflow/listeners/logging.py:242}}
Jun 26 09:46:42.060283 np0000003728 devstack@c-api.service[96923]: INFO cinder.api.openstack.wsgi [req-ffa507a8-98d3-453d-b3ac-66911fd38a47 req-ef7e1006-f151-4e6f-a9d6-06a29c24a859 tempest-ServerActionsTestOtherA-1251785104 tempest-ServerActionsTestOtherA-1251785104-project-member] https://10.4.3.20/volume/v3/volumes/52c5b77b-cc13-44f9-8abe-8c34b589eb2d returned with HTTP 200
Jun 26 09:46:42.061639 np0000003728 devstack@c-api.service[96923]: [pid: 96923|app: 0|req: 139/410] 10.4.3.20 () {70 vars in 1632 bytes} [Fri Jun 26 09:46:42 2026] GET /volume/v3/volumes/52c5b77b-cc13-44f9-8abe-8c34b589eb2d => generated 1321 bytes in 38 msecs (HTTP/1.1 200) 7 headers in 287 bytes (1 switches on core 0)
Jun 26 09:46:42.118709 np0000003728 devstack@c-api.service[96921]: INFO cinder.api.openstack.wsgi [None req-75b6d9f1-b3cf-4508-ac98-ddc66530cc9f tempest-GroupSnapshotsTest-568661820 tempest-GroupSnapshotsTest-568661820-project-member] POST https://10.4.3.20/volume/v3/groups
Jun 26 09:46:42.119251 np0000003728 devstack@c-api.service[96921]: DEBUG cinder.api.openstack.wsgi [None req-75b6d9f1-b3cf-4508-ac98-ddc66530cc9f tempest-GroupSnapshotsTest-568661820 tempest-GroupSnapshotsTest-568661820-project-member] Action: 'create', calling method: version_select, body: {"group": {"group_type": "e5f2c487-7bf9-4d04-9e90-b78227ebdda8", "volume_types": ["1ebfa1ce-5f87-4b50-ab98-9e767cfd3849"], "name": "tempest-GroupSnapshotsTest-Group-263330432"}} {{(pid=96921) _process_stack /opt/stack/cinder/cinder/api/openstack/wsgi.py:876}}
Jun 26 09:46:42.121298 np0000003728 devstack@c-api.service[96921]: DEBUG cinder.api.v3.groups [None req-75b6d9f1-b3cf-4508-ac98-ddc66530cc9f tempest-GroupSnapshotsTest-568661820 tempest-GroupSnapshotsTest-568661820-project-member] Creating new group {'group': {'group_type': 'e5f2c487-7bf9-4d04-9e90-b78227ebdda8', 'volume_types': ['1ebfa1ce-5f87-4b50-ab98-9e767cfd3849'], 'name': 'tempest-GroupSnapshotsTest-Group-263330432'}} {{(pid=96921) create /opt/stack/cinder/cinder/api/v3/groups.py:190}}
Jun 26 09:46:42.136875 np0000003728 devstack@c-api.service[96921]: INFO cinder.api.v3.groups [None req-75b6d9f1-b3cf-4508-ac98-ddc66530cc9f tempest-GroupSnapshotsTest-568661820 tempest-GroupSnapshotsTest-568661820-project-member] Creating group tempest-GroupSnapshotsTest-Group-263330432.
Jun 26 09:46:42.153413 np0000003728 devstack@c-api.service[96922]: DEBUG cinder.quota [None req-7b5f2caa-b5fc-4626-ac4c-e920a20f04e4 tempest-VolumesListAdminTestJSON-919062518 tempest-VolumesListAdminTestJSON-919062518-project-admin] Created reservations ['7b2b7236-13d9-4cd6-8d4d-49e0cbf87f51', '7c8201cb-bec4-48a6-9f65-107a067f747a', 'ab74b759-7b60-4178-a7f2-3377b5e82411', '23b43773-6a1a-4d18-ad32-48c925f46663'] {{(pid=96922) reserve /opt/stack/cinder/cinder/quota.py:752}}
Jun 26 09:46:42.160317 np0000003728 devstack@c-api.service[96922]: DEBUG cinder.volume.api [None req-7b5f2caa-b5fc-4626-ac4c-e920a20f04e4 tempest-VolumesListAdminTestJSON-919062518 tempest-VolumesListAdminTestJSON-919062518-project-admin] Task 'cinder.volume.flows.api.create_volume.QuotaReserveTask;volume:create' (7d41dd1e-bb9e-406d-91fb-3ce59c5e8ccd) transitioned into state 'SUCCESS' from state 'RUNNING' with result '{'reservations': ['7b2b7236-13d9-4cd6-8d4d-49e0cbf87f51', '7c8201cb-bec4-48a6-9f65-107a067f747a', 'ab74b759-7b60-4178-a7f2-3377b5e82411', '23b43773-6a1a-4d18-ad32-48c925f46663']}' {{(pid=96922) _task_receiver /opt/stack/data/venv/lib/python3.12/site-packages/taskflow/listeners/logging.py:218}}
Jun 26 09:46:42.160317 np0000003728 devstack@c-api.service[96922]: DEBUG cinder.volume.api [None req-7b5f2caa-b5fc-4626-ac4c-e920a20f04e4 tempest-VolumesListAdminTestJSON-919062518 tempest-VolumesListAdminTestJSON-919062518-project-admin] Task 'cinder.volume.flows.api.create_volume.EntryCreateTask;volume:create' (1a0215a8-7359-4315-8dab-81f73a4725b4) transitioned into state 'RUNNING' from state 'PENDING' {{(pid=96922) _task_receiver /opt/stack/data/venv/lib/python3.12/site-packages/taskflow/listeners/logging.py:242}}
Jun 26 09:46:42.165966 np0000003728 devstack@c-api.service[96921]: DEBUG cinder.volume.api [None req-75b6d9f1-b3cf-4508-ac98-ddc66530cc9f tempest-GroupSnapshotsTest-568661820 tempest-GroupSnapshotsTest-568661820-project-member] Availability zone cache updated, next update will occur around 2026-06-26 10:46:42.165171. {{(pid=96921) list_availability_zones /opt/stack/cinder/cinder/volume/api.py:155}}
Jun 26 09:46:42.166157 np0000003728 devstack@c-api.service[96921]: INFO cinder.volume.api [None req-75b6d9f1-b3cf-4508-ac98-ddc66530cc9f tempest-GroupSnapshotsTest-568661820 tempest-GroupSnapshotsTest-568661820-project-member] Availability Zones retrieved successfully.
Jun 26 09:46:42.197306 np0000003728 devstack@c-api.service[96922]: DEBUG cinder.volume.api [None req-7b5f2caa-b5fc-4626-ac4c-e920a20f04e4 tempest-VolumesListAdminTestJSON-919062518 tempest-VolumesListAdminTestJSON-919062518-project-admin] Task 'cinder.volume.flows.api.create_volume.EntryCreateTask;volume:create' (1a0215a8-7359-4315-8dab-81f73a4725b4) transitioned into state 'SUCCESS' from state 'RUNNING' with result '{'volume_id': '3bfef781-36df-4e40-98ba-502c4a7fdebf', 'volume_properties': VolumeProperties(attach_status='detached',availability_zone='nova',cgsnapshot_id=None,consistencygroup_id=None,display_description=None,display_name=None,encryption_key_id=None,group_id=None,group_type_id=,metadata={},multiattach=False,project_id='03b9440cbb5248759ac724480760cede',qos_specs=None,replication_status=,reservations=['7b2b7236-13d9-4cd6-8d4d-49e0cbf87f51','7c8201cb-bec4-48a6-9f65-107a067f747a','ab74b759-7b60-4178-a7f2-3377b5e82411','23b43773-6a1a-4d18-ad32-48c925f46663'],size=1,snapshot_id=None,source_replicaid=,source_volid=None,status='creating',user_id='296b072b099143759a8d9b7e3569b475',volume_type_id=4f276aac-5906-4a09-b74d-3d64c509a7df), 'volume': Volume(_name_id=None,admin_metadata={},attach_status='detached',availability_zone='nova',bootable=False,cluster=,cluster_name=None,consistencygroup=,consistencygroup_id=None,created_at=2026-06-26T09:46:42Z,deleted=False,deleted_at=None,display_description=None,display_name=None,ec2_id=None,encryption_key_id=None,glance_metadata=,group=,group_id=None,host=None,id=3bfef781-36df-4e40-98ba-502c4a7fdebf,launched_at=None,metadata={},migration_status=None,multiattach=False,previous_status=None,project_id='03b9440cbb5248759ac724480760cede',provider_auth=None,provider_geometry=None,provider_id=None,provider_location=None,replication_driver_data=None,replication_extended_status=None,replication_status=None,scheduled_at=None,service_uuid=None,shared_targets=True,size=1,snapshot_id=None,snapshots=,source_volid=None,status='creating',terminated_at=None,updated_at=None,use_quota=True,user_id='296b072b099143759a8d9b7e3569b475',volume_attachment=VolumeAttachmentList,volume_type=VolumeType(4f276aac-5906-4a09-b74d-3d64c509a7df),volume_type_id=4f276aac-5906-4a09-b74d-3d64c509a7df)}' {{(pid=96922) _task_receiver /opt/stack/data/venv/lib/python3.12/site-packages/taskflow/listeners/logging.py:218}}
Jun 26 09:46:42.199479 np0000003728 devstack@c-api.service[96922]: DEBUG cinder.volume.api [None req-7b5f2caa-b5fc-4626-ac4c-e920a20f04e4 tempest-VolumesListAdminTestJSON-919062518 tempest-VolumesListAdminTestJSON-919062518-project-admin] Task 'cinder.volume.flows.api.create_volume.QuotaCommitTask;volume:create' (a6eb6514-5abd-4e00-866e-917f36bab7f3) transitioned into state 'RUNNING' from state 'PENDING' {{(pid=96922) _task_receiver /opt/stack/data/venv/lib/python3.12/site-packages/taskflow/listeners/logging.py:242}}
Jun 26 09:46:42.208973 np0000003728 devstack@c-api.service[96921]: DEBUG cinder.quota [None req-75b6d9f1-b3cf-4508-ac98-ddc66530cc9f tempest-GroupSnapshotsTest-568661820 tempest-GroupSnapshotsTest-568661820-project-member] Created reservations ['92b8979f-f357-4b18-8dde-dc253b7b2c71'] {{(pid=96921) reserve /opt/stack/cinder/cinder/quota.py:752}}
Jun 26 09:46:42.242765 np0000003728 devstack@c-api.service[96922]: DEBUG cinder.volume.api [None req-7b5f2caa-b5fc-4626-ac4c-e920a20f04e4 tempest-VolumesListAdminTestJSON-919062518 tempest-VolumesListAdminTestJSON-919062518-project-admin] Task 'cinder.volume.flows.api.create_volume.QuotaCommitTask;volume:create' (a6eb6514-5abd-4e00-866e-917f36bab7f3) transitioned into state 'SUCCESS' from state 'RUNNING' with result '{'volume_properties': VolumeProperties(attach_status='detached',availability_zone='nova',cgsnapshot_id=None,consistencygroup_id=None,display_description=None,display_name=None,encryption_key_id=None,group_id=None,group_type_id=,metadata={},multiattach=False,project_id='03b9440cbb5248759ac724480760cede',qos_specs=None,replication_status=,reservations=['7b2b7236-13d9-4cd6-8d4d-49e0cbf87f51','7c8201cb-bec4-48a6-9f65-107a067f747a','ab74b759-7b60-4178-a7f2-3377b5e82411','23b43773-6a1a-4d18-ad32-48c925f46663'],size=1,snapshot_id=None,source_replicaid=,source_volid=None,status='creating',user_id='296b072b099143759a8d9b7e3569b475',volume_type_id=4f276aac-5906-4a09-b74d-3d64c509a7df)}' {{(pid=96922) _task_receiver /opt/stack/data/venv/lib/python3.12/site-packages/taskflow/listeners/logging.py:218}}
Jun 26 09:46:42.244140 np0000003728 devstack@c-api.service[96922]: DEBUG cinder.volume.api [None req-7b5f2caa-b5fc-4626-ac4c-e920a20f04e4 tempest-VolumesListAdminTestJSON-919062518 tempest-VolumesListAdminTestJSON-919062518-project-admin] Task 'cinder.volume.flows.api.create_volume.VolumeCastTask;volume:create' (52bc8406-22d7-414e-bde7-b6018a0ae5a9) transitioned into state 'RUNNING' from state 'PENDING' {{(pid=96922) _task_receiver /opt/stack/data/venv/lib/python3.12/site-packages/taskflow/listeners/logging.py:242}}
Jun 26 09:46:42.267337 np0000003728 devstack@c-api.service[96922]: DEBUG cinder.volume.api [None req-7b5f2caa-b5fc-4626-ac4c-e920a20f04e4 tempest-VolumesListAdminTestJSON-919062518 tempest-VolumesListAdminTestJSON-919062518-project-admin] Task 'cinder.volume.flows.api.create_volume.VolumeCastTask;volume:create' (52bc8406-22d7-414e-bde7-b6018a0ae5a9) transitioned into state 'SUCCESS' from state 'RUNNING' with result 'None' {{(pid=96922) _task_receiver /opt/stack/data/venv/lib/python3.12/site-packages/taskflow/listeners/logging.py:218}}
Jun 26 09:46:42.268315 np0000003728 devstack@c-api.service[96922]: DEBUG cinder.volume.api [None req-7b5f2caa-b5fc-4626-ac4c-e920a20f04e4 tempest-VolumesListAdminTestJSON-919062518 tempest-VolumesListAdminTestJSON-919062518-project-admin] Flow 'volume_create_api' (2733f833-2c91-4dc8-accc-ba2112a9e32d) transitioned into state 'SUCCESS' from state 'RUNNING' {{(pid=96922) _flow_receiver /opt/stack/data/venv/lib/python3.12/site-packages/taskflow/listeners/logging.py:160}}
Jun 26 09:46:42.268851 np0000003728 devstack@c-api.service[96922]: INFO cinder.volume.api [None req-7b5f2caa-b5fc-4626-ac4c-e920a20f04e4 tempest-VolumesListAdminTestJSON-919062518 tempest-VolumesListAdminTestJSON-919062518-project-admin] Create volume request issued successfully.
Jun 26 09:46:42.270481 np0000003728 devstack@c-api.service[96921]: INFO cinder.api.openstack.wsgi [None req-75b6d9f1-b3cf-4508-ac98-ddc66530cc9f tempest-GroupSnapshotsTest-568661820 tempest-GroupSnapshotsTest-568661820-project-member] https://10.4.3.20/volume/v3/groups returned with HTTP 202
Jun 26 09:46:42.271825 np0000003728 devstack@c-api.service[96921]: [pid: 96921|app: 0|req: 130/411] 10.4.3.20 () {70 vars in 1290 bytes} [Fri Jun 26 09:46:41 2026] POST /volume/v3/groups => generated 111 bytes in 271 msecs (HTTP/1.1 202) 7 headers in 292 bytes (1 switches on core 0)
Jun 26 09:46:42.275857 np0000003728 devstack@c-api.service[96922]: INFO cinder.api.openstack.wsgi [None req-7b5f2caa-b5fc-4626-ac4c-e920a20f04e4 tempest-VolumesListAdminTestJSON-919062518 tempest-VolumesListAdminTestJSON-919062518-project-admin] https://10.4.3.20/volume/v3/volumes returned with HTTP 202
Jun 26 09:46:42.275857 np0000003728 devstack@c-api.service[96922]: [pid: 96922|app: 0|req: 143/412] 10.4.3.20 () {68 vars in 1251 bytes} [Fri Jun 26 09:46:41 2026] POST /volume/v3/volumes => generated 731 bytes in 459 msecs (HTTP/1.1 202) 7 headers in 291 bytes (1 switches on core 0)
Jun 26 09:46:42.287710 np0000003728 devstack@c-api.service[96923]: DEBUG cinder.api.middleware.request_id [None req-20cbccb0-bd65-4163-aff3-cccb162ab251 None None] RequestId filter calling following filter/app {{(pid=96923) _context_setter /opt/stack/cinder/cinder/api/middleware/request_id.py:62}}
Jun 26 09:46:42.292234 np0000003728 devstack@c-api.service[96923]: INFO cinder.api.openstack.wsgi [None req-20cbccb0-bd65-4163-aff3-cccb162ab251 tempest-GroupSnapshotsTest-568661820 tempest-GroupSnapshotsTest-568661820-project-member] GET https://10.4.3.20/volume/v3/groups/5fd8e293-3805-4e16-9218-58f6518fd333
Jun 26 09:46:42.292234 np0000003728 devstack@c-api.service[96923]: DEBUG cinder.api.openstack.wsgi [None req-20cbccb0-bd65-4163-aff3-cccb162ab251 tempest-GroupSnapshotsTest-568661820 tempest-GroupSnapshotsTest-568661820-project-member] Empty body provided in request {{(pid=96923) get_body /opt/stack/cinder/cinder/api/openstack/wsgi.py:725}}
Jun 26 09:46:42.292414 np0000003728 devstack@c-api.service[96923]: DEBUG cinder.api.openstack.wsgi [None req-20cbccb0-bd65-4163-aff3-cccb162ab251 tempest-GroupSnapshotsTest-568661820 tempest-GroupSnapshotsTest-568661820-project-member] Calling method 'version_select' {{(pid=96923) _process_stack /opt/stack/cinder/cinder/api/openstack/wsgi.py:878}}
Jun 26 09:46:42.292686 np0000003728 devstack@c-api.service[96923]: DEBUG cinder.api.v3.groups [None req-20cbccb0-bd65-4163-aff3-cccb162ab251 tempest-GroupSnapshotsTest-568661820 tempest-GroupSnapshotsTest-568661820-project-member] show called for member 5fd8e293-3805-4e16-9218-58f6518fd333 {{(pid=96923) show /opt/stack/cinder/cinder/api/v3/groups.py:58}}
Jun 26 09:46:42.298915 np0000003728 devstack@c-api.service[96921]: DEBUG cinder.api.middleware.request_id [None req-0248c07a-9f82-4c13-95bc-c87210bd11ed None None] RequestId filter calling following filter/app {{(pid=96921) _context_setter /opt/stack/cinder/cinder/api/middleware/request_id.py:62}}
Jun 26 09:46:42.303016 np0000003728 devstack@c-api.service[96921]: INFO cinder.api.openstack.wsgi [None req-0248c07a-9f82-4c13-95bc-c87210bd11ed tempest-VolumesListAdminTestJSON-919062518 tempest-VolumesListAdminTestJSON-919062518-project-admin] GET https://10.4.3.20/volume/v3/volumes/3bfef781-36df-4e40-98ba-502c4a7fdebf
Jun 26 09:46:42.304615 np0000003728 devstack@c-api.service[96923]: /opt/stack/data/venv/lib/python3.12/site-packages/oslo_context/context.py:102: DeprecationWarning: Policy enforcement is depending on the value of is_admin. This key is deprecated. Please update your policy file to use the standard policy values.
Jun 26 09:46:42.304615 np0000003728 devstack@c-api.service[96923]: warnings.warn(
Jun 26 09:46:42.305025 np0000003728 devstack@c-api.service[96921]: DEBUG cinder.api.openstack.wsgi [None req-0248c07a-9f82-4c13-95bc-c87210bd11ed tempest-VolumesListAdminTestJSON-919062518 tempest-VolumesListAdminTestJSON-919062518-project-admin] Empty body provided in request {{(pid=96921) get_body /opt/stack/cinder/cinder/api/openstack/wsgi.py:725}}
Jun 26 09:46:42.305025 np0000003728 devstack@c-api.service[96921]: DEBUG cinder.api.openstack.wsgi [None req-0248c07a-9f82-4c13-95bc-c87210bd11ed tempest-VolumesListAdminTestJSON-919062518 tempest-VolumesListAdminTestJSON-919062518-project-admin] Calling method 'show' {{(pid=96921) _process_stack /opt/stack/cinder/cinder/api/openstack/wsgi.py:878}}
Jun 26 09:46:42.312024 np0000003728 devstack@c-api.service[96921]: /opt/stack/data/venv/lib/python3.12/site-packages/oslo_context/context.py:102: DeprecationWarning: Policy enforcement is depending on the value of is_admin. This key is deprecated. Please update your policy file to use the standard policy values.
Jun 26 09:46:42.312024 np0000003728 devstack@c-api.service[96921]: warnings.warn(
Jun 26 09:46:42.316877 np0000003728 devstack@c-api.service[96921]: INFO cinder.volume.api [None req-0248c07a-9f82-4c13-95bc-c87210bd11ed tempest-VolumesListAdminTestJSON-919062518 tempest-VolumesListAdminTestJSON-919062518-project-admin] Volume info retrieved successfully.
Jun 26 09:46:42.327228 np0000003728 devstack@c-api.service[96921]: INFO cinder.api.openstack.wsgi [None req-0248c07a-9f82-4c13-95bc-c87210bd11ed tempest-VolumesListAdminTestJSON-919062518 tempest-VolumesListAdminTestJSON-919062518-project-admin] https://10.4.3.20/volume/v3/volumes/3bfef781-36df-4e40-98ba-502c4a7fdebf returned with HTTP 200
Jun 26 09:46:42.327405 np0000003728 devstack@c-api.service[96921]: [pid: 96921|app: 0|req: 131/413] 10.4.3.20 () {66 vars in 1341 bytes} [Fri Jun 26 09:46:42 2026] GET /volume/v3/volumes/3bfef781-36df-4e40-98ba-502c4a7fdebf => generated 910 bytes in 29 msecs (HTTP/1.1 200) 7 headers in 285 bytes (1 switches on core 0)
Jun 26 09:46:42.338851 np0000003728 devstack@c-api.service[96922]: DEBUG cinder.api.middleware.request_id [req-754ac4f9-0053-4f6b-8584-00e1e9a62900 req-068114ba-4bac-450f-af36-3342acec97d8 None None] RequestId filter calling following filter/app {{(pid=96922) _context_setter /opt/stack/cinder/cinder/api/middleware/request_id.py:62}}
Jun 26 09:46:42.344036 np0000003728 devstack@c-api.service[96922]: INFO cinder.api.openstack.wsgi [req-754ac4f9-0053-4f6b-8584-00e1e9a62900 req-068114ba-4bac-450f-af36-3342acec97d8 tempest-TaggedAttachmentsTest-2098188776 tempest-TaggedAttachmentsTest-2098188776-project-member] DELETE https://10.4.3.20/volume/v3/attachments/855f9619-d1bc-4bc7-afc6-afb4fc098a1b
Jun 26 09:46:42.344668 np0000003728 devstack@c-api.service[96922]: DEBUG cinder.api.openstack.wsgi [req-754ac4f9-0053-4f6b-8584-00e1e9a62900 req-068114ba-4bac-450f-af36-3342acec97d8 tempest-TaggedAttachmentsTest-2098188776 tempest-TaggedAttachmentsTest-2098188776-project-member] Empty body provided in request {{(pid=96922) get_body /opt/stack/cinder/cinder/api/openstack/wsgi.py:725}}
Jun 26 09:46:42.344729 np0000003728 devstack@c-api.service[96922]: DEBUG cinder.api.openstack.wsgi [req-754ac4f9-0053-4f6b-8584-00e1e9a62900 req-068114ba-4bac-450f-af36-3342acec97d8 tempest-TaggedAttachmentsTest-2098188776 tempest-TaggedAttachmentsTest-2098188776-project-member] Calling method 'version_select' {{(pid=96922) _process_stack /opt/stack/cinder/cinder/api/openstack/wsgi.py:878}}
Jun 26 09:46:42.350725 np0000003728 devstack@c-api.service[96923]: INFO cinder.api.openstack.wsgi [None req-20cbccb0-bd65-4163-aff3-cccb162ab251 tempest-GroupSnapshotsTest-568661820 tempest-GroupSnapshotsTest-568661820-project-member] https://10.4.3.20/volume/v3/groups/5fd8e293-3805-4e16-9218-58f6518fd333 returned with HTTP 200
Jun 26 09:46:42.352034 np0000003728 devstack@c-api.service[96923]: [pid: 96923|app: 0|req: 140/414] 10.4.3.20 () {68 vars in 1379 bytes} [Fri Jun 26 09:46:42 2026] GET /volume/v3/groups/5fd8e293-3805-4e16-9218-58f6518fd333 => generated 391 bytes in 65 msecs (HTTP/1.1 200) 7 headers in 286 bytes (1 switches on core 0)
Jun 26 09:46:42.387871 np0000003728 devstack@c-api.service[96922]: /opt/stack/data/venv/lib/python3.12/site-packages/oslo_context/context.py:102: DeprecationWarning: Policy enforcement is depending on the value of is_admin. This key is deprecated. Please update your policy file to use the standard policy values.
Jun 26 09:46:42.387871 np0000003728 devstack@c-api.service[96922]: warnings.warn(
Jun 26 09:46:42.640936 np0000003728 devstack@c-api.service[96921]: DEBUG cinder.api.middleware.request_id [None req-06c066ab-4fca-48a9-b262-ed1131db7f3f None None] RequestId filter calling following filter/app {{(pid=96921) _context_setter /opt/stack/cinder/cinder/api/middleware/request_id.py:62}}
Jun 26 09:46:42.643000 np0000003728 devstack@c-api.service[96921]: INFO cinder.api.openstack.wsgi [None req-06c066ab-4fca-48a9-b262-ed1131db7f3f tempest-TaggedAttachmentsTest-2098188776 tempest-TaggedAttachmentsTest-2098188776-project-member] GET https://10.4.3.20/volume/v3/volumes/d2a0dcb2-4d54-440e-90fb-52fbb3dc5311
Jun 26 09:46:42.644926 np0000003728 devstack@c-api.service[96921]: DEBUG cinder.api.openstack.wsgi [None req-06c066ab-4fca-48a9-b262-ed1131db7f3f tempest-TaggedAttachmentsTest-2098188776 tempest-TaggedAttachmentsTest-2098188776-project-member] Empty body provided in request {{(pid=96921) get_body /opt/stack/cinder/cinder/api/openstack/wsgi.py:725}}
Jun 26 09:46:42.644926 np0000003728 devstack@c-api.service[96921]: DEBUG cinder.api.openstack.wsgi [None req-06c066ab-4fca-48a9-b262-ed1131db7f3f tempest-TaggedAttachmentsTest-2098188776 tempest-TaggedAttachmentsTest-2098188776-project-member] Calling method 'show' {{(pid=96921) _process_stack /opt/stack/cinder/cinder/api/openstack/wsgi.py:878}}
Jun 26 09:46:42.663281 np0000003728 devstack@c-api.service[96921]: /opt/stack/data/venv/lib/python3.12/site-packages/oslo_context/context.py:102: DeprecationWarning: Policy enforcement is depending on the value of is_admin. This key is deprecated. Please update your policy file to use the standard policy values.
Jun 26 09:46:42.663281 np0000003728 devstack@c-api.service[96921]: warnings.warn(
Jun 26 09:46:42.670117 np0000003728 devstack@c-api.service[96921]: INFO cinder.volume.api [None req-06c066ab-4fca-48a9-b262-ed1131db7f3f tempest-TaggedAttachmentsTest-2098188776 tempest-TaggedAttachmentsTest-2098188776-project-member] Volume info retrieved successfully.
Jun 26 09:46:42.681068 np0000003728 devstack@c-api.service[96921]: INFO cinder.api.openstack.wsgi [None req-06c066ab-4fca-48a9-b262-ed1131db7f3f tempest-TaggedAttachmentsTest-2098188776 tempest-TaggedAttachmentsTest-2098188776-project-member] https://10.4.3.20/volume/v3/volumes/d2a0dcb2-4d54-440e-90fb-52fbb3dc5311 returned with HTTP 200
Jun 26 09:46:42.681697 np0000003728 devstack@c-api.service[96921]: [pid: 96921|app: 0|req: 132/415] 10.4.3.20 () {66 vars in 1341 bytes} [Fri Jun 26 09:46:42 2026] GET /volume/v3/volumes/d2a0dcb2-4d54-440e-90fb-52fbb3dc5311 => generated 1137 bytes in 42 msecs (HTTP/1.1 200) 7 headers in 286 bytes (1 switches on core 0)
Jun 26 09:46:42.932836 np0000003728 devstack@c-api.service[96922]: INFO cinder.api.openstack.wsgi [req-754ac4f9-0053-4f6b-8584-00e1e9a62900 req-068114ba-4bac-450f-af36-3342acec97d8 tempest-TaggedAttachmentsTest-2098188776 tempest-TaggedAttachmentsTest-2098188776-project-member] https://10.4.3.20/volume/v3/attachments/855f9619-d1bc-4bc7-afc6-afb4fc098a1b returned with HTTP 200
Jun 26 09:46:42.934662 np0000003728 devstack@c-api.service[96922]: [pid: 96922|app: 0|req: 144/416] 10.4.3.20 () {72 vars in 1666 bytes} [Fri Jun 26 09:46:42 2026] DELETE /volume/v3/attachments/855f9619-d1bc-4bc7-afc6-afb4fc098a1b => generated 19 bytes in 596 msecs (HTTP/1.1 200) 7 headers in 285 bytes (1 switches on core 0)
Jun 26 09:46:42.948705 np0000003728 devstack@c-api.service[96923]: DEBUG cinder.api.middleware.request_id [req-ffa507a8-98d3-453d-b3ac-66911fd38a47 req-cdf9d565-0313-4c8d-b8a0-32183870ea61 None None] RequestId filter calling following filter/app {{(pid=96923) _context_setter /opt/stack/cinder/cinder/api/middleware/request_id.py:62}}
Jun 26 09:46:42.953584 np0000003728 devstack@c-api.service[96923]: INFO cinder.api.openstack.wsgi [req-ffa507a8-98d3-453d-b3ac-66911fd38a47 req-cdf9d565-0313-4c8d-b8a0-32183870ea61 tempest-ServerActionsTestOtherA-1251785104 tempest-ServerActionsTestOtherA-1251785104-project-member] DELETE https://10.4.3.20/volume/v3/attachments/c8140f64-6183-4431-bbc6-5205ab7187dc
Jun 26 09:46:42.956666 np0000003728 devstack@c-api.service[96923]: DEBUG cinder.api.openstack.wsgi [req-ffa507a8-98d3-453d-b3ac-66911fd38a47 req-cdf9d565-0313-4c8d-b8a0-32183870ea61 tempest-ServerActionsTestOtherA-1251785104 tempest-ServerActionsTestOtherA-1251785104-project-member] Empty body provided in request {{(pid=96923) get_body /opt/stack/cinder/cinder/api/openstack/wsgi.py:725}}
Jun 26 09:46:42.957032 np0000003728 devstack@c-api.service[96923]: DEBUG cinder.api.openstack.wsgi [req-ffa507a8-98d3-453d-b3ac-66911fd38a47 req-cdf9d565-0313-4c8d-b8a0-32183870ea61 tempest-ServerActionsTestOtherA-1251785104 tempest-ServerActionsTestOtherA-1251785104-project-member] Calling method 'version_select' {{(pid=96923) _process_stack /opt/stack/cinder/cinder/api/openstack/wsgi.py:878}}
Jun 26 09:46:42.966603 np0000003728 devstack@c-api.service[96923]: /opt/stack/data/venv/lib/python3.12/site-packages/oslo_context/context.py:102: DeprecationWarning: Policy enforcement is depending on the value of is_admin. This key is deprecated. Please update your policy file to use the standard policy values.
Jun 26 09:46:42.966603 np0000003728 devstack@c-api.service[96923]: warnings.warn(
Jun 26 09:46:43.346252 np0000003728 devstack@c-api.service[96921]: DEBUG cinder.api.middleware.request_id [None req-eb2b6a25-09f7-4439-b0cb-3c2cc8b81392 None None] RequestId filter calling following filter/app {{(pid=96921) _context_setter /opt/stack/cinder/cinder/api/middleware/request_id.py:62}}
Jun 26 09:46:43.350391 np0000003728 devstack@c-api.service[96921]: INFO cinder.api.openstack.wsgi [None req-eb2b6a25-09f7-4439-b0cb-3c2cc8b81392 tempest-VolumesListAdminTestJSON-919062518 tempest-VolumesListAdminTestJSON-919062518-project-admin] GET https://10.4.3.20/volume/v3/volumes/3bfef781-36df-4e40-98ba-502c4a7fdebf
Jun 26 09:46:43.350391 np0000003728 devstack@c-api.service[96921]: DEBUG cinder.api.openstack.wsgi [None req-eb2b6a25-09f7-4439-b0cb-3c2cc8b81392 tempest-VolumesListAdminTestJSON-919062518 tempest-VolumesListAdminTestJSON-919062518-project-admin] Empty body provided in request {{(pid=96921) get_body /opt/stack/cinder/cinder/api/openstack/wsgi.py:725}}
Jun 26 09:46:43.350391 np0000003728 devstack@c-api.service[96921]: DEBUG cinder.api.openstack.wsgi [None req-eb2b6a25-09f7-4439-b0cb-3c2cc8b81392 tempest-VolumesListAdminTestJSON-919062518 tempest-VolumesListAdminTestJSON-919062518-project-admin] Calling method 'show' {{(pid=96921) _process_stack /opt/stack/cinder/cinder/api/openstack/wsgi.py:878}}
Jun 26 09:46:43.358116 np0000003728 devstack@c-api.service[96921]: /opt/stack/data/venv/lib/python3.12/site-packages/oslo_context/context.py:102: DeprecationWarning: Policy enforcement is depending on the value of is_admin. This key is deprecated. Please update your policy file to use the standard policy values.
Jun 26 09:46:43.358116 np0000003728 devstack@c-api.service[96921]: warnings.warn(
Jun 26 09:46:43.363656 np0000003728 devstack@c-api.service[96921]: INFO cinder.volume.api [None req-eb2b6a25-09f7-4439-b0cb-3c2cc8b81392 tempest-VolumesListAdminTestJSON-919062518 tempest-VolumesListAdminTestJSON-919062518-project-admin] Volume info retrieved successfully.
Jun 26 09:46:43.364757 np0000003728 devstack@c-api.service[96922]: DEBUG cinder.api.middleware.request_id [None req-387c2d86-f4b0-4d35-bd2e-1b9f2b346a3a None None] RequestId filter calling following filter/app {{(pid=96922) _context_setter /opt/stack/cinder/cinder/api/middleware/request_id.py:62}}
Jun 26 09:46:43.366847 np0000003728 devstack@c-api.service[96922]: INFO cinder.api.openstack.wsgi [None req-387c2d86-f4b0-4d35-bd2e-1b9f2b346a3a tempest-GroupSnapshotsTest-568661820 tempest-GroupSnapshotsTest-568661820-project-member] GET https://10.4.3.20/volume/v3/groups/5fd8e293-3805-4e16-9218-58f6518fd333
Jun 26 09:46:43.367151 np0000003728 devstack@c-api.service[96922]: DEBUG cinder.api.openstack.wsgi [None req-387c2d86-f4b0-4d35-bd2e-1b9f2b346a3a tempest-GroupSnapshotsTest-568661820 tempest-GroupSnapshotsTest-568661820-project-member] Empty body provided in request {{(pid=96922) get_body /opt/stack/cinder/cinder/api/openstack/wsgi.py:725}}
Jun 26 09:46:43.367506 np0000003728 devstack@c-api.service[96922]: DEBUG cinder.api.openstack.wsgi [None req-387c2d86-f4b0-4d35-bd2e-1b9f2b346a3a tempest-GroupSnapshotsTest-568661820 tempest-GroupSnapshotsTest-568661820-project-member] Calling method 'version_select' {{(pid=96922) _process_stack /opt/stack/cinder/cinder/api/openstack/wsgi.py:878}}
Jun 26 09:46:43.368303 np0000003728 devstack@c-api.service[96922]: DEBUG cinder.api.v3.groups [None req-387c2d86-f4b0-4d35-bd2e-1b9f2b346a3a tempest-GroupSnapshotsTest-568661820 tempest-GroupSnapshotsTest-568661820-project-member] show called for member 5fd8e293-3805-4e16-9218-58f6518fd333 {{(pid=96922) show /opt/stack/cinder/cinder/api/v3/groups.py:58}}
Jun 26 09:46:43.371427 np0000003728 devstack@c-api.service[96921]: INFO cinder.api.openstack.wsgi [None req-eb2b6a25-09f7-4439-b0cb-3c2cc8b81392 tempest-VolumesListAdminTestJSON-919062518 tempest-VolumesListAdminTestJSON-919062518-project-admin] https://10.4.3.20/volume/v3/volumes/3bfef781-36df-4e40-98ba-502c4a7fdebf returned with HTTP 200
Jun 26 09:46:43.371427 np0000003728 devstack@c-api.service[96921]: [pid: 96921|app: 0|req: 133/417] 10.4.3.20 () {66 vars in 1341 bytes} [Fri Jun 26 09:46:43 2026] GET /volume/v3/volumes/3bfef781-36df-4e40-98ba-502c4a7fdebf => generated 962 bytes in 26 msecs (HTTP/1.1 200) 7 headers in 285 bytes (1 switches on core 0)
Jun 26 09:46:43.374608 np0000003728 devstack@c-api.service[96922]: /opt/stack/data/venv/lib/python3.12/site-packages/oslo_context/context.py:102: DeprecationWarning: Policy enforcement is depending on the value of is_admin. This key is deprecated. Please update your policy file to use the standard policy values.
Jun 26 09:46:43.374608 np0000003728 devstack@c-api.service[96922]: warnings.warn(
Jun 26 09:46:43.389669 np0000003728 devstack@c-api.service[96921]: DEBUG cinder.api.middleware.request_id [None req-6adaf206-b740-4693-b8c6-070db5ef38be None None] RequestId filter calling following filter/app {{(pid=96921) _context_setter /opt/stack/cinder/cinder/api/middleware/request_id.py:62}}
Jun 26 09:46:43.394939 np0000003728 devstack@c-api.service[96921]: INFO cinder.api.openstack.wsgi [None req-6adaf206-b740-4693-b8c6-070db5ef38be tempest-VolumesListAdminTestJSON-919062518 tempest-VolumesListAdminTestJSON-919062518-project-admin] GET https://10.4.3.20/volume/v3/volumes/detail?all_tenants=1&project_id=7b92c73888c247c2b0a1b6959535af4e
Jun 26 09:46:43.395860 np0000003728 devstack@c-api.service[96921]: DEBUG cinder.api.openstack.wsgi [None req-6adaf206-b740-4693-b8c6-070db5ef38be tempest-VolumesListAdminTestJSON-919062518 tempest-VolumesListAdminTestJSON-919062518-project-admin] Empty body provided in request {{(pid=96921) get_body /opt/stack/cinder/cinder/api/openstack/wsgi.py:725}}
Jun 26 09:46:43.396417 np0000003728 devstack@c-api.service[96921]: DEBUG cinder.api.openstack.wsgi [None req-6adaf206-b740-4693-b8c6-070db5ef38be tempest-VolumesListAdminTestJSON-919062518 tempest-VolumesListAdminTestJSON-919062518-project-admin] Calling method 'detail' {{(pid=96921) _process_stack /opt/stack/cinder/cinder/api/openstack/wsgi.py:878}}
Jun 26 09:46:43.397564 np0000003728 devstack@c-api.service[96921]: DEBUG cinder.volume.api [None req-6adaf206-b740-4693-b8c6-070db5ef38be tempest-VolumesListAdminTestJSON-919062518 tempest-VolumesListAdminTestJSON-919062518-project-admin] Could not evaluate value 7b92c73888c247c2b0a1b6959535af4e, assuming string {{(pid=96921) check_volume_filters /opt/stack/cinder/cinder/volume/api.py:2371}}
Jun 26 09:46:43.398890 np0000003728 devstack@c-api.service[96921]: DEBUG cinder.volume.api [None req-6adaf206-b740-4693-b8c6-070db5ef38be tempest-VolumesListAdminTestJSON-919062518 tempest-VolumesListAdminTestJSON-919062518-project-admin] Searching by: MultiDict([('project_id', '7b92c73888c247c2b0a1b6959535af4e'), ('all_tenants', 1)]). {{(pid=96921) get_all /opt/stack/cinder/cinder/volume/api.py:664}}
Jun 26 09:46:43.412214 np0000003728 devstack@c-api.service[96922]: INFO cinder.api.openstack.wsgi [None req-387c2d86-f4b0-4d35-bd2e-1b9f2b346a3a tempest-GroupSnapshotsTest-568661820 tempest-GroupSnapshotsTest-568661820-project-member] https://10.4.3.20/volume/v3/groups/5fd8e293-3805-4e16-9218-58f6518fd333 returned with HTTP 200
Jun 26 09:46:43.412214 np0000003728 devstack@c-api.service[96922]: [pid: 96922|app: 0|req: 145/418] 10.4.3.20 () {68 vars in 1379 bytes} [Fri Jun 26 09:46:43 2026] GET /volume/v3/groups/5fd8e293-3805-4e16-9218-58f6518fd333 => generated 392 bytes in 48 msecs (HTTP/1.1 200) 7 headers in 286 bytes (1 switches on core 0)
Jun 26 09:46:43.424832 np0000003728 devstack@c-api.service[96922]: DEBUG cinder.api.middleware.request_id [None req-7d19682d-b749-4b44-a23b-16c6fb6a1c0a None None] RequestId filter calling following filter/app {{(pid=96922) _context_setter /opt/stack/cinder/cinder/api/middleware/request_id.py:62}}
Jun 26 09:46:43.427431 np0000003728 devstack@c-api.service[96922]: INFO cinder.api.openstack.wsgi [None req-7d19682d-b749-4b44-a23b-16c6fb6a1c0a tempest-GroupSnapshotsTest-568661820 tempest-GroupSnapshotsTest-568661820-project-member] POST https://10.4.3.20/volume/v3/volumes
Jun 26 09:46:43.427970 np0000003728 devstack@c-api.service[96922]: DEBUG cinder.api.openstack.wsgi [None req-7d19682d-b749-4b44-a23b-16c6fb6a1c0a tempest-GroupSnapshotsTest-568661820 tempest-GroupSnapshotsTest-568661820-project-member] Action: 'create', calling method: create, body: {"volume": {"name": "tempest-volume-1755235233", "volume_type": "1ebfa1ce-5f87-4b50-ab98-9e767cfd3849", "group_id": "5fd8e293-3805-4e16-9218-58f6518fd333", "size": 1}} {{(pid=96922) _process_stack /opt/stack/cinder/cinder/api/openstack/wsgi.py:876}}
Jun 26 09:46:43.433111 np0000003728 devstack@c-api.service[96922]: DEBUG cinder.api.v3.volumes [None req-7d19682d-b749-4b44-a23b-16c6fb6a1c0a tempest-GroupSnapshotsTest-568661820 tempest-GroupSnapshotsTest-568661820-project-member] Create volume request body: {'volume': {'name': 'tempest-volume-1755235233', 'volume_type': '1ebfa1ce-5f87-4b50-ab98-9e767cfd3849', 'group_id': '5fd8e293-3805-4e16-9218-58f6518fd333', 'size': 1}} {{(pid=96922) create /opt/stack/cinder/cinder/api/v3/volumes.py:368}}
Jun 26 09:46:43.437401 np0000003728 devstack@c-api.service[96921]: INFO cinder.volume.api [None req-6adaf206-b740-4693-b8c6-070db5ef38be tempest-VolumesListAdminTestJSON-919062518 tempest-VolumesListAdminTestJSON-919062518-project-admin] Get all volumes completed successfully.
Jun 26 09:46:43.440234 np0000003728 devstack@c-api.service[96921]: /opt/stack/data/venv/lib/python3.12/site-packages/oslo_context/context.py:102: DeprecationWarning: Policy enforcement is depending on the value of is_admin. This key is deprecated. Please update your policy file to use the standard policy values.
Jun 26 09:46:43.440234 np0000003728 devstack@c-api.service[96921]: warnings.warn(
Jun 26 09:46:43.443990 np0000003728 devstack@c-api.service[96922]: /opt/stack/data/venv/lib/python3.12/site-packages/oslo_context/context.py:102: DeprecationWarning: Policy enforcement is depending on the value of is_admin. This key is deprecated. Please update your policy file to use the standard policy values.
Jun 26 09:46:43.443990 np0000003728 devstack@c-api.service[96922]: warnings.warn(
Jun 26 09:46:43.444551 np0000003728 devstack@c-api.service[96922]: INFO cinder.api.v3.volumes [None req-7d19682d-b749-4b44-a23b-16c6fb6a1c0a tempest-GroupSnapshotsTest-568661820 tempest-GroupSnapshotsTest-568661820-project-member] Create volume of 1 GB
Jun 26 09:46:43.448109 np0000003728 devstack@c-api.service[96921]: INFO cinder.api.openstack.wsgi [None req-6adaf206-b740-4693-b8c6-070db5ef38be tempest-VolumesListAdminTestJSON-919062518 tempest-VolumesListAdminTestJSON-919062518-project-admin] https://10.4.3.20/volume/v3/volumes/detail?all_tenants=1&project_id=7b92c73888c247c2b0a1b6959535af4e returned with HTTP 200
Jun 26 09:46:43.448682 np0000003728 devstack@c-api.service[96921]: [pid: 96921|app: 0|req: 134/419] 10.4.3.20 () {66 vars in 1366 bytes} [Fri Jun 26 09:46:43 2026] GET /volume/v3/volumes/detail?all_tenants=1&project_id=7b92c73888c247c2b0a1b6959535af4e => generated 3021 bytes in 59 msecs (HTTP/1.1 200) 7 headers in 286 bytes (1 switches on core 0)
Jun 26 09:46:43.459906 np0000003728 devstack@c-api.service[96922]: INFO cinder.volume.api [None req-7d19682d-b749-4b44-a23b-16c6fb6a1c0a tempest-GroupSnapshotsTest-568661820 tempest-GroupSnapshotsTest-568661820-project-member] Availability Zones retrieved successfully.
Jun 26 09:46:43.467110 np0000003728 devstack@c-api.service[96922]: DEBUG cinder.volume.api [None req-7d19682d-b749-4b44-a23b-16c6fb6a1c0a tempest-GroupSnapshotsTest-568661820 tempest-GroupSnapshotsTest-568661820-project-member] Flow 'volume_create_api' (e1cbe2a5-0619-4185-b786-beac4fd36d9b) transitioned into state 'RUNNING' from state 'PENDING' {{(pid=96922) _flow_receiver /opt/stack/data/venv/lib/python3.12/site-packages/taskflow/listeners/logging.py:160}}
Jun 26 09:46:43.472359 np0000003728 devstack@c-api.service[96922]: DEBUG cinder.volume.api [None req-7d19682d-b749-4b44-a23b-16c6fb6a1c0a tempest-GroupSnapshotsTest-568661820 tempest-GroupSnapshotsTest-568661820-project-member] Task 'cinder.volume.flows.api.create_volume.ExtractVolumeRequestTask;volume:create' (c454155b-99ba-4258-990a-86f544fd1b4b) transitioned into state 'RUNNING' from state 'PENDING' {{(pid=96922) _task_receiver /opt/stack/data/venv/lib/python3.12/site-packages/taskflow/listeners/logging.py:242}}
Jun 26 09:46:43.472359 np0000003728 devstack@c-api.service[96922]: /opt/stack/data/venv/lib/python3.12/site-packages/oslo_context/context.py:102: DeprecationWarning: Policy enforcement is depending on the value of is_admin. This key is deprecated. Please update your policy file to use the standard policy values.
Jun 26 09:46:43.472359 np0000003728 devstack@c-api.service[96922]: warnings.warn(
Jun 26 09:46:43.472595 np0000003728 devstack@c-api.service[96921]: DEBUG cinder.api.middleware.request_id [None req-76bff3d5-3476-40dc-8ff5-de7bd99e8265 None None] RequestId filter calling following filter/app {{(pid=96921) _context_setter /opt/stack/cinder/cinder/api/middleware/request_id.py:62}}
Jun 26 09:46:43.472663 np0000003728 devstack@c-api.service[96922]: DEBUG cinder.volume.flows.api.create_volume [None req-7d19682d-b749-4b44-a23b-16c6fb6a1c0a tempest-GroupSnapshotsTest-568661820 tempest-GroupSnapshotsTest-568661820-project-member] Validating volume size '1' using validate_int {{(pid=96922) _extract_size /opt/stack/cinder/cinder/volume/flows/api/create_volume.py:226}}
Jun 26 09:46:43.472690 np0000003728 devstack@c-api.service[96921]: INFO cinder.api.openstack.wsgi [None req-76bff3d5-3476-40dc-8ff5-de7bd99e8265 tempest-VolumesListAdminTestJSON-919062518 tempest-VolumesListAdminTestJSON-919062518-project-admin] DELETE https://10.4.3.20/volume/v3/volumes/3bfef781-36df-4e40-98ba-502c4a7fdebf
Jun 26 09:46:43.472690 np0000003728 devstack@c-api.service[96921]: DEBUG cinder.api.openstack.wsgi [None req-76bff3d5-3476-40dc-8ff5-de7bd99e8265 tempest-VolumesListAdminTestJSON-919062518 tempest-VolumesListAdminTestJSON-919062518-project-admin] Empty body provided in request {{(pid=96921) get_body /opt/stack/cinder/cinder/api/openstack/wsgi.py:725}}
Jun 26 09:46:43.473135 np0000003728 devstack@c-api.service[96921]: DEBUG cinder.api.openstack.wsgi [None req-76bff3d5-3476-40dc-8ff5-de7bd99e8265 tempest-VolumesListAdminTestJSON-919062518 tempest-VolumesListAdminTestJSON-919062518-project-admin] Calling method 'delete' {{(pid=96921) _process_stack /opt/stack/cinder/cinder/api/openstack/wsgi.py:878}}
Jun 26 09:46:43.473135 np0000003728 devstack@c-api.service[96921]: INFO cinder.api.v3.volumes [None req-76bff3d5-3476-40dc-8ff5-de7bd99e8265 tempest-VolumesListAdminTestJSON-919062518 tempest-VolumesListAdminTestJSON-919062518-project-admin] Delete volume with id: 3bfef781-36df-4e40-98ba-502c4a7fdebf
Jun 26 09:46:43.485832 np0000003728 devstack@c-api.service[96921]: /opt/stack/data/venv/lib/python3.12/site-packages/oslo_context/context.py:102: DeprecationWarning: Policy enforcement is depending on the value of is_admin. This key is deprecated. Please update your policy file to use the standard policy values.
Jun 26 09:46:43.485832 np0000003728 devstack@c-api.service[96921]: warnings.warn(
Jun 26 09:46:43.487810 np0000003728 devstack@c-api.service[96921]: INFO cinder.volume.api [None req-76bff3d5-3476-40dc-8ff5-de7bd99e8265 tempest-VolumesListAdminTestJSON-919062518 tempest-VolumesListAdminTestJSON-919062518-project-admin] Volume info retrieved successfully.
Jun 26 09:46:43.503996 np0000003728 devstack@c-api.service[96922]: DEBUG cinder.volume.api [None req-7d19682d-b749-4b44-a23b-16c6fb6a1c0a tempest-GroupSnapshotsTest-568661820 tempest-GroupSnapshotsTest-568661820-project-member] Task 'cinder.volume.flows.api.create_volume.ExtractVolumeRequestTask;volume:create' (c454155b-99ba-4258-990a-86f544fd1b4b) transitioned into state 'SUCCESS' from state 'RUNNING' with result '{'size': 1, 'snapshot_id': None, 'source_volid': None, 'volume_type': VolumeType(created_at=2026-06-26T09:46:42Z,deleted=False,deleted_at=None,description=None,extra_specs={},id=1ebfa1ce-5f87-4b50-ab98-9e767cfd3849,is_public=True,name='tempest-GroupSnapshotsTest-volume-type-154670276',projects=[],qos_specs=,qos_specs_id=None,updated_at=None), 'volume_type_id': '1ebfa1ce-5f87-4b50-ab98-9e767cfd3849', 'encryption_key_id': None, 'qos_specs': None, 'consistencygroup_id': None, 'cgsnapshot_id': None, 'group_id': '5fd8e293-3805-4e16-9218-58f6518fd333', 'replication_status': 'disabled', 'refresh_az': False, 'backup_id': None, 'multiattach': False, 'availability_zones': ['nova']}' {{(pid=96922) _task_receiver /opt/stack/data/venv/lib/python3.12/site-packages/taskflow/listeners/logging.py:218}}
Jun 26 09:46:43.505235 np0000003728 devstack@c-api.service[96922]: DEBUG cinder.volume.api [None req-7d19682d-b749-4b44-a23b-16c6fb6a1c0a tempest-GroupSnapshotsTest-568661820 tempest-GroupSnapshotsTest-568661820-project-member] Task 'cinder.volume.flows.api.create_volume.QuotaReserveTask;volume:create' (56037120-bd81-4cc2-ac70-4c235190709b) transitioned into state 'RUNNING' from state 'PENDING' {{(pid=96922) _task_receiver /opt/stack/data/venv/lib/python3.12/site-packages/taskflow/listeners/logging.py:242}}
Jun 26 09:46:43.514249 np0000003728 devstack@c-api.service[96923]: INFO cinder.api.openstack.wsgi [req-ffa507a8-98d3-453d-b3ac-66911fd38a47 req-cdf9d565-0313-4c8d-b8a0-32183870ea61 tempest-ServerActionsTestOtherA-1251785104 tempest-ServerActionsTestOtherA-1251785104-project-member] https://10.4.3.20/volume/v3/attachments/c8140f64-6183-4431-bbc6-5205ab7187dc returned with HTTP 200
Jun 26 09:46:43.514249 np0000003728 devstack@c-api.service[96923]: [pid: 96923|app: 0|req: 141/420] 10.4.3.20 () {72 vars in 1666 bytes} [Fri Jun 26 09:46:42 2026] DELETE /volume/v3/attachments/c8140f64-6183-4431-bbc6-5205ab7187dc => generated 19 bytes in 568 msecs (HTTP/1.1 200) 7 headers in 285 bytes (1 switches on core 0)
Jun 26 09:46:43.518364 np0000003728 devstack@c-api.service[96921]: INFO cinder.volume.api [None req-76bff3d5-3476-40dc-8ff5-de7bd99e8265 tempest-VolumesListAdminTestJSON-919062518 tempest-VolumesListAdminTestJSON-919062518-project-admin] Delete volume request issued successfully.
Jun 26 09:46:43.518729 np0000003728 devstack@c-api.service[96921]: INFO cinder.api.openstack.wsgi [None req-76bff3d5-3476-40dc-8ff5-de7bd99e8265 tempest-VolumesListAdminTestJSON-919062518 tempest-VolumesListAdminTestJSON-919062518-project-admin] https://10.4.3.20/volume/v3/volumes/3bfef781-36df-4e40-98ba-502c4a7fdebf returned with HTTP 202
Jun 26 09:46:43.519097 np0000003728 devstack@c-api.service[96921]: [pid: 96921|app: 0|req: 135/421] 10.4.3.20 () {66 vars in 1344 bytes} [Fri Jun 26 09:46:43 2026] DELETE /volume/v3/volumes/3bfef781-36df-4e40-98ba-502c4a7fdebf => generated 0 bytes in 50 msecs (HTTP/1.1 202) 6 headers in 233 bytes (1 switches on core 0)
Jun 26 09:46:43.530432 np0000003728 devstack@c-api.service[96923]: DEBUG cinder.api.middleware.request_id [None req-d3e39135-16f0-4baa-92c2-ad1b7f1e68c9 None None] RequestId filter calling following filter/app {{(pid=96923) _context_setter /opt/stack/cinder/cinder/api/middleware/request_id.py:62}}
Jun 26 09:46:43.534991 np0000003728 devstack@c-api.service[96923]: INFO cinder.api.openstack.wsgi [None req-d3e39135-16f0-4baa-92c2-ad1b7f1e68c9 tempest-VolumesListAdminTestJSON-1607644922 tempest-VolumesListAdminTestJSON-1607644922-project-member] GET https://10.4.3.20/volume/v3/volumes/ff8fb10a-994a-4fe6-ba16-ae3e712893ab
Jun 26 09:46:43.535641 np0000003728 devstack@c-api.service[96923]: DEBUG cinder.api.openstack.wsgi [None req-d3e39135-16f0-4baa-92c2-ad1b7f1e68c9 tempest-VolumesListAdminTestJSON-1607644922 tempest-VolumesListAdminTestJSON-1607644922-project-member] Empty body provided in request {{(pid=96923) get_body /opt/stack/cinder/cinder/api/openstack/wsgi.py:725}}
Jun 26 09:46:43.536102 np0000003728 devstack@c-api.service[96923]: DEBUG cinder.api.openstack.wsgi [None req-d3e39135-16f0-4baa-92c2-ad1b7f1e68c9 tempest-VolumesListAdminTestJSON-1607644922 tempest-VolumesListAdminTestJSON-1607644922-project-member] Calling method 'show' {{(pid=96923) _process_stack /opt/stack/cinder/cinder/api/openstack/wsgi.py:878}}
Jun 26 09:46:43.549919 np0000003728 devstack@c-api.service[96923]: /opt/stack/data/venv/lib/python3.12/site-packages/oslo_context/context.py:102: DeprecationWarning: Policy enforcement is depending on the value of is_admin. This key is deprecated. Please update your policy file to use the standard policy values.
Jun 26 09:46:43.549919 np0000003728 devstack@c-api.service[96923]: warnings.warn(
Jun 26 09:46:43.551249 np0000003728 devstack@c-api.service[96922]: WARNING cinder.quota [None req-7d19682d-b749-4b44-a23b-16c6fb6a1c0a tempest-GroupSnapshotsTest-568661820 tempest-GroupSnapshotsTest-568661820-project-member] Deprecated: Default quota for resource: volumes_tempest-GroupSnapshotsTest-volume-type-154670276 is set by the default quota flag: quota_volumes_tempest-GroupSnapshotsTest-volume-type-154670276, it is now deprecated. Please use the default quota class for default quota.
Jun 26 09:46:43.552473 np0000003728 devstack@c-api.service[96922]: WARNING cinder.quota [None req-7d19682d-b749-4b44-a23b-16c6fb6a1c0a tempest-GroupSnapshotsTest-568661820 tempest-GroupSnapshotsTest-568661820-project-member] Deprecated: Default quota for resource: gigabytes_tempest-GroupSnapshotsTest-volume-type-154670276 is set by the default quota flag: quota_gigabytes_tempest-GroupSnapshotsTest-volume-type-154670276, it is now deprecated. Please use the default quota class for default quota.
