Jun 26 09:40:44.253915 np0000003728 devstack@g-api.service[99626]: DEBUG glance_store.location [-] Registering scheme filesystem with {'store': , 'location_class': , 'store_entry': 'file'} {{(pid=99626) register_scheme_map /opt/stack/data/venv/lib/python3.12/site-packages/glance_store/location.py:146}}
Jun 26 09:40:44.254003 np0000003728 devstack@g-api.service[99626]: DEBUG glance_store.backend [-] Attempting to import store swift {{(pid=99626) _load_store /opt/stack/data/venv/lib/python3.12/site-packages/glance_store/backend.py:215}}
Jun 26 09:40:44.254208 np0000003728 devstack@g-api.service[99626]: WARNING oslo_config.cfg [-] Deprecated: Option "default_store" from group "glance_store" is deprecated for removal (
Jun 26 09:40:44.254208 np0000003728 devstack@g-api.service[99626]: This option is deprecated against new config option
Jun 26 09:40:44.254208 np0000003728 devstack@g-api.service[99626]: ``default_backend`` which acts similar to ``default_store`` config
Jun 26 09:40:44.254208 np0000003728 devstack@g-api.service[99626]: option.
Jun 26 09:40:44.254208 np0000003728 devstack@g-api.service[99626]: This option is scheduled for removal in the U development
Jun 26 09:40:44.254208 np0000003728 devstack@g-api.service[99626]: cycle.
Jun 26 09:40:44.254208 np0000003728 devstack@g-api.service[99626]: ). Its value may be silently ignored in the future.
Jun 26 09:40:44.255995 np0000003728 devstack@g-api.service[99626]: DEBUG glance_store.capabilities [-] Store glance_store._drivers.swift.store.SingleTenantStore doesn't support updating dynamic storage capabilities. Please overwrite 'update_capabilities' method of the store to implement updating logics if needed. {{(pid=99626) update_capabilities /opt/stack/data/venv/lib/python3.12/site-packages/glance_store/capabilities.py:91}}
Jun 26 09:40:44.256083 np0000003728 devstack@g-api.service[99626]: DEBUG glance_store.backend [-] Registering store swift with schemes ('swift+https', 'swift', 'swift+http', 'swift+config') {{(pid=99626) create_stores /opt/stack/data/venv/lib/python3.12/site-packages/glance_store/backend.py:261}}
Jun 26 09:40:44.256181 np0000003728 devstack@g-api.service[99626]: DEBUG glance_store.driver [-] Late loading location class glance_store._drivers.swift.store.StoreLocation {{(pid=99626) get_store_location_class /opt/stack/data/venv/lib/python3.12/site-packages/glance_store/driver.py:134}}
Jun 26 09:40:44.256274 np0000003728 devstack@g-api.service[99626]: DEBUG glance_store.location [-] Registering scheme swift+https with {'store': , 'location_class': , 'store_entry': 'swift'} {{(pid=99626) register_scheme_map /opt/stack/data/venv/lib/python3.12/site-packages/glance_store/location.py:146}}
Jun 26 09:40:44.256364 np0000003728 devstack@g-api.service[99626]: DEBUG glance_store.location [-] Registering scheme swift with {'store': , 'location_class': , 'store_entry': 'swift'} {{(pid=99626) register_scheme_map /opt/stack/data/venv/lib/python3.12/site-packages/glance_store/location.py:146}}
Jun 26 09:40:44.256464 np0000003728 devstack@g-api.service[99626]: DEBUG glance_store.location [-] Registering scheme swift+http with {'store': , 'location_class': , 'store_entry': 'swift'} {{(pid=99626) register_scheme_map /opt/stack/data/venv/lib/python3.12/site-packages/glance_store/location.py:146}}
Jun 26 09:40:44.256547 np0000003728 devstack@g-api.service[99626]: DEBUG glance_store.location [-] Registering scheme swift+config with {'store': , 'location_class': , 'store_entry': 'swift'} {{(pid=99626) register_scheme_map /opt/stack/data/venv/lib/python3.12/site-packages/glance_store/location.py:146}}
Jun 26 09:40:44.256758 np0000003728 devstack@g-api.service[99626]: DEBUG glance_store.backend [-] Attempting to import store swift {{(pid=99626) _load_store /opt/stack/data/venv/lib/python3.12/site-packages/glance_store/backend.py:215}}
Jun 26 09:40:44.258283 np0000003728 devstack@g-api.service[99626]: DEBUG glance_store.capabilities [-] Store glance_store._drivers.swift.store.SingleTenantStore doesn't support updating dynamic storage capabilities. Please overwrite 'update_capabilities' method of the store to implement updating logics if needed. {{(pid=99626) update_capabilities /opt/stack/data/venv/lib/python3.12/site-packages/glance_store/capabilities.py:91}}
Jun 26 09:40:44.258373 np0000003728 devstack@g-api.service[99626]: DEBUG glance_store.driver [-] Late loading location class glance_store._drivers.swift.store.StoreLocation {{(pid=99626) get_store_location_class /opt/stack/data/venv/lib/python3.12/site-packages/glance_store/driver.py:134}}
Jun 26 09:40:44.258467 np0000003728 devstack@g-api.service[99626]: DEBUG glance_store.location [-] Registering scheme swift+https with {'store': , 'location_class': , 'store_entry': 'swift'} {{(pid=99626) register_scheme_map /opt/stack/data/venv/lib/python3.12/site-packages/glance_store/location.py:146}}
Jun 26 09:40:44.258546 np0000003728 devstack@g-api.service[99626]: DEBUG glance_store.location [-] Registering scheme swift+https with {'store': , 'location_class': , 'store_entry': 'swift'} {{(pid=99626) register_scheme_map /opt/stack/data/venv/lib/python3.12/site-packages/glance_store/location.py:146}}
Jun 26 09:40:44.258637 np0000003728 devstack@g-api.service[99626]: DEBUG glance_store.location [-] Registering scheme swift with {'store': , 'location_class': , 'store_entry': 'swift'} {{(pid=99626) register_scheme_map /opt/stack/data/venv/lib/python3.12/site-packages/glance_store/location.py:146}}
Jun 26 09:40:44.258705 np0000003728 devstack@g-api.service[99626]: DEBUG glance_store.location [-] Registering scheme swift+https with {'store': , 'location_class': , 'store_entry': 'swift'} {{(pid=99626) register_scheme_map /opt/stack/data/venv/lib/python3.12/site-packages/glance_store/location.py:146}}
Jun 26 09:40:44.258773 np0000003728 devstack@g-api.service[99626]: DEBUG glance_store.location [-] Registering scheme swift with {'store': , 'location_class': , 'store_entry': 'swift'} {{(pid=99626) register_scheme_map /opt/stack/data/venv/lib/python3.12/site-packages/glance_store/location.py:146}}
Jun 26 09:40:44.258845 np0000003728 devstack@g-api.service[99626]: DEBUG glance_store.location [-] Registering scheme swift+http with {'store': , 'location_class': , 'store_entry': 'swift'} {{(pid=99626) register_scheme_map /opt/stack/data/venv/lib/python3.12/site-packages/glance_store/location.py:146}}
Jun 26 09:40:44.258923 np0000003728 devstack@g-api.service[99626]: DEBUG glance_store.location [-] Registering scheme swift+https with {'store': , 'location_class': , 'store_entry': 'swift'} {{(pid=99626) register_scheme_map /opt/stack/data/venv/lib/python3.12/site-packages/glance_store/location.py:146}}
Jun 26 09:40:44.259076 np0000003728 devstack@g-api.service[99626]: DEBUG glance_store.location [-] Registering scheme swift with {'store': , 'location_class': , 'store_entry': 'swift'} {{(pid=99626) register_scheme_map /opt/stack/data/venv/lib/python3.12/site-packages/glance_store/location.py:146}}
Jun 26 09:40:44.259076 np0000003728 devstack@g-api.service[99626]: DEBUG glance_store.location [-] Registering scheme swift+http with {'store': , 'location_class': , 'store_entry': 'swift'} {{(pid=99626) register_scheme_map /opt/stack/data/venv/lib/python3.12/site-packages/glance_store/location.py:146}}
Jun 26 09:40:44.259192 np0000003728 devstack@g-api.service[99626]: DEBUG glance_store.location [-] Registering scheme swift+config with {'store': , 'location_class': , 'store_entry': 'swift'} {{(pid=99626) register_scheme_map /opt/stack/data/venv/lib/python3.12/site-packages/glance_store/location.py:146}}
Jun 26 09:40:44.259563 np0000003728 devstack@g-api.service[99626]: DEBUG glance.sqlite_migration [-] SQLite caching database not located, skipping migration {{(pid=99626) get_db_path /opt/stack/glance/glance/sqlite_migration.py:68}}
Jun 26 09:40:44.259817 np0000003728 devstack@g-api.service[99626]: WARNING glance.common.wsgi_app [-] Import methods are enabled but staging directory /tmp/staging/ does not exist; Imports will fail!
Jun 26 09:40:44.395187 np0000003728 devstack@g-api.service[99627]: DEBUG glance.common.config [None req-177d7daa-2a51-4d73-bdbf-2d27d04f429f None None] Loading glance-api-keystone+cachemanagement from /etc/glance/glance-api-paste.ini {{(pid=99627) load_paste_app /opt/stack/glance/glance/common/config.py:759}}
Jun 26 09:40:44.425760 np0000003728 devstack@g-api.service[99626]: DEBUG glance.common.config [None req-5b28dada-dd9a-4633-9da5-fd8e8b8587d1 None None] Loading glance-api-keystone+cachemanagement from /etc/glance/glance-api-paste.ini {{(pid=99626) load_paste_app /opt/stack/glance/glance/common/config.py:759}}
Jun 26 09:40:44.441760 np0000003728 devstack@g-api.service[99625]: DEBUG glance.common.config [None req-b2b115ba-2aac-4d1f-b050-7c35259c94da None None] Loading glance-api-keystone+cachemanagement from /etc/glance/glance-api-paste.ini {{(pid=99625) load_paste_app /opt/stack/glance/glance/common/config.py:759}}
Jun 26 09:40:45.161569 np0000003728 devstack@g-api.service[99626]: INFO glance.image_cache [None req-5b28dada-dd9a-4633-9da5-fd8e8b8587d1 None None] Image cache loaded driver 'centralized_db'.
Jun 26 09:40:45.166263 np0000003728 devstack@g-api.service[99627]: INFO glance.image_cache [None req-177d7daa-2a51-4d73-bdbf-2d27d04f429f None None] Image cache loaded driver 'centralized_db'.
Jun 26 09:40:45.171420 np0000003728 devstack@g-api.service[99625]: INFO glance.image_cache [None req-b2b115ba-2aac-4d1f-b050-7c35259c94da None None] Image cache loaded driver 'centralized_db'.
Jun 26 09:40:45.208150 np0000003728 devstack@g-api.service[99626]: INFO dbcounter [None req-5b28dada-dd9a-4633-9da5-fd8e8b8587d1 None None] Registered counter for database glance
Jun 26 09:40:45.231874 np0000003728 devstack@g-api.service[99627]: INFO dbcounter [None req-177d7daa-2a51-4d73-bdbf-2d27d04f429f None None] Registered counter for database glance
Jun 26 09:40:45.233437 np0000003728 devstack@g-api.service[99625]: INFO dbcounter [None req-b2b115ba-2aac-4d1f-b050-7c35259c94da None None] Registered counter for database glance
Jun 26 09:40:45.250725 np0000003728 devstack@g-api.service[99626]: DEBUG oslo_db.sqlalchemy.engines [None req-5b28dada-dd9a-4633-9da5-fd8e8b8587d1 None None] MySQL server mode set to STRICT_TRANS_TABLES,STRICT_ALL_TABLES,NO_ZERO_IN_DATE,NO_ZERO_DATE,ERROR_FOR_DIVISION_BY_ZERO,TRADITIONAL,NO_ENGINE_SUBSTITUTION {{(pid=99626) _check_effective_sql_mode /opt/stack/data/venv/lib/python3.12/site-packages/oslo_db/sqlalchemy/engines.py:325}}
Jun 26 09:40:45.274045 np0000003728 devstack@g-api.service[99626]: DEBUG dbcounter [-] [99626] Writer thread running {{(pid=99626) stat_writer /opt/stack/data/venv/lib/python3.12/site-packages/dbcounter.py:102}}
Jun 26 09:40:45.279871 np0000003728 devstack@g-api.service[99627]: DEBUG oslo_db.sqlalchemy.engines [None req-177d7daa-2a51-4d73-bdbf-2d27d04f429f None None] MySQL server mode set to STRICT_TRANS_TABLES,STRICT_ALL_TABLES,NO_ZERO_IN_DATE,NO_ZERO_DATE,ERROR_FOR_DIVISION_BY_ZERO,TRADITIONAL,NO_ENGINE_SUBSTITUTION {{(pid=99627) _check_effective_sql_mode /opt/stack/data/venv/lib/python3.12/site-packages/oslo_db/sqlalchemy/engines.py:325}}
Jun 26 09:40:45.283782 np0000003728 devstack@g-api.service[99625]: DEBUG oslo_db.sqlalchemy.engines [None req-b2b115ba-2aac-4d1f-b050-7c35259c94da None None] MySQL server mode set to STRICT_TRANS_TABLES,STRICT_ALL_TABLES,NO_ZERO_IN_DATE,NO_ZERO_DATE,ERROR_FOR_DIVISION_BY_ZERO,TRADITIONAL,NO_ENGINE_SUBSTITUTION {{(pid=99625) _check_effective_sql_mode /opt/stack/data/venv/lib/python3.12/site-packages/oslo_db/sqlalchemy/engines.py:325}}
Jun 26 09:40:45.291664 np0000003728 devstack@g-api.service[99626]: INFO glance.image_cache [None req-5b28dada-dd9a-4633-9da5-fd8e8b8587d1 None None] Image cache loaded driver 'centralized_db'.
Jun 26 09:40:45.302164 np0000003728 devstack@g-api.service[99626]: DEBUG glance.image_cache.drivers.centralized_db [None req-5b28dada-dd9a-4633-9da5-fd8e8b8587d1 None None] Node reference is already recorded, ignoring it {{(pid=99626) configure /opt/stack/glance/glance/image_cache/drivers/centralized_db.py:71}}
Jun 26 09:40:45.304675 np0000003728 devstack@g-api.service[99627]: DEBUG dbcounter [-] [99627] Writer thread running {{(pid=99627) stat_writer /opt/stack/data/venv/lib/python3.12/site-packages/dbcounter.py:102}}
Jun 26 09:40:45.311542 np0000003728 devstack@g-api.service[99627]: DEBUG glance.image_cache.drivers.centralized_db [None req-177d7daa-2a51-4d73-bdbf-2d27d04f429f None None] Node reference is already recorded, ignoring it {{(pid=99627) configure /opt/stack/glance/glance/image_cache/drivers/centralized_db.py:71}}
Jun 26 09:40:45.315878 np0000003728 devstack@g-api.service[99625]: DEBUG dbcounter [-] [99625] Writer thread running {{(pid=99625) stat_writer /opt/stack/data/venv/lib/python3.12/site-packages/dbcounter.py:102}}
Jun 26 09:40:45.318276 np0000003728 devstack@g-api.service[99627]: INFO glance.image_cache [None req-177d7daa-2a51-4d73-bdbf-2d27d04f429f None None] Image cache loaded driver 'centralized_db'.
Jun 26 09:40:45.321503 np0000003728 devstack@g-api.service[99625]: DEBUG glance.image_cache.drivers.centralized_db [None req-b2b115ba-2aac-4d1f-b050-7c35259c94da None None] Node reference is already recorded, ignoring it {{(pid=99625) configure /opt/stack/glance/glance/image_cache/drivers/centralized_db.py:71}}
Jun 26 09:40:45.327317 np0000003728 devstack@g-api.service[99625]: INFO glance.image_cache [None req-b2b115ba-2aac-4d1f-b050-7c35259c94da None None] Image cache loaded driver 'centralized_db'.
Jun 26 09:40:45.338046 np0000003728 devstack@g-api.service[99625]: DEBUG glance.image_cache.drivers.centralized_db [None req-b2b115ba-2aac-4d1f-b050-7c35259c94da None None] Node reference is already recorded, ignoring it {{(pid=99625) configure /opt/stack/glance/glance/image_cache/drivers/centralized_db.py:71}}
Jun 26 09:40:45.412796 np0000003728 devstack@g-api.service[99626]: DEBUG glance.api.v2.cached_images [None req-5b28dada-dd9a-4633-9da5-fd8e8b8587d1 None None] Started cache worker thread {{(pid=99626) __init__ /opt/stack/glance/glance/api/v2/cached_images.py:69}}
Jun 26 09:40:45.413720 np0000003728 devstack@g-api.service[99626]: INFO glance.image_cache [None req-5b28dada-dd9a-4633-9da5-fd8e8b8587d1 None None] Image cache loaded driver 'centralized_db'.
Jun 26 09:40:45.427117 np0000003728 devstack@g-api.service[99626]: DEBUG glance.image_cache.drivers.centralized_db [None req-5b28dada-dd9a-4633-9da5-fd8e8b8587d1 None None] Node reference is already recorded, ignoring it {{(pid=99626) configure /opt/stack/glance/glance/image_cache/drivers/centralized_db.py:71}}
Jun 26 09:40:45.433794 np0000003728 devstack@g-api.service[99627]: DEBUG glance.image_cache.drivers.centralized_db [None req-177d7daa-2a51-4d73-bdbf-2d27d04f429f None None] Node reference is already recorded, ignoring it {{(pid=99627) configure /opt/stack/glance/glance/image_cache/drivers/centralized_db.py:71}}
Jun 26 09:40:45.434560 np0000003728 devstack@g-api.service[99626]: INFO glance.api.middleware.cache_manage [None req-5b28dada-dd9a-4633-9da5-fd8e8b8587d1 None None] Initialized image cache management middleware
Jun 26 09:40:45.434731 np0000003728 devstack@g-api.service[99626]: INFO glance.image_cache [None req-5b28dada-dd9a-4633-9da5-fd8e8b8587d1 None None] Image cache loaded driver 'centralized_db'.
Jun 26 09:40:45.438925 np0000003728 devstack@g-api.service[99627]: DEBUG glance.api.v2.cached_images [None req-177d7daa-2a51-4d73-bdbf-2d27d04f429f None None] Started cache worker thread {{(pid=99627) __init__ /opt/stack/glance/glance/api/v2/cached_images.py:69}}
Jun 26 09:40:45.439658 np0000003728 devstack@g-api.service[99627]: INFO glance.image_cache [None req-177d7daa-2a51-4d73-bdbf-2d27d04f429f None None] Image cache loaded driver 'centralized_db'.
Jun 26 09:40:45.443542 np0000003728 devstack@g-api.service[99625]: DEBUG glance.api.v2.cached_images [None req-b2b115ba-2aac-4d1f-b050-7c35259c94da None None] Started cache worker thread {{(pid=99625) __init__ /opt/stack/glance/glance/api/v2/cached_images.py:69}}
Jun 26 09:40:45.444412 np0000003728 devstack@g-api.service[99625]: INFO glance.image_cache [None req-b2b115ba-2aac-4d1f-b050-7c35259c94da None None] Image cache loaded driver 'centralized_db'.
Jun 26 09:40:45.447868 np0000003728 devstack@g-api.service[99626]: DEBUG glance.image_cache.drivers.centralized_db [None req-5b28dada-dd9a-4633-9da5-fd8e8b8587d1 None None] Node reference is already recorded, ignoring it {{(pid=99626) configure /opt/stack/glance/glance/image_cache/drivers/centralized_db.py:71}}
Jun 26 09:40:45.451231 np0000003728 devstack@g-api.service[99627]: DEBUG glance.image_cache.drivers.centralized_db [None req-177d7daa-2a51-4d73-bdbf-2d27d04f429f None None] Node reference is already recorded, ignoring it {{(pid=99627) configure /opt/stack/glance/glance/image_cache/drivers/centralized_db.py:71}}
Jun 26 09:40:45.451782 np0000003728 devstack@g-api.service[99626]: INFO glance.api.middleware.cache [None req-5b28dada-dd9a-4633-9da5-fd8e8b8587d1 None None] Initialized image cache middleware
Jun 26 09:40:45.456200 np0000003728 devstack@g-api.service[99627]: INFO glance.api.middleware.cache_manage [None req-177d7daa-2a51-4d73-bdbf-2d27d04f429f None None] Initialized image cache management middleware
Jun 26 09:40:45.456352 np0000003728 devstack@g-api.service[99627]: INFO glance.image_cache [None req-177d7daa-2a51-4d73-bdbf-2d27d04f429f None None] Image cache loaded driver 'centralized_db'.
Jun 26 09:40:45.462772 np0000003728 devstack@g-api.service[99625]: DEBUG glance.image_cache.drivers.centralized_db [None req-b2b115ba-2aac-4d1f-b050-7c35259c94da None None] Node reference is already recorded, ignoring it {{(pid=99625) configure /opt/stack/glance/glance/image_cache/drivers/centralized_db.py:71}}
Jun 26 09:40:45.464962 np0000003728 devstack@g-api.service[99626]: DEBUG glance.common.config [None req-5b28dada-dd9a-4633-9da5-fd8e8b8587d1 None None] ******************************************************************************** {{(pid=99626) log_opt_values /opt/stack/data/venv/lib/python3.12/site-packages/oslo_config/cfg.py:3226}}
Jun 26 09:40:45.465091 np0000003728 devstack@g-api.service[99626]: DEBUG glance.common.config [None req-5b28dada-dd9a-4633-9da5-fd8e8b8587d1 None None] Configuration options gathered from: {{(pid=99626) log_opt_values /opt/stack/data/venv/lib/python3.12/site-packages/oslo_config/cfg.py:3227}}
Jun 26 09:40:45.465471 np0000003728 devstack@g-api.service[99626]: DEBUG glance.common.config [None req-5b28dada-dd9a-4633-9da5-fd8e8b8587d1 None None] command line args: [] {{(pid=99626) log_opt_values /opt/stack/data/venv/lib/python3.12/site-packages/oslo_config/cfg.py:3228}}
Jun 26 09:40:45.465655 np0000003728 devstack@g-api.service[99626]: DEBUG glance.common.config [None req-5b28dada-dd9a-4633-9da5-fd8e8b8587d1 None None] config files: ['/etc/glance/glance-image-import.conf', '/etc/glance/glance-api.conf'] {{(pid=99626) log_opt_values /opt/stack/data/venv/lib/python3.12/site-packages/oslo_config/cfg.py:3229}}
Jun 26 09:40:45.465761 np0000003728 devstack@g-api.service[99626]: DEBUG glance.common.config [None req-5b28dada-dd9a-4633-9da5-fd8e8b8587d1 None None] ================================================================================ {{(pid=99626) log_opt_values /opt/stack/data/venv/lib/python3.12/site-packages/oslo_config/cfg.py:3234}}
Jun 26 09:40:45.465952 np0000003728 devstack@g-api.service[99626]: DEBUG glance.common.config [None req-5b28dada-dd9a-4633-9da5-fd8e8b8587d1 None None] allow_anonymous_access = False {{(pid=99626) log_opt_values /opt/stack/data/venv/lib/python3.12/site-packages/oslo_config/cfg.py:3242}}
Jun 26 09:40:45.466067 np0000003728 devstack@g-api.service[99626]: DEBUG glance.common.config [None req-5b28dada-dd9a-4633-9da5-fd8e8b8587d1 None None] api_limit_max = 1000 {{(pid=99626) log_opt_values /opt/stack/data/venv/lib/python3.12/site-packages/oslo_config/cfg.py:3242}}
Jun 26 09:40:45.466172 np0000003728 devstack@g-api.service[99626]: DEBUG glance.common.config [None req-5b28dada-dd9a-4633-9da5-fd8e8b8587d1 None None] backlog = 4096 {{(pid=99626) log_opt_values /opt/stack/data/venv/lib/python3.12/site-packages/oslo_config/cfg.py:3242}}
Jun 26 09:40:45.466317 np0000003728 devstack@g-api.service[99626]: DEBUG glance.common.config [None req-5b28dada-dd9a-4633-9da5-fd8e8b8587d1 None None] bind_host = 0.0.0.0 {{(pid=99626) log_opt_values /opt/stack/data/venv/lib/python3.12/site-packages/oslo_config/cfg.py:3242}}
Jun 26 09:40:45.466438 np0000003728 devstack@g-api.service[99626]: DEBUG glance.common.config [None req-5b28dada-dd9a-4633-9da5-fd8e8b8587d1 None None] bind_port = 19292 {{(pid=99626) log_opt_values /opt/stack/data/venv/lib/python3.12/site-packages/oslo_config/cfg.py:3242}}
Jun 26 09:40:45.466551 np0000003728 devstack@g-api.service[99626]: DEBUG glance.common.config [None req-5b28dada-dd9a-4633-9da5-fd8e8b8587d1 None None] client_socket_timeout = 900 {{(pid=99626) log_opt_values /opt/stack/data/venv/lib/python3.12/site-packages/oslo_config/cfg.py:3242}}
Jun 26 09:40:45.466744 np0000003728 devstack@g-api.service[99626]: DEBUG glance.common.config [None req-5b28dada-dd9a-4633-9da5-fd8e8b8587d1 None None] config_dir = [] {{(pid=99626) log_opt_values /opt/stack/data/venv/lib/python3.12/site-packages/oslo_config/cfg.py:3242}}
Jun 26 09:40:45.466744 np0000003728 devstack@g-api.service[99626]: DEBUG glance.common.config [None req-5b28dada-dd9a-4633-9da5-fd8e8b8587d1 None None] config_file = ['/etc/glance/glance-image-import.conf', '/etc/glance/glance-api.conf'] {{(pid=99626) log_opt_values /opt/stack/data/venv/lib/python3.12/site-packages/oslo_config/cfg.py:3242}}
Jun 26 09:40:45.466856 np0000003728 devstack@g-api.service[99626]: DEBUG glance.common.config [None req-5b28dada-dd9a-4633-9da5-fd8e8b8587d1 None None] config_source = [] {{(pid=99626) log_opt_values /opt/stack/data/venv/lib/python3.12/site-packages/oslo_config/cfg.py:3242}}
Jun 26 09:40:45.466973 np0000003728 devstack@g-api.service[99626]: DEBUG glance.common.config [None req-5b28dada-dd9a-4633-9da5-fd8e8b8587d1 None None] control_exchange = glance {{(pid=99626) log_opt_values /opt/stack/data/venv/lib/python3.12/site-packages/oslo_config/cfg.py:3242}}
Jun 26 09:40:45.467065 np0000003728 devstack@g-api.service[99626]: DEBUG glance.common.config [None req-5b28dada-dd9a-4633-9da5-fd8e8b8587d1 None None] debug = True {{(pid=99626) log_opt_values /opt/stack/data/venv/lib/python3.12/site-packages/oslo_config/cfg.py:3242}}
Jun 26 09:40:45.467300 np0000003728 devstack@g-api.service[99626]: DEBUG glance.common.config [None req-5b28dada-dd9a-4633-9da5-fd8e8b8587d1 None None] default_log_levels = ['amqp=WARN', 'boto=WARN', 'sqlalchemy=WARN', 'suds=INFO', 'oslo.messaging=INFO', 'oslo_messaging=INFO', 'iso8601=WARN', 'requests.packages.urllib3.connectionpool=WARN', 'urllib3.connectionpool=WARN', 'websocket=WARN', 'requests.packages.urllib3.util.retry=WARN', 'urllib3.util.retry=WARN', 'keystonemiddleware=WARN', 'routes.middleware=WARN', 'stevedore=WARN', 'taskflow=WARN', 'keystoneauth=WARN', 'oslo.cache=INFO', 'oslo_policy=INFO', 'dogpile.core.dogpile=INFO'] {{(pid=99626) log_opt_values /opt/stack/data/venv/lib/python3.12/site-packages/oslo_config/cfg.py:3242}}
Jun 26 09:40:45.467393 np0000003728 devstack@g-api.service[99626]: DEBUG glance.common.config [None req-5b28dada-dd9a-4633-9da5-fd8e8b8587d1 None None] default_publisher_id = image.localhost {{(pid=99626) log_opt_values /opt/stack/data/venv/lib/python3.12/site-packages/oslo_config/cfg.py:3242}}
Jun 26 09:40:45.467527 np0000003728 devstack@g-api.service[99626]: DEBUG glance.common.config [None req-5b28dada-dd9a-4633-9da5-fd8e8b8587d1 None None] delayed_delete = False {{(pid=99626) log_opt_values /opt/stack/data/venv/lib/python3.12/site-packages/oslo_config/cfg.py:3242}}
Jun 26 09:40:45.467652 np0000003728 devstack@g-api.service[99626]: DEBUG glance.common.config [None req-5b28dada-dd9a-4633-9da5-fd8e8b8587d1 None None] digest_algorithm = sha256 {{(pid=99626) log_opt_values /opt/stack/data/venv/lib/python3.12/site-packages/oslo_config/cfg.py:3242}}
Jun 26 09:40:45.467782 np0000003728 devstack@g-api.service[99626]: DEBUG glance.common.config [None req-5b28dada-dd9a-4633-9da5-fd8e8b8587d1 None None] disabled_notifications = [] {{(pid=99626) log_opt_values /opt/stack/data/venv/lib/python3.12/site-packages/oslo_config/cfg.py:3242}}
Jun 26 09:40:45.467873 np0000003728 devstack@g-api.service[99626]: DEBUG glance.common.config [None req-5b28dada-dd9a-4633-9da5-fd8e8b8587d1 None None] do_secure_hash = True {{(pid=99626) log_opt_values /opt/stack/data/venv/lib/python3.12/site-packages/oslo_config/cfg.py:3242}}
Jun 26 09:40:45.467974 np0000003728 devstack@g-api.service[99627]: DEBUG glance.image_cache.drivers.centralized_db [None req-177d7daa-2a51-4d73-bdbf-2d27d04f429f None None] Node reference is already recorded, ignoring it {{(pid=99627) configure /opt/stack/glance/glance/image_cache/drivers/centralized_db.py:71}}
Jun 26 09:40:45.468011 np0000003728 devstack@g-api.service[99626]: DEBUG glance.common.config [None req-5b28dada-dd9a-4633-9da5-fd8e8b8587d1 None None] enabled_backends = None {{(pid=99626) log_opt_values /opt/stack/data/venv/lib/python3.12/site-packages/oslo_config/cfg.py:3242}}
Jun 26 09:40:45.468089 np0000003728 devstack@g-api.service[99626]: DEBUG glance.common.config [None req-5b28dada-dd9a-4633-9da5-fd8e8b8587d1 None None] enabled_import_methods = ['glance-direct', 'web-download', 'copy-image'] {{(pid=99626) log_opt_values /opt/stack/data/venv/lib/python3.12/site-packages/oslo_config/cfg.py:3242}}
Jun 26 09:40:45.468190 np0000003728 devstack@g-api.service[99626]: DEBUG glance.common.config [None req-5b28dada-dd9a-4633-9da5-fd8e8b8587d1 None None] fatal_deprecations = False {{(pid=99626) log_opt_values /opt/stack/data/venv/lib/python3.12/site-packages/oslo_config/cfg.py:3242}}
Jun 26 09:40:45.468283 np0000003728 devstack@g-api.service[99626]: DEBUG glance.common.config [None req-5b28dada-dd9a-4633-9da5-fd8e8b8587d1 None None] hashing_algorithm = sha512 {{(pid=99626) log_opt_values /opt/stack/data/venv/lib/python3.12/site-packages/oslo_config/cfg.py:3242}}
Jun 26 09:40:45.468366 np0000003728 devstack@g-api.service[99626]: DEBUG glance.common.config [None req-5b28dada-dd9a-4633-9da5-fd8e8b8587d1 None None] http_keepalive = True {{(pid=99626) log_opt_values /opt/stack/data/venv/lib/python3.12/site-packages/oslo_config/cfg.py:3242}}
Jun 26 09:40:45.468465 np0000003728 devstack@g-api.service[99626]: DEBUG glance.common.config [None req-5b28dada-dd9a-4633-9da5-fd8e8b8587d1 None None] http_retries = 3 {{(pid=99626) log_opt_values /opt/stack/data/venv/lib/python3.12/site-packages/oslo_config/cfg.py:3242}}
Jun 26 09:40:45.468565 np0000003728 devstack@g-api.service[99626]: DEBUG glance.common.config [None req-5b28dada-dd9a-4633-9da5-fd8e8b8587d1 None None] image_cache_dir = /opt/stack/data/glance/cache/ {{(pid=99626) log_opt_values /opt/stack/data/venv/lib/python3.12/site-packages/oslo_config/cfg.py:3242}}
Jun 26 09:40:45.468668 np0000003728 devstack@g-api.service[99626]: DEBUG glance.common.config [None req-5b28dada-dd9a-4633-9da5-fd8e8b8587d1 None None] image_cache_driver = centralized_db {{(pid=99626) log_opt_values /opt/stack/data/venv/lib/python3.12/site-packages/oslo_config/cfg.py:3242}}
Jun 26 09:40:45.468780 np0000003728 devstack@g-api.service[99626]: DEBUG glance.common.config [None req-5b28dada-dd9a-4633-9da5-fd8e8b8587d1 None None] image_cache_max_size = 10737418240 {{(pid=99626) log_opt_values /opt/stack/data/venv/lib/python3.12/site-packages/oslo_config/cfg.py:3242}}
Jun 26 09:40:45.468883 np0000003728 devstack@g-api.service[99626]: DEBUG glance.common.config [None req-5b28dada-dd9a-4633-9da5-fd8e8b8587d1 None None] image_cache_sqlite_db = cache.db {{(pid=99626) log_opt_values /opt/stack/data/venv/lib/python3.12/site-packages/oslo_config/cfg.py:3242}}
Jun 26 09:40:45.468991 np0000003728 devstack@g-api.service[99626]: DEBUG glance.common.config [None req-5b28dada-dd9a-4633-9da5-fd8e8b8587d1 None None] image_cache_stall_time = 86400 {{(pid=99626) log_opt_values /opt/stack/data/venv/lib/python3.12/site-packages/oslo_config/cfg.py:3242}}
Jun 26 09:40:45.469106 np0000003728 devstack@g-api.service[99626]: DEBUG glance.common.config [None req-5b28dada-dd9a-4633-9da5-fd8e8b8587d1 None None] image_location_quota = 10 {{(pid=99626) log_opt_values /opt/stack/data/venv/lib/python3.12/site-packages/oslo_config/cfg.py:3242}}
Jun 26 09:40:45.469205 np0000003728 devstack@g-api.service[99626]: DEBUG glance.common.config [None req-5b28dada-dd9a-4633-9da5-fd8e8b8587d1 None None] image_member_quota = 128 {{(pid=99626) log_opt_values /opt/stack/data/venv/lib/python3.12/site-packages/oslo_config/cfg.py:3242}}
Jun 26 09:40:45.469298 np0000003728 devstack@g-api.service[99626]: DEBUG glance.common.config [None req-5b28dada-dd9a-4633-9da5-fd8e8b8587d1 None None] image_property_quota = 128 {{(pid=99626) log_opt_values /opt/stack/data/venv/lib/python3.12/site-packages/oslo_config/cfg.py:3242}}
Jun 26 09:40:45.469381 np0000003728 devstack@g-api.service[99626]: DEBUG glance.common.config [None req-5b28dada-dd9a-4633-9da5-fd8e8b8587d1 None None] image_size_cap = 1099511627776 {{(pid=99626) log_opt_values /opt/stack/data/venv/lib/python3.12/site-packages/oslo_config/cfg.py:3242}}
Jun 26 09:40:45.469488 np0000003728 devstack@g-api.service[99626]: DEBUG glance.common.config [None req-5b28dada-dd9a-4633-9da5-fd8e8b8587d1 None None] image_tag_quota = 128 {{(pid=99626) log_opt_values /opt/stack/data/venv/lib/python3.12/site-packages/oslo_config/cfg.py:3242}}
Jun 26 09:40:45.469613 np0000003728 devstack@g-api.service[99626]: DEBUG glance.common.config [None req-5b28dada-dd9a-4633-9da5-fd8e8b8587d1 None None] instance_format = [instance: %(uuid)s] {{(pid=99626) log_opt_values /opt/stack/data/venv/lib/python3.12/site-packages/oslo_config/cfg.py:3242}}
Jun 26 09:40:45.469705 np0000003728 devstack@g-api.service[99626]: DEBUG glance.common.config [None req-5b28dada-dd9a-4633-9da5-fd8e8b8587d1 None None] instance_uuid_format = [instance: %(uuid)s] {{(pid=99626) log_opt_values /opt/stack/data/venv/lib/python3.12/site-packages/oslo_config/cfg.py:3242}}
Jun 26 09:40:45.469809 np0000003728 devstack@g-api.service[99626]: DEBUG glance.common.config [None req-5b28dada-dd9a-4633-9da5-fd8e8b8587d1 None None] limit_param_default = 25 {{(pid=99626) log_opt_values /opt/stack/data/venv/lib/python3.12/site-packages/oslo_config/cfg.py:3242}}
Jun 26 09:40:45.470072 np0000003728 devstack@g-api.service[99626]: DEBUG glance.common.config [None req-5b28dada-dd9a-4633-9da5-fd8e8b8587d1 None None] log_color = False {{(pid=99626) log_opt_values /opt/stack/data/venv/lib/python3.12/site-packages/oslo_config/cfg.py:3242}}
Jun 26 09:40:45.470248 np0000003728 devstack@g-api.service[99626]: DEBUG glance.common.config [None req-5b28dada-dd9a-4633-9da5-fd8e8b8587d1 None None] log_config_append = None {{(pid=99626) log_opt_values /opt/stack/data/venv/lib/python3.12/site-packages/oslo_config/cfg.py:3242}}
Jun 26 09:40:45.470367 np0000003728 devstack@g-api.service[99626]: DEBUG glance.common.config [None req-5b28dada-dd9a-4633-9da5-fd8e8b8587d1 None None] log_date_format = %Y-%m-%d %H:%M:%S {{(pid=99626) log_opt_values /opt/stack/data/venv/lib/python3.12/site-packages/oslo_config/cfg.py:3242}}
Jun 26 09:40:45.470479 np0000003728 devstack@g-api.service[99626]: DEBUG glance.common.config [None req-5b28dada-dd9a-4633-9da5-fd8e8b8587d1 None None] log_dir = None {{(pid=99626) log_opt_values /opt/stack/data/venv/lib/python3.12/site-packages/oslo_config/cfg.py:3242}}
Jun 26 09:40:45.470576 np0000003728 devstack@g-api.service[99626]: DEBUG glance.common.config [None req-5b28dada-dd9a-4633-9da5-fd8e8b8587d1 None None] log_file = None {{(pid=99626) log_opt_values /opt/stack/data/venv/lib/python3.12/site-packages/oslo_config/cfg.py:3242}}
Jun 26 09:40:45.470665 np0000003728 devstack@g-api.service[99626]: DEBUG glance.common.config [None req-5b28dada-dd9a-4633-9da5-fd8e8b8587d1 None None] log_rotate_interval = 1 {{(pid=99626) log_opt_values /opt/stack/data/venv/lib/python3.12/site-packages/oslo_config/cfg.py:3242}}
Jun 26 09:40:45.470714 np0000003728 devstack@g-api.service[99625]: INFO glance.api.middleware.cache_manage [None req-b2b115ba-2aac-4d1f-b050-7c35259c94da None None] Initialized image cache management middleware
Jun 26 09:40:45.470784 np0000003728 devstack@g-api.service[99626]: DEBUG glance.common.config [None req-5b28dada-dd9a-4633-9da5-fd8e8b8587d1 None None] log_rotate_interval_type = days {{(pid=99626) log_opt_values /opt/stack/data/venv/lib/python3.12/site-packages/oslo_config/cfg.py:3242}}
Jun 26 09:40:45.470942 np0000003728 devstack@g-api.service[99626]: DEBUG glance.common.config [None req-5b28dada-dd9a-4633-9da5-fd8e8b8587d1 None None] log_rotation_type = none {{(pid=99626) log_opt_values /opt/stack/data/venv/lib/python3.12/site-packages/oslo_config/cfg.py:3242}}
Jun 26 09:40:45.470990 np0000003728 devstack@g-api.service[99625]: INFO glance.image_cache [None req-b2b115ba-2aac-4d1f-b050-7c35259c94da None None] Image cache loaded driver 'centralized_db'.
Jun 26 09:40:45.471071 np0000003728 devstack@g-api.service[99626]: DEBUG glance.common.config [None req-5b28dada-dd9a-4633-9da5-fd8e8b8587d1 None None] logging_context_format_string = %(color)s%(levelname)s %(name)s [%(global_request_id)s %(request_id)s %(project_name)s %(user_name)s%(color)s] %(instance)s%(color)s%(message)s {{(pid=99626) log_opt_values /opt/stack/data/venv/lib/python3.12/site-packages/oslo_config/cfg.py:3242}}
Jun 26 09:40:45.471180 np0000003728 devstack@g-api.service[99626]: DEBUG glance.common.config [None req-5b28dada-dd9a-4633-9da5-fd8e8b8587d1 None None] logging_debug_format_suffix = {{(pid=%(process)d) %(funcName)s %(pathname)s:%(lineno)d}} {{(pid=99626) log_opt_values /opt/stack/data/venv/lib/python3.12/site-packages/oslo_config/cfg.py:3242}}
Jun 26 09:40:45.471279 np0000003728 devstack@g-api.service[99626]: DEBUG glance.common.config [None req-5b28dada-dd9a-4633-9da5-fd8e8b8587d1 None None] logging_default_format_string = %(color)s%(levelname)s %(name)s [-%(color)s] %(instance)s%(color)s%(message)s {{(pid=99626) log_opt_values /opt/stack/data/venv/lib/python3.12/site-packages/oslo_config/cfg.py:3242}}
Jun 26 09:40:45.471371 np0000003728 devstack@g-api.service[99626]: DEBUG glance.common.config [None req-5b28dada-dd9a-4633-9da5-fd8e8b8587d1 None None] logging_exception_prefix = ERROR %(name)s %(instance)s {{(pid=99626) log_opt_values /opt/stack/data/venv/lib/python3.12/site-packages/oslo_config/cfg.py:3242}}
Jun 26 09:40:45.471467 np0000003728 devstack@g-api.service[99626]: DEBUG glance.common.config [None req-5b28dada-dd9a-4633-9da5-fd8e8b8587d1 None None] logging_user_identity_format = %(user)s %(project)s %(domain)s %(system_scope)s %(user_domain)s %(project_domain)s {{(pid=99626) log_opt_values /opt/stack/data/venv/lib/python3.12/site-packages/oslo_config/cfg.py:3242}}
Jun 26 09:40:45.471582 np0000003728 devstack@g-api.service[99626]: DEBUG glance.common.config [None req-5b28dada-dd9a-4633-9da5-fd8e8b8587d1 None None] max_header_line = 16384 {{(pid=99626) log_opt_values /opt/stack/data/venv/lib/python3.12/site-packages/oslo_config/cfg.py:3242}}
Jun 26 09:40:45.471691 np0000003728 devstack@g-api.service[99626]: DEBUG glance.common.config [None req-5b28dada-dd9a-4633-9da5-fd8e8b8587d1 None None] max_logfile_count = 30 {{(pid=99626) log_opt_values /opt/stack/data/venv/lib/python3.12/site-packages/oslo_config/cfg.py:3242}}
Jun 26 09:40:45.471826 np0000003728 devstack@g-api.service[99626]: DEBUG glance.common.config [None req-5b28dada-dd9a-4633-9da5-fd8e8b8587d1 None None] max_logfile_size_mb = 200 {{(pid=99626) log_opt_values /opt/stack/data/venv/lib/python3.12/site-packages/oslo_config/cfg.py:3242}}
Jun 26 09:40:45.471984 np0000003728 devstack@g-api.service[99626]: DEBUG glance.common.config [None req-5b28dada-dd9a-4633-9da5-fd8e8b8587d1 None None] max_request_id_length = 64 {{(pid=99626) log_opt_values /opt/stack/data/venv/lib/python3.12/site-packages/oslo_config/cfg.py:3242}}
Jun 26 09:40:45.472114 np0000003728 devstack@g-api.service[99626]: DEBUG glance.common.config [None req-5b28dada-dd9a-4633-9da5-fd8e8b8587d1 None None] metadata_encryption_key = **** {{(pid=99626) log_opt_values /opt/stack/data/venv/lib/python3.12/site-packages/oslo_config/cfg.py:3242}}
Jun 26 09:40:45.472247 np0000003728 devstack@g-api.service[99626]: DEBUG glance.common.config [None req-5b28dada-dd9a-4633-9da5-fd8e8b8587d1 None None] node_staging_uri = file:///tmp/staging/ {{(pid=99626) log_opt_values /opt/stack/data/venv/lib/python3.12/site-packages/oslo_config/cfg.py:3242}}
Jun 26 09:40:45.472382 np0000003728 devstack@g-api.service[99626]: DEBUG glance.common.config [None req-5b28dada-dd9a-4633-9da5-fd8e8b8587d1 None None] property_protection_file = None {{(pid=99626) log_opt_values /opt/stack/data/venv/lib/python3.12/site-packages/oslo_config/cfg.py:3242}}
Jun 26 09:40:45.472559 np0000003728 devstack@g-api.service[99626]: DEBUG glance.common.config [None req-5b28dada-dd9a-4633-9da5-fd8e8b8587d1 None None] property_protection_rule_format = roles {{(pid=99626) log_opt_values /opt/stack/data/venv/lib/python3.12/site-packages/oslo_config/cfg.py:3242}}
Jun 26 09:40:45.472704 np0000003728 devstack@g-api.service[99626]: DEBUG glance.common.config [None req-5b28dada-dd9a-4633-9da5-fd8e8b8587d1 None None] public_endpoint = https://10.4.3.20/image {{(pid=99626) log_opt_values /opt/stack/data/venv/lib/python3.12/site-packages/oslo_config/cfg.py:3242}}
Jun 26 09:40:45.472885 np0000003728 devstack@g-api.service[99626]: DEBUG glance.common.config [None req-5b28dada-dd9a-4633-9da5-fd8e8b8587d1 None None] publish_errors = False {{(pid=99626) log_opt_values /opt/stack/data/venv/lib/python3.12/site-packages/oslo_config/cfg.py:3242}}
Jun 26 09:40:45.472998 np0000003728 devstack@g-api.service[99626]: DEBUG glance.common.config [None req-5b28dada-dd9a-4633-9da5-fd8e8b8587d1 None None] pydev_worker_debug_host = None {{(pid=99626) log_opt_values /opt/stack/data/venv/lib/python3.12/site-packages/oslo_config/cfg.py:3242}}
Jun 26 09:40:45.473109 np0000003728 devstack@g-api.service[99626]: DEBUG glance.common.config [None req-5b28dada-dd9a-4633-9da5-fd8e8b8587d1 None None] pydev_worker_debug_port = 5678 {{(pid=99626) log_opt_values /opt/stack/data/venv/lib/python3.12/site-packages/oslo_config/cfg.py:3242}}
Jun 26 09:40:45.473245 np0000003728 devstack@g-api.service[99626]: DEBUG glance.common.config [None req-5b28dada-dd9a-4633-9da5-fd8e8b8587d1 None None] rate_limit_burst = 0 {{(pid=99626) log_opt_values /opt/stack/data/venv/lib/python3.12/site-packages/oslo_config/cfg.py:3242}}
Jun 26 09:40:45.473387 np0000003728 devstack@g-api.service[99626]: DEBUG glance.common.config [None req-5b28dada-dd9a-4633-9da5-fd8e8b8587d1 None None] rate_limit_except_level = CRITICAL {{(pid=99626) log_opt_values /opt/stack/data/venv/lib/python3.12/site-packages/oslo_config/cfg.py:3242}}
Jun 26 09:40:45.473543 np0000003728 devstack@g-api.service[99626]: DEBUG glance.common.config [None req-5b28dada-dd9a-4633-9da5-fd8e8b8587d1 None None] rate_limit_interval = 0 {{(pid=99626) log_opt_values /opt/stack/data/venv/lib/python3.12/site-packages/oslo_config/cfg.py:3242}}
Jun 26 09:40:45.473639 np0000003728 devstack@g-api.service[99626]: DEBUG glance.common.config [None req-5b28dada-dd9a-4633-9da5-fd8e8b8587d1 None None] scrub_pool_size = 1 {{(pid=99626) log_opt_values /opt/stack/data/venv/lib/python3.12/site-packages/oslo_config/cfg.py:3242}}
Jun 26 09:40:45.473727 np0000003728 devstack@g-api.service[99626]: DEBUG glance.common.config [None req-5b28dada-dd9a-4633-9da5-fd8e8b8587d1 None None] scrub_time = 0 {{(pid=99626) log_opt_values /opt/stack/data/venv/lib/python3.12/site-packages/oslo_config/cfg.py:3242}}
Jun 26 09:40:45.473817 np0000003728 devstack@g-api.service[99626]: DEBUG glance.common.config [None req-5b28dada-dd9a-4633-9da5-fd8e8b8587d1 None None] shell_completion = None {{(pid=99626) log_opt_values /opt/stack/data/venv/lib/python3.12/site-packages/oslo_config/cfg.py:3242}}
Jun 26 09:40:45.473911 np0000003728 devstack@g-api.service[99626]: DEBUG glance.common.config [None req-5b28dada-dd9a-4633-9da5-fd8e8b8587d1 None None] show_image_direct_url = False {{(pid=99626) log_opt_values /opt/stack/data/venv/lib/python3.12/site-packages/oslo_config/cfg.py:3242}}
Jun 26 09:40:45.474301 np0000003728 devstack@g-api.service[99626]: WARNING oslo_config.cfg [None req-5b28dada-dd9a-4633-9da5-fd8e8b8587d1 None None] Deprecated: Option "show_multiple_locations" from group "DEFAULT" is deprecated for removal (Use of this option, deprecated since Newton, is a security risk and will be removed once we figure out a way to satisfy those use cases that currently require it. An earlier announcement that the same functionality can be achieved with greater granularity by using policies is incorrect. You cannot work around this option via policy configuration at the present time, though that is the direction we believe the fix will take. Please keep an eye on the Glance release notes to stay up to date on progress in addressing this issue.). Its value may be silently ignored in the future.
Jun 26 09:40:45.474375 np0000003728 devstack@g-api.service[99627]: INFO glance.api.middleware.cache [None req-177d7daa-2a51-4d73-bdbf-2d27d04f429f None None] Initialized image cache middleware
Jun 26 09:40:45.474408 np0000003728 devstack@g-api.service[99626]: DEBUG glance.common.config [None req-5b28dada-dd9a-4633-9da5-fd8e8b8587d1 None None] show_multiple_locations = False {{(pid=99626) log_opt_values /opt/stack/data/venv/lib/python3.12/site-packages/oslo_config/cfg.py:3242}}
Jun 26 09:40:45.474580 np0000003728 devstack@g-api.service[99626]: DEBUG glance.common.config [None req-5b28dada-dd9a-4633-9da5-fd8e8b8587d1 None None] syslog_log_facility = LOG_USER {{(pid=99626) log_opt_values /opt/stack/data/venv/lib/python3.12/site-packages/oslo_config/cfg.py:3242}}
Jun 26 09:40:45.474687 np0000003728 devstack@g-api.service[99626]: DEBUG glance.common.config [None req-5b28dada-dd9a-4633-9da5-fd8e8b8587d1 None None] tcp_keepidle = 600 {{(pid=99626) log_opt_values /opt/stack/data/venv/lib/python3.12/site-packages/oslo_config/cfg.py:3242}}
Jun 26 09:40:45.474803 np0000003728 devstack@g-api.service[99626]: DEBUG glance.common.config [None req-5b28dada-dd9a-4633-9da5-fd8e8b8587d1 None None] transport_url = **** {{(pid=99626) log_opt_values /opt/stack/data/venv/lib/python3.12/site-packages/oslo_config/cfg.py:3242}}
Jun 26 09:40:45.474904 np0000003728 devstack@g-api.service[99626]: DEBUG glance.common.config [None req-5b28dada-dd9a-4633-9da5-fd8e8b8587d1 None None] use_journal = False {{(pid=99626) log_opt_values /opt/stack/data/venv/lib/python3.12/site-packages/oslo_config/cfg.py:3242}}
Jun 26 09:40:45.475090 np0000003728 devstack@g-api.service[99626]: DEBUG glance.common.config [None req-5b28dada-dd9a-4633-9da5-fd8e8b8587d1 None None] use_json = False {{(pid=99626) log_opt_values /opt/stack/data/venv/lib/python3.12/site-packages/oslo_config/cfg.py:3242}}
Jun 26 09:40:45.475216 np0000003728 devstack@g-api.service[99626]: DEBUG glance.common.config [None req-5b28dada-dd9a-4633-9da5-fd8e8b8587d1 None None] use_keystone_limits = True {{(pid=99626) log_opt_values /opt/stack/data/venv/lib/python3.12/site-packages/oslo_config/cfg.py:3242}}
Jun 26 09:40:45.475324 np0000003728 devstack@g-api.service[99626]: DEBUG glance.common.config [None req-5b28dada-dd9a-4633-9da5-fd8e8b8587d1 None None] use_stderr = False {{(pid=99626) log_opt_values /opt/stack/data/venv/lib/python3.12/site-packages/oslo_config/cfg.py:3242}}
Jun 26 09:40:45.475420 np0000003728 devstack@g-api.service[99626]: DEBUG glance.common.config [None req-5b28dada-dd9a-4633-9da5-fd8e8b8587d1 None None] use_syslog = False {{(pid=99626) log_opt_values /opt/stack/data/venv/lib/python3.12/site-packages/oslo_config/cfg.py:3242}}
Jun 26 09:40:45.475570 np0000003728 devstack@g-api.service[99626]: DEBUG glance.common.config [None req-5b28dada-dd9a-4633-9da5-fd8e8b8587d1 None None] user_storage_quota = 0 {{(pid=99626) log_opt_values /opt/stack/data/venv/lib/python3.12/site-packages/oslo_config/cfg.py:3242}}
Jun 26 09:40:45.475668 np0000003728 devstack@g-api.service[99626]: DEBUG glance.common.config [None req-5b28dada-dd9a-4633-9da5-fd8e8b8587d1 None None] worker_self_reference_url = http://127.0.0.1:60999 {{(pid=99626) log_opt_values /opt/stack/data/venv/lib/python3.12/site-packages/oslo_config/cfg.py:3242}}
Jun 26 09:40:45.475754 np0000003728 devstack@g-api.service[99626]: DEBUG glance.common.config [None req-5b28dada-dd9a-4633-9da5-fd8e8b8587d1 None None] workers = None {{(pid=99626) log_opt_values /opt/stack/data/venv/lib/python3.12/site-packages/oslo_config/cfg.py:3242}}
Jun 26 09:40:45.475885 np0000003728 devstack@g-api.service[99626]: DEBUG glance.common.config [None req-5b28dada-dd9a-4633-9da5-fd8e8b8587d1 None None] oslo_concurrency.disable_process_locking = False {{(pid=99626) log_opt_values /opt/stack/data/venv/lib/python3.12/site-packages/oslo_config/cfg.py:3253}}
Jun 26 09:40:45.476008 np0000003728 devstack@g-api.service[99626]: DEBUG glance.common.config [None req-5b28dada-dd9a-4633-9da5-fd8e8b8587d1 None None] oslo_concurrency.lock_path = /opt/stack/data/glance/locks {{(pid=99626) log_opt_values /opt/stack/data/venv/lib/python3.12/site-packages/oslo_config/cfg.py:3253}}
Jun 26 09:40:45.476105 np0000003728 devstack@g-api.service[99626]: DEBUG glance.common.config [None req-5b28dada-dd9a-4633-9da5-fd8e8b8587d1 None None] oslo_middleware.enable_proxy_headers_parsing = False {{(pid=99626) log_opt_values /opt/stack/data/venv/lib/python3.12/site-packages/oslo_config/cfg.py:3253}}
Jun 26 09:40:45.476211 np0000003728 devstack@g-api.service[99626]: DEBUG glance.common.config [None req-5b28dada-dd9a-4633-9da5-fd8e8b8587d1 None None] oslo_middleware.http_basic_auth_user_file = /etc/htpasswd {{(pid=99626) log_opt_values /opt/stack/data/venv/lib/python3.12/site-packages/oslo_config/cfg.py:3253}}
Jun 26 09:40:45.476341 np0000003728 devstack@g-api.service[99626]: DEBUG glance.common.config [None req-5b28dada-dd9a-4633-9da5-fd8e8b8587d1 None None] paste_deploy.config_file = None {{(pid=99626) log_opt_values /opt/stack/data/venv/lib/python3.12/site-packages/oslo_config/cfg.py:3253}}
Jun 26 09:40:45.476442 np0000003728 devstack@g-api.service[99626]: DEBUG glance.common.config [None req-5b28dada-dd9a-4633-9da5-fd8e8b8587d1 None None] paste_deploy.flavor = keystone+cachemanagement {{(pid=99626) log_opt_values /opt/stack/data/venv/lib/python3.12/site-packages/oslo_config/cfg.py:3253}}
Jun 26 09:40:45.476593 np0000003728 devstack@g-api.service[99626]: DEBUG glance.common.config [None req-5b28dada-dd9a-4633-9da5-fd8e8b8587d1 None None] image_format.container_formats = ['ami', 'ari', 'aki', 'bare', 'ovf', 'ova', 'docker', 'compressed'] {{(pid=99626) log_opt_values /opt/stack/data/venv/lib/python3.12/site-packages/oslo_config/cfg.py:3253}}
Jun 26 09:40:45.476738 np0000003728 devstack@g-api.service[99626]: DEBUG glance.common.config [None req-5b28dada-dd9a-4633-9da5-fd8e8b8587d1 None None] image_format.disk_formats = ['ami', 'ari', 'aki', 'vhd', 'vhdx', 'vmdk', 'raw', 'qcow2', 'vdi', 'iso', 'ploop'] {{(pid=99626) log_opt_values /opt/stack/data/venv/lib/python3.12/site-packages/oslo_config/cfg.py:3253}}
Jun 26 09:40:45.476853 np0000003728 devstack@g-api.service[99626]: DEBUG glance.common.config [None req-5b28dada-dd9a-4633-9da5-fd8e8b8587d1 None None] image_format.gpt_safety_checks_nonfatal = [] {{(pid=99626) log_opt_values /opt/stack/data/venv/lib/python3.12/site-packages/oslo_config/cfg.py:3253}}
Jun 26 09:40:45.476965 np0000003728 devstack@g-api.service[99626]: DEBUG glance.common.config [None req-5b28dada-dd9a-4633-9da5-fd8e8b8587d1 None None] image_format.require_image_format_match = True {{(pid=99626) log_opt_values /opt/stack/data/venv/lib/python3.12/site-packages/oslo_config/cfg.py:3253}}
Jun 26 09:40:45.477063 np0000003728 devstack@g-api.service[99626]: DEBUG glance.common.config [None req-5b28dada-dd9a-4633-9da5-fd8e8b8587d1 None None] image_format.vmdk_allowed_types = ['streamOptimized', 'monolithicSparse'] {{(pid=99626) log_opt_values /opt/stack/data/venv/lib/python3.12/site-packages/oslo_config/cfg.py:3253}}
Jun 26 09:40:45.477163 np0000003728 devstack@g-api.service[99626]: DEBUG glance.common.config [None req-5b28dada-dd9a-4633-9da5-fd8e8b8587d1 None None] task.task_executor = taskflow {{(pid=99626) log_opt_values /opt/stack/data/venv/lib/python3.12/site-packages/oslo_config/cfg.py:3253}}
Jun 26 09:40:45.477283 np0000003728 devstack@g-api.service[99626]: DEBUG glance.common.config [None req-5b28dada-dd9a-4633-9da5-fd8e8b8587d1 None None] task.task_time_to_live = 48 {{(pid=99626) log_opt_values /opt/stack/data/venv/lib/python3.12/site-packages/oslo_config/cfg.py:3253}}
Jun 26 09:40:45.477375 np0000003728 devstack@g-api.service[99626]: DEBUG glance.common.config [None req-5b28dada-dd9a-4633-9da5-fd8e8b8587d1 None None] task.work_dir = None {{(pid=99626) log_opt_values /opt/stack/data/venv/lib/python3.12/site-packages/oslo_config/cfg.py:3253}}
Jun 26 09:40:45.477499 np0000003728 devstack@g-api.service[99626]: DEBUG glance.common.config [None req-5b28dada-dd9a-4633-9da5-fd8e8b8587d1 None None] wsgi.python_interpreter = /opt/stack/data/venv/bin/python3 {{(pid=99626) log_opt_values /opt/stack/data/venv/lib/python3.12/site-packages/oslo_config/cfg.py:3253}}
Jun 26 09:40:45.477610 np0000003728 devstack@g-api.service[99626]: DEBUG glance.common.config [None req-5b28dada-dd9a-4633-9da5-fd8e8b8587d1 None None] wsgi.task_pool_threads = 16 {{(pid=99626) log_opt_values /opt/stack/data/venv/lib/python3.12/site-packages/oslo_config/cfg.py:3253}}
