May 13 12:23:15.202289 np0000000690 devstack@g-api.service[98609]: DEBUG glance.api.middleware.version_negotiation [None req-a6653480-7e30-4bbe-8806-81802bd92b1d tempest-ServerBootFromVolumeStableRescueTest-250464355 tempest-ServerBootFromVolumeStableRescueTest-250464355-project-member] Matched version: v2 {{(pid=98609) process_request /opt/stack/glance/glance/api/middleware/version_negotiation.py:69}}
May 13 12:23:15.202289 np0000000690 devstack@g-api.service[98609]: DEBUG glance.api.middleware.version_negotiation [None req-a6653480-7e30-4bbe-8806-81802bd92b1d tempest-ServerBootFromVolumeStableRescueTest-250464355 tempest-ServerBootFromVolumeStableRescueTest-250464355-project-member] new path /v2/images/ee573588-9edf-4eef-9f08-a5fe6aec5bc5 {{(pid=98609) process_request /opt/stack/glance/glance/api/middleware/version_negotiation.py:70}}
May 13 12:23:15.224660 np0000000690 devstack@g-api.service[98609]: [pid: 98609|app: 0|req: 118/230] 127.0.0.1 () {40 vars in 838 bytes} [Wed May 13 12:23:15 2026] GET /v2/images/ee573588-9edf-4eef-9f08-a5fe6aec5bc5 => generated 1358 bytes in 24 msecs (HTTP/1.1 200) 4 headers in 158 bytes (1 switches on core 0)
May 13 12:23:15.252384 np0000000690 devstack@g-api.service[98608]: [pid: 98608|app: 0|req: 113/231] 127.0.0.1 () {46 vars in 1158 bytes} [Wed May 13 12:23:15 2026] PATCH /v2/images/ee573588-9edf-4eef-9f08-a5fe6aec5bc5 => generated 1469 bytes in 202 msecs (HTTP/1.1 200) 4 headers in 158 bytes (1 switches on core 0)
May 13 12:23:15.306217 np0000000690 devstack@g-api.service[98609]: DEBUG glance.api.middleware.version_negotiation [None req-94e9a565-4948-4c99-89d1-8fe89e8566c9 tempest-ServerBootFromVolumeStableRescueTest-250464355 tempest-ServerBootFromVolumeStableRescueTest-250464355-project-member] Determining version of request: GET /v2/images/ee573588-9edf-4eef-9f08-a5fe6aec5bc5 Accept: */* {{(pid=98609) process_request /opt/stack/glance/glance/api/middleware/version_negotiation.py:44}}
May 13 12:23:15.306418 np0000000690 devstack@g-api.service[98609]: DEBUG glance.api.middleware.version_negotiation [None req-94e9a565-4948-4c99-89d1-8fe89e8566c9 tempest-ServerBootFromVolumeStableRescueTest-250464355 tempest-ServerBootFromVolumeStableRescueTest-250464355-project-member] Using url versioning {{(pid=98609) process_request /opt/stack/glance/glance/api/middleware/version_negotiation.py:57}}
May 13 12:23:15.306607 np0000000690 devstack@g-api.service[98609]: DEBUG glance.api.middleware.version_negotiation [None req-94e9a565-4948-4c99-89d1-8fe89e8566c9 tempest-ServerBootFromVolumeStableRescueTest-250464355 tempest-ServerBootFromVolumeStableRescueTest-250464355-project-member] Matched version: v2 {{(pid=98609) process_request /opt/stack/glance/glance/api/middleware/version_negotiation.py:69}}
May 13 12:23:15.306754 np0000000690 devstack@g-api.service[98609]: DEBUG glance.api.middleware.version_negotiation [None req-94e9a565-4948-4c99-89d1-8fe89e8566c9 tempest-ServerBootFromVolumeStableRescueTest-250464355 tempest-ServerBootFromVolumeStableRescueTest-250464355-project-member] new path /v2/images/ee573588-9edf-4eef-9f08-a5fe6aec5bc5 {{(pid=98609) process_request /opt/stack/glance/glance/api/middleware/version_negotiation.py:70}}
May 13 12:23:15.326053 np0000000690 devstack@g-api.service[98609]: [pid: 98609|app: 0|req: 119/232] 127.0.0.1 () {44 vars in 1115 bytes} [Wed May 13 12:23:15 2026] GET /v2/images/ee573588-9edf-4eef-9f08-a5fe6aec5bc5 => generated 1469 bytes in 20 msecs (HTTP/1.1 200) 4 headers in 158 bytes (1 switches on core 0)
May 13 12:23:15.376392 np0000000690 devstack@g-api.service[98608]: DEBUG glance.api.middleware.version_negotiation [None req-a6653480-7e30-4bbe-8806-81802bd92b1d tempest-ServerBootFromVolumeStableRescueTest-250464355 tempest-ServerBootFromVolumeStableRescueTest-250464355-project-member] Determining version of request: PUT /v2/images/ee573588-9edf-4eef-9f08-a5fe6aec5bc5/file Accept: */* {{(pid=98608) process_request /opt/stack/glance/glance/api/middleware/version_negotiation.py:44}}
May 13 12:23:15.376575 np0000000690 devstack@g-api.service[98608]: DEBUG glance.api.middleware.version_negotiation [None req-a6653480-7e30-4bbe-8806-81802bd92b1d tempest-ServerBootFromVolumeStableRescueTest-250464355 tempest-ServerBootFromVolumeStableRescueTest-250464355-project-member] Using url versioning {{(pid=98608) process_request /opt/stack/glance/glance/api/middleware/version_negotiation.py:57}}
May 13 12:23:15.376748 np0000000690 devstack@g-api.service[98608]: DEBUG glance.api.middleware.version_negotiation [None req-a6653480-7e30-4bbe-8806-81802bd92b1d tempest-ServerBootFromVolumeStableRescueTest-250464355 tempest-ServerBootFromVolumeStableRescueTest-250464355-project-member] Matched version: v2 {{(pid=98608) process_request /opt/stack/glance/glance/api/middleware/version_negotiation.py:69}}
May 13 12:23:15.376889 np0000000690 devstack@g-api.service[98608]: DEBUG glance.api.middleware.version_negotiation [None req-a6653480-7e30-4bbe-8806-81802bd92b1d tempest-ServerBootFromVolumeStableRescueTest-250464355 tempest-ServerBootFromVolumeStableRescueTest-250464355-project-member] new path /v2/images/ee573588-9edf-4eef-9f08-a5fe6aec5bc5/file {{(pid=98608) process_request /opt/stack/glance/glance/api/middleware/version_negotiation.py:70}}
May 13 12:23:16.026042 np0000000690 devstack@g-api.service[98608]: INFO glance.api.v2.image_data [None req-a6653480-7e30-4bbe-8806-81802bd92b1d tempest-ServerBootFromVolumeStableRescueTest-250464355 tempest-ServerBootFromVolumeStableRescueTest-250464355-project-member] Unable to create trust: no such option collect_timing in group [keystone_authtoken] Use the existing user token.
May 13 12:23:16.239831 np0000000690 devstack@g-api.service[98609]: DEBUG glance.api.middleware.version_negotiation [None req-a6653480-7e30-4bbe-8806-81802bd92b1d tempest-ServerBootFromVolumeStableRescueTest-250464355 tempest-ServerBootFromVolumeStableRescueTest-250464355-project-member] Determining version of request: GET /v2/images/ee573588-9edf-4eef-9f08-a5fe6aec5bc5 Accept: application/json {{(pid=98609) process_request /opt/stack/glance/glance/api/middleware/version_negotiation.py:44}}
May 13 12:23:16.240316 np0000000690 devstack@g-api.service[98609]: DEBUG glance.api.middleware.version_negotiation [None req-a6653480-7e30-4bbe-8806-81802bd92b1d tempest-ServerBootFromVolumeStableRescueTest-250464355 tempest-ServerBootFromVolumeStableRescueTest-250464355-project-member] Using url versioning {{(pid=98609) process_request /opt/stack/glance/glance/api/middleware/version_negotiation.py:57}}
May 13 12:23:16.240316 np0000000690 devstack@g-api.service[98609]: DEBUG glance.api.middleware.version_negotiation [None req-a6653480-7e30-4bbe-8806-81802bd92b1d tempest-ServerBootFromVolumeStableRescueTest-250464355 tempest-ServerBootFromVolumeStableRescueTest-250464355-project-member] Matched version: v2 {{(pid=98609) process_request /opt/stack/glance/glance/api/middleware/version_negotiation.py:69}}
May 13 12:23:16.240471 np0000000690 devstack@g-api.service[98609]: DEBUG glance.api.middleware.version_negotiation [None req-a6653480-7e30-4bbe-8806-81802bd92b1d tempest-ServerBootFromVolumeStableRescueTest-250464355 tempest-ServerBootFromVolumeStableRescueTest-250464355-project-member] new path /v2/images/ee573588-9edf-4eef-9f08-a5fe6aec5bc5 {{(pid=98609) process_request /opt/stack/glance/glance/api/middleware/version_negotiation.py:70}}
May 13 12:23:16.255274 np0000000690 devstack@g-api.service[98609]: [pid: 98609|app: 0|req: 120/233] 127.0.0.1 () {40 vars in 838 bytes} [Wed May 13 12:23:16 2026] GET /v2/images/ee573588-9edf-4eef-9f08-a5fe6aec5bc5 => generated 1469 bytes in 15 msecs (HTTP/1.1 200) 4 headers in 158 bytes (1 switches on core 0)
May 13 12:23:16.640878 np0000000690 devstack@g-api.service[98608]: DEBUG glance.location [None req-a6653480-7e30-4bbe-8806-81802bd92b1d tempest-ServerBootFromVolumeStableRescueTest-250464355 tempest-ServerBootFromVolumeStableRescueTest-250464355-project-member] Enabling in-flight format inspection for qcow2 {{(pid=98608) set_data /opt/stack/glance/glance/location.py:616}}
May 13 12:23:16.641437 np0000000690 devstack@g-api.service[98608]: DEBUG glance_store.backend [None req-a6653480-7e30-4bbe-8806-81802bd92b1d tempest-ServerBootFromVolumeStableRescueTest-250464355 tempest-ServerBootFromVolumeStableRescueTest-250464355-project-member] Attempting to import store swift {{(pid=98608) _load_store /opt/stack/data/venv/lib/python3.12/site-packages/glance_store/backend.py:215}}
May 13 12:23:16.643286 np0000000690 devstack@g-api.service[98608]: DEBUG glance_store.capabilities [None req-a6653480-7e30-4bbe-8806-81802bd92b1d tempest-ServerBootFromVolumeStableRescueTest-250464355 tempest-ServerBootFromVolumeStableRescueTest-250464355-project-member] Store glance_store._drivers.swift.store.SingleTenantStore doesn't support updating dynamic storage capabilities. Please overwrite 'update_capabilities' method of the store to implement updating logics if needed. {{(pid=98608) update_capabilities /opt/stack/data/venv/lib/python3.12/site-packages/glance_store/capabilities.py:91}}
May 13 12:23:16.643542 np0000000690 devstack@g-api.service[98608]: DEBUG glance_store.driver [None req-a6653480-7e30-4bbe-8806-81802bd92b1d tempest-ServerBootFromVolumeStableRescueTest-250464355 tempest-ServerBootFromVolumeStableRescueTest-250464355-project-member] Late loading location class glance_store._drivers.swift.store.StoreLocation {{(pid=98608) get_store_location_class /opt/stack/data/venv/lib/python3.12/site-packages/glance_store/driver.py:134}}
May 13 12:23:16.643542 np0000000690 devstack@g-api.service[98608]: DEBUG glance_store.location [None req-a6653480-7e30-4bbe-8806-81802bd92b1d tempest-ServerBootFromVolumeStableRescueTest-250464355 tempest-ServerBootFromVolumeStableRescueTest-250464355-project-member] Registering scheme swift+https with {'store': , 'location_class': , 'store_entry': 'swift'} {{(pid=98608) register_scheme_map /opt/stack/data/venv/lib/python3.12/site-packages/glance_store/location.py:146}}
May 13 12:23:16.643753 np0000000690 devstack@g-api.service[98608]: DEBUG glance_store.location [None req-a6653480-7e30-4bbe-8806-81802bd92b1d tempest-ServerBootFromVolumeStableRescueTest-250464355 tempest-ServerBootFromVolumeStableRescueTest-250464355-project-member] Registering scheme swift+https with {'store': , 'location_class': , 'store_entry': 'swift'} {{(pid=98608) register_scheme_map /opt/stack/data/venv/lib/python3.12/site-packages/glance_store/location.py:146}}
May 13 12:23:16.643753 np0000000690 devstack@g-api.service[98608]: DEBUG glance_store.location [None req-a6653480-7e30-4bbe-8806-81802bd92b1d tempest-ServerBootFromVolumeStableRescueTest-250464355 tempest-ServerBootFromVolumeStableRescueTest-250464355-project-member] Registering scheme swift with {'store': , 'location_class': , 'store_entry': 'swift'} {{(pid=98608) register_scheme_map /opt/stack/data/venv/lib/python3.12/site-packages/glance_store/location.py:146}}
May 13 12:23:16.643903 np0000000690 devstack@g-api.service[98608]: DEBUG glance_store.location [None req-a6653480-7e30-4bbe-8806-81802bd92b1d tempest-ServerBootFromVolumeStableRescueTest-250464355 tempest-ServerBootFromVolumeStableRescueTest-250464355-project-member] Registering scheme swift+https with {'store': , 'location_class': , 'store_entry': 'swift'} {{(pid=98608) register_scheme_map /opt/stack/data/venv/lib/python3.12/site-packages/glance_store/location.py:146}}
May 13 12:23:16.644063 np0000000690 devstack@g-api.service[98608]: DEBUG glance_store.location [None req-a6653480-7e30-4bbe-8806-81802bd92b1d tempest-ServerBootFromVolumeStableRescueTest-250464355 tempest-ServerBootFromVolumeStableRescueTest-250464355-project-member] Registering scheme swift with {'store': , 'location_class': , 'store_entry': 'swift'} {{(pid=98608) register_scheme_map /opt/stack/data/venv/lib/python3.12/site-packages/glance_store/location.py:146}}
May 13 12:23:16.644276 np0000000690 devstack@g-api.service[98608]: DEBUG glance_store.location [None req-a6653480-7e30-4bbe-8806-81802bd92b1d tempest-ServerBootFromVolumeStableRescueTest-250464355 tempest-ServerBootFromVolumeStableRescueTest-250464355-project-member] Registering scheme swift+http with {'store': , 'location_class': , 'store_entry': 'swift'} {{(pid=98608) register_scheme_map /opt/stack/data/venv/lib/python3.12/site-packages/glance_store/location.py:146}}
May 13 12:23:16.644361 np0000000690 devstack@g-api.service[98608]: DEBUG glance_store.location [None req-a6653480-7e30-4bbe-8806-81802bd92b1d tempest-ServerBootFromVolumeStableRescueTest-250464355 tempest-ServerBootFromVolumeStableRescueTest-250464355-project-member] Registering scheme swift+https with {'store': , 'location_class': , 'store_entry': 'swift'} {{(pid=98608) register_scheme_map /opt/stack/data/venv/lib/python3.12/site-packages/glance_store/location.py:146}}
May 13 12:23:16.644533 np0000000690 devstack@g-api.service[98608]: DEBUG glance_store.location [None req-a6653480-7e30-4bbe-8806-81802bd92b1d tempest-ServerBootFromVolumeStableRescueTest-250464355 tempest-ServerBootFromVolumeStableRescueTest-250464355-project-member] Registering scheme swift with {'store': , 'location_class': , 'store_entry': 'swift'} {{(pid=98608) register_scheme_map /opt/stack/data/venv/lib/python3.12/site-packages/glance_store/location.py:146}}
May 13 12:23:16.644615 np0000000690 devstack@g-api.service[98608]: DEBUG glance_store.location [None req-a6653480-7e30-4bbe-8806-81802bd92b1d tempest-ServerBootFromVolumeStableRescueTest-250464355 tempest-ServerBootFromVolumeStableRescueTest-250464355-project-member] Registering scheme swift+http with {'store': , 'location_class': , 'store_entry': 'swift'} {{(pid=98608) register_scheme_map /opt/stack/data/venv/lib/python3.12/site-packages/glance_store/location.py:146}}
May 13 12:23:16.644708 np0000000690 devstack@g-api.service[98608]: DEBUG glance_store.location [None req-a6653480-7e30-4bbe-8806-81802bd92b1d tempest-ServerBootFromVolumeStableRescueTest-250464355 tempest-ServerBootFromVolumeStableRescueTest-250464355-project-member] Registering scheme swift+config with {'store': , 'location_class': , 'store_entry': 'swift'} {{(pid=98608) register_scheme_map /opt/stack/data/venv/lib/python3.12/site-packages/glance_store/location.py:146}}
May 13 12:23:16.907657 np0000000690 devstack@g-api.service[98608]: DEBUG swiftclient [None req-a6653480-7e30-4bbe-8806-81802bd92b1d tempest-ServerBootFromVolumeStableRescueTest-250464355 tempest-ServerBootFromVolumeStableRescueTest-250464355-project-member] REQ: curl -i https://10.4.3.181:8080/v1/AUTH_2d444381ce484c47900c775163a5ae58/glance -I -H "X-Auth-Token: gAAAAABqBG00GJba..." {{(pid=98608) http_log /opt/stack/data/venv/lib/python3.12/site-packages/swiftclient/client.py:160}}
May 13 12:23:16.909271 np0000000690 devstack@g-api.service[98608]: DEBUG swiftclient [None req-a6653480-7e30-4bbe-8806-81802bd92b1d tempest-ServerBootFromVolumeStableRescueTest-250464355 tempest-ServerBootFromVolumeStableRescueTest-250464355-project-member] RESP STATUS: 204 No Content {{(pid=98608) http_log /opt/stack/data/venv/lib/python3.12/site-packages/swiftclient/client.py:161}}
May 13 12:23:16.909271 np0000000690 devstack@g-api.service[98608]: DEBUG swiftclient [None req-a6653480-7e30-4bbe-8806-81802bd92b1d tempest-ServerBootFromVolumeStableRescueTest-250464355 tempest-ServerBootFromVolumeStableRescueTest-250464355-project-member] RESP HEADERS: {'Date': 'Wed, 13 May 2026 12:23:16 GMT', 'Server': 'Apache/2.4.58 (Ubuntu)', 'Content-Type': 'text/plain; charset=utf-8', 'X-Container-Object-Count': '3', 'X-Container-Bytes-Used': '64356352', 'X-Timestamp': '1778674614.79854', 'Last-Modified': 'Wed, 13 May 2026 12:16:55 GMT', 'Accept-Ranges': 'bytes', 'X-Storage-Policy': 'Policy-0', 'X-Container-Sharding': 'False', 'Vary': 'Accept', 'X-Trans-Id': 'tx2f0f9c9110fe4b3a97907-006a046d34', 'X-Openstack-Request-Id': 'tx2f0f9c9110fe4b3a97907-006a046d34', 'Connection': 'close'} {{(pid=98608) http_log /opt/stack/data/venv/lib/python3.12/site-packages/swiftclient/client.py:162}}
May 13 12:23:16.909271 np0000000690 devstack@g-api.service[98608]: DEBUG glance_store._drivers.swift.store [None req-a6653480-7e30-4bbe-8806-81802bd92b1d tempest-ServerBootFromVolumeStableRescueTest-250464355 tempest-ServerBootFromVolumeStableRescueTest-250464355-project-member] Adding image object 'ee573588-9edf-4eef-9f08-a5fe6aec5bc5' to Swift {{(pid=98608) add /opt/stack/data/venv/lib/python3.12/site-packages/glance_store/_drivers/swift/store.py:978}}
May 13 12:23:16.909271 np0000000690 devstack@g-api.service[98608]: DEBUG glance_store._drivers.swift.store [None req-a6653480-7e30-4bbe-8806-81802bd92b1d tempest-ServerBootFromVolumeStableRescueTest-250464355 tempest-ServerBootFromVolumeStableRescueTest-250464355-project-member] Cannot determine image size because it is either not provided in the request or chunked-transfer encoding is used. Adding image as a segmented object to Swift. {{(pid=98608) add /opt/stack/data/venv/lib/python3.12/site-packages/glance_store/_drivers/swift/store.py:1002}}
May 13 12:23:16.914029 np0000000690 devstack@g-api.service[98608]: DEBUG oslo_utils.imageutils.format_inspector [None req-a6653480-7e30-4bbe-8806-81802bd92b1d tempest-ServerBootFromVolumeStableRescueTest-250464355 tempest-ServerBootFromVolumeStableRescueTest-250464355-project-member] Format inspector for vmdk does not match, excluding from consideration (Signature KDMV not found: b'QFI\xfb') {{(pid=98608) _process_chunk /opt/stack/data/venv/lib/python3.12/site-packages/oslo_utils/imageutils/format_inspector.py:1538}}
May 13 12:23:16.916557 np0000000690 devstack@g-api.service[98608]: DEBUG oslo_utils.imageutils.format_inspector [None req-a6653480-7e30-4bbe-8806-81802bd92b1d tempest-ServerBootFromVolumeStableRescueTest-250464355 tempest-ServerBootFromVolumeStableRescueTest-250464355-project-member] Format inspector for vhdx does not match, excluding from consideration (Region signature not found at 30000) {{(pid=98608) _process_chunk /opt/stack/data/venv/lib/python3.12/site-packages/oslo_utils/imageutils/format_inspector.py:1538}}
May 13 12:23:17.235439 np0000000690 devstack@g-api.service[98608]: DEBUG swiftclient [None req-a6653480-7e30-4bbe-8806-81802bd92b1d tempest-ServerBootFromVolumeStableRescueTest-250464355 tempest-ServerBootFromVolumeStableRescueTest-250464355-project-member] REQ: curl -i https://10.4.3.181:8080/v1/AUTH_2d444381ce484c47900c775163a5ae58/glance/ee573588-9edf-4eef-9f08-a5fe6aec5bc5-00001 -X PUT -H "X-Auth-Token: gAAAAABqBG00GJba..." {{(pid=98608) http_log /opt/stack/data/venv/lib/python3.12/site-packages/swiftclient/client.py:160}}
May 13 12:23:17.235614 np0000000690 devstack@g-api.service[98608]: DEBUG swiftclient [None req-a6653480-7e30-4bbe-8806-81802bd92b1d tempest-ServerBootFromVolumeStableRescueTest-250464355 tempest-ServerBootFromVolumeStableRescueTest-250464355-project-member] RESP STATUS: 201 Created {{(pid=98608) http_log /opt/stack/data/venv/lib/python3.12/site-packages/swiftclient/client.py:161}}
May 13 12:23:17.235757 np0000000690 devstack@g-api.service[98608]: DEBUG swiftclient [None req-a6653480-7e30-4bbe-8806-81802bd92b1d tempest-ServerBootFromVolumeStableRescueTest-250464355 tempest-ServerBootFromVolumeStableRescueTest-250464355-project-member] RESP HEADERS: {'Date': 'Wed, 13 May 2026 12:23:17 GMT', 'Server': 'Apache/2.4.58 (Ubuntu)', 'Content-Type': 'text/html; charset=UTF-8', 'Content-Length': '0', 'Etag': '4fa343ee581d8d2e78533191fd1ac3e1', 'Last-Modified': 'Wed, 13 May 2026 12:23:17 GMT', 'X-Trans-Id': 'txa02668c2a1ac47eb8875c-006a046d34', 'X-Openstack-Request-Id': 'txa02668c2a1ac47eb8875c-006a046d34', 'Connection': 'close'} {{(pid=98608) http_log /opt/stack/data/venv/lib/python3.12/site-packages/swiftclient/client.py:162}}
May 13 12:23:17.235902 np0000000690 devstack@g-api.service[98608]: DEBUG glance_store._drivers.swift.store [None req-a6653480-7e30-4bbe-8806-81802bd92b1d tempest-ServerBootFromVolumeStableRescueTest-250464355 tempest-ServerBootFromVolumeStableRescueTest-250464355-project-member] Wrote chunk ee573588-9edf-4eef-9f08-a5fe6aec5bc5-00001 (1/?) of length 23527424 to Swift returning MD5 of content: 4fa343ee581d8d2e78533191fd1ac3e1 {{(pid=98608) add /opt/stack/data/venv/lib/python3.12/site-packages/glance_store/_drivers/swift/store.py:1067}}
May 13 12:23:17.236228 np0000000690 devstack@g-api.service[98608]: DEBUG glance_store._drivers.swift.store [None req-a6653480-7e30-4bbe-8806-81802bd92b1d tempest-ServerBootFromVolumeStableRescueTest-250464355 tempest-ServerBootFromVolumeStableRescueTest-250464355-project-member] Not writing zero-length chunk. {{(pid=98608) add /opt/stack/data/venv/lib/python3.12/site-packages/glance_store/_drivers/swift/store.py:1036}}
May 13 12:23:17.266114 np0000000690 devstack@g-api.service[98609]: DEBUG glance.api.middleware.version_negotiation [None req-53a7cdf7-66ff-45c9-9c34-87bf9ad54821 tempest-ServerBootFromVolumeStableRescueTest-250464355 tempest-ServerBootFromVolumeStableRescueTest-250464355-project-member] Determining version of request: GET /v2/images/ee573588-9edf-4eef-9f08-a5fe6aec5bc5 Accept: application/json {{(pid=98609) process_request /opt/stack/glance/glance/api/middleware/version_negotiation.py:44}}
May 13 12:23:17.266490 np0000000690 devstack@g-api.service[98608]: DEBUG swiftclient [None req-a6653480-7e30-4bbe-8806-81802bd92b1d tempest-ServerBootFromVolumeStableRescueTest-250464355 tempest-ServerBootFromVolumeStableRescueTest-250464355-project-member] REQ: curl -i https://10.4.3.181:8080/v1/AUTH_2d444381ce484c47900c775163a5ae58/glance/ee573588-9edf-4eef-9f08-a5fe6aec5bc5 -X PUT -H "X-Object-Manifest: glance/ee573588-9edf-4eef-9f08-a5fe6aec5bc5-" -H "X-Auth-Token: gAAAAABqBG00GJba..." -H "Content-Length: 0" {{(pid=98608) http_log /opt/stack/data/venv/lib/python3.12/site-packages/swiftclient/client.py:160}}
May 13 12:23:17.266606 np0000000690 devstack@g-api.service[98609]: DEBUG glance.api.middleware.version_negotiation [None req-53a7cdf7-66ff-45c9-9c34-87bf9ad54821 tempest-ServerBootFromVolumeStableRescueTest-250464355 tempest-ServerBootFromVolumeStableRescueTest-250464355-project-member] Using url versioning {{(pid=98609) process_request /opt/stack/glance/glance/api/middleware/version_negotiation.py:57}}
May 13 12:23:17.266679 np0000000690 devstack@g-api.service[98608]: DEBUG swiftclient [None req-a6653480-7e30-4bbe-8806-81802bd92b1d tempest-ServerBootFromVolumeStableRescueTest-250464355 tempest-ServerBootFromVolumeStableRescueTest-250464355-project-member] RESP STATUS: 201 Created {{(pid=98608) http_log /opt/stack/data/venv/lib/python3.12/site-packages/swiftclient/client.py:161}}
May 13 12:23:17.266679 np0000000690 devstack@g-api.service[98608]: DEBUG swiftclient [None req-a6653480-7e30-4bbe-8806-81802bd92b1d tempest-ServerBootFromVolumeStableRescueTest-250464355 tempest-ServerBootFromVolumeStableRescueTest-250464355-project-member] RESP HEADERS: {'Date': 'Wed, 13 May 2026 12:23:17 GMT', 'Server': 'Apache/2.4.58 (Ubuntu)', 'Content-Type': 'text/html; charset=UTF-8', 'Content-Length': '0', 'Etag': 'd41d8cd98f00b204e9800998ecf8427e', 'Last-Modified': 'Wed, 13 May 2026 12:23:18 GMT', 'X-Trans-Id': 'tx94e244dc4e9142f0aa1ce-006a046d35', 'X-Openstack-Request-Id': 'tx94e244dc4e9142f0aa1ce-006a046d35', 'Connection': 'close'} {{(pid=98608) http_log /opt/stack/data/venv/lib/python3.12/site-packages/swiftclient/client.py:162}}
May 13 12:23:17.266780 np0000000690 devstack@g-api.service[98609]: DEBUG glance.api.middleware.version_negotiation [None req-53a7cdf7-66ff-45c9-9c34-87bf9ad54821 tempest-ServerBootFromVolumeStableRescueTest-250464355 tempest-ServerBootFromVolumeStableRescueTest-250464355-project-member] Matched version: v2 {{(pid=98609) process_request /opt/stack/glance/glance/api/middleware/version_negotiation.py:69}}
May 13 12:23:17.266879 np0000000690 devstack@g-api.service[98609]: DEBUG glance.api.middleware.version_negotiation [None req-53a7cdf7-66ff-45c9-9c34-87bf9ad54821 tempest-ServerBootFromVolumeStableRescueTest-250464355 tempest-ServerBootFromVolumeStableRescueTest-250464355-project-member] new path /v2/images/ee573588-9edf-4eef-9f08-a5fe6aec5bc5 {{(pid=98609) process_request /opt/stack/glance/glance/api/middleware/version_negotiation.py:70}}
May 13 12:23:17.267052 np0000000690 devstack@g-api.service[98608]: INFO glance.location [None req-a6653480-7e30-4bbe-8806-81802bd92b1d tempest-ServerBootFromVolumeStableRescueTest-250464355 tempest-ServerBootFromVolumeStableRescueTest-250464355-project-member] Image format matched and virtual size computed: 1073741824
May 13 12:23:17.281851 np0000000690 devstack@g-api.service[98609]: [pid: 98609|app: 0|req: 121/234] 127.0.0.1 () {40 vars in 838 bytes} [Wed May 13 12:23:17 2026] GET /v2/images/ee573588-9edf-4eef-9f08-a5fe6aec5bc5 => generated 1469 bytes in 16 msecs (HTTP/1.1 200) 4 headers in 158 bytes (1 switches on core 0)
May 13 12:23:17.313360 np0000000690 devstack@g-api.service[98608]: DEBUG glance_store.backend [None req-a6653480-7e30-4bbe-8806-81802bd92b1d tempest-ServerBootFromVolumeStableRescueTest-250464355 tempest-ServerBootFromVolumeStableRescueTest-250464355-project-member] Attempting to import store swift {{(pid=98608) _load_store /opt/stack/data/venv/lib/python3.12/site-packages/glance_store/backend.py:215}}
May 13 12:23:17.314978 np0000000690 devstack@g-api.service[98608]: DEBUG glance_store.capabilities [None req-a6653480-7e30-4bbe-8806-81802bd92b1d tempest-ServerBootFromVolumeStableRescueTest-250464355 tempest-ServerBootFromVolumeStableRescueTest-250464355-project-member] Store glance_store._drivers.swift.store.SingleTenantStore doesn't support updating dynamic storage capabilities. Please overwrite 'update_capabilities' method of the store to implement updating logics if needed. {{(pid=98608) update_capabilities /opt/stack/data/venv/lib/python3.12/site-packages/glance_store/capabilities.py:91}}
May 13 12:23:17.315148 np0000000690 devstack@g-api.service[98608]: DEBUG glance_store.driver [None req-a6653480-7e30-4bbe-8806-81802bd92b1d tempest-ServerBootFromVolumeStableRescueTest-250464355 tempest-ServerBootFromVolumeStableRescueTest-250464355-project-member] Late loading location class glance_store._drivers.swift.store.StoreLocation {{(pid=98608) get_store_location_class /opt/stack/data/venv/lib/python3.12/site-packages/glance_store/driver.py:134}}
May 13 12:23:17.315236 np0000000690 devstack@g-api.service[98608]: DEBUG glance_store.location [None req-a6653480-7e30-4bbe-8806-81802bd92b1d tempest-ServerBootFromVolumeStableRescueTest-250464355 tempest-ServerBootFromVolumeStableRescueTest-250464355-project-member] Registering scheme swift+https with {'store': , 'location_class': , 'store_entry': 'swift'} {{(pid=98608) register_scheme_map /opt/stack/data/venv/lib/python3.12/site-packages/glance_store/location.py:146}}
May 13 12:23:17.315388 np0000000690 devstack@g-api.service[98608]: DEBUG glance_store.location [None req-a6653480-7e30-4bbe-8806-81802bd92b1d tempest-ServerBootFromVolumeStableRescueTest-250464355 tempest-ServerBootFromVolumeStableRescueTest-250464355-project-member] Registering scheme swift+https with {'store': , 'location_class': , 'store_entry': 'swift'} {{(pid=98608) register_scheme_map /opt/stack/data/venv/lib/python3.12/site-packages/glance_store/location.py:146}}
May 13 12:23:17.315388 np0000000690 devstack@g-api.service[98608]: DEBUG glance_store.location [None req-a6653480-7e30-4bbe-8806-81802bd92b1d tempest-ServerBootFromVolumeStableRescueTest-250464355 tempest-ServerBootFromVolumeStableRescueTest-250464355-project-member] Registering scheme swift with {'store': , 'location_class': , 'store_entry': 'swift'} {{(pid=98608) register_scheme_map /opt/stack/data/venv/lib/python3.12/site-packages/glance_store/location.py:146}}
May 13 12:23:17.315560 np0000000690 devstack@g-api.service[98608]: DEBUG glance_store.location [None req-a6653480-7e30-4bbe-8806-81802bd92b1d tempest-ServerBootFromVolumeStableRescueTest-250464355 tempest-ServerBootFromVolumeStableRescueTest-250464355-project-member] Registering scheme swift+https with {'store': , 'location_class': , 'store_entry': 'swift'} {{(pid=98608) register_scheme_map /opt/stack/data/venv/lib/python3.12/site-packages/glance_store/location.py:146}}
May 13 12:23:17.315560 np0000000690 devstack@g-api.service[98608]: DEBUG glance_store.location [None req-a6653480-7e30-4bbe-8806-81802bd92b1d tempest-ServerBootFromVolumeStableRescueTest-250464355 tempest-ServerBootFromVolumeStableRescueTest-250464355-project-member] Registering scheme swift with {'store': , 'location_class': , 'store_entry': 'swift'} {{(pid=98608) register_scheme_map /opt/stack/data/venv/lib/python3.12/site-packages/glance_store/location.py:146}}
May 13 12:23:17.315708 np0000000690 devstack@g-api.service[98608]: DEBUG glance_store.location [None req-a6653480-7e30-4bbe-8806-81802bd92b1d tempest-ServerBootFromVolumeStableRescueTest-250464355 tempest-ServerBootFromVolumeStableRescueTest-250464355-project-member] Registering scheme swift+http with {'store': , 'location_class': , 'store_entry': 'swift'} {{(pid=98608) register_scheme_map /opt/stack/data/venv/lib/python3.12/site-packages/glance_store/location.py:146}}
May 13 12:23:17.315708 np0000000690 devstack@g-api.service[98608]: DEBUG glance_store.location [None req-a6653480-7e30-4bbe-8806-81802bd92b1d tempest-ServerBootFromVolumeStableRescueTest-250464355 tempest-ServerBootFromVolumeStableRescueTest-250464355-project-member] Registering scheme swift+https with {'store': , 'location_class': , 'store_entry': 'swift'} {{(pid=98608) register_scheme_map /opt/stack/data/venv/lib/python3.12/site-packages/glance_store/location.py:146}}
May 13 12:23:17.315866 np0000000690 devstack@g-api.service[98608]: DEBUG glance_store.location [None req-a6653480-7e30-4bbe-8806-81802bd92b1d tempest-ServerBootFromVolumeStableRescueTest-250464355 tempest-ServerBootFromVolumeStableRescueTest-250464355-project-member] Registering scheme swift with {'store': , 'location_class': , 'store_entry': 'swift'} {{(pid=98608) register_scheme_map /opt/stack/data/venv/lib/python3.12/site-packages/glance_store/location.py:146}}
May 13 12:23:17.315866 np0000000690 devstack@g-api.service[98608]: DEBUG glance_store.location [None req-a6653480-7e30-4bbe-8806-81802bd92b1d tempest-ServerBootFromVolumeStableRescueTest-250464355 tempest-ServerBootFromVolumeStableRescueTest-250464355-project-member] Registering scheme swift+http with {'store': , 'location_class': , 'store_entry': 'swift'} {{(pid=98608) register_scheme_map /opt/stack/data/venv/lib/python3.12/site-packages/glance_store/location.py:146}}
May 13 12:23:17.315951 np0000000690 devstack@g-api.service[98608]: DEBUG glance_store.location [None req-a6653480-7e30-4bbe-8806-81802bd92b1d tempest-ServerBootFromVolumeStableRescueTest-250464355 tempest-ServerBootFromVolumeStableRescueTest-250464355-project-member] Registering scheme swift+config with {'store': , 'location_class': , 'store_entry': 'swift'} {{(pid=98608) register_scheme_map /opt/stack/data/venv/lib/python3.12/site-packages/glance_store/location.py:146}}
May 13 12:23:17.316002 np0000000690 devstack@g-api.service[98608]: DEBUG glance_store.backend [None req-a6653480-7e30-4bbe-8806-81802bd92b1d tempest-ServerBootFromVolumeStableRescueTest-250464355 tempest-ServerBootFromVolumeStableRescueTest-250464355-project-member] Skipping store.set_acls... not implemented. {{(pid=98608) set_acls /opt/stack/data/venv/lib/python3.12/site-packages/glance_store/backend.py:507}}
May 13 12:23:17.320387 np0000000690 devstack@g-api.service[98608]: [pid: 98608|app: 0|req: 114/235] 127.0.0.1 () {46 vars in 1158 bytes} [Wed May 13 12:23:15 2026] PUT /v2/images/ee573588-9edf-4eef-9f08-a5fe6aec5bc5/file => generated 0 bytes in 1944 msecs (HTTP/1.1 204) 4 headers in 171 bytes (1 switches on core 0)
May 13 12:23:17.379450 np0000000690 devstack@g-api.service[98609]: DEBUG glance.api.middleware.version_negotiation [None req-efb3fa88-f5f9-4183-93f0-f393d4364579 tempest-ServerBootFromVolumeStableRescueTest-250464355 tempest-ServerBootFromVolumeStableRescueTest-250464355-project-member] Determining version of request: GET /v2/images/ee573588-9edf-4eef-9f08-a5fe6aec5bc5 Accept: */* {{(pid=98609) process_request /opt/stack/glance/glance/api/middleware/version_negotiation.py:44}}
May 13 12:23:17.379450 np0000000690 devstack@g-api.service[98609]: DEBUG glance.api.middleware.version_negotiation [None req-efb3fa88-f5f9-4183-93f0-f393d4364579 tempest-ServerBootFromVolumeStableRescueTest-250464355 tempest-ServerBootFromVolumeStableRescueTest-250464355-project-member] Using url versioning {{(pid=98609) process_request /opt/stack/glance/glance/api/middleware/version_negotiation.py:57}}
May 13 12:23:17.379725 np0000000690 devstack@g-api.service[98609]: DEBUG glance.api.middleware.version_negotiation [None req-efb3fa88-f5f9-4183-93f0-f393d4364579 tempest-ServerBootFromVolumeStableRescueTest-250464355 tempest-ServerBootFromVolumeStableRescueTest-250464355-project-member] Matched version: v2 {{(pid=98609) process_request /opt/stack/glance/glance/api/middleware/version_negotiation.py:69}}
May 13 12:23:17.379725 np0000000690 devstack@g-api.service[98609]: DEBUG glance.api.middleware.version_negotiation [None req-efb3fa88-f5f9-4183-93f0-f393d4364579 tempest-ServerBootFromVolumeStableRescueTest-250464355 tempest-ServerBootFromVolumeStableRescueTest-250464355-project-member] new path /v2/images/ee573588-9edf-4eef-9f08-a5fe6aec5bc5 {{(pid=98609) process_request /opt/stack/glance/glance/api/middleware/version_negotiation.py:70}}
May 13 12:23:17.392792 np0000000690 devstack@g-api.service[98609]: [pid: 98609|app: 0|req: 122/236] 127.0.0.1 () {44 vars in 1115 bytes} [Wed May 13 12:23:17 2026] GET /v2/images/ee573588-9edf-4eef-9f08-a5fe6aec5bc5 => generated 1639 bytes in 14 msecs (HTTP/1.1 200) 4 headers in 158 bytes (1 switches on core 0)
May 13 12:23:17.440688 np0000000690 devstack@g-api.service[98608]: DEBUG glance.api.middleware.version_negotiation [None req-a6653480-7e30-4bbe-8806-81802bd92b1d tempest-ServerBootFromVolumeStableRescueTest-250464355 tempest-ServerBootFromVolumeStableRescueTest-250464355-project-member] Determining version of request: GET /v2/schemas/image Accept: */* {{(pid=98608) process_request /opt/stack/glance/glance/api/middleware/version_negotiation.py:44}}
May 13 12:23:17.441193 np0000000690 devstack@g-api.service[98608]: DEBUG glance.api.middleware.version_negotiation [None req-a6653480-7e30-4bbe-8806-81802bd92b1d tempest-ServerBootFromVolumeStableRescueTest-250464355 tempest-ServerBootFromVolumeStableRescueTest-250464355-project-member] Using url versioning {{(pid=98608) process_request /opt/stack/glance/glance/api/middleware/version_negotiation.py:57}}
May 13 12:23:17.441397 np0000000690 devstack@g-api.service[98608]: DEBUG glance.api.middleware.version_negotiation [None req-a6653480-7e30-4bbe-8806-81802bd92b1d tempest-ServerBootFromVolumeStableRescueTest-250464355 tempest-ServerBootFromVolumeStableRescueTest-250464355-project-member] Matched version: v2 {{(pid=98608) process_request /opt/stack/glance/glance/api/middleware/version_negotiation.py:69}}
May 13 12:23:17.441520 np0000000690 devstack@g-api.service[98608]: DEBUG glance.api.middleware.version_negotiation [None req-a6653480-7e30-4bbe-8806-81802bd92b1d tempest-ServerBootFromVolumeStableRescueTest-250464355 tempest-ServerBootFromVolumeStableRescueTest-250464355-project-member] new path /v2/schemas/image {{(pid=98608) process_request /opt/stack/glance/glance/api/middleware/version_negotiation.py:70}}
May 13 12:23:17.445623 np0000000690 devstack@g-api.service[98608]: [pid: 98608|app: 0|req: 115/237] 127.0.0.1 () {44 vars in 1055 bytes} [Wed May 13 12:23:17 2026] GET /v2/schemas/image => generated 6083 bytes in 5 msecs (HTTP/1.1 200) 4 headers in 158 bytes (1 switches on core 0)
May 13 12:23:18.297379 np0000000690 devstack@g-api.service[98609]: DEBUG glance.api.middleware.version_negotiation [None req-a6653480-7e30-4bbe-8806-81802bd92b1d tempest-ServerBootFromVolumeStableRescueTest-250464355 tempest-ServerBootFromVolumeStableRescueTest-250464355-project-member] Determining version of request: GET /v2/images/ee573588-9edf-4eef-9f08-a5fe6aec5bc5 Accept: application/json {{(pid=98609) process_request /opt/stack/glance/glance/api/middleware/version_negotiation.py:44}}
May 13 12:23:18.297861 np0000000690 devstack@g-api.service[98609]: DEBUG glance.api.middleware.version_negotiation [None req-a6653480-7e30-4bbe-8806-81802bd92b1d tempest-ServerBootFromVolumeStableRescueTest-250464355 tempest-ServerBootFromVolumeStableRescueTest-250464355-project-member] Using url versioning {{(pid=98609) process_request /opt/stack/glance/glance/api/middleware/version_negotiation.py:57}}
May 13 12:23:18.297861 np0000000690 devstack@g-api.service[98609]: DEBUG glance.api.middleware.version_negotiation [None req-a6653480-7e30-4bbe-8806-81802bd92b1d tempest-ServerBootFromVolumeStableRescueTest-250464355 tempest-ServerBootFromVolumeStableRescueTest-250464355-project-member] Matched version: v2 {{(pid=98609) process_request /opt/stack/glance/glance/api/middleware/version_negotiation.py:69}}
May 13 12:23:18.297861 np0000000690 devstack@g-api.service[98609]: DEBUG glance.api.middleware.version_negotiation [None req-a6653480-7e30-4bbe-8806-81802bd92b1d tempest-ServerBootFromVolumeStableRescueTest-250464355 tempest-ServerBootFromVolumeStableRescueTest-250464355-project-member] new path /v2/images/ee573588-9edf-4eef-9f08-a5fe6aec5bc5 {{(pid=98609) process_request /opt/stack/glance/glance/api/middleware/version_negotiation.py:70}}
May 13 12:23:18.317435 np0000000690 devstack@g-api.service[98609]: [pid: 98609|app: 0|req: 123/238] 127.0.0.1 () {40 vars in 838 bytes} [Wed May 13 12:23:18 2026] GET /v2/images/ee573588-9edf-4eef-9f08-a5fe6aec5bc5 => generated 1639 bytes in 20 msecs (HTTP/1.1 200) 4 headers in 158 bytes (1 switches on core 0)
May 13 12:23:18.330813 np0000000690 devstack@g-api.service[98608]: DEBUG glance.api.middleware.version_negotiation [None req-a6653480-7e30-4bbe-8806-81802bd92b1d tempest-ServerBootFromVolumeStableRescueTest-250464355 tempest-ServerBootFromVolumeStableRescueTest-250464355-project-member] Determining version of request: GET /v2/images/ee573588-9edf-4eef-9f08-a5fe6aec5bc5 Accept: application/json {{(pid=98608) process_request /opt/stack/glance/glance/api/middleware/version_negotiation.py:44}}
May 13 12:23:18.331292 np0000000690 devstack@g-api.service[98608]: DEBUG glance.api.middleware.version_negotiation [None req-a6653480-7e30-4bbe-8806-81802bd92b1d tempest-ServerBootFromVolumeStableRescueTest-250464355 tempest-ServerBootFromVolumeStableRescueTest-250464355-project-member] Using url versioning {{(pid=98608) process_request /opt/stack/glance/glance/api/middleware/version_negotiation.py:57}}
May 13 12:23:18.331292 np0000000690 devstack@g-api.service[98608]: DEBUG glance.api.middleware.version_negotiation [None req-a6653480-7e30-4bbe-8806-81802bd92b1d tempest-ServerBootFromVolumeStableRescueTest-250464355 tempest-ServerBootFromVolumeStableRescueTest-250464355-project-member] Matched version: v2 {{(pid=98608) process_request /opt/stack/glance/glance/api/middleware/version_negotiation.py:69}}
May 13 12:23:18.331374 np0000000690 devstack@g-api.service[98608]: DEBUG glance.api.middleware.version_negotiation [None req-a6653480-7e30-4bbe-8806-81802bd92b1d tempest-ServerBootFromVolumeStableRescueTest-250464355 tempest-ServerBootFromVolumeStableRescueTest-250464355-project-member] new path /v2/images/ee573588-9edf-4eef-9f08-a5fe6aec5bc5 {{(pid=98608) process_request /opt/stack/glance/glance/api/middleware/version_negotiation.py:70}}
May 13 12:23:18.347899 np0000000690 devstack@g-api.service[98608]: [pid: 98608|app: 0|req: 116/239] 127.0.0.1 () {40 vars in 838 bytes} [Wed May 13 12:23:18 2026] GET /v2/images/ee573588-9edf-4eef-9f08-a5fe6aec5bc5 => generated 1639 bytes in 17 msecs (HTTP/1.1 200) 4 headers in 158 bytes (1 switches on core 0)
May 13 12:23:19.047611 np0000000690 devstack@g-api.service[98609]: DEBUG glance.api.middleware.version_negotiation [None req-8b9b6004-7b2e-4cc2-be76-feda8791f72d tempest-ServerBootFromVolumeStableRescueTest-250464355 tempest-ServerBootFromVolumeStableRescueTest-250464355-project-member] Determining version of request: GET /v2/images/1b0a9d01-7ffe-4b22-a42f-677cf75331aa Accept: */* {{(pid=98609) process_request /opt/stack/glance/glance/api/middleware/version_negotiation.py:44}}
May 13 12:23:19.047815 np0000000690 devstack@g-api.service[98609]: DEBUG glance.api.middleware.version_negotiation [None req-8b9b6004-7b2e-4cc2-be76-feda8791f72d tempest-ServerBootFromVolumeStableRescueTest-250464355 tempest-ServerBootFromVolumeStableRescueTest-250464355-project-member] Using url versioning {{(pid=98609) process_request /opt/stack/glance/glance/api/middleware/version_negotiation.py:57}}
May 13 12:23:19.047943 np0000000690 devstack@g-api.service[98609]: DEBUG glance.api.middleware.version_negotiation [None req-8b9b6004-7b2e-4cc2-be76-feda8791f72d tempest-ServerBootFromVolumeStableRescueTest-250464355 tempest-ServerBootFromVolumeStableRescueTest-250464355-project-member] Matched version: v2 {{(pid=98609) process_request /opt/stack/glance/glance/api/middleware/version_negotiation.py:69}}
May 13 12:23:19.047999 np0000000690 devstack@g-api.service[98609]: DEBUG glance.api.middleware.version_negotiation [None req-8b9b6004-7b2e-4cc2-be76-feda8791f72d tempest-ServerBootFromVolumeStableRescueTest-250464355 tempest-ServerBootFromVolumeStableRescueTest-250464355-project-member] new path /v2/images/1b0a9d01-7ffe-4b22-a42f-677cf75331aa {{(pid=98609) process_request /opt/stack/glance/glance/api/middleware/version_negotiation.py:70}}
May 13 12:23:19.066859 np0000000690 devstack@g-api.service[98609]: [pid: 98609|app: 0|req: 124/240] 127.0.0.1 () {44 vars in 1115 bytes} [Wed May 13 12:23:19 2026] GET /v2/images/1b0a9d01-7ffe-4b22-a42f-677cf75331aa => generated 1044 bytes in 18 msecs (HTTP/1.1 200) 4 headers in 158 bytes (1 switches on core 0)
May 13 12:23:19.101653 np0000000690 devstack@g-api.service[98608]: DEBUG glance.api.middleware.version_negotiation [None req-eba3d90b-af60-4f82-ba1f-0150f7ecbb04 tempest-ServerBootFromVolumeStableRescueTest-250464355 tempest-ServerBootFromVolumeStableRescueTest-250464355-project-member] Determining version of request: GET /v2/schemas/image Accept: */* {{(pid=98608) process_request /opt/stack/glance/glance/api/middleware/version_negotiation.py:44}}
May 13 12:23:19.101804 np0000000690 devstack@g-api.service[98608]: DEBUG glance.api.middleware.version_negotiation [None req-eba3d90b-af60-4f82-ba1f-0150f7ecbb04 tempest-ServerBootFromVolumeStableRescueTest-250464355 tempest-ServerBootFromVolumeStableRescueTest-250464355-project-member] Using url versioning {{(pid=98608) process_request /opt/stack/glance/glance/api/middleware/version_negotiation.py:57}}
May 13 12:23:19.101851 np0000000690 devstack@g-api.service[98608]: DEBUG glance.api.middleware.version_negotiation [None req-eba3d90b-af60-4f82-ba1f-0150f7ecbb04 tempest-ServerBootFromVolumeStableRescueTest-250464355 tempest-ServerBootFromVolumeStableRescueTest-250464355-project-member] Matched version: v2 {{(pid=98608) process_request /opt/stack/glance/glance/api/middleware/version_negotiation.py:69}}
May 13 12:23:19.102017 np0000000690 devstack@g-api.service[98608]: DEBUG glance.api.middleware.version_negotiation [None req-eba3d90b-af60-4f82-ba1f-0150f7ecbb04 tempest-ServerBootFromVolumeStableRescueTest-250464355 tempest-ServerBootFromVolumeStableRescueTest-250464355-project-member] new path /v2/schemas/image {{(pid=98608) process_request /opt/stack/glance/glance/api/middleware/version_negotiation.py:70}}
May 13 12:23:19.105134 np0000000690 devstack@g-api.service[98608]: [pid: 98608|app: 0|req: 117/241] 127.0.0.1 () {44 vars in 1055 bytes} [Wed May 13 12:23:19 2026] GET /v2/schemas/image => generated 6083 bytes in 3 msecs (HTTP/1.1 200) 4 headers in 158 bytes (1 switches on core 0)
May 13 12:23:28.343950 np0000000690 devstack@g-api.service[98608]: DEBUG dbcounter [-] [98608] Writing DB stats glance:SELECT=33,glance:UPDATE=3,glance:INSERT=4 {{(pid=98608) stat_writer /opt/stack/data/venv/lib/python3.12/site-packages/dbcounter.py:115}}
May 13 12:23:29.060189 np0000000690 devstack@g-api.service[98609]: DEBUG dbcounter [-] [98609] Writing DB stats glance:SELECT=24,glance:INSERT=17 {{(pid=98609) stat_writer /opt/stack/data/venv/lib/python3.12/site-packages/dbcounter.py:115}}
May 13 12:23:33.968535 np0000000690 devstack@g-api.service[98609]: DEBUG glance.api.middleware.version_negotiation [None req-5e9f933a-488f-412d-98aa-97e885bd988b tempest-ServerBootFromVolumeStableRescueTest-250464355 tempest-ServerBootFromVolumeStableRescueTest-250464355-project-member] Determining version of request: GET /v2/schemas/image Accept: */* {{(pid=98609) process_request /opt/stack/glance/glance/api/middleware/version_negotiation.py:44}}
May 13 12:23:33.969143 np0000000690 devstack@g-api.service[98609]: DEBUG glance.api.middleware.version_negotiation [None req-5e9f933a-488f-412d-98aa-97e885bd988b tempest-ServerBootFromVolumeStableRescueTest-250464355 tempest-ServerBootFromVolumeStableRescueTest-250464355-project-member] Using url versioning {{(pid=98609) process_request /opt/stack/glance/glance/api/middleware/version_negotiation.py:57}}
May 13 12:23:33.969143 np0000000690 devstack@g-api.service[98609]: DEBUG glance.api.middleware.version_negotiation [None req-5e9f933a-488f-412d-98aa-97e885bd988b tempest-ServerBootFromVolumeStableRescueTest-250464355 tempest-ServerBootFromVolumeStableRescueTest-250464355-project-member] Matched version: v2 {{(pid=98609) process_request /opt/stack/glance/glance/api/middleware/version_negotiation.py:69}}
May 13 12:23:33.969143 np0000000690 devstack@g-api.service[98609]: DEBUG glance.api.middleware.version_negotiation [None req-5e9f933a-488f-412d-98aa-97e885bd988b tempest-ServerBootFromVolumeStableRescueTest-250464355 tempest-ServerBootFromVolumeStableRescueTest-250464355-project-member] new path /v2/schemas/image {{(pid=98609) process_request /opt/stack/glance/glance/api/middleware/version_negotiation.py:70}}
May 13 12:23:33.971045 np0000000690 devstack@g-api.service[98609]: [pid: 98609|app: 0|req: 125/242] 127.0.0.1 () {44 vars in 1055 bytes} [Wed May 13 12:23:33 2026] GET /v2/schemas/image => generated 6083 bytes in 3 msecs (HTTP/1.1 200) 4 headers in 158 bytes (1 switches on core 0)
May 13 12:23:34.016625 np0000000690 devstack@g-api.service[98608]: DEBUG glance.api.middleware.version_negotiation [None req-5e9f933a-488f-412d-98aa-97e885bd988b tempest-ServerBootFromVolumeStableRescueTest-250464355 tempest-ServerBootFromVolumeStableRescueTest-250464355-project-member] Determining version of request: POST /v2/images Accept: */* {{(pid=98608) process_request /opt/stack/glance/glance/api/middleware/version_negotiation.py:44}}
May 13 12:23:34.017076 np0000000690 devstack@g-api.service[98608]: DEBUG glance.api.middleware.version_negotiation [None req-5e9f933a-488f-412d-98aa-97e885bd988b tempest-ServerBootFromVolumeStableRescueTest-250464355 tempest-ServerBootFromVolumeStableRescueTest-250464355-project-member] Using url versioning {{(pid=98608) process_request /opt/stack/glance/glance/api/middleware/version_negotiation.py:57}}
May 13 12:23:34.017142 np0000000690 devstack@g-api.service[98608]: DEBUG glance.api.middleware.version_negotiation [None req-5e9f933a-488f-412d-98aa-97e885bd988b tempest-ServerBootFromVolumeStableRescueTest-250464355 tempest-ServerBootFromVolumeStableRescueTest-250464355-project-member] Matched version: v2 {{(pid=98608) process_request /opt/stack/glance/glance/api/middleware/version_negotiation.py:69}}
May 13 12:23:34.017518 np0000000690 devstack@g-api.service[98608]: DEBUG glance.api.middleware.version_negotiation [None req-5e9f933a-488f-412d-98aa-97e885bd988b tempest-ServerBootFromVolumeStableRescueTest-250464355 tempest-ServerBootFromVolumeStableRescueTest-250464355-project-member] new path /v2/images {{(pid=98608) process_request /opt/stack/glance/glance/api/middleware/version_negotiation.py:70}}
May 13 12:23:35.227796 np0000000690 devstack@g-api.service[98608]: [pid: 98608|app: 0|req: 118/243] 127.0.0.1 () {46 vars in 1055 bytes} [Wed May 13 12:23:34 2026] POST /v2/images => generated 1339 bytes in 1211 msecs (HTTP/1.1 201) 6 headers in 316 bytes (1 switches on core 0)
May 13 12:23:37.664582 np0000000690 devstack@g-api.service[98609]: DEBUG glance.api.middleware.version_negotiation [None req-17aab1b4-bc03-4fa1-831c-c45f986b331d tempest-AttachVolumeShelveTestJSON-1307392730 tempest-AttachVolumeShelveTestJSON-1307392730-project-member] Determining version of request: GET /v2/images/1b0a9d01-7ffe-4b22-a42f-677cf75331aa Accept: */* {{(pid=98609) process_request /opt/stack/glance/glance/api/middleware/version_negotiation.py:44}}
May 13 12:23:37.664972 np0000000690 devstack@g-api.service[98609]: DEBUG glance.api.middleware.version_negotiation [None req-17aab1b4-bc03-4fa1-831c-c45f986b331d tempest-AttachVolumeShelveTestJSON-1307392730 tempest-AttachVolumeShelveTestJSON-1307392730-project-member] Using url versioning {{(pid=98609) process_request /opt/stack/glance/glance/api/middleware/version_negotiation.py:57}}
May 13 12:23:37.664972 np0000000690 devstack@g-api.service[98609]: DEBUG glance.api.middleware.version_negotiation [None req-17aab1b4-bc03-4fa1-831c-c45f986b331d tempest-AttachVolumeShelveTestJSON-1307392730 tempest-AttachVolumeShelveTestJSON-1307392730-project-member] Matched version: v2 {{(pid=98609) process_request /opt/stack/glance/glance/api/middleware/version_negotiation.py:69}}
