May 13 12:15:38.354948 np0000000690 systemd[1]: Starting devstack@n-api.service - Devstack devstack@n-api.service...
May 13 12:15:38.365571 np0000000690 devstack@n-api.service[83351]: [uWSGI] getting INI configuration from /etc/nova/nova-api-uwsgi.ini
May 13 12:15:38.367985 np0000000690 devstack@n-api.service[83351]: *** Starting uWSGI 2.0.24-debian (64bit) on [Wed May 13 12:15:38 2026] ***
May 13 12:15:38.367985 np0000000690 devstack@n-api.service[83351]: compiled with version: 13.2.0 on 17 April 2024 16:23:48
May 13 12:15:38.367985 np0000000690 devstack@n-api.service[83351]: os: Linux-6.8.0-111-generic #111-Ubuntu SMP PREEMPT_DYNAMIC Sat Apr 11 23:16:02 UTC 2026
May 13 12:15:38.367985 np0000000690 devstack@n-api.service[83351]: nodename: np0000000690
May 13 12:15:38.367985 np0000000690 devstack@n-api.service[83351]: machine: x86_64
May 13 12:15:38.367985 np0000000690 devstack@n-api.service[83351]: clock source: unix
May 13 12:15:38.367985 np0000000690 devstack@n-api.service[83351]: pcre jit disabled
May 13 12:15:38.367985 np0000000690 devstack@n-api.service[83351]: detected number of CPU cores: 12
May 13 12:15:38.367985 np0000000690 devstack@n-api.service[83351]: current working directory: /
May 13 12:15:38.367985 np0000000690 devstack@n-api.service[83351]: detected binary path: /usr/bin/uwsgi-core
May 13 12:15:38.367985 np0000000690 devstack@n-api.service[83351]: your processes number limit is 91872
May 13 12:15:38.367985 np0000000690 devstack@n-api.service[83351]: your memory page size is 4096 bytes
May 13 12:15:38.368242 np0000000690 devstack@n-api.service[83351]: detected max file descriptor number: 2048
May 13 12:15:38.368242 np0000000690 devstack@n-api.service[83351]: lock engine: pthread robust mutexes
May 13 12:15:38.368392 np0000000690 devstack@n-api.service[83351]: thunder lock: enabled
May 13 12:15:38.368480 np0000000690 devstack@n-api.service[83351]: uwsgi socket 0 bound to UNIX address /var/run/uwsgi/nova-api.socket fd 4
May 13 12:15:38.368556 np0000000690 devstack@n-api.service[83351]: Python version: 3.12.3 (main, Mar 23 2026, 19:04:32) [GCC 13.3.0]
May 13 12:15:38.368556 np0000000690 devstack@n-api.service[83351]: PEP 405 virtualenv detected: /opt/stack/data/venv
May 13 12:15:38.368556 np0000000690 devstack@n-api.service[83351]: Set PythonHome to /opt/stack/data/venv
May 13 12:15:38.403354 np0000000690 devstack@n-api.service[83351]: Python main interpreter initialized at 0x70c77caa3668
May 13 12:15:38.403354 np0000000690 devstack@n-api.service[83351]: python threads support enabled
May 13 12:15:38.403354 np0000000690 devstack@n-api.service[83351]: your server socket listen backlog is limited to 100 connections
May 13 12:15:38.403354 np0000000690 devstack@n-api.service[83351]: your mercy for graceful operations on workers is 80 seconds
May 13 12:15:38.403722 np0000000690 devstack@n-api.service[83351]: mapped 403077 bytes (393 KB) for 2 cores
May 13 12:15:38.403830 np0000000690 devstack@n-api.service[83351]: *** Operational MODE: preforking ***
May 13 12:15:38.404034 np0000000690 devstack@n-api.service[83351]: *** uWSGI is running in multiple interpreter mode ***
May 13 12:15:38.404034 np0000000690 devstack@n-api.service[83351]: spawned uWSGI master process (pid: 83351)
May 13 12:15:38.404267 np0000000690 systemd[1]: Started devstack@n-api.service - Devstack devstack@n-api.service.
May 13 12:15:38.404694 np0000000690 devstack@n-api.service[83351]: spawned uWSGI worker 1 (pid: 83352, cores: 1)
May 13 12:15:38.406129 np0000000690 devstack@n-api.service[83351]: spawned uWSGI worker 2 (pid: 83353, cores: 1)
May 13 12:15:38.406129 np0000000690 devstack@n-api.service[83351]: running "unix_signal:15 gracefully_kill_them_all" (master-start)...
May 13 12:15:38.694853 np0000000690 devstack@n-api.service[83353]: /opt/stack/data/venv/lib/python3.12/site-packages/oslo_concurrency/lockutils.py:41: EventletDeprecationWarning:
May 13 12:15:38.694853 np0000000690 devstack@n-api.service[83353]: Eventlet is deprecated. It is currently being maintained in bugfix mode, and
May 13 12:15:38.694853 np0000000690 devstack@n-api.service[83353]: we strongly recommend against using it for new projects.
May 13 12:15:38.694853 np0000000690 devstack@n-api.service[83353]: If you are already using Eventlet, we recommend migrating to a different
May 13 12:15:38.694853 np0000000690 devstack@n-api.service[83353]: framework. For more detail see
May 13 12:15:38.694853 np0000000690 devstack@n-api.service[83353]: https://eventlet.readthedocs.io/en/latest/asyncio/migration.html
May 13 12:15:38.694853 np0000000690 devstack@n-api.service[83353]: import eventlet
May 13 12:15:38.697453 np0000000690 devstack@n-api.service[83352]: /opt/stack/data/venv/lib/python3.12/site-packages/oslo_concurrency/lockutils.py:41: EventletDeprecationWarning:
May 13 12:15:38.697453 np0000000690 devstack@n-api.service[83352]: Eventlet is deprecated. It is currently being maintained in bugfix mode, and
May 13 12:15:38.697453 np0000000690 devstack@n-api.service[83352]: we strongly recommend against using it for new projects.
May 13 12:15:38.697453 np0000000690 devstack@n-api.service[83352]: If you are already using Eventlet, we recommend migrating to a different
May 13 12:15:38.697453 np0000000690 devstack@n-api.service[83352]: framework. For more detail see
May 13 12:15:38.697453 np0000000690 devstack@n-api.service[83352]: https://eventlet.readthedocs.io/en/latest/asyncio/migration.html
May 13 12:15:38.697453 np0000000690 devstack@n-api.service[83352]: import eventlet
May 13 12:15:40.083605 np0000000690 devstack@n-api.service[83353]: INFO dbcounter [None req-4c814377-5626-4709-b9dd-4050785ecae4 None None] Registered counter for database nova_api
May 13 12:15:40.090376 np0000000690 devstack@n-api.service[83352]: INFO dbcounter [None req-f1845074-9937-40fc-bd83-4bbd09663043 None None] Registered counter for database nova_api
May 13 12:15:40.094046 np0000000690 devstack@n-api.service[83353]: DEBUG oslo_db.sqlalchemy.engines [None req-4c814377-5626-4709-b9dd-4050785ecae4 None None] MySQL server mode set to STRICT_TRANS_TABLES,STRICT_ALL_TABLES,NO_ZERO_IN_DATE,NO_ZERO_DATE,ERROR_FOR_DIVISION_BY_ZERO,TRADITIONAL,NO_ENGINE_SUBSTITUTION {{(pid=83353) _check_effective_sql_mode /opt/stack/data/venv/lib/python3.12/site-packages/oslo_db/sqlalchemy/engines.py:325}}
May 13 12:15:40.100677 np0000000690 devstack@n-api.service[83352]: DEBUG oslo_db.sqlalchemy.engines [None req-f1845074-9937-40fc-bd83-4bbd09663043 None None] MySQL server mode set to STRICT_TRANS_TABLES,STRICT_ALL_TABLES,NO_ZERO_IN_DATE,NO_ZERO_DATE,ERROR_FOR_DIVISION_BY_ZERO,TRADITIONAL,NO_ENGINE_SUBSTITUTION {{(pid=83352) _check_effective_sql_mode /opt/stack/data/venv/lib/python3.12/site-packages/oslo_db/sqlalchemy/engines.py:325}}
May 13 12:15:40.121684 np0000000690 devstack@n-api.service[83353]: DEBUG dbcounter [-] [83353] Writer thread running {{(pid=83353) stat_writer /opt/stack/data/venv/lib/python3.12/site-packages/dbcounter.py:102}}
May 13 12:15:40.123700 np0000000690 devstack@n-api.service[83353]: DEBUG nova.context [None req-4c814377-5626-4709-b9dd-4050785ecae4 None None] Found 2 cells: 00000000-0000-0000-0000-000000000000(cell0),369c4713-7dc4-4c52-b604-13c4dd5656e8(cell1) {{(pid=83353) load_cells /opt/stack/nova/nova/context.py:509}}
May 13 12:15:40.123896 np0000000690 devstack@n-api.service[83353]: INFO nova.utils [None req-4c814377-5626-4709-b9dd-4050785ecae4 None None] The cell worker thread pool MainProcess.cell_worker is initialized
May 13 12:15:40.125462 np0000000690 devstack@n-api.service[83353]: DEBUG oslo_concurrency.lockutils [None req-4c814377-5626-4709-b9dd-4050785ecae4 None None] Acquiring lock "00000000-0000-0000-0000-000000000000" by "nova.context.set_target_cell..get_or_set_cached_cell_and_set_connections" {{(pid=83353) inner /opt/stack/data/venv/lib/python3.12/site-packages/oslo_concurrency/lockutils.py:506}}
May 13 12:15:40.125614 np0000000690 devstack@n-api.service[83353]: DEBUG oslo_concurrency.lockutils [None req-4c814377-5626-4709-b9dd-4050785ecae4 None None] Lock "00000000-0000-0000-0000-000000000000" acquired by "nova.context.set_target_cell..get_or_set_cached_cell_and_set_connections" :: waited 0.000s {{(pid=83353) inner /opt/stack/data/venv/lib/python3.12/site-packages/oslo_concurrency/lockutils.py:519}}
May 13 12:15:40.125941 np0000000690 devstack@n-api.service[83353]: DEBUG oslo_concurrency.lockutils [None req-4c814377-5626-4709-b9dd-4050785ecae4 None None] Lock "00000000-0000-0000-0000-000000000000" "released" by "nova.context.set_target_cell..get_or_set_cached_cell_and_set_connections" :: held 0.000s {{(pid=83353) inner /opt/stack/data/venv/lib/python3.12/site-packages/oslo_concurrency/lockutils.py:538}}
May 13 12:15:40.126623 np0000000690 devstack@n-api.service[83353]: DEBUG oslo_concurrency.lockutils [None req-4c814377-5626-4709-b9dd-4050785ecae4 None None] Acquiring lock "369c4713-7dc4-4c52-b604-13c4dd5656e8" by "nova.context.set_target_cell..get_or_set_cached_cell_and_set_connections" {{(pid=83353) inner /opt/stack/data/venv/lib/python3.12/site-packages/oslo_concurrency/lockutils.py:506}}
May 13 12:15:40.126762 np0000000690 devstack@n-api.service[83353]: DEBUG oslo_concurrency.lockutils [None req-4c814377-5626-4709-b9dd-4050785ecae4 None None] Lock "369c4713-7dc4-4c52-b604-13c4dd5656e8" acquired by "nova.context.set_target_cell..get_or_set_cached_cell_and_set_connections" :: waited 0.000s {{(pid=83353) inner /opt/stack/data/venv/lib/python3.12/site-packages/oslo_concurrency/lockutils.py:519}}
May 13 12:15:40.127521 np0000000690 devstack@n-api.service[83353]: DEBUG oslo_concurrency.lockutils [None req-4c814377-5626-4709-b9dd-4050785ecae4 None None] Lock "369c4713-7dc4-4c52-b604-13c4dd5656e8" "released" by "nova.context.set_target_cell..get_or_set_cached_cell_and_set_connections" :: held 0.001s {{(pid=83353) inner /opt/stack/data/venv/lib/python3.12/site-packages/oslo_concurrency/lockutils.py:538}}
May 13 12:15:40.128503 np0000000690 devstack@n-api.service[83352]: DEBUG dbcounter [-] [83352] Writer thread running {{(pid=83352) stat_writer /opt/stack/data/venv/lib/python3.12/site-packages/dbcounter.py:102}}
May 13 12:15:40.129886 np0000000690 devstack@n-api.service[83353]: INFO dbcounter [None req-4c814377-5626-4709-b9dd-4050785ecae4 None None] Registered counter for database nova_cell0
May 13 12:15:40.130568 np0000000690 devstack@n-api.service[83352]: DEBUG nova.context [None req-f1845074-9937-40fc-bd83-4bbd09663043 None None] Found 2 cells: 00000000-0000-0000-0000-000000000000(cell0),369c4713-7dc4-4c52-b604-13c4dd5656e8(cell1) {{(pid=83352) load_cells /opt/stack/nova/nova/context.py:509}}
May 13 12:15:40.130818 np0000000690 devstack@n-api.service[83352]: INFO nova.utils [None req-f1845074-9937-40fc-bd83-4bbd09663043 None None] The cell worker thread pool MainProcess.cell_worker is initialized
May 13 12:15:40.132526 np0000000690 devstack@n-api.service[83352]: DEBUG oslo_concurrency.lockutils [None req-f1845074-9937-40fc-bd83-4bbd09663043 None None] Acquiring lock "00000000-0000-0000-0000-000000000000" by "nova.context.set_target_cell..get_or_set_cached_cell_and_set_connections" {{(pid=83352) inner /opt/stack/data/venv/lib/python3.12/site-packages/oslo_concurrency/lockutils.py:506}}
May 13 12:15:40.132697 np0000000690 devstack@n-api.service[83352]: DEBUG oslo_concurrency.lockutils [None req-f1845074-9937-40fc-bd83-4bbd09663043 None None] Lock "00000000-0000-0000-0000-000000000000" acquired by "nova.context.set_target_cell..get_or_set_cached_cell_and_set_connections" :: waited 0.000s {{(pid=83352) inner /opt/stack/data/venv/lib/python3.12/site-packages/oslo_concurrency/lockutils.py:519}}
May 13 12:15:40.133021 np0000000690 devstack@n-api.service[83352]: DEBUG oslo_concurrency.lockutils [None req-f1845074-9937-40fc-bd83-4bbd09663043 None None] Lock "00000000-0000-0000-0000-000000000000" "released" by "nova.context.set_target_cell..get_or_set_cached_cell_and_set_connections" :: held 0.000s {{(pid=83352) inner /opt/stack/data/venv/lib/python3.12/site-packages/oslo_concurrency/lockutils.py:538}}
May 13 12:15:40.133064 np0000000690 devstack@n-api.service[83353]: INFO dbcounter [None req-4c814377-5626-4709-b9dd-4050785ecae4 None None] Registered counter for database nova_cell1
May 13 12:15:40.133670 np0000000690 devstack@n-api.service[83352]: DEBUG oslo_concurrency.lockutils [None req-f1845074-9937-40fc-bd83-4bbd09663043 None None] Acquiring lock "369c4713-7dc4-4c52-b604-13c4dd5656e8" by "nova.context.set_target_cell..get_or_set_cached_cell_and_set_connections" {{(pid=83352) inner /opt/stack/data/venv/lib/python3.12/site-packages/oslo_concurrency/lockutils.py:506}}
May 13 12:15:40.135259 np0000000690 devstack@n-api.service[83352]: INFO dbcounter [None req-f1845074-9937-40fc-bd83-4bbd09663043 None None] Registered counter for database nova_cell0
May 13 12:15:40.136903 np0000000690 devstack@n-api.service[83352]: DEBUG oslo_concurrency.lockutils [None req-f1845074-9937-40fc-bd83-4bbd09663043 None None] Lock "369c4713-7dc4-4c52-b604-13c4dd5656e8" acquired by "nova.context.set_target_cell..get_or_set_cached_cell_and_set_connections" :: waited 0.001s {{(pid=83352) inner /opt/stack/data/venv/lib/python3.12/site-packages/oslo_concurrency/lockutils.py:519}}
May 13 12:15:40.136965 np0000000690 devstack@n-api.service[83353]: DEBUG oslo_db.sqlalchemy.engines [None req-4c814377-5626-4709-b9dd-4050785ecae4 None None] MySQL server mode set to STRICT_TRANS_TABLES,STRICT_ALL_TABLES,NO_ZERO_IN_DATE,NO_ZERO_DATE,ERROR_FOR_DIVISION_BY_ZERO,TRADITIONAL,NO_ENGINE_SUBSTITUTION {{(pid=83353) _check_effective_sql_mode /opt/stack/data/venv/lib/python3.12/site-packages/oslo_db/sqlalchemy/engines.py:325}}
May 13 12:15:40.137511 np0000000690 devstack@n-api.service[83352]: DEBUG oslo_concurrency.lockutils [None req-f1845074-9937-40fc-bd83-4bbd09663043 None None] Lock "369c4713-7dc4-4c52-b604-13c4dd5656e8" "released" by "nova.context.set_target_cell..get_or_set_cached_cell_and_set_connections" :: held 0.002s {{(pid=83352) inner /opt/stack/data/venv/lib/python3.12/site-packages/oslo_concurrency/lockutils.py:538}}
May 13 12:15:40.138964 np0000000690 devstack@n-api.service[83352]: INFO dbcounter [None req-f1845074-9937-40fc-bd83-4bbd09663043 None None] Registered counter for database nova_cell1
May 13 12:15:40.141407 np0000000690 devstack@n-api.service[83353]: DEBUG oslo_db.sqlalchemy.engines [None req-4c814377-5626-4709-b9dd-4050785ecae4 None None] MySQL server mode set to STRICT_TRANS_TABLES,STRICT_ALL_TABLES,NO_ZERO_IN_DATE,NO_ZERO_DATE,ERROR_FOR_DIVISION_BY_ZERO,TRADITIONAL,NO_ENGINE_SUBSTITUTION {{(pid=83353) _check_effective_sql_mode /opt/stack/data/venv/lib/python3.12/site-packages/oslo_db/sqlalchemy/engines.py:325}}
May 13 12:15:40.144048 np0000000690 devstack@n-api.service[83352]: DEBUG oslo_db.sqlalchemy.engines [None req-f1845074-9937-40fc-bd83-4bbd09663043 None None] MySQL server mode set to STRICT_TRANS_TABLES,STRICT_ALL_TABLES,NO_ZERO_IN_DATE,NO_ZERO_DATE,ERROR_FOR_DIVISION_BY_ZERO,TRADITIONAL,NO_ENGINE_SUBSTITUTION {{(pid=83352) _check_effective_sql_mode /opt/stack/data/venv/lib/python3.12/site-packages/oslo_db/sqlalchemy/engines.py:325}}
May 13 12:15:40.158413 np0000000690 devstack@n-api.service[83352]: DEBUG oslo_db.sqlalchemy.engines [None req-f1845074-9937-40fc-bd83-4bbd09663043 None None] MySQL server mode set to STRICT_TRANS_TABLES,STRICT_ALL_TABLES,NO_ZERO_IN_DATE,NO_ZERO_DATE,ERROR_FOR_DIVISION_BY_ZERO,TRADITIONAL,NO_ENGINE_SUBSTITUTION {{(pid=83352) _check_effective_sql_mode /opt/stack/data/venv/lib/python3.12/site-packages/oslo_db/sqlalchemy/engines.py:325}}
May 13 12:15:40.224353 np0000000690 devstack@n-api.service[83352]: DEBUG dbcounter [-] [83352] Writer thread running {{(pid=83352) stat_writer /opt/stack/data/venv/lib/python3.12/site-packages/dbcounter.py:102}}
May 13 12:15:40.227403 np0000000690 devstack@n-api.service[83352]: DEBUG dbcounter [-] [83352] Writer thread running {{(pid=83352) stat_writer /opt/stack/data/venv/lib/python3.12/site-packages/dbcounter.py:102}}
May 13 12:15:40.230566 np0000000690 devstack@n-api.service[83353]: DEBUG dbcounter [-] [83353] Writer thread running {{(pid=83353) stat_writer /opt/stack/data/venv/lib/python3.12/site-packages/dbcounter.py:102}}
May 13 12:15:40.230906 np0000000690 devstack@n-api.service[83352]: INFO dbcounter [None req-f1845074-9937-40fc-bd83-4bbd09663043 None None] Registered counter for database nova_cell0
May 13 12:15:40.231486 np0000000690 devstack@n-api.service[83353]: DEBUG dbcounter [-] [83353] Writer thread running {{(pid=83353) stat_writer /opt/stack/data/venv/lib/python3.12/site-packages/dbcounter.py:102}}
May 13 12:15:40.234976 np0000000690 devstack@n-api.service[83353]: INFO dbcounter [None req-4c814377-5626-4709-b9dd-4050785ecae4 None None] Registered counter for database nova_cell0
May 13 12:15:40.237213 np0000000690 devstack@n-api.service[83352]: DEBUG oslo_db.sqlalchemy.engines [None req-f1845074-9937-40fc-bd83-4bbd09663043 None None] MySQL server mode set to STRICT_TRANS_TABLES,STRICT_ALL_TABLES,NO_ZERO_IN_DATE,NO_ZERO_DATE,ERROR_FOR_DIVISION_BY_ZERO,TRADITIONAL,NO_ENGINE_SUBSTITUTION {{(pid=83352) _check_effective_sql_mode /opt/stack/data/venv/lib/python3.12/site-packages/oslo_db/sqlalchemy/engines.py:325}}
May 13 12:15:40.241329 np0000000690 devstack@n-api.service[83353]: DEBUG oslo_db.sqlalchemy.engines [None req-4c814377-5626-4709-b9dd-4050785ecae4 None None] MySQL server mode set to STRICT_TRANS_TABLES,STRICT_ALL_TABLES,NO_ZERO_IN_DATE,NO_ZERO_DATE,ERROR_FOR_DIVISION_BY_ZERO,TRADITIONAL,NO_ENGINE_SUBSTITUTION {{(pid=83353) _check_effective_sql_mode /opt/stack/data/venv/lib/python3.12/site-packages/oslo_db/sqlalchemy/engines.py:325}}
May 13 12:15:40.244411 np0000000690 devstack@n-api.service[83352]: DEBUG dbcounter [-] [83352] Writer thread running {{(pid=83352) stat_writer /opt/stack/data/venv/lib/python3.12/site-packages/dbcounter.py:102}}
May 13 12:15:40.246599 np0000000690 devstack@n-api.service[83353]: DEBUG dbcounter [-] [83353] Writer thread running {{(pid=83353) stat_writer /opt/stack/data/venv/lib/python3.12/site-packages/dbcounter.py:102}}
May 13 12:15:40.663200 np0000000690 devstack@n-api.service[83353]: DEBUG oslo_concurrency.processutils [None req-4c814377-5626-4709-b9dd-4050785ecae4 None None] Running cmd (subprocess): grep -F node.session.scan /sbin/iscsiadm {{(pid=83353) execute /opt/stack/data/venv/lib/python3.12/site-packages/oslo_concurrency/processutils.py:440}}
May 13 12:15:40.664101 np0000000690 devstack@n-api.service[83352]: DEBUG oslo_concurrency.processutils [None req-f1845074-9937-40fc-bd83-4bbd09663043 None None] Running cmd (subprocess): grep -F node.session.scan /sbin/iscsiadm {{(pid=83352) execute /opt/stack/data/venv/lib/python3.12/site-packages/oslo_concurrency/processutils.py:440}}
May 13 12:15:40.676420 np0000000690 devstack@n-api.service[83352]: DEBUG oslo_concurrency.processutils [None req-f1845074-9937-40fc-bd83-4bbd09663043 None None] CMD "grep -F node.session.scan /sbin/iscsiadm" returned: 0 in 0.013s {{(pid=83352) execute /opt/stack/data/venv/lib/python3.12/site-packages/oslo_concurrency/processutils.py:468}}
May 13 12:15:40.678419 np0000000690 devstack@n-api.service[83353]: DEBUG oslo_concurrency.processutils [None req-4c814377-5626-4709-b9dd-4050785ecae4 None None] CMD "grep -F node.session.scan /sbin/iscsiadm" returned: 0 in 0.015s {{(pid=83353) execute /opt/stack/data/venv/lib/python3.12/site-packages/oslo_concurrency/processutils.py:468}}
May 13 12:15:41.102355 np0000000690 devstack@n-api.service[83353]: WARNING keystonemiddleware.auth_token [None req-4c814377-5626-4709-b9dd-4050785ecae4 None None] AuthToken middleware is set with keystone_authtoken.service_token_roles_required set to False. This is backwards compatible but deprecated behaviour. Please set this to True.
May 13 12:15:41.102847 np0000000690 devstack@n-api.service[83352]: WARNING keystonemiddleware.auth_token [None req-f1845074-9937-40fc-bd83-4bbd09663043 None None] AuthToken middleware is set with keystone_authtoken.service_token_roles_required set to False. This is backwards compatible but deprecated behaviour. Please set this to True.
May 13 12:15:41.294749 np0000000690 devstack@n-api.service[83353]: WARNING keystonemiddleware.auth_token [None req-4c814377-5626-4709-b9dd-4050785ecae4 None None] AuthToken middleware is set with keystone_authtoken.service_token_roles_required set to False. This is backwards compatible but deprecated behaviour. Please set this to True.
May 13 12:15:41.299287 np0000000690 devstack@n-api.service[83353]: DEBUG nova.api.openstack.wsgi_app [None req-4c814377-5626-4709-b9dd-4050785ecae4 None None] ******************************************************************************** {{(pid=83353) log_opt_values /opt/stack/data/venv/lib/python3.12/site-packages/oslo_config/cfg.py:2979}}
May 13 12:15:41.299385 np0000000690 devstack@n-api.service[83353]: DEBUG nova.api.openstack.wsgi_app [None req-4c814377-5626-4709-b9dd-4050785ecae4 None None] Configuration options gathered from: {{(pid=83353) log_opt_values /opt/stack/data/venv/lib/python3.12/site-packages/oslo_config/cfg.py:2980}}
May 13 12:15:41.299687 np0000000690 devstack@n-api.service[83353]: DEBUG nova.api.openstack.wsgi_app [None req-4c814377-5626-4709-b9dd-4050785ecae4 None None] command line args: [] {{(pid=83353) log_opt_values /opt/stack/data/venv/lib/python3.12/site-packages/oslo_config/cfg.py:2981}}
May 13 12:15:41.299826 np0000000690 devstack@n-api.service[83353]: DEBUG nova.api.openstack.wsgi_app [None req-4c814377-5626-4709-b9dd-4050785ecae4 None None] config files: ['/etc/nova/api-paste.ini', '/etc/nova/nova.conf'] {{(pid=83353) log_opt_values /opt/stack/data/venv/lib/python3.12/site-packages/oslo_config/cfg.py:2982}}
May 13 12:15:41.299919 np0000000690 devstack@n-api.service[83353]: DEBUG nova.api.openstack.wsgi_app [None req-4c814377-5626-4709-b9dd-4050785ecae4 None None] ================================================================================ {{(pid=83353) log_opt_values /opt/stack/data/venv/lib/python3.12/site-packages/oslo_config/cfg.py:2987}}
May 13 12:15:41.300098 np0000000690 devstack@n-api.service[83353]: DEBUG nova.api.openstack.wsgi_app [None req-4c814377-5626-4709-b9dd-4050785ecae4 None None] allow_resize_to_same_host = True {{(pid=83353) log_opt_values /opt/stack/data/venv/lib/python3.12/site-packages/oslo_config/cfg.py:2995}}
May 13 12:15:41.300228 np0000000690 devstack@n-api.service[83353]: DEBUG nova.api.openstack.wsgi_app [None req-4c814377-5626-4709-b9dd-4050785ecae4 None None] arq_binding_timeout = 300 {{(pid=83353) log_opt_values /opt/stack/data/venv/lib/python3.12/site-packages/oslo_config/cfg.py:2995}}
May 13 12:15:41.300349 np0000000690 devstack@n-api.service[83353]: DEBUG nova.api.openstack.wsgi_app [None req-4c814377-5626-4709-b9dd-4050785ecae4 None None] block_device_allocate_retries = 60 {{(pid=83353) log_opt_values /opt/stack/data/venv/lib/python3.12/site-packages/oslo_config/cfg.py:2995}}
May 13 12:15:41.300466 np0000000690 devstack@n-api.service[83353]: DEBUG nova.api.openstack.wsgi_app [None req-4c814377-5626-4709-b9dd-4050785ecae4 None None] block_device_allocate_retries_interval = 3 {{(pid=83353) log_opt_values /opt/stack/data/venv/lib/python3.12/site-packages/oslo_config/cfg.py:2995}}
May 13 12:15:41.300580 np0000000690 devstack@n-api.service[83353]: DEBUG nova.api.openstack.wsgi_app [None req-4c814377-5626-4709-b9dd-4050785ecae4 None None] cell_worker_thread_pool_size = 5 {{(pid=83353) log_opt_values /opt/stack/data/venv/lib/python3.12/site-packages/oslo_config/cfg.py:2995}}
May 13 12:15:41.300705 np0000000690 devstack@n-api.service[83353]: DEBUG nova.api.openstack.wsgi_app [None req-4c814377-5626-4709-b9dd-4050785ecae4 None None] cert = self.pem {{(pid=83353) log_opt_values /opt/stack/data/venv/lib/python3.12/site-packages/oslo_config/cfg.py:2995}}
May 13 12:15:41.300827 np0000000690 devstack@n-api.service[83353]: DEBUG nova.api.openstack.wsgi_app [None req-4c814377-5626-4709-b9dd-4050785ecae4 None None] compute_driver = libvirt.LibvirtDriver {{(pid=83353) log_opt_values /opt/stack/data/venv/lib/python3.12/site-packages/oslo_config/cfg.py:2995}}
May 13 12:15:41.300941 np0000000690 devstack@n-api.service[83353]: DEBUG nova.api.openstack.wsgi_app [None req-4c814377-5626-4709-b9dd-4050785ecae4 None None] compute_monitors = [] {{(pid=83353) log_opt_values /opt/stack/data/venv/lib/python3.12/site-packages/oslo_config/cfg.py:2995}}
May 13 12:15:41.301074 np0000000690 devstack@n-api.service[83353]: DEBUG nova.api.openstack.wsgi_app [None req-4c814377-5626-4709-b9dd-4050785ecae4 None None] config_dir = [] {{(pid=83353) log_opt_values /opt/stack/data/venv/lib/python3.12/site-packages/oslo_config/cfg.py:2995}}
May 13 12:15:41.301209 np0000000690 devstack@n-api.service[83353]: DEBUG nova.api.openstack.wsgi_app [None req-4c814377-5626-4709-b9dd-4050785ecae4 None None] config_drive_format = iso9660 {{(pid=83353) log_opt_values /opt/stack/data/venv/lib/python3.12/site-packages/oslo_config/cfg.py:2995}}
May 13 12:15:41.301305 np0000000690 devstack@n-api.service[83353]: DEBUG nova.api.openstack.wsgi_app [None req-4c814377-5626-4709-b9dd-4050785ecae4 None None] config_file = ['/etc/nova/api-paste.ini', '/etc/nova/nova.conf'] {{(pid=83353) log_opt_values /opt/stack/data/venv/lib/python3.12/site-packages/oslo_config/cfg.py:2995}}
May 13 12:15:41.301420 np0000000690 devstack@n-api.service[83353]: DEBUG nova.api.openstack.wsgi_app [None req-4c814377-5626-4709-b9dd-4050785ecae4 None None] config_source = [] {{(pid=83353) log_opt_values /opt/stack/data/venv/lib/python3.12/site-packages/oslo_config/cfg.py:2995}}
May 13 12:15:41.301537 np0000000690 devstack@n-api.service[83353]: DEBUG nova.api.openstack.wsgi_app [None req-4c814377-5626-4709-b9dd-4050785ecae4 None None] console_host = np0000000690 {{(pid=83353) log_opt_values /opt/stack/data/venv/lib/python3.12/site-packages/oslo_config/cfg.py:2995}}
May 13 12:15:41.301651 np0000000690 devstack@n-api.service[83353]: DEBUG nova.api.openstack.wsgi_app [None req-4c814377-5626-4709-b9dd-4050785ecae4 None None] control_exchange = nova {{(pid=83353) log_opt_values /opt/stack/data/venv/lib/python3.12/site-packages/oslo_config/cfg.py:2995}}
May 13 12:15:41.301766 np0000000690 devstack@n-api.service[83353]: DEBUG nova.api.openstack.wsgi_app [None req-4c814377-5626-4709-b9dd-4050785ecae4 None None] cpu_allocation_ratio = None {{(pid=83353) log_opt_values /opt/stack/data/venv/lib/python3.12/site-packages/oslo_config/cfg.py:2995}}
May 13 12:15:41.301878 np0000000690 devstack@n-api.service[83353]: DEBUG nova.api.openstack.wsgi_app [None req-4c814377-5626-4709-b9dd-4050785ecae4 None None] daemon = False {{(pid=83353) log_opt_values /opt/stack/data/venv/lib/python3.12/site-packages/oslo_config/cfg.py:2995}}
May 13 12:15:41.302037 np0000000690 devstack@n-api.service[83353]: DEBUG nova.api.openstack.wsgi_app [None req-4c814377-5626-4709-b9dd-4050785ecae4 None None] debug = True {{(pid=83353) log_opt_values /opt/stack/data/venv/lib/python3.12/site-packages/oslo_config/cfg.py:2995}}
May 13 12:15:41.302141 np0000000690 devstack@n-api.service[83353]: DEBUG nova.api.openstack.wsgi_app [None req-4c814377-5626-4709-b9dd-4050785ecae4 None None] default_access_ip_network_name = None {{(pid=83353) log_opt_values /opt/stack/data/venv/lib/python3.12/site-packages/oslo_config/cfg.py:2995}}
May 13 12:15:41.302250 np0000000690 devstack@n-api.service[83353]: DEBUG nova.api.openstack.wsgi_app [None req-4c814377-5626-4709-b9dd-4050785ecae4 None None] default_availability_zone = nova {{(pid=83353) log_opt_values /opt/stack/data/venv/lib/python3.12/site-packages/oslo_config/cfg.py:2995}}
May 13 12:15:41.302364 np0000000690 devstack@n-api.service[83353]: DEBUG nova.api.openstack.wsgi_app [None req-4c814377-5626-4709-b9dd-4050785ecae4 None None] default_ephemeral_format = ext4 {{(pid=83353) log_opt_values /opt/stack/data/venv/lib/python3.12/site-packages/oslo_config/cfg.py:2995}}
May 13 12:15:41.302490 np0000000690 devstack@n-api.service[83353]: DEBUG nova.api.openstack.wsgi_app [None req-4c814377-5626-4709-b9dd-4050785ecae4 None None] default_green_pool_size = 1000 {{(pid=83353) log_opt_values /opt/stack/data/venv/lib/python3.12/site-packages/oslo_config/cfg.py:2995}}
May 13 12:15:41.302668 np0000000690 devstack@n-api.service[83353]: DEBUG nova.api.openstack.wsgi_app [None req-4c814377-5626-4709-b9dd-4050785ecae4 None None] default_log_levels = ['amqp=WARN', 'boto=WARN', 'sqlalchemy=WARN', 'suds=INFO', 'oslo.messaging=INFO', 'oslo_messaging=INFO', 'iso8601=WARN', 'requests.packages.urllib3.connectionpool=WARN', 'urllib3.connectionpool=WARN', 'websocket=WARN', 'requests.packages.urllib3.util.retry=WARN', 'urllib3.util.retry=WARN', 'keystonemiddleware=WARN', 'routes.middleware=WARN', 'stevedore=WARN', 'taskflow=WARN', 'keystoneauth=WARN', 'oslo.cache=INFO', 'oslo_policy=INFO', 'dogpile.core.dogpile=INFO', 'glanceclient=WARN', 'oslo.privsep.daemon=INFO'] {{(pid=83353) log_opt_values /opt/stack/data/venv/lib/python3.12/site-packages/oslo_config/cfg.py:2995}}
May 13 12:15:41.302791 np0000000690 devstack@n-api.service[83353]: DEBUG nova.api.openstack.wsgi_app [None req-4c814377-5626-4709-b9dd-4050785ecae4 None None] default_schedule_zone = None {{(pid=83353) log_opt_values /opt/stack/data/venv/lib/python3.12/site-packages/oslo_config/cfg.py:2995}}
May 13 12:15:41.302888 np0000000690 devstack@n-api.service[83353]: DEBUG nova.api.openstack.wsgi_app [None req-4c814377-5626-4709-b9dd-4050785ecae4 None None] default_thread_pool_size = 10 {{(pid=83353) log_opt_values /opt/stack/data/venv/lib/python3.12/site-packages/oslo_config/cfg.py:2995}}
May 13 12:15:41.303000 np0000000690 devstack@n-api.service[83353]: DEBUG nova.api.openstack.wsgi_app [None req-4c814377-5626-4709-b9dd-4050785ecae4 None None] disk_allocation_ratio = None {{(pid=83353) log_opt_values /opt/stack/data/venv/lib/python3.12/site-packages/oslo_config/cfg.py:2995}}
May 13 12:15:41.303143 np0000000690 devstack@n-api.service[83353]: DEBUG nova.api.openstack.wsgi_app [None req-4c814377-5626-4709-b9dd-4050785ecae4 None None] enable_new_services = True {{(pid=83353) log_opt_values /opt/stack/data/venv/lib/python3.12/site-packages/oslo_config/cfg.py:2995}}
May 13 12:15:41.303257 np0000000690 devstack@n-api.service[83353]: DEBUG nova.api.openstack.wsgi_app [None req-4c814377-5626-4709-b9dd-4050785ecae4 None None] flat_injected = False {{(pid=83353) log_opt_values /opt/stack/data/venv/lib/python3.12/site-packages/oslo_config/cfg.py:2995}}
May 13 12:15:41.303376 np0000000690 devstack@n-api.service[83353]: DEBUG nova.api.openstack.wsgi_app [None req-4c814377-5626-4709-b9dd-4050785ecae4 None None] force_config_drive = True {{(pid=83353) log_opt_values /opt/stack/data/venv/lib/python3.12/site-packages/oslo_config/cfg.py:2995}}
May 13 12:15:41.303491 np0000000690 devstack@n-api.service[83353]: DEBUG nova.api.openstack.wsgi_app [None req-4c814377-5626-4709-b9dd-4050785ecae4 None None] force_raw_images = True {{(pid=83353) log_opt_values /opt/stack/data/venv/lib/python3.12/site-packages/oslo_config/cfg.py:2995}}
May 13 12:15:41.303612 np0000000690 devstack@n-api.service[83353]: DEBUG nova.api.openstack.wsgi_app [None req-4c814377-5626-4709-b9dd-4050785ecae4 None None] graceful_shutdown_timeout = 5 {{(pid=83353) log_opt_values /opt/stack/data/venv/lib/python3.12/site-packages/oslo_config/cfg.py:2995}}
May 13 12:15:41.303726 np0000000690 devstack@n-api.service[83353]: DEBUG nova.api.openstack.wsgi_app [None req-4c814377-5626-4709-b9dd-4050785ecae4 None None] heal_instance_info_cache_interval = -1 {{(pid=83353) log_opt_values /opt/stack/data/venv/lib/python3.12/site-packages/oslo_config/cfg.py:2995}}
May 13 12:15:41.303883 np0000000690 devstack@n-api.service[83353]: DEBUG nova.api.openstack.wsgi_app [None req-4c814377-5626-4709-b9dd-4050785ecae4 None None] host = np0000000690 {{(pid=83353) log_opt_values /opt/stack/data/venv/lib/python3.12/site-packages/oslo_config/cfg.py:2995}}
May 13 12:15:41.304010 np0000000690 devstack@n-api.service[83353]: DEBUG nova.api.openstack.wsgi_app [None req-4c814377-5626-4709-b9dd-4050785ecae4 None None] initial_cpu_allocation_ratio = 4.0 {{(pid=83353) log_opt_values /opt/stack/data/venv/lib/python3.12/site-packages/oslo_config/cfg.py:2995}}
May 13 12:15:41.304153 np0000000690 devstack@n-api.service[83353]: DEBUG nova.api.openstack.wsgi_app [None req-4c814377-5626-4709-b9dd-4050785ecae4 None None] initial_disk_allocation_ratio = 1.0 {{(pid=83353) log_opt_values /opt/stack/data/venv/lib/python3.12/site-packages/oslo_config/cfg.py:2995}}
May 13 12:15:41.304269 np0000000690 devstack@n-api.service[83353]: DEBUG nova.api.openstack.wsgi_app [None req-4c814377-5626-4709-b9dd-4050785ecae4 None None] initial_ram_allocation_ratio = 1.0 {{(pid=83353) log_opt_values /opt/stack/data/venv/lib/python3.12/site-packages/oslo_config/cfg.py:2995}}
May 13 12:15:41.304424 np0000000690 devstack@n-api.service[83353]: DEBUG nova.api.openstack.wsgi_app [None req-4c814377-5626-4709-b9dd-4050785ecae4 None None] injected_network_template = /opt/stack/nova/nova/virt/interfaces.template {{(pid=83353) log_opt_values /opt/stack/data/venv/lib/python3.12/site-packages/oslo_config/cfg.py:2995}}
May 13 12:15:41.304540 np0000000690 devstack@n-api.service[83353]: DEBUG nova.api.openstack.wsgi_app [None req-4c814377-5626-4709-b9dd-4050785ecae4 None None] instance_build_timeout = 0 {{(pid=83353) log_opt_values /opt/stack/data/venv/lib/python3.12/site-packages/oslo_config/cfg.py:2995}}
May 13 12:15:41.304665 np0000000690 devstack@n-api.service[83353]: DEBUG nova.api.openstack.wsgi_app [None req-4c814377-5626-4709-b9dd-4050785ecae4 None None] instance_delete_interval = 300 {{(pid=83353) log_opt_values /opt/stack/data/venv/lib/python3.12/site-packages/oslo_config/cfg.py:2995}}
May 13 12:15:41.304780 np0000000690 devstack@n-api.service[83353]: DEBUG nova.api.openstack.wsgi_app [None req-4c814377-5626-4709-b9dd-4050785ecae4 None None] instance_format = [instance: %(uuid)s] {{(pid=83353) log_opt_values /opt/stack/data/venv/lib/python3.12/site-packages/oslo_config/cfg.py:2995}}
May 13 12:15:41.304888 np0000000690 devstack@n-api.service[83352]: WARNING keystonemiddleware.auth_token [None req-f1845074-9937-40fc-bd83-4bbd09663043 None None] AuthToken middleware is set with keystone_authtoken.service_token_roles_required set to False. This is backwards compatible but deprecated behaviour. Please set this to True.
May 13 12:15:41.304924 np0000000690 devstack@n-api.service[83353]: DEBUG nova.api.openstack.wsgi_app [None req-4c814377-5626-4709-b9dd-4050785ecae4 None None] instance_name_template = instance-%08x {{(pid=83353) log_opt_values /opt/stack/data/venv/lib/python3.12/site-packages/oslo_config/cfg.py:2995}}
May 13 12:15:41.305034 np0000000690 devstack@n-api.service[83353]: DEBUG nova.api.openstack.wsgi_app [None req-4c814377-5626-4709-b9dd-4050785ecae4 None None] instance_usage_audit = False {{(pid=83353) log_opt_values /opt/stack/data/venv/lib/python3.12/site-packages/oslo_config/cfg.py:2995}}
May 13 12:15:41.305154 np0000000690 devstack@n-api.service[83353]: DEBUG nova.api.openstack.wsgi_app [None req-4c814377-5626-4709-b9dd-4050785ecae4 None None] instance_usage_audit_period = month {{(pid=83353) log_opt_values /opt/stack/data/venv/lib/python3.12/site-packages/oslo_config/cfg.py:2995}}
May 13 12:15:41.305276 np0000000690 devstack@n-api.service[83353]: DEBUG nova.api.openstack.wsgi_app [None req-4c814377-5626-4709-b9dd-4050785ecae4 None None] instance_uuid_format = [instance: %(uuid)s] {{(pid=83353) log_opt_values /opt/stack/data/venv/lib/python3.12/site-packages/oslo_config/cfg.py:2995}}
May 13 12:15:41.305391 np0000000690 devstack@n-api.service[83353]: DEBUG nova.api.openstack.wsgi_app [None req-4c814377-5626-4709-b9dd-4050785ecae4 None None] instances_path = /opt/stack/data/nova/instances {{(pid=83353) log_opt_values /opt/stack/data/venv/lib/python3.12/site-packages/oslo_config/cfg.py:2995}}
May 13 12:15:41.305505 np0000000690 devstack@n-api.service[83353]: DEBUG nova.api.openstack.wsgi_app [None req-4c814377-5626-4709-b9dd-4050785ecae4 None None] internal_service_availability_zone = internal {{(pid=83353) log_opt_values /opt/stack/data/venv/lib/python3.12/site-packages/oslo_config/cfg.py:2995}}
May 13 12:15:41.305618 np0000000690 devstack@n-api.service[83353]: DEBUG nova.api.openstack.wsgi_app [None req-4c814377-5626-4709-b9dd-4050785ecae4 None None] key = None {{(pid=83353) log_opt_values /opt/stack/data/venv/lib/python3.12/site-packages/oslo_config/cfg.py:2995}}
May 13 12:15:41.305727 np0000000690 devstack@n-api.service[83353]: DEBUG nova.api.openstack.wsgi_app [None req-4c814377-5626-4709-b9dd-4050785ecae4 None None] live_migration_retry_count = 30 {{(pid=83353) log_opt_values /opt/stack/data/venv/lib/python3.12/site-packages/oslo_config/cfg.py:2995}}
May 13 12:15:41.305840 np0000000690 devstack@n-api.service[83353]: DEBUG nova.api.openstack.wsgi_app [None req-4c814377-5626-4709-b9dd-4050785ecae4 None None] log_color = False {{(pid=83353) log_opt_values /opt/stack/data/venv/lib/python3.12/site-packages/oslo_config/cfg.py:2995}}
May 13 12:15:41.305957 np0000000690 devstack@n-api.service[83353]: DEBUG nova.api.openstack.wsgi_app [None req-4c814377-5626-4709-b9dd-4050785ecae4 None None] log_config_append = None {{(pid=83353) log_opt_values /opt/stack/data/venv/lib/python3.12/site-packages/oslo_config/cfg.py:2995}}
May 13 12:15:41.306079 np0000000690 devstack@n-api.service[83353]: DEBUG nova.api.openstack.wsgi_app [None req-4c814377-5626-4709-b9dd-4050785ecae4 None None] log_date_format = %Y-%m-%d %H:%M:%S {{(pid=83353) log_opt_values /opt/stack/data/venv/lib/python3.12/site-packages/oslo_config/cfg.py:2995}}
May 13 12:15:41.306212 np0000000690 devstack@n-api.service[83353]: DEBUG nova.api.openstack.wsgi_app [None req-4c814377-5626-4709-b9dd-4050785ecae4 None None] log_dir = None {{(pid=83353) log_opt_values /opt/stack/data/venv/lib/python3.12/site-packages/oslo_config/cfg.py:2995}}
May 13 12:15:41.306325 np0000000690 devstack@n-api.service[83353]: DEBUG nova.api.openstack.wsgi_app [None req-4c814377-5626-4709-b9dd-4050785ecae4 None None] log_file = None {{(pid=83353) log_opt_values /opt/stack/data/venv/lib/python3.12/site-packages/oslo_config/cfg.py:2995}}
May 13 12:15:41.306414 np0000000690 devstack@n-api.service[83353]: DEBUG nova.api.openstack.wsgi_app [None req-4c814377-5626-4709-b9dd-4050785ecae4 None None] log_options = True {{(pid=83353) log_opt_values /opt/stack/data/venv/lib/python3.12/site-packages/oslo_config/cfg.py:2995}}
May 13 12:15:41.306524 np0000000690 devstack@n-api.service[83353]: DEBUG nova.api.openstack.wsgi_app [None req-4c814377-5626-4709-b9dd-4050785ecae4 None None] log_rotate_interval = 1 {{(pid=83353) log_opt_values /opt/stack/data/venv/lib/python3.12/site-packages/oslo_config/cfg.py:2995}}
May 13 12:15:41.306639 np0000000690 devstack@n-api.service[83353]: DEBUG nova.api.openstack.wsgi_app [None req-4c814377-5626-4709-b9dd-4050785ecae4 None None] log_rotate_interval_type = days {{(pid=83353) log_opt_values /opt/stack/data/venv/lib/python3.12/site-packages/oslo_config/cfg.py:2995}}
May 13 12:15:41.306753 np0000000690 devstack@n-api.service[83353]: DEBUG nova.api.openstack.wsgi_app [None req-4c814377-5626-4709-b9dd-4050785ecae4 None None] log_rotation_type = none {{(pid=83353) log_opt_values /opt/stack/data/venv/lib/python3.12/site-packages/oslo_config/cfg.py:2995}}
May 13 12:15:41.306845 np0000000690 devstack@n-api.service[83353]: DEBUG nova.api.openstack.wsgi_app [None req-4c814377-5626-4709-b9dd-4050785ecae4 None None] logging_context_format_string = %(color)s%(levelname)s %(name)s [%(global_request_id)s %(request_id)s %(project_name)s %(user_name)s%(color)s] %(instance)s%(color)s%(message)s {{(pid=83353) log_opt_values /opt/stack/data/venv/lib/python3.12/site-packages/oslo_config/cfg.py:2995}}
May 13 12:15:41.306934 np0000000690 devstack@n-api.service[83353]: DEBUG nova.api.openstack.wsgi_app [None req-4c814377-5626-4709-b9dd-4050785ecae4 None None] logging_debug_format_suffix = {{(pid=%(process)d) %(funcName)s %(pathname)s:%(lineno)d}} {{(pid=83353) log_opt_values /opt/stack/data/venv/lib/python3.12/site-packages/oslo_config/cfg.py:2995}}
May 13 12:15:41.307050 np0000000690 devstack@n-api.service[83353]: DEBUG nova.api.openstack.wsgi_app [None req-4c814377-5626-4709-b9dd-4050785ecae4 None None] logging_default_format_string = %(color)s%(levelname)s %(name)s [-%(color)s] %(instance)s%(color)s%(message)s {{(pid=83353) log_opt_values /opt/stack/data/venv/lib/python3.12/site-packages/oslo_config/cfg.py:2995}}
May 13 12:15:41.307191 np0000000690 devstack@n-api.service[83353]: DEBUG nova.api.openstack.wsgi_app [None req-4c814377-5626-4709-b9dd-4050785ecae4 None None] logging_exception_prefix = ERROR %(name)s %(instance)s {{(pid=83353) log_opt_values /opt/stack/data/venv/lib/python3.12/site-packages/oslo_config/cfg.py:2995}}
May 13 12:15:41.307282 np0000000690 devstack@n-api.service[83353]: DEBUG nova.api.openstack.wsgi_app [None req-4c814377-5626-4709-b9dd-4050785ecae4 None None] logging_user_identity_format = %(user)s %(project)s %(domain)s %(system_scope)s %(user_domain)s %(project_domain)s {{(pid=83353) log_opt_values /opt/stack/data/venv/lib/python3.12/site-packages/oslo_config/cfg.py:2995}}
May 13 12:15:41.307398 np0000000690 devstack@n-api.service[83353]: DEBUG nova.api.openstack.wsgi_app [None req-4c814377-5626-4709-b9dd-4050785ecae4 None None] long_rpc_timeout = 1800 {{(pid=83353) log_opt_values /opt/stack/data/venv/lib/python3.12/site-packages/oslo_config/cfg.py:2995}}
May 13 12:15:41.307509 np0000000690 devstack@n-api.service[83353]: DEBUG nova.api.openstack.wsgi_app [None req-4c814377-5626-4709-b9dd-4050785ecae4 None None] manager_shutdown_timeout = 160 {{(pid=83353) log_opt_values /opt/stack/data/venv/lib/python3.12/site-packages/oslo_config/cfg.py:2995}}
May 13 12:15:41.307619 np0000000690 devstack@n-api.service[83353]: DEBUG nova.api.openstack.wsgi_app [None req-4c814377-5626-4709-b9dd-4050785ecae4 None None] max_concurrent_builds = 10 {{(pid=83353) log_opt_values /opt/stack/data/venv/lib/python3.12/site-packages/oslo_config/cfg.py:2995}}
May 13 12:15:41.307727 np0000000690 devstack@n-api.service[83353]: DEBUG nova.api.openstack.wsgi_app [None req-4c814377-5626-4709-b9dd-4050785ecae4 None None] max_concurrent_live_migrations = 1 {{(pid=83353) log_opt_values /opt/stack/data/venv/lib/python3.12/site-packages/oslo_config/cfg.py:2995}}
May 13 12:15:41.307834 np0000000690 devstack@n-api.service[83353]: DEBUG nova.api.openstack.wsgi_app [None req-4c814377-5626-4709-b9dd-4050785ecae4 None None] max_concurrent_snapshots = 5 {{(pid=83353) log_opt_values /opt/stack/data/venv/lib/python3.12/site-packages/oslo_config/cfg.py:2995}}
May 13 12:15:41.307942 np0000000690 devstack@n-api.service[83353]: DEBUG nova.api.openstack.wsgi_app [None req-4c814377-5626-4709-b9dd-4050785ecae4 None None] max_local_block_devices = 3 {{(pid=83353) log_opt_values /opt/stack/data/venv/lib/python3.12/site-packages/oslo_config/cfg.py:2995}}
May 13 12:15:41.308050 np0000000690 devstack@n-api.service[83353]: DEBUG nova.api.openstack.wsgi_app [None req-4c814377-5626-4709-b9dd-4050785ecae4 None None] max_logfile_count = 30 {{(pid=83353) log_opt_values /opt/stack/data/venv/lib/python3.12/site-packages/oslo_config/cfg.py:2995}}
May 13 12:15:41.308189 np0000000690 devstack@n-api.service[83353]: DEBUG nova.api.openstack.wsgi_app [None req-4c814377-5626-4709-b9dd-4050785ecae4 None None] max_logfile_size_mb = 200 {{(pid=83353) log_opt_values /opt/stack/data/venv/lib/python3.12/site-packages/oslo_config/cfg.py:2995}}
May 13 12:15:41.308300 np0000000690 devstack@n-api.service[83353]: DEBUG nova.api.openstack.wsgi_app [None req-4c814377-5626-4709-b9dd-4050785ecae4 None None] maximum_instance_delete_attempts = 5 {{(pid=83353) log_opt_values /opt/stack/data/venv/lib/python3.12/site-packages/oslo_config/cfg.py:2995}}
May 13 12:15:41.308409 np0000000690 devstack@n-api.service[83353]: DEBUG nova.api.openstack.wsgi_app [None req-4c814377-5626-4709-b9dd-4050785ecae4 None None] migrate_max_retries = -1 {{(pid=83353) log_opt_values /opt/stack/data/venv/lib/python3.12/site-packages/oslo_config/cfg.py:2995}}
May 13 12:15:41.308523 np0000000690 devstack@n-api.service[83353]: DEBUG nova.api.openstack.wsgi_app [None req-4c814377-5626-4709-b9dd-4050785ecae4 None None] mkisofs_cmd = genisoimage {{(pid=83353) log_opt_values /opt/stack/data/venv/lib/python3.12/site-packages/oslo_config/cfg.py:2995}}
May 13 12:15:41.308668 np0000000690 devstack@n-api.service[83353]: DEBUG nova.api.openstack.wsgi_app [None req-4c814377-5626-4709-b9dd-4050785ecae4 None None] my_block_storage_ip = 10.4.3.181 {{(pid=83353) log_opt_values /opt/stack/data/venv/lib/python3.12/site-packages/oslo_config/cfg.py:2995}}
May 13 12:15:41.308760 np0000000690 devstack@n-api.service[83353]: DEBUG nova.api.openstack.wsgi_app [None req-4c814377-5626-4709-b9dd-4050785ecae4 None None] my_ip = 10.4.3.181 {{(pid=83353) log_opt_values /opt/stack/data/venv/lib/python3.12/site-packages/oslo_config/cfg.py:2995}}
May 13 12:15:41.308898 np0000000690 devstack@n-api.service[83353]: DEBUG nova.api.openstack.wsgi_app [None req-4c814377-5626-4709-b9dd-4050785ecae4 None None] my_shared_fs_storage_ip = 10.4.3.181 {{(pid=83353) log_opt_values /opt/stack/data/venv/lib/python3.12/site-packages/oslo_config/cfg.py:2995}}
May 13 12:15:41.309010 np0000000690 devstack@n-api.service[83353]: DEBUG nova.api.openstack.wsgi_app [None req-4c814377-5626-4709-b9dd-4050785ecae4 None None] network_allocate_retries = 0 {{(pid=83353) log_opt_values /opt/stack/data/venv/lib/python3.12/site-packages/oslo_config/cfg.py:2995}}
May 13 12:15:41.309165 np0000000690 devstack@n-api.service[83353]: DEBUG nova.api.openstack.wsgi_app [None req-4c814377-5626-4709-b9dd-4050785ecae4 None None] non_inheritable_image_properties = ['cache_in_nova', 'bittorrent'] {{(pid=83353) log_opt_values /opt/stack/data/venv/lib/python3.12/site-packages/oslo_config/cfg.py:2995}}
May 13 12:15:41.309284 np0000000690 devstack@n-api.service[83353]: DEBUG nova.api.openstack.wsgi_app [None req-4c814377-5626-4709-b9dd-4050785ecae4 None None] osapi_compute_unique_server_name_scope = {{(pid=83353) log_opt_values /opt/stack/data/venv/lib/python3.12/site-packages/oslo_config/cfg.py:2995}}
May 13 12:15:41.309395 np0000000690 devstack@n-api.service[83353]: DEBUG nova.api.openstack.wsgi_app [None req-4c814377-5626-4709-b9dd-4050785ecae4 None None] password_length = 12 {{(pid=83353) log_opt_values /opt/stack/data/venv/lib/python3.12/site-packages/oslo_config/cfg.py:2995}}
May 13 12:15:41.309507 np0000000690 devstack@n-api.service[83353]: DEBUG nova.api.openstack.wsgi_app [None req-4c814377-5626-4709-b9dd-4050785ecae4 None None] periodic_enable = True {{(pid=83353) log_opt_values /opt/stack/data/venv/lib/python3.12/site-packages/oslo_config/cfg.py:2995}}
May 13 12:15:41.309616 np0000000690 devstack@n-api.service[83353]: DEBUG nova.api.openstack.wsgi_app [None req-4c814377-5626-4709-b9dd-4050785ecae4 None None] periodic_fuzzy_delay = 60 {{(pid=83353) log_opt_values /opt/stack/data/venv/lib/python3.12/site-packages/oslo_config/cfg.py:2995}}
May 13 12:15:41.309733 np0000000690 devstack@n-api.service[83353]: DEBUG nova.api.openstack.wsgi_app [None req-4c814377-5626-4709-b9dd-4050785ecae4 None None] pointer_model = ps2mouse {{(pid=83353) log_opt_values /opt/stack/data/venv/lib/python3.12/site-packages/oslo_config/cfg.py:2995}}
May 13 12:15:41.309848 np0000000690 devstack@n-api.service[83353]: DEBUG nova.api.openstack.wsgi_app [None req-4c814377-5626-4709-b9dd-4050785ecae4 None None] preallocate_images = none {{(pid=83353) log_opt_values /opt/stack/data/venv/lib/python3.12/site-packages/oslo_config/cfg.py:2995}}
May 13 12:15:41.309960 np0000000690 devstack@n-api.service[83353]: DEBUG nova.api.openstack.wsgi_app [None req-4c814377-5626-4709-b9dd-4050785ecae4 None None] publish_errors = False {{(pid=83353) log_opt_values /opt/stack/data/venv/lib/python3.12/site-packages/oslo_config/cfg.py:2995}}
May 13 12:15:41.310052 np0000000690 devstack@n-api.service[83353]: DEBUG nova.api.openstack.wsgi_app [None req-4c814377-5626-4709-b9dd-4050785ecae4 None None] pybasedir = /opt/stack/nova {{(pid=83353) log_opt_values /opt/stack/data/venv/lib/python3.12/site-packages/oslo_config/cfg.py:2995}}
May 13 12:15:41.310196 np0000000690 devstack@n-api.service[83353]: DEBUG nova.api.openstack.wsgi_app [None req-4c814377-5626-4709-b9dd-4050785ecae4 None None] ram_allocation_ratio = None {{(pid=83353) log_opt_values /opt/stack/data/venv/lib/python3.12/site-packages/oslo_config/cfg.py:2995}}
May 13 12:15:41.310308 np0000000690 devstack@n-api.service[83353]: DEBUG nova.api.openstack.wsgi_app [None req-4c814377-5626-4709-b9dd-4050785ecae4 None None] rate_limit_burst = 0 {{(pid=83353) log_opt_values /opt/stack/data/venv/lib/python3.12/site-packages/oslo_config/cfg.py:2995}}
May 13 12:15:41.310392 np0000000690 devstack@n-api.service[83352]: DEBUG nova.api.openstack.wsgi_app [None req-f1845074-9937-40fc-bd83-4bbd09663043 None None] ******************************************************************************** {{(pid=83352) log_opt_values /opt/stack/data/venv/lib/python3.12/site-packages/oslo_config/cfg.py:2979}}
May 13 12:15:41.310430 np0000000690 devstack@n-api.service[83353]: DEBUG nova.api.openstack.wsgi_app [None req-4c814377-5626-4709-b9dd-4050785ecae4 None None] rate_limit_except_level = CRITICAL {{(pid=83353) log_opt_values /opt/stack/data/venv/lib/python3.12/site-packages/oslo_config/cfg.py:2995}}
May 13 12:15:41.310510 np0000000690 devstack@n-api.service[83352]: DEBUG nova.api.openstack.wsgi_app [None req-f1845074-9937-40fc-bd83-4bbd09663043 None None] Configuration options gathered from: {{(pid=83352) log_opt_values /opt/stack/data/venv/lib/python3.12/site-packages/oslo_config/cfg.py:2980}}
