May 13 12:16:00.811991 np0000000690 neutron-periodic-workers[88709]: DEBUG cotyledon.oslo_config_glue [-] ovn.bfd_mult = 3 {{(pid=88709) log_opt_values /opt/stack/data/venv/lib/python3.12/site-packages/oslo_config/cfg.py:3006}}
May 13 12:16:00.812057 np0000000690 neutron-periodic-workers[88709]: DEBUG cotyledon.oslo_config_glue [-] ovn.broadcast_arps_to_all_routers = True {{(pid=88709) log_opt_values /opt/stack/data/venv/lib/python3.12/site-packages/oslo_config/cfg.py:3006}}
May 13 12:16:00.812125 np0000000690 neutron-periodic-workers[88709]: DEBUG cotyledon.oslo_config_glue [-] ovn.dhcp_default_lease_time = 43200 {{(pid=88709) log_opt_values /opt/stack/data/venv/lib/python3.12/site-packages/oslo_config/cfg.py:3006}}
May 13 12:16:00.812191 np0000000690 neutron-periodic-workers[88709]: DEBUG cotyledon.oslo_config_glue [-] ovn.disable_ovn_dhcp_for_baremetal_ports = False {{(pid=88709) log_opt_values /opt/stack/data/venv/lib/python3.12/site-packages/oslo_config/cfg.py:3006}}
May 13 12:16:00.812244 np0000000690 neutron-periodic-workers[88709]: DEBUG cotyledon.oslo_config_glue [-] ovn.dns_records_ovn_owned = False {{(pid=88709) log_opt_values /opt/stack/data/venv/lib/python3.12/site-packages/oslo_config/cfg.py:3006}}
May 13 12:16:00.812296 np0000000690 neutron-periodic-workers[88709]: DEBUG cotyledon.oslo_config_glue [-] ovn.dns_servers = [] {{(pid=88709) log_opt_values /opt/stack/data/venv/lib/python3.12/site-packages/oslo_config/cfg.py:3006}}
May 13 12:16:00.812354 np0000000690 neutron-periodic-workers[88709]: DEBUG cotyledon.oslo_config_glue [-] ovn.enable_distributed_floating_ip = False {{(pid=88709) log_opt_values /opt/stack/data/venv/lib/python3.12/site-packages/oslo_config/cfg.py:3006}}
May 13 12:16:00.812407 np0000000690 neutron-periodic-workers[88709]: DEBUG cotyledon.oslo_config_glue [-] ovn.fdb_age_threshold = 300 {{(pid=88709) log_opt_values /opt/stack/data/venv/lib/python3.12/site-packages/oslo_config/cfg.py:3006}}
May 13 12:16:00.812462 np0000000690 neutron-periodic-workers[88709]: DEBUG cotyledon.oslo_config_glue [-] ovn.ha_failover_strategy = normal {{(pid=88709) log_opt_values /opt/stack/data/venv/lib/python3.12/site-packages/oslo_config/cfg.py:3006}}
May 13 12:16:00.812519 np0000000690 neutron-periodic-workers[88709]: DEBUG cotyledon.oslo_config_glue [-] ovn.live_migration_activation_strategy = rarp {{(pid=88709) log_opt_values /opt/stack/data/venv/lib/python3.12/site-packages/oslo_config/cfg.py:3006}}
May 13 12:16:00.812576 np0000000690 neutron-periodic-workers[88709]: DEBUG cotyledon.oslo_config_glue [-] ovn.localnet_learn_fdb = False {{(pid=88709) log_opt_values /opt/stack/data/venv/lib/python3.12/site-packages/oslo_config/cfg.py:3006}}
May 13 12:16:00.812641 np0000000690 neutron-periodic-workers[88709]: DEBUG cotyledon.oslo_config_glue [-] ovn.mac_binding_age_threshold = 300 {{(pid=88709) log_opt_values /opt/stack/data/venv/lib/python3.12/site-packages/oslo_config/cfg.py:3006}}
May 13 12:16:00.812705 np0000000690 neutron-periodic-workers[88709]: DEBUG cotyledon.oslo_config_glue [-] ovn.neutron_sync_mode = log {{(pid=88709) log_opt_values /opt/stack/data/venv/lib/python3.12/site-packages/oslo_config/cfg.py:3006}}
May 13 12:16:00.812768 np0000000690 neutron-periodic-workers[88709]: DEBUG cotyledon.oslo_config_glue [-] ovn.ovn_dhcp4_global_options = {} {{(pid=88709) log_opt_values /opt/stack/data/venv/lib/python3.12/site-packages/oslo_config/cfg.py:3006}}
May 13 12:16:00.812825 np0000000690 neutron-periodic-workers[88709]: DEBUG cotyledon.oslo_config_glue [-] ovn.ovn_dhcp6_global_options = {} {{(pid=88709) log_opt_values /opt/stack/data/venv/lib/python3.12/site-packages/oslo_config/cfg.py:3006}}
May 13 12:16:00.812880 np0000000690 neutron-periodic-workers[88709]: DEBUG cotyledon.oslo_config_glue [-] ovn.ovn_l3_scheduler = leastloaded {{(pid=88709) log_opt_values /opt/stack/data/venv/lib/python3.12/site-packages/oslo_config/cfg.py:3006}}
May 13 12:16:00.812936 np0000000690 neutron-periodic-workers[88709]: DEBUG cotyledon.oslo_config_glue [-] ovn.ovn_metadata_enabled = True {{(pid=88709) log_opt_values /opt/stack/data/venv/lib/python3.12/site-packages/oslo_config/cfg.py:3006}}
May 13 12:16:00.813001 np0000000690 neutron-periodic-workers[88709]: DEBUG cotyledon.oslo_config_glue [-] ovn.ovn_nb_ca_cert = /opt/stack/data/CA/int-ca/ca-chain.pem {{(pid=88709) log_opt_values /opt/stack/data/venv/lib/python3.12/site-packages/oslo_config/cfg.py:3006}}
May 13 12:16:00.813058 np0000000690 neutron-periodic-workers[88709]: DEBUG cotyledon.oslo_config_glue [-] ovn.ovn_nb_certificate = /opt/stack/data/CA/int-ca/devstack-cert.crt {{(pid=88709) log_opt_values /opt/stack/data/venv/lib/python3.12/site-packages/oslo_config/cfg.py:3006}}
May 13 12:16:00.813132 np0000000690 neutron-periodic-workers[88709]: DEBUG cotyledon.oslo_config_glue [-] ovn.ovn_nb_connection = ['ssl:10.4.3.181:6641'] {{(pid=88709) log_opt_values /opt/stack/data/venv/lib/python3.12/site-packages/oslo_config/cfg.py:3006}}
May 13 12:16:00.813194 np0000000690 neutron-periodic-workers[88709]: DEBUG cotyledon.oslo_config_glue [-] ovn.ovn_nb_private_key = /opt/stack/data/CA/int-ca/private/devstack-cert.key {{(pid=88709) log_opt_values /opt/stack/data/venv/lib/python3.12/site-packages/oslo_config/cfg.py:3006}}
May 13 12:16:00.813253 np0000000690 neutron-periodic-workers[88709]: DEBUG cotyledon.oslo_config_glue [-] ovn.ovn_router_indirect_snat = False {{(pid=88709) log_opt_values /opt/stack/data/venv/lib/python3.12/site-packages/oslo_config/cfg.py:3006}}
May 13 12:16:00.813308 np0000000690 neutron-periodic-workers[88709]: DEBUG cotyledon.oslo_config_glue [-] ovn.ovn_sb_ca_cert = /opt/stack/data/CA/int-ca/ca-chain.pem {{(pid=88709) log_opt_values /opt/stack/data/venv/lib/python3.12/site-packages/oslo_config/cfg.py:3006}}
May 13 12:16:00.813363 np0000000690 neutron-periodic-workers[88709]: DEBUG cotyledon.oslo_config_glue [-] ovn.ovn_sb_certificate = /opt/stack/data/CA/int-ca/devstack-cert.crt {{(pid=88709) log_opt_values /opt/stack/data/venv/lib/python3.12/site-packages/oslo_config/cfg.py:3006}}
May 13 12:16:00.813419 np0000000690 neutron-periodic-workers[88709]: DEBUG cotyledon.oslo_config_glue [-] ovn.ovn_sb_connection = ['ssl:10.4.3.181:6642'] {{(pid=88709) log_opt_values /opt/stack/data/venv/lib/python3.12/site-packages/oslo_config/cfg.py:3006}}
May 13 12:16:00.813487 np0000000690 neutron-periodic-workers[88709]: DEBUG cotyledon.oslo_config_glue [-] ovn.ovn_sb_private_key = /opt/stack/data/CA/int-ca/private/devstack-cert.key {{(pid=88709) log_opt_values /opt/stack/data/venv/lib/python3.12/site-packages/oslo_config/cfg.py:3006}}
May 13 12:16:00.813515 np0000000690 neutron-periodic-workers[88709]: DEBUG cotyledon.oslo_config_glue [-] ovn.ovs_create_tap = False {{(pid=88709) log_opt_values /opt/stack/data/venv/lib/python3.12/site-packages/oslo_config/cfg.py:3006}}
May 13 12:16:00.813575 np0000000690 neutron-periodic-workers[88709]: DEBUG cotyledon.oslo_config_glue [-] ovn.ovsdb_connection_timeout = 180 {{(pid=88709) log_opt_values /opt/stack/data/venv/lib/python3.12/site-packages/oslo_config/cfg.py:3006}}
May 13 12:16:00.813630 np0000000690 neutron-periodic-workers[88709]: DEBUG cotyledon.oslo_config_glue [-] ovn.ovsdb_log_level = INFO {{(pid=88709) log_opt_values /opt/stack/data/venv/lib/python3.12/site-packages/oslo_config/cfg.py:3006}}
May 13 12:16:00.813685 np0000000690 neutron-periodic-workers[88709]: DEBUG cotyledon.oslo_config_glue [-] ovn.ovsdb_probe_interval = 60000 {{(pid=88709) log_opt_values /opt/stack/data/venv/lib/python3.12/site-packages/oslo_config/cfg.py:3006}}
May 13 12:16:00.813739 np0000000690 neutron-periodic-workers[88709]: DEBUG cotyledon.oslo_config_glue [-] ovn.ovsdb_retry_max_interval = 180 {{(pid=88709) log_opt_values /opt/stack/data/venv/lib/python3.12/site-packages/oslo_config/cfg.py:3006}}
May 13 12:16:00.813794 np0000000690 neutron-periodic-workers[88709]: DEBUG cotyledon.oslo_config_glue [-] ovn.stateless_nat_enabled = False {{(pid=88709) log_opt_values /opt/stack/data/venv/lib/python3.12/site-packages/oslo_config/cfg.py:3006}}
May 13 12:16:00.813859 np0000000690 neutron-periodic-workers[88709]: DEBUG cotyledon.oslo_config_glue [-] ovn.vhost_sock_dir = /var/run/openvswitch {{(pid=88709) log_opt_values /opt/stack/data/venv/lib/python3.12/site-packages/oslo_config/cfg.py:3006}}
May 13 12:16:00.813941 np0000000690 neutron-periodic-workers[88709]: DEBUG cotyledon.oslo_config_glue [-] OVS.bridge_mac_table_size = 50000 {{(pid=88709) log_opt_values /opt/stack/data/venv/lib/python3.12/site-packages/oslo_config/cfg.py:3006}}
May 13 12:16:00.814004 np0000000690 neutron-periodic-workers[88709]: DEBUG cotyledon.oslo_config_glue [-] OVS.igmp_flood = False {{(pid=88709) log_opt_values /opt/stack/data/venv/lib/python3.12/site-packages/oslo_config/cfg.py:3006}}
May 13 12:16:00.814060 np0000000690 neutron-periodic-workers[88709]: DEBUG cotyledon.oslo_config_glue [-] OVS.igmp_flood_reports = True {{(pid=88709) log_opt_values /opt/stack/data/venv/lib/python3.12/site-packages/oslo_config/cfg.py:3006}}
May 13 12:16:00.814150 np0000000690 neutron-periodic-workers[88709]: DEBUG cotyledon.oslo_config_glue [-] OVS.igmp_flood_unregistered = False {{(pid=88709) log_opt_values /opt/stack/data/venv/lib/python3.12/site-packages/oslo_config/cfg.py:3006}}
May 13 12:16:00.814218 np0000000690 neutron-periodic-workers[88709]: DEBUG cotyledon.oslo_config_glue [-] OVS.igmp_snooping_enable = False {{(pid=88709) log_opt_values /opt/stack/data/venv/lib/python3.12/site-packages/oslo_config/cfg.py:3006}}
May 13 12:16:00.814277 np0000000690 neutron-periodic-workers[88709]: DEBUG cotyledon.oslo_config_glue [-] OVS.ovsdb_timeout = 10 {{(pid=88709) log_opt_values /opt/stack/data/venv/lib/python3.12/site-packages/oslo_config/cfg.py:3006}}
May 13 12:16:00.814354 np0000000690 neutron-periodic-workers[88709]: DEBUG cotyledon.oslo_config_glue [-] ovn_nb_global.fdb_removal_limit = 0 {{(pid=88709) log_opt_values /opt/stack/data/venv/lib/python3.12/site-packages/oslo_config/cfg.py:3006}}
May 13 12:16:00.814419 np0000000690 neutron-periodic-workers[88709]: DEBUG cotyledon.oslo_config_glue [-] ovn_nb_global.ignore_lsp_down = False {{(pid=88709) log_opt_values /opt/stack/data/venv/lib/python3.12/site-packages/oslo_config/cfg.py:3006}}
May 13 12:16:00.814477 np0000000690 neutron-periodic-workers[88709]: DEBUG cotyledon.oslo_config_glue [-] ovn_nb_global.mac_binding_removal_limit = 0 {{(pid=88709) log_opt_values /opt/stack/data/venv/lib/python3.12/site-packages/oslo_config/cfg.py:3006}}
May 13 12:16:00.814535 np0000000690 neutron-periodic-workers[88709]: DEBUG cotyledon.oslo_config_glue [-] ******************************************************************************** {{(pid=88709) log_opt_values /opt/stack/data/venv/lib/python3.12/site-packages/oslo_config/cfg.py:3013}}
May 13 12:16:00.814718 np0000000690 neutron-periodic-workers[88709]: DEBUG cotyledon._service_worker [-] Run service ServiceWrapper(0) [88709] {{(pid=88709) wait_forever /opt/stack/data/venv/lib/python3.12/site-packages/cotyledon/_service_worker.py:218}}
May 13 12:16:10.458638 np0000000690 neutron-periodic-workers[87662]: DEBUG dbcounter [-] [87662] Writing DB stats neutron:SELECT=4 {{(pid=87662) stat_writer /opt/stack/data/venv/lib/python3.12/site-packages/dbcounter.py:115}}
May 13 12:16:43.809502 np0000000690 neutron-periodic-workers[88700]: DEBUG oslo_db.sqlalchemy.engines [None req-c6b147f9-9a0d-4add-83d3-6a78cad4d9b7 None None] Parent process 87662 forked (88700) with an open database connection, which is being discarded and recreated. {{(pid=88700) checkout /opt/stack/data/venv/lib/python3.12/site-packages/oslo_db/sqlalchemy/engines.py:402}}
May 13 12:16:43.816278 np0000000690 neutron-periodic-workers[88700]: DEBUG dbcounter [-] [88700] Writer thread running {{(pid=88700) stat_writer /opt/stack/data/venv/lib/python3.12/site-packages/dbcounter.py:102}}
May 13 12:16:43.822732 np0000000690 neutron-periodic-workers[88700]: DEBUG neutron.db.agents_db [None req-c6b147f9-9a0d-4add-83d3-6a78cad4d9b7 None None] Agent healthcheck: found 0 active agents {{(pid=88700) agent_health_check /opt/stack/neutron/neutron/db/agents_db.py:322}}
May 13 12:16:43.822917 np0000000690 neutron-periodic-workers[88700]: DEBUG oslo.service.backend._threading.loopingcall [None req-c6b147f9-9a0d-4add-83d3-6a78cad4d9b7 None None] Fixed interval looping call 'neutron.plugins.ml2.plugin.AgentDbMixin.agent_health_check' sleeping for 36.98 seconds {{(pid=88700) _run_loop /opt/stack/data/venv/lib/python3.12/site-packages/oslo_service/backend/_threading/loopingcall.py:125}}
May 13 12:16:52.790080 np0000000690 neutron-periodic-workers[88696]: DEBUG dbcounter [-] [88696] Writer thread running {{(pid=88696) stat_writer /opt/stack/data/venv/lib/python3.12/site-packages/dbcounter.py:102}}
May 13 12:16:52.798689 np0000000690 neutron-periodic-workers[88696]: DEBUG oslo.service.backend._threading.loopingcall [None req-4397fb45-7760-40df-943d-83313539e58c None None] Fixed interval looping call 'neutron.plugins.ml2.plugin.DhcpAgentSchedulerDbMixin.remove_networks_from_down_agents' sleeping for 36.98 seconds {{(pid=88696) _run_loop /opt/stack/data/venv/lib/python3.12/site-packages/oslo_service/backend/_threading/loopingcall.py:125}}
May 13 12:16:53.817039 np0000000690 neutron-periodic-workers[88700]: DEBUG dbcounter [-] [88700] Writing DB stats neutron:SELECT=1 {{(pid=88700) stat_writer /opt/stack/data/venv/lib/python3.12/site-packages/dbcounter.py:115}}
May 13 12:17:02.797571 np0000000690 neutron-periodic-workers[88696]: DEBUG dbcounter [-] [88696] Writing DB stats neutron:SELECT=3 {{(pid=88696) stat_writer /opt/stack/data/venv/lib/python3.12/site-packages/dbcounter.py:115}}
May 13 12:17:20.806983 np0000000690 neutron-periodic-workers[88700]: DEBUG neutron.db.agents_db [None req-c6b147f9-9a0d-4add-83d3-6a78cad4d9b7 None None] Agent healthcheck: found 0 active agents {{(pid=88700) agent_health_check /opt/stack/neutron/neutron/db/agents_db.py:322}}
May 13 12:17:20.806983 np0000000690 neutron-periodic-workers[88700]: DEBUG oslo.service.backend._threading.loopingcall [None req-c6b147f9-9a0d-4add-83d3-6a78cad4d9b7 None None] Fixed interval looping call 'neutron.plugins.ml2.plugin.AgentDbMixin.agent_health_check' sleeping for 37.00 seconds {{(pid=88700) _run_loop /opt/stack/data/venv/lib/python3.12/site-packages/oslo_service/backend/_threading/loopingcall.py:125}}
May 13 12:17:29.785902 np0000000690 neutron-periodic-workers[88696]: DEBUG oslo.service.backend._threading.loopingcall [None req-4397fb45-7760-40df-943d-83313539e58c None None] Fixed interval looping call 'neutron.plugins.ml2.plugin.DhcpAgentSchedulerDbMixin.remove_networks_from_down_agents' sleeping for 36.99 seconds {{(pid=88696) _run_loop /opt/stack/data/venv/lib/python3.12/site-packages/oslo_service/backend/_threading/loopingcall.py:125}}
May 13 12:17:30.805510 np0000000690 neutron-periodic-workers[88700]: DEBUG dbcounter [-] [88700] Writing DB stats neutron:SELECT=1 {{(pid=88700) stat_writer /opt/stack/data/venv/lib/python3.12/site-packages/dbcounter.py:115}}
May 13 12:17:39.785199 np0000000690 neutron-periodic-workers[88696]: DEBUG dbcounter [-] [88696] Writing DB stats neutron:SELECT=3 {{(pid=88696) stat_writer /opt/stack/data/venv/lib/python3.12/site-packages/dbcounter.py:115}}
May 13 12:17:57.810230 np0000000690 neutron-periodic-workers[88700]: DEBUG neutron.db.agents_db [None req-c6b147f9-9a0d-4add-83d3-6a78cad4d9b7 None None] Agent healthcheck: found 0 active agents {{(pid=88700) agent_health_check /opt/stack/neutron/neutron/db/agents_db.py:322}}
May 13 12:17:57.810764 np0000000690 neutron-periodic-workers[88700]: DEBUG oslo.service.backend._threading.loopingcall [None req-c6b147f9-9a0d-4add-83d3-6a78cad4d9b7 None None] Fixed interval looping call 'neutron.plugins.ml2.plugin.AgentDbMixin.agent_health_check' sleeping for 37.00 seconds {{(pid=88700) _run_loop /opt/stack/data/venv/lib/python3.12/site-packages/oslo_service/backend/_threading/loopingcall.py:125}}
May 13 12:18:00.829433 np0000000690 neutron-periodic-workers[88709]: DEBUG dbcounter [-] [88709] Writer thread running {{(pid=88709) stat_writer /opt/stack/data/venv/lib/python3.12/site-packages/dbcounter.py:102}}
May 13 12:18:00.831531 np0000000690 neutron-periodic-workers[88709]: DEBUG oslo.service.backend._threading.loopingcall [None req-59bcc9c0-f9d6-4bf8-a3f1-729020ebaab4 None None] Fixed interval looping call 'neutron.db.quota.driver_nolock.DbQuotaNoLockDriver._remove_expired_reservations' sleeping for 119.99 seconds {{(pid=88709) _run_loop /opt/stack/data/venv/lib/python3.12/site-packages/oslo_service/backend/_threading/loopingcall.py:125}}
May 13 12:18:06.783300 np0000000690 neutron-periodic-workers[88696]: DEBUG oslo.service.backend._threading.loopingcall [None req-4397fb45-7760-40df-943d-83313539e58c None None] Fixed interval looping call 'neutron.plugins.ml2.plugin.DhcpAgentSchedulerDbMixin.remove_networks_from_down_agents' sleeping for 36.99 seconds {{(pid=88696) _run_loop /opt/stack/data/venv/lib/python3.12/site-packages/oslo_service/backend/_threading/loopingcall.py:125}}
May 13 12:18:07.809194 np0000000690 neutron-periodic-workers[88700]: DEBUG dbcounter [-] [88700] Writing DB stats neutron:SELECT=1 {{(pid=88700) stat_writer /opt/stack/data/venv/lib/python3.12/site-packages/dbcounter.py:115}}
May 13 12:18:10.829827 np0000000690 neutron-periodic-workers[88709]: DEBUG dbcounter [-] [88709] Writing DB stats neutron:DELETE=1 {{(pid=88709) stat_writer /opt/stack/data/venv/lib/python3.12/site-packages/dbcounter.py:115}}
May 13 12:18:16.782512 np0000000690 neutron-periodic-workers[88696]: DEBUG dbcounter [-] [88696] Writing DB stats neutron:SELECT=3 {{(pid=88696) stat_writer /opt/stack/data/venv/lib/python3.12/site-packages/dbcounter.py:115}}
May 13 12:18:34.814263 np0000000690 neutron-periodic-workers[88700]: DEBUG neutron.db.agents_db [None req-c6b147f9-9a0d-4add-83d3-6a78cad4d9b7 None None] Agent healthcheck: found 0 active agents {{(pid=88700) agent_health_check /opt/stack/neutron/neutron/db/agents_db.py:322}}
May 13 12:18:34.814784 np0000000690 neutron-periodic-workers[88700]: DEBUG oslo.service.backend._threading.loopingcall [None req-c6b147f9-9a0d-4add-83d3-6a78cad4d9b7 None None] Fixed interval looping call 'neutron.plugins.ml2.plugin.AgentDbMixin.agent_health_check' sleeping for 37.00 seconds {{(pid=88700) _run_loop /opt/stack/data/venv/lib/python3.12/site-packages/oslo_service/backend/_threading/loopingcall.py:125}}
May 13 12:18:43.778356 np0000000690 neutron-periodic-workers[88696]: DEBUG oslo.service.backend._threading.loopingcall [None req-4397fb45-7760-40df-943d-83313539e58c None None] Fixed interval looping call 'neutron.plugins.ml2.plugin.DhcpAgentSchedulerDbMixin.remove_networks_from_down_agents' sleeping for 37.00 seconds {{(pid=88696) _run_loop /opt/stack/data/venv/lib/python3.12/site-packages/oslo_service/backend/_threading/loopingcall.py:125}}
May 13 12:18:44.813316 np0000000690 neutron-periodic-workers[88700]: DEBUG dbcounter [-] [88700] Writing DB stats neutron:SELECT=1 {{(pid=88700) stat_writer /opt/stack/data/venv/lib/python3.12/site-packages/dbcounter.py:115}}
May 13 12:18:53.778841 np0000000690 neutron-periodic-workers[88696]: DEBUG dbcounter [-] [88696] Writing DB stats neutron:SELECT=3 {{(pid=88696) stat_writer /opt/stack/data/venv/lib/python3.12/site-packages/dbcounter.py:115}}
May 13 12:19:11.817319 np0000000690 neutron-periodic-workers[88700]: DEBUG neutron.db.agents_db [None req-c6b147f9-9a0d-4add-83d3-6a78cad4d9b7 None None] Agent healthcheck: found 0 active agents {{(pid=88700) agent_health_check /opt/stack/neutron/neutron/db/agents_db.py:322}}
May 13 12:19:11.817770 np0000000690 neutron-periodic-workers[88700]: DEBUG oslo.service.backend._threading.loopingcall [None req-c6b147f9-9a0d-4add-83d3-6a78cad4d9b7 None None] Fixed interval looping call 'neutron.plugins.ml2.plugin.AgentDbMixin.agent_health_check' sleeping for 37.00 seconds {{(pid=88700) _run_loop /opt/stack/data/venv/lib/python3.12/site-packages/oslo_service/backend/_threading/loopingcall.py:125}}
May 13 12:19:20.786039 np0000000690 neutron-periodic-workers[88696]: DEBUG oslo.service.backend._threading.loopingcall [None req-4397fb45-7760-40df-943d-83313539e58c None None] Fixed interval looping call 'neutron.plugins.ml2.plugin.DhcpAgentSchedulerDbMixin.remove_networks_from_down_agents' sleeping for 36.99 seconds {{(pid=88696) _run_loop /opt/stack/data/venv/lib/python3.12/site-packages/oslo_service/backend/_threading/loopingcall.py:125}}
May 13 12:19:21.817542 np0000000690 neutron-periodic-workers[88700]: DEBUG dbcounter [-] [88700] Writing DB stats neutron:SELECT=1 {{(pid=88700) stat_writer /opt/stack/data/venv/lib/python3.12/site-packages/dbcounter.py:115}}
May 13 12:19:30.785145 np0000000690 neutron-periodic-workers[88696]: DEBUG dbcounter [-] [88696] Writing DB stats neutron:SELECT=3 {{(pid=88696) stat_writer /opt/stack/data/venv/lib/python3.12/site-packages/dbcounter.py:115}}
May 13 12:19:48.824044 np0000000690 neutron-periodic-workers[88700]: DEBUG neutron.db.agents_db [None req-c6b147f9-9a0d-4add-83d3-6a78cad4d9b7 None None] Agent healthcheck: found 0 active agents {{(pid=88700) agent_health_check /opt/stack/neutron/neutron/db/agents_db.py:322}}
May 13 12:19:48.824479 np0000000690 neutron-periodic-workers[88700]: DEBUG oslo.service.backend._threading.loopingcall [None req-c6b147f9-9a0d-4add-83d3-6a78cad4d9b7 None None] Fixed interval looping call 'neutron.plugins.ml2.plugin.AgentDbMixin.agent_health_check' sleeping for 36.99 seconds {{(pid=88700) _run_loop /opt/stack/data/venv/lib/python3.12/site-packages/oslo_service/backend/_threading/loopingcall.py:125}}
May 13 12:19:57.784465 np0000000690 neutron-periodic-workers[88696]: DEBUG oslo.service.backend._threading.loopingcall [None req-4397fb45-7760-40df-943d-83313539e58c None None] Fixed interval looping call 'neutron.plugins.ml2.plugin.DhcpAgentSchedulerDbMixin.remove_networks_from_down_agents' sleeping for 36.99 seconds {{(pid=88696) _run_loop /opt/stack/data/venv/lib/python3.12/site-packages/oslo_service/backend/_threading/loopingcall.py:125}}
May 13 12:19:58.822925 np0000000690 neutron-periodic-workers[88700]: DEBUG dbcounter [-] [88700] Writing DB stats neutron:SELECT=1 {{(pid=88700) stat_writer /opt/stack/data/venv/lib/python3.12/site-packages/dbcounter.py:115}}
May 13 12:20:00.824975 np0000000690 neutron-periodic-workers[88709]: DEBUG oslo.service.backend._threading.loopingcall [None req-59bcc9c0-f9d6-4bf8-a3f1-729020ebaab4 None None] Fixed interval looping call 'neutron.db.quota.driver_nolock.DbQuotaNoLockDriver._remove_expired_reservations' sleeping for 120.00 seconds {{(pid=88709) _run_loop /opt/stack/data/venv/lib/python3.12/site-packages/oslo_service/backend/_threading/loopingcall.py:125}}
May 13 12:20:07.783478 np0000000690 neutron-periodic-workers[88696]: DEBUG dbcounter [-] [88696] Writing DB stats neutron:SELECT=3 {{(pid=88696) stat_writer /opt/stack/data/venv/lib/python3.12/site-packages/dbcounter.py:115}}
May 13 12:20:10.824407 np0000000690 neutron-periodic-workers[88709]: DEBUG dbcounter [-] [88709] Writing DB stats neutron:DELETE=1 {{(pid=88709) stat_writer /opt/stack/data/venv/lib/python3.12/site-packages/dbcounter.py:115}}
May 13 12:20:25.818348 np0000000690 neutron-periodic-workers[88700]: DEBUG neutron.db.agents_db [None req-c6b147f9-9a0d-4add-83d3-6a78cad4d9b7 None None] Agent healthcheck: found 0 active agents {{(pid=88700) agent_health_check /opt/stack/neutron/neutron/db/agents_db.py:322}}
May 13 12:20:25.818890 np0000000690 neutron-periodic-workers[88700]: DEBUG oslo.service.backend._threading.loopingcall [None req-c6b147f9-9a0d-4add-83d3-6a78cad4d9b7 None None] Fixed interval looping call 'neutron.plugins.ml2.plugin.AgentDbMixin.agent_health_check' sleeping for 37.00 seconds {{(pid=88700) _run_loop /opt/stack/data/venv/lib/python3.12/site-packages/oslo_service/backend/_threading/loopingcall.py:125}}
May 13 12:20:34.779935 np0000000690 neutron-periodic-workers[88696]: DEBUG oslo.service.backend._threading.loopingcall [None req-4397fb45-7760-40df-943d-83313539e58c None None] Fixed interval looping call 'neutron.plugins.ml2.plugin.DhcpAgentSchedulerDbMixin.remove_networks_from_down_agents' sleeping for 36.99 seconds {{(pid=88696) _run_loop /opt/stack/data/venv/lib/python3.12/site-packages/oslo_service/backend/_threading/loopingcall.py:125}}
May 13 12:20:35.819693 np0000000690 neutron-periodic-workers[88700]: DEBUG dbcounter [-] [88700] Writing DB stats neutron:SELECT=1 {{(pid=88700) stat_writer /opt/stack/data/venv/lib/python3.12/site-packages/dbcounter.py:115}}
May 13 12:20:40.798909 np0000000690 neutron-periodic-workers[88686]: DEBUG dbcounter [-] [88686] Writer thread running {{(pid=88686) stat_writer /opt/stack/data/venv/lib/python3.12/site-packages/dbcounter.py:102}}
May 13 12:20:40.816489 np0000000690 neutron-periodic-workers[88686]: DEBUG oslo.service.backend._threading.loopingcall [None req-f8cc9b27-812d-41db-952e-ea9129314fab None None] Fixed interval looping call 'neutron.services.ovn_l3.plugin.L3_NAT_dbonly_mixin._clean_garbage' sleeping for 299.95 seconds {{(pid=88686) _run_loop /opt/stack/data/venv/lib/python3.12/site-packages/oslo_service/backend/_threading/loopingcall.py:125}}
May 13 12:20:44.780469 np0000000690 neutron-periodic-workers[88696]: DEBUG dbcounter [-] [88696] Writing DB stats neutron:SELECT=3 {{(pid=88696) stat_writer /opt/stack/data/venv/lib/python3.12/site-packages/dbcounter.py:115}}
May 13 12:20:50.799244 np0000000690 neutron-periodic-workers[88686]: DEBUG dbcounter [-] [88686] Writing DB stats neutron:SELECT=1 {{(pid=88686) stat_writer /opt/stack/data/venv/lib/python3.12/site-packages/dbcounter.py:115}}
May 13 12:21:02.827571 np0000000690 neutron-periodic-workers[88700]: DEBUG neutron.db.agents_db [None req-c6b147f9-9a0d-4add-83d3-6a78cad4d9b7 None None] Agent healthcheck: found 0 active agents {{(pid=88700) agent_health_check /opt/stack/neutron/neutron/db/agents_db.py:322}}
May 13 12:21:02.828040 np0000000690 neutron-periodic-workers[88700]: DEBUG oslo.service.backend._threading.loopingcall [None req-c6b147f9-9a0d-4add-83d3-6a78cad4d9b7 None None] Fixed interval looping call 'neutron.plugins.ml2.plugin.AgentDbMixin.agent_health_check' sleeping for 36.99 seconds {{(pid=88700) _run_loop /opt/stack/data/venv/lib/python3.12/site-packages/oslo_service/backend/_threading/loopingcall.py:125}}
May 13 12:21:11.807355 np0000000690 neutron-periodic-workers[88696]: DEBUG oslo.service.backend._threading.loopingcall [None req-4397fb45-7760-40df-943d-83313539e58c None None] Fixed interval looping call 'neutron.plugins.ml2.plugin.DhcpAgentSchedulerDbMixin.remove_networks_from_down_agents' sleeping for 36.96 seconds {{(pid=88696) _run_loop /opt/stack/data/venv/lib/python3.12/site-packages/oslo_service/backend/_threading/loopingcall.py:125}}
May 13 12:21:12.824815 np0000000690 neutron-periodic-workers[88700]: DEBUG dbcounter [-] [88700] Writing DB stats neutron:SELECT=1 {{(pid=88700) stat_writer /opt/stack/data/venv/lib/python3.12/site-packages/dbcounter.py:115}}
May 13 12:21:21.805543 np0000000690 neutron-periodic-workers[88696]: DEBUG dbcounter [-] [88696] Writing DB stats neutron:SELECT=3 {{(pid=88696) stat_writer /opt/stack/data/venv/lib/python3.12/site-packages/dbcounter.py:115}}
May 13 12:21:39.825052 np0000000690 neutron-periodic-workers[88700]: DEBUG neutron.db.agents_db [None req-c6b147f9-9a0d-4add-83d3-6a78cad4d9b7 None None] Agent healthcheck: found 0 active agents {{(pid=88700) agent_health_check /opt/stack/neutron/neutron/db/agents_db.py:322}}
May 13 12:21:39.825550 np0000000690 neutron-periodic-workers[88700]: DEBUG oslo.service.backend._threading.loopingcall [None req-c6b147f9-9a0d-4add-83d3-6a78cad4d9b7 None None] Fixed interval looping call 'neutron.plugins.ml2.plugin.AgentDbMixin.agent_health_check' sleeping for 36.99 seconds {{(pid=88700) _run_loop /opt/stack/data/venv/lib/python3.12/site-packages/oslo_service/backend/_threading/loopingcall.py:125}}
May 13 12:21:48.780598 np0000000690 neutron-periodic-workers[88696]: DEBUG oslo.service.backend._threading.loopingcall [None req-4397fb45-7760-40df-943d-83313539e58c None None] Fixed interval looping call 'neutron.plugins.ml2.plugin.DhcpAgentSchedulerDbMixin.remove_networks_from_down_agents' sleeping for 36.99 seconds {{(pid=88696) _run_loop /opt/stack/data/venv/lib/python3.12/site-packages/oslo_service/backend/_threading/loopingcall.py:125}}
May 13 12:21:49.823383 np0000000690 neutron-periodic-workers[88700]: DEBUG dbcounter [-] [88700] Writing DB stats neutron:SELECT=1 {{(pid=88700) stat_writer /opt/stack/data/venv/lib/python3.12/site-packages/dbcounter.py:115}}
May 13 12:21:58.779784 np0000000690 neutron-periodic-workers[88696]: DEBUG dbcounter [-] [88696] Writing DB stats neutron:SELECT=3 {{(pid=88696) stat_writer /opt/stack/data/venv/lib/python3.12/site-packages/dbcounter.py:115}}
May 13 12:22:00.836035 np0000000690 neutron-periodic-workers[88709]: DEBUG oslo.service.backend._threading.loopingcall [None req-59bcc9c0-f9d6-4bf8-a3f1-729020ebaab4 None None] Fixed interval looping call 'neutron.db.quota.driver_nolock.DbQuotaNoLockDriver._remove_expired_reservations' sleeping for 119.99 seconds {{(pid=88709) _run_loop /opt/stack/data/venv/lib/python3.12/site-packages/oslo_service/backend/_threading/loopingcall.py:125}}
May 13 12:22:10.833186 np0000000690 neutron-periodic-workers[88709]: DEBUG dbcounter [-] [88709] Writing DB stats neutron:DELETE=1 {{(pid=88709) stat_writer /opt/stack/data/venv/lib/python3.12/site-packages/dbcounter.py:115}}
May 13 12:22:16.820825 np0000000690 neutron-periodic-workers[88700]: DEBUG neutron.db.agents_db [None req-c6b147f9-9a0d-4add-83d3-6a78cad4d9b7 None None] Agent healthcheck: found 0 active agents {{(pid=88700) agent_health_check /opt/stack/neutron/neutron/db/agents_db.py:322}}
May 13 12:22:16.821280 np0000000690 neutron-periodic-workers[88700]: DEBUG oslo.service.backend._threading.loopingcall [None req-c6b147f9-9a0d-4add-83d3-6a78cad4d9b7 None None] Fixed interval looping call 'neutron.plugins.ml2.plugin.AgentDbMixin.agent_health_check' sleeping for 36.99 seconds {{(pid=88700) _run_loop /opt/stack/data/venv/lib/python3.12/site-packages/oslo_service/backend/_threading/loopingcall.py:125}}
May 13 12:22:25.777633 np0000000690 neutron-periodic-workers[88696]: DEBUG oslo.service.backend._threading.loopingcall [None req-4397fb45-7760-40df-943d-83313539e58c None None] Fixed interval looping call 'neutron.plugins.ml2.plugin.DhcpAgentSchedulerDbMixin.remove_networks_from_down_agents' sleeping for 36.99 seconds {{(pid=88696) _run_loop /opt/stack/data/venv/lib/python3.12/site-packages/oslo_service/backend/_threading/loopingcall.py:125}}
May 13 12:22:26.820219 np0000000690 neutron-periodic-workers[88700]: DEBUG dbcounter [-] [88700] Writing DB stats neutron:SELECT=1 {{(pid=88700) stat_writer /opt/stack/data/venv/lib/python3.12/site-packages/dbcounter.py:115}}
May 13 12:22:35.776950 np0000000690 neutron-periodic-workers[88696]: DEBUG dbcounter [-] [88696] Writing DB stats neutron:SELECT=3 {{(pid=88696) stat_writer /opt/stack/data/venv/lib/python3.12/site-packages/dbcounter.py:115}}
May 13 12:22:53.817758 np0000000690 neutron-periodic-workers[88700]: DEBUG neutron.db.agents_db [None req-c6b147f9-9a0d-4add-83d3-6a78cad4d9b7 None None] Agent healthcheck: found 0 active agents {{(pid=88700) agent_health_check /opt/stack/neutron/neutron/db/agents_db.py:322}}
May 13 12:22:53.819566 np0000000690 neutron-periodic-workers[88700]: DEBUG oslo.service.backend._threading.loopingcall [None req-c6b147f9-9a0d-4add-83d3-6a78cad4d9b7 None None] Fixed interval looping call 'neutron.plugins.ml2.plugin.AgentDbMixin.agent_health_check' sleeping for 36.99 seconds {{(pid=88700) _run_loop /opt/stack/data/venv/lib/python3.12/site-packages/oslo_service/backend/_threading/loopingcall.py:125}}
May 13 12:23:02.778586 np0000000690 neutron-periodic-workers[88696]: DEBUG oslo.service.backend._threading.loopingcall [None req-4397fb45-7760-40df-943d-83313539e58c None None] Fixed interval looping call 'neutron.plugins.ml2.plugin.DhcpAgentSchedulerDbMixin.remove_networks_from_down_agents' sleeping for 36.99 seconds {{(pid=88696) _run_loop /opt/stack/data/venv/lib/python3.12/site-packages/oslo_service/backend/_threading/loopingcall.py:125}}
May 13 12:23:03.818129 np0000000690 neutron-periodic-workers[88700]: DEBUG dbcounter [-] [88700] Writing DB stats neutron:SELECT=1 {{(pid=88700) stat_writer /opt/stack/data/venv/lib/python3.12/site-packages/dbcounter.py:115}}
May 13 12:23:12.778067 np0000000690 neutron-periodic-workers[88696]: DEBUG dbcounter [-] [88696] Writing DB stats neutron:SELECT=3 {{(pid=88696) stat_writer /opt/stack/data/venv/lib/python3.12/site-packages/dbcounter.py:115}}
May 13 12:23:30.813300 np0000000690 neutron-periodic-workers[88700]: DEBUG neutron.db.agents_db [None req-c6b147f9-9a0d-4add-83d3-6a78cad4d9b7 None None] Agent healthcheck: found 0 active agents {{(pid=88700) agent_health_check /opt/stack/neutron/neutron/db/agents_db.py:322}}
May 13 12:23:30.813846 np0000000690 neutron-periodic-workers[88700]: DEBUG oslo.service.backend._threading.loopingcall [None req-c6b147f9-9a0d-4add-83d3-6a78cad4d9b7 None None] Fixed interval looping call 'neutron.plugins.ml2.plugin.AgentDbMixin.agent_health_check' sleeping for 37.00 seconds {{(pid=88700) _run_loop /opt/stack/data/venv/lib/python3.12/site-packages/oslo_service/backend/_threading/loopingcall.py:125}}
May 13 12:23:39.779737 np0000000690 neutron-periodic-workers[88696]: DEBUG oslo.service.backend._threading.loopingcall [None req-4397fb45-7760-40df-943d-83313539e58c None None] Fixed interval looping call 'neutron.plugins.ml2.plugin.DhcpAgentSchedulerDbMixin.remove_networks_from_down_agents' sleeping for 36.99 seconds {{(pid=88696) _run_loop /opt/stack/data/venv/lib/python3.12/site-packages/oslo_service/backend/_threading/loopingcall.py:125}}
May 13 12:23:40.813448 np0000000690 neutron-periodic-workers[88700]: DEBUG dbcounter [-] [88700] Writing DB stats neutron:SELECT=1 {{(pid=88700) stat_writer /opt/stack/data/venv/lib/python3.12/site-packages/dbcounter.py:115}}
May 13 12:23:49.779294 np0000000690 neutron-periodic-workers[88696]: DEBUG dbcounter [-] [88696] Writing DB stats neutron:SELECT=3 {{(pid=88696) stat_writer /opt/stack/data/venv/lib/python3.12/site-packages/dbcounter.py:115}}
May 13 12:24:00.831071 np0000000690 neutron-periodic-workers[88709]: DEBUG oslo.service.backend._threading.loopingcall [None req-59bcc9c0-f9d6-4bf8-a3f1-729020ebaab4 None None] Fixed interval looping call 'neutron.db.quota.driver_nolock.DbQuotaNoLockDriver._remove_expired_reservations' sleeping for 120.00 seconds {{(pid=88709) _run_loop /opt/stack/data/venv/lib/python3.12/site-packages/oslo_service/backend/_threading/loopingcall.py:125}}
May 13 12:24:07.820575 np0000000690 neutron-periodic-workers[88700]: DEBUG neutron.db.agents_db [None req-c6b147f9-9a0d-4add-83d3-6a78cad4d9b7 None None] Agent healthcheck: found 0 active agents {{(pid=88700) agent_health_check /opt/stack/neutron/neutron/db/agents_db.py:322}}
May 13 12:24:07.820575 np0000000690 neutron-periodic-workers[88700]: DEBUG oslo.service.backend._threading.loopingcall [None req-c6b147f9-9a0d-4add-83d3-6a78cad4d9b7 None None] Fixed interval looping call 'neutron.plugins.ml2.plugin.AgentDbMixin.agent_health_check' sleeping for 36.99 seconds {{(pid=88700) _run_loop /opt/stack/data/venv/lib/python3.12/site-packages/oslo_service/backend/_threading/loopingcall.py:125}}
May 13 12:24:10.830792 np0000000690 neutron-periodic-workers[88709]: DEBUG dbcounter [-] [88709] Writing DB stats neutron:DELETE=1 {{(pid=88709) stat_writer /opt/stack/data/venv/lib/python3.12/site-packages/dbcounter.py:115}}
May 13 12:24:16.779179 np0000000690 neutron-periodic-workers[88696]: DEBUG oslo.service.backend._threading.loopingcall [None req-4397fb45-7760-40df-943d-83313539e58c None None] Fixed interval looping call 'neutron.plugins.ml2.plugin.DhcpAgentSchedulerDbMixin.remove_networks_from_down_agents' sleeping for 36.99 seconds {{(pid=88696) _run_loop /opt/stack/data/venv/lib/python3.12/site-packages/oslo_service/backend/_threading/loopingcall.py:125}}
May 13 12:24:17.817325 np0000000690 neutron-periodic-workers[88700]: DEBUG dbcounter [-] [88700] Writing DB stats neutron:SELECT=1 {{(pid=88700) stat_writer /opt/stack/data/venv/lib/python3.12/site-packages/dbcounter.py:115}}
May 13 12:24:26.777838 np0000000690 neutron-periodic-workers[88696]: DEBUG dbcounter [-] [88696] Writing DB stats neutron:SELECT=3 {{(pid=88696) stat_writer /opt/stack/data/venv/lib/python3.12/site-packages/dbcounter.py:115}}
May 13 12:24:44.817609 np0000000690 neutron-periodic-workers[88700]: DEBUG neutron.db.agents_db [None req-c6b147f9-9a0d-4add-83d3-6a78cad4d9b7 None None] Agent healthcheck: found 0 active agents {{(pid=88700) agent_health_check /opt/stack/neutron/neutron/db/agents_db.py:322}}
May 13 12:24:44.818405 np0000000690 neutron-periodic-workers[88700]: DEBUG oslo.service.backend._threading.loopingcall [None req-c6b147f9-9a0d-4add-83d3-6a78cad4d9b7 None None] Fixed interval looping call 'neutron.plugins.ml2.plugin.AgentDbMixin.agent_health_check' sleeping for 36.99 seconds {{(pid=88700) _run_loop /opt/stack/data/venv/lib/python3.12/site-packages/oslo_service/backend/_threading/loopingcall.py:125}}
May 13 12:24:53.777021 np0000000690 neutron-periodic-workers[88696]: DEBUG oslo.service.backend._threading.loopingcall [None req-4397fb45-7760-40df-943d-83313539e58c None None] Fixed interval looping call 'neutron.plugins.ml2.plugin.DhcpAgentSchedulerDbMixin.remove_networks_from_down_agents' sleeping for 36.99 seconds {{(pid=88696) _run_loop /opt/stack/data/venv/lib/python3.12/site-packages/oslo_service/backend/_threading/loopingcall.py:125}}
May 13 12:24:54.816801 np0000000690 neutron-periodic-workers[88700]: DEBUG dbcounter [-] [88700] Writing DB stats neutron:SELECT=1 {{(pid=88700) stat_writer /opt/stack/data/venv/lib/python3.12/site-packages/dbcounter.py:115}}
May 13 12:25:03.776152 np0000000690 neutron-periodic-workers[88696]: DEBUG dbcounter [-] [88696] Writing DB stats neutron:SELECT=3 {{(pid=88696) stat_writer /opt/stack/data/venv/lib/python3.12/site-packages/dbcounter.py:115}}
May 13 12:25:21.810958 np0000000690 neutron-periodic-workers[88700]: DEBUG neutron.db.agents_db [None req-c6b147f9-9a0d-4add-83d3-6a78cad4d9b7 None None] Agent healthcheck: found 0 active agents {{(pid=88700) agent_health_check /opt/stack/neutron/neutron/db/agents_db.py:322}}
May 13 12:25:21.814554 np0000000690 neutron-periodic-workers[88700]: DEBUG oslo.service.backend._threading.loopingcall [None req-c6b147f9-9a0d-4add-83d3-6a78cad4d9b7 None None] Fixed interval looping call 'neutron.plugins.ml2.plugin.AgentDbMixin.agent_health_check' sleeping for 37.00 seconds {{(pid=88700) _run_loop /opt/stack/data/venv/lib/python3.12/site-packages/oslo_service/backend/_threading/loopingcall.py:125}}
May 13 12:25:30.778155 np0000000690 neutron-periodic-workers[88696]: DEBUG oslo.service.backend._threading.loopingcall [None req-4397fb45-7760-40df-943d-83313539e58c None None] Fixed interval looping call 'neutron.plugins.ml2.plugin.DhcpAgentSchedulerDbMixin.remove_networks_from_down_agents' sleeping for 36.99 seconds {{(pid=88696) _run_loop /opt/stack/data/venv/lib/python3.12/site-packages/oslo_service/backend/_threading/loopingcall.py:125}}
May 13 12:25:31.809961 np0000000690 neutron-periodic-workers[88700]: DEBUG dbcounter [-] [88700] Writing DB stats neutron:SELECT=1 {{(pid=88700) stat_writer /opt/stack/data/venv/lib/python3.12/site-packages/dbcounter.py:115}}
May 13 12:25:40.776932 np0000000690 neutron-periodic-workers[88686]: DEBUG oslo.service.backend._threading.loopingcall [None req-f8cc9b27-812d-41db-952e-ea9129314fab None None] Fixed interval looping call 'neutron.services.ovn_l3.plugin.L3_NAT_dbonly_mixin._clean_garbage' sleeping for 299.99 seconds {{(pid=88686) _run_loop /opt/stack/data/venv/lib/python3.12/site-packages/oslo_service/backend/_threading/loopingcall.py:125}}
May 13 12:25:40.777769 np0000000690 neutron-periodic-workers[88696]: DEBUG dbcounter [-] [88696] Writing DB stats neutron:SELECT=3 {{(pid=88696) stat_writer /opt/stack/data/venv/lib/python3.12/site-packages/dbcounter.py:115}}
May 13 12:25:50.777041 np0000000690 neutron-periodic-workers[88686]: DEBUG dbcounter [-] [88686] Writing DB stats neutron:SELECT=1 {{(pid=88686) stat_writer /opt/stack/data/venv/lib/python3.12/site-packages/dbcounter.py:115}}
May 13 12:25:58.817084 np0000000690 neutron-periodic-workers[88700]: DEBUG neutron.db.agents_db [None req-c6b147f9-9a0d-4add-83d3-6a78cad4d9b7 None None] Agent healthcheck: found 0 active agents {{(pid=88700) agent_health_check /opt/stack/neutron/neutron/db/agents_db.py:322}}
May 13 12:25:58.817676 np0000000690 neutron-periodic-workers[88700]: DEBUG oslo.service.backend._threading.loopingcall [None req-c6b147f9-9a0d-4add-83d3-6a78cad4d9b7 None None] Fixed interval looping call 'neutron.plugins.ml2.plugin.AgentDbMixin.agent_health_check' sleeping for 37.00 seconds {{(pid=88700) _run_loop /opt/stack/data/venv/lib/python3.12/site-packages/oslo_service/backend/_threading/loopingcall.py:125}}
May 13 12:26:00.837112 np0000000690 neutron-periodic-workers[88709]: DEBUG oslo.service.backend._threading.loopingcall [None req-59bcc9c0-f9d6-4bf8-a3f1-729020ebaab4 None None] Fixed interval looping call 'neutron.db.quota.driver_nolock.DbQuotaNoLockDriver._remove_expired_reservations' sleeping for 119.99 seconds {{(pid=88709) _run_loop /opt/stack/data/venv/lib/python3.12/site-packages/oslo_service/backend/_threading/loopingcall.py:125}}
May 13 12:26:08.366441 np0000000690 neutron-periodic-workers[88696]: DEBUG oslo.service.backend._threading.loopingcall [None req-4397fb45-7760-40df-943d-83313539e58c None None] Fixed interval looping call 'neutron.plugins.ml2.plugin.DhcpAgentSchedulerDbMixin.remove_networks_from_down_agents' sleeping for 36.97 seconds {{(pid=88696) _run_loop /opt/stack/data/venv/lib/python3.12/site-packages/oslo_service/backend/_threading/loopingcall.py:125}}
May 13 12:26:08.816787 np0000000690 neutron-periodic-workers[88700]: DEBUG dbcounter [-] [88700] Writing DB stats neutron:SELECT=1 {{(pid=88700) stat_writer /opt/stack/data/venv/lib/python3.12/site-packages/dbcounter.py:115}}
May 13 12:26:10.837037 np0000000690 neutron-periodic-workers[88709]: DEBUG dbcounter [-] [88709] Writing DB stats neutron:DELETE=1 {{(pid=88709) stat_writer /opt/stack/data/venv/lib/python3.12/site-packages/dbcounter.py:115}}
May 13 12:26:17.798459 np0000000690 neutron-periodic-workers[88696]: DEBUG dbcounter [-] [88696] Writing DB stats neutron:SELECT=3 {{(pid=88696) stat_writer /opt/stack/data/venv/lib/python3.12/site-packages/dbcounter.py:115}}
May 13 12:26:35.823889 np0000000690 neutron-periodic-workers[88700]: DEBUG neutron.db.agents_db [None req-c6b147f9-9a0d-4add-83d3-6a78cad4d9b7 None None] Agent healthcheck: found 0 active agents {{(pid=88700) agent_health_check /opt/stack/neutron/neutron/db/agents_db.py:322}}
May 13 12:26:35.824482 np0000000690 neutron-periodic-workers[88700]: DEBUG oslo.service.backend._threading.loopingcall [None req-c6b147f9-9a0d-4add-83d3-6a78cad4d9b7 None None] Fixed interval looping call 'neutron.plugins.ml2.plugin.AgentDbMixin.agent_health_check' sleeping for 36.99 seconds {{(pid=88700) _run_loop /opt/stack/data/venv/lib/python3.12/site-packages/oslo_service/backend/_threading/loopingcall.py:125}}
May 13 12:26:44.778964 np0000000690 neutron-periodic-workers[88696]: DEBUG oslo.service.backend._threading.loopingcall [None req-4397fb45-7760-40df-943d-83313539e58c None None] Fixed interval looping call 'neutron.plugins.ml2.plugin.DhcpAgentSchedulerDbMixin.remove_networks_from_down_agents' sleeping for 36.99 seconds {{(pid=88696) _run_loop /opt/stack/data/venv/lib/python3.12/site-packages/oslo_service/backend/_threading/loopingcall.py:125}}
May 13 12:26:45.823500 np0000000690 neutron-periodic-workers[88700]: DEBUG dbcounter [-] [88700] Writing DB stats neutron:SELECT=1 {{(pid=88700) stat_writer /opt/stack/data/venv/lib/python3.12/site-packages/dbcounter.py:115}}
May 13 12:26:54.778105 np0000000690 neutron-periodic-workers[88696]: DEBUG dbcounter [-] [88696] Writing DB stats neutron:SELECT=3 {{(pid=88696) stat_writer /opt/stack/data/venv/lib/python3.12/site-packages/dbcounter.py:115}}
May 13 12:27:12.817583 np0000000690 neutron-periodic-workers[88700]: DEBUG neutron.db.agents_db [None req-c6b147f9-9a0d-4add-83d3-6a78cad4d9b7 None None] Agent healthcheck: found 0 active agents {{(pid=88700) agent_health_check /opt/stack/neutron/neutron/db/agents_db.py:322}}
May 13 12:27:12.818375 np0000000690 neutron-periodic-workers[88700]: DEBUG oslo.service.backend._threading.loopingcall [None req-c6b147f9-9a0d-4add-83d3-6a78cad4d9b7 None None] Fixed interval looping call 'neutron.plugins.ml2.plugin.AgentDbMixin.agent_health_check' sleeping for 37.00 seconds {{(pid=88700) _run_loop /opt/stack/data/venv/lib/python3.12/site-packages/oslo_service/backend/_threading/loopingcall.py:125}}
May 13 12:27:21.777490 np0000000690 neutron-periodic-workers[88696]: DEBUG oslo.service.backend._threading.loopingcall [None req-4397fb45-7760-40df-943d-83313539e58c None None] Fixed interval looping call 'neutron.plugins.ml2.plugin.DhcpAgentSchedulerDbMixin.remove_networks_from_down_agents' sleeping for 36.99 seconds {{(pid=88696) _run_loop /opt/stack/data/venv/lib/python3.12/site-packages/oslo_service/backend/_threading/loopingcall.py:125}}
May 13 12:27:22.816846 np0000000690 neutron-periodic-workers[88700]: DEBUG dbcounter [-] [88700] Writing DB stats neutron:SELECT=1 {{(pid=88700) stat_writer /opt/stack/data/venv/lib/python3.12/site-packages/dbcounter.py:115}}
May 13 12:27:31.775013 np0000000690 neutron-periodic-workers[88696]: DEBUG dbcounter [-] [88696] Writing DB stats neutron:SELECT=3 {{(pid=88696) stat_writer /opt/stack/data/venv/lib/python3.12/site-packages/dbcounter.py:115}}
May 13 12:27:49.824168 np0000000690 neutron-periodic-workers[88700]: DEBUG neutron.db.agents_db [None req-c6b147f9-9a0d-4add-83d3-6a78cad4d9b7 None None] Agent healthcheck: found 0 active agents {{(pid=88700) agent_health_check /opt/stack/neutron/neutron/db/agents_db.py:322}}
May 13 12:27:49.824168 np0000000690 neutron-periodic-workers[88700]: DEBUG oslo.service.backend._threading.loopingcall [None req-c6b147f9-9a0d-4add-83d3-6a78cad4d9b7 None None] Fixed interval looping call 'neutron.plugins.ml2.plugin.AgentDbMixin.agent_health_check' sleeping for 37.00 seconds {{(pid=88700) _run_loop /opt/stack/data/venv/lib/python3.12/site-packages/oslo_service/backend/_threading/loopingcall.py:125}}
May 13 12:27:58.777076 np0000000690 neutron-periodic-workers[88696]: DEBUG oslo.service.backend._threading.loopingcall [None req-4397fb45-7760-40df-943d-83313539e58c None None] Fixed interval looping call 'neutron.plugins.ml2.plugin.DhcpAgentSchedulerDbMixin.remove_networks_from_down_agents' sleeping for 36.99 seconds {{(pid=88696) _run_loop /opt/stack/data/venv/lib/python3.12/site-packages/oslo_service/backend/_threading/loopingcall.py:125}}
May 13 12:27:59.827456 np0000000690 neutron-periodic-workers[88700]: DEBUG dbcounter [-] [88700] Writing DB stats neutron:SELECT=1 {{(pid=88700) stat_writer /opt/stack/data/venv/lib/python3.12/site-packages/dbcounter.py:115}}
May 13 12:28:00.832885 np0000000690 neutron-periodic-workers[88709]: DEBUG oslo.service.backend._threading.loopingcall [None req-59bcc9c0-f9d6-4bf8-a3f1-729020ebaab4 None None] Fixed interval looping call 'neutron.db.quota.driver_nolock.DbQuotaNoLockDriver._remove_expired_reservations' sleeping for 120.00 seconds {{(pid=88709) _run_loop /opt/stack/data/venv/lib/python3.12/site-packages/oslo_service/backend/_threading/loopingcall.py:125}}
May 13 12:28:08.775881 np0000000690 neutron-periodic-workers[88696]: DEBUG dbcounter [-] [88696] Writing DB stats neutron:SELECT=3 {{(pid=88696) stat_writer /opt/stack/data/venv/lib/python3.12/site-packages/dbcounter.py:115}}
May 13 12:28:10.831569 np0000000690 neutron-periodic-workers[88709]: DEBUG dbcounter [-] [88709] Writing DB stats neutron:DELETE=1 {{(pid=88709) stat_writer /opt/stack/data/venv/lib/python3.12/site-packages/dbcounter.py:115}}
May 13 12:28:26.828821 np0000000690 neutron-periodic-workers[88700]: DEBUG neutron.db.agents_db [None req-c6b147f9-9a0d-4add-83d3-6a78cad4d9b7 None None] Agent healthcheck: found 0 active agents {{(pid=88700) agent_health_check /opt/stack/neutron/neutron/db/agents_db.py:322}}
May 13 12:28:26.830439 np0000000690 neutron-periodic-workers[88700]: DEBUG oslo.service.backend._threading.loopingcall [None req-c6b147f9-9a0d-4add-83d3-6a78cad4d9b7 None None] Fixed interval looping call 'neutron.plugins.ml2.plugin.AgentDbMixin.agent_health_check' sleeping for 37.00 seconds {{(pid=88700) _run_loop /opt/stack/data/venv/lib/python3.12/site-packages/oslo_service/backend/_threading/loopingcall.py:125}}
May 13 12:28:35.773686 np0000000690 neutron-periodic-workers[88696]: DEBUG oslo.service.backend._threading.loopingcall [None req-4397fb45-7760-40df-943d-83313539e58c None None] Fixed interval looping call 'neutron.plugins.ml2.plugin.DhcpAgentSchedulerDbMixin.remove_networks_from_down_agents' sleeping for 36.99 seconds {{(pid=88696) _run_loop /opt/stack/data/venv/lib/python3.12/site-packages/oslo_service/backend/_threading/loopingcall.py:125}}
May 13 12:28:36.827302 np0000000690 neutron-periodic-workers[88700]: DEBUG dbcounter [-] [88700] Writing DB stats neutron:SELECT=1 {{(pid=88700) stat_writer /opt/stack/data/venv/lib/python3.12/site-packages/dbcounter.py:115}}
May 13 12:28:45.772966 np0000000690 neutron-periodic-workers[88696]: DEBUG dbcounter [-] [88696] Writing DB stats neutron:SELECT=3 {{(pid=88696) stat_writer /opt/stack/data/venv/lib/python3.12/site-packages/dbcounter.py:115}}
