Jun 16 13:42:59.600371 np0000002951 devstack@g-api.service[102028]: DEBUG glance.common.config [None req-ca073e93-bd6e-42fb-9611-936c40935c3f None None] barbican_service_user.cafile = None {{(pid=102028) log_opt_values /opt/stack/data/venv/lib/python3.12/site-packages/oslo_config/cfg.py:3253}}
Jun 16 13:42:59.600408 np0000002951 devstack@g-api.service[102027]: DEBUG glance.common.config [None req-fa56ff8f-b4dc-4ca1-8564-b35b90f78a93 None None] oslo_messaging_rabbit.rabbit_quorum_max_memory_bytes = 0 {{(pid=102027) log_opt_values /opt/stack/data/venv/lib/python3.12/site-packages/oslo_config/cfg.py:3253}}
Jun 16 13:42:59.600499 np0000002951 devstack@g-api.service[102028]: DEBUG glance.common.config [None req-ca073e93-bd6e-42fb-9611-936c40935c3f None None] barbican_service_user.certfile = None {{(pid=102028) log_opt_values /opt/stack/data/venv/lib/python3.12/site-packages/oslo_config/cfg.py:3253}}
Jun 16 13:42:59.600537 np0000002951 devstack@g-api.service[102027]: DEBUG glance.common.config [None req-fa56ff8f-b4dc-4ca1-8564-b35b90f78a93 None None] oslo_messaging_rabbit.rabbit_quorum_max_memory_length = 0 {{(pid=102027) log_opt_values /opt/stack/data/venv/lib/python3.12/site-packages/oslo_config/cfg.py:3253}}
Jun 16 13:42:59.600595 np0000002951 devstack@g-api.service[102027]: DEBUG glance.common.config [None req-fa56ff8f-b4dc-4ca1-8564-b35b90f78a93 None None] oslo_messaging_rabbit.rabbit_quorum_queue = False {{(pid=102027) log_opt_values /opt/stack/data/venv/lib/python3.12/site-packages/oslo_config/cfg.py:3253}}
Jun 16 13:42:59.600634 np0000002951 devstack@g-api.service[102028]: DEBUG glance.common.config [None req-ca073e93-bd6e-42fb-9611-936c40935c3f None None] barbican_service_user.collect_timing = False {{(pid=102028) log_opt_values /opt/stack/data/venv/lib/python3.12/site-packages/oslo_config/cfg.py:3253}}
Jun 16 13:42:59.600679 np0000002951 devstack@g-api.service[102027]: DEBUG glance.common.config [None req-fa56ff8f-b4dc-4ca1-8564-b35b90f78a93 None None] oslo_messaging_rabbit.rabbit_retry_backoff = 2 {{(pid=102027) log_opt_values /opt/stack/data/venv/lib/python3.12/site-packages/oslo_config/cfg.py:3253}}
Jun 16 13:42:59.600764 np0000002951 devstack@g-api.service[102027]: DEBUG glance.common.config [None req-fa56ff8f-b4dc-4ca1-8564-b35b90f78a93 None None] oslo_messaging_rabbit.rabbit_retry_interval = 1 {{(pid=102027) log_opt_values /opt/stack/data/venv/lib/python3.12/site-packages/oslo_config/cfg.py:3253}}
Jun 16 13:42:59.600802 np0000002951 devstack@g-api.service[102028]: DEBUG glance.common.config [None req-ca073e93-bd6e-42fb-9611-936c40935c3f None None] barbican_service_user.insecure = False {{(pid=102028) log_opt_values /opt/stack/data/venv/lib/python3.12/site-packages/oslo_config/cfg.py:3253}}
Jun 16 13:42:59.600848 np0000002951 devstack@g-api.service[102027]: DEBUG glance.common.config [None req-fa56ff8f-b4dc-4ca1-8564-b35b90f78a93 None None] oslo_messaging_rabbit.rabbit_stream_fanout = False {{(pid=102027) log_opt_values /opt/stack/data/venv/lib/python3.12/site-packages/oslo_config/cfg.py:3253}}
Jun 16 13:42:59.600921 np0000002951 devstack@g-api.service[102028]: DEBUG glance.common.config [None req-ca073e93-bd6e-42fb-9611-936c40935c3f None None] barbican_service_user.keyfile = None {{(pid=102028) log_opt_values /opt/stack/data/venv/lib/python3.12/site-packages/oslo_config/cfg.py:3253}}
Jun 16 13:42:59.600961 np0000002951 devstack@g-api.service[102027]: DEBUG glance.common.config [None req-fa56ff8f-b4dc-4ca1-8564-b35b90f78a93 None None] oslo_messaging_rabbit.rabbit_transient_queues_ttl = 1800 {{(pid=102027) log_opt_values /opt/stack/data/venv/lib/python3.12/site-packages/oslo_config/cfg.py:3253}}
Jun 16 13:42:59.601055 np0000002951 devstack@g-api.service[102028]: DEBUG glance.common.config [None req-ca073e93-bd6e-42fb-9611-936c40935c3f None None] barbican_service_user.split_loggers = False {{(pid=102028) log_opt_values /opt/stack/data/venv/lib/python3.12/site-packages/oslo_config/cfg.py:3253}}
Jun 16 13:42:59.601095 np0000002951 devstack@g-api.service[102027]: DEBUG glance.common.config [None req-fa56ff8f-b4dc-4ca1-8564-b35b90f78a93 None None] oslo_messaging_rabbit.rabbit_transient_quorum_queue = False {{(pid=102027) log_opt_values /opt/stack/data/venv/lib/python3.12/site-packages/oslo_config/cfg.py:3253}}
Jun 16 13:42:59.601153 np0000002951 devstack@g-api.service[102027]: DEBUG glance.common.config [None req-fa56ff8f-b4dc-4ca1-8564-b35b90f78a93 None None] oslo_messaging_rabbit.rpc_conn_pool_size = 30 {{(pid=102027) log_opt_values /opt/stack/data/venv/lib/python3.12/site-packages/oslo_config/cfg.py:3253}}
Jun 16 13:42:59.601198 np0000002951 devstack@g-api.service[102028]: DEBUG glance.common.config [None req-ca073e93-bd6e-42fb-9611-936c40935c3f None None] barbican_service_user.timeout = None {{(pid=102028) log_opt_values /opt/stack/data/venv/lib/python3.12/site-packages/oslo_config/cfg.py:3253}}
Jun 16 13:42:59.601268 np0000002951 devstack@g-api.service[102027]: DEBUG glance.common.config [None req-fa56ff8f-b4dc-4ca1-8564-b35b90f78a93 None None] oslo_messaging_rabbit.ssl = False {{(pid=102027) log_opt_values /opt/stack/data/venv/lib/python3.12/site-packages/oslo_config/cfg.py:3253}}
Jun 16 13:42:59.601332 np0000002951 devstack@g-api.service[102028]: DEBUG glance.common.config [None req-ca073e93-bd6e-42fb-9611-936c40935c3f None None] database.asyncio_connection = **** {{(pid=102028) log_opt_values /opt/stack/data/venv/lib/python3.12/site-packages/oslo_config/cfg.py:3253}}
Jun 16 13:42:59.601390 np0000002951 devstack@g-api.service[102027]: DEBUG glance.common.config [None req-fa56ff8f-b4dc-4ca1-8564-b35b90f78a93 None None] oslo_messaging_rabbit.ssl_ca_file = {{(pid=102027) log_opt_values /opt/stack/data/venv/lib/python3.12/site-packages/oslo_config/cfg.py:3253}}
Jun 16 13:42:59.601429 np0000002951 devstack@g-api.service[102029]: DEBUG dbcounter [-] [102029] Writer thread running {{(pid=102029) stat_writer /opt/stack/data/venv/lib/python3.12/site-packages/dbcounter.py:102}}
Jun 16 13:42:59.601470 np0000002951 devstack@g-api.service[102028]: DEBUG glance.common.config [None req-ca073e93-bd6e-42fb-9611-936c40935c3f None None] database.asyncio_slave_connection = **** {{(pid=102028) log_opt_values /opt/stack/data/venv/lib/python3.12/site-packages/oslo_config/cfg.py:3253}}
Jun 16 13:42:59.601509 np0000002951 devstack@g-api.service[102027]: DEBUG glance.common.config [None req-fa56ff8f-b4dc-4ca1-8564-b35b90f78a93 None None] oslo_messaging_rabbit.ssl_cert_file = {{(pid=102027) log_opt_values /opt/stack/data/venv/lib/python3.12/site-packages/oslo_config/cfg.py:3253}}
Jun 16 13:42:59.601585 np0000002951 devstack@g-api.service[102027]: DEBUG glance.common.config [None req-fa56ff8f-b4dc-4ca1-8564-b35b90f78a93 None None] oslo_messaging_rabbit.ssl_enforce_fips_mode = False {{(pid=102027) log_opt_values /opt/stack/data/venv/lib/python3.12/site-packages/oslo_config/cfg.py:3253}}
Jun 16 13:42:59.601629 np0000002951 devstack@g-api.service[102028]: DEBUG glance.common.config [None req-ca073e93-bd6e-42fb-9611-936c40935c3f None None] database.backend = sqlalchemy {{(pid=102028) log_opt_values /opt/stack/data/venv/lib/python3.12/site-packages/oslo_config/cfg.py:3253}}
Jun 16 13:42:59.601666 np0000002951 devstack@g-api.service[102027]: DEBUG glance.common.config [None req-fa56ff8f-b4dc-4ca1-8564-b35b90f78a93 None None] oslo_messaging_rabbit.ssl_enforce_hostname_verification = True {{(pid=102027) log_opt_values /opt/stack/data/venv/lib/python3.12/site-packages/oslo_config/cfg.py:3253}}
Jun 16 13:42:59.601748 np0000002951 devstack@g-api.service[102028]: DEBUG glance.common.config [None req-ca073e93-bd6e-42fb-9611-936c40935c3f None None] database.connection = **** {{(pid=102028) log_opt_values /opt/stack/data/venv/lib/python3.12/site-packages/oslo_config/cfg.py:3253}}
Jun 16 13:42:59.601798 np0000002951 devstack@g-api.service[102027]: DEBUG glance.common.config [None req-fa56ff8f-b4dc-4ca1-8564-b35b90f78a93 None None] oslo_messaging_rabbit.ssl_key_file = {{(pid=102027) log_opt_values /opt/stack/data/venv/lib/python3.12/site-packages/oslo_config/cfg.py:3253}}
Jun 16 13:42:59.601842 np0000002951 devstack@g-api.service[102027]: DEBUG glance.common.config [None req-fa56ff8f-b4dc-4ca1-8564-b35b90f78a93 None None] oslo_messaging_rabbit.ssl_version = {{(pid=102027) log_opt_values /opt/stack/data/venv/lib/python3.12/site-packages/oslo_config/cfg.py:3253}}
Jun 16 13:42:59.601902 np0000002951 devstack@g-api.service[102028]: DEBUG glance.common.config [None req-ca073e93-bd6e-42fb-9611-936c40935c3f None None] database.connection_debug = 0 {{(pid=102028) log_opt_values /opt/stack/data/venv/lib/python3.12/site-packages/oslo_config/cfg.py:3253}}
Jun 16 13:42:59.601979 np0000002951 devstack@g-api.service[102027]: DEBUG glance.common.config [None req-fa56ff8f-b4dc-4ca1-8564-b35b90f78a93 None None] oslo_messaging_rabbit.use_queue_manager = False {{(pid=102027) log_opt_values /opt/stack/data/venv/lib/python3.12/site-packages/oslo_config/cfg.py:3253}}
Jun 16 13:42:59.602048 np0000002951 devstack@g-api.service[102028]: DEBUG glance.common.config [None req-ca073e93-bd6e-42fb-9611-936c40935c3f None None] database.connection_parameters = {{(pid=102028) log_opt_values /opt/stack/data/venv/lib/python3.12/site-packages/oslo_config/cfg.py:3253}}
Jun 16 13:42:59.602137 np0000002951 devstack@g-api.service[102027]: DEBUG glance.common.config [None req-fa56ff8f-b4dc-4ca1-8564-b35b90f78a93 None None] key_manager.backend = barbican {{(pid=102027) log_opt_values /opt/stack/data/venv/lib/python3.12/site-packages/oslo_config/cfg.py:3253}}
Jun 16 13:42:59.602175 np0000002951 devstack@g-api.service[102028]: DEBUG glance.common.config [None req-ca073e93-bd6e-42fb-9611-936c40935c3f None None] database.connection_recycle_time = 3600 {{(pid=102028) log_opt_values /opt/stack/data/venv/lib/python3.12/site-packages/oslo_config/cfg.py:3253}}
Jun 16 13:42:59.602239 np0000002951 devstack@g-api.service[102027]: DEBUG glance.common.config [None req-fa56ff8f-b4dc-4ca1-8564-b35b90f78a93 None None] key_manager.fixed_key = None {{(pid=102027) log_opt_values /opt/stack/data/venv/lib/python3.12/site-packages/oslo_config/cfg.py:3253}}
Jun 16 13:42:59.602312 np0000002951 devstack@g-api.service[102028]: DEBUG glance.common.config [None req-ca073e93-bd6e-42fb-9611-936c40935c3f None None] database.connection_trace = False {{(pid=102028) log_opt_values /opt/stack/data/venv/lib/python3.12/site-packages/oslo_config/cfg.py:3253}}
Jun 16 13:42:59.602439 np0000002951 devstack@g-api.service[102028]: DEBUG glance.common.config [None req-ca073e93-bd6e-42fb-9611-936c40935c3f None None] database.db_inc_retry_interval = True {{(pid=102028) log_opt_values /opt/stack/data/venv/lib/python3.12/site-packages/oslo_config/cfg.py:3253}}
Jun 16 13:42:59.602501 np0000002951 devstack@g-api.service[102027]: DEBUG glance.common.config [None req-fa56ff8f-b4dc-4ca1-8564-b35b90f78a93 None None] barbican.auth_endpoint = http://localhost/identity/v3 {{(pid=102027) log_opt_values /opt/stack/data/venv/lib/python3.12/site-packages/oslo_config/cfg.py:3253}}
Jun 16 13:42:59.602573 np0000002951 devstack@g-api.service[102028]: DEBUG glance.common.config [None req-ca073e93-bd6e-42fb-9611-936c40935c3f None None] database.db_max_retries = 20 {{(pid=102028) log_opt_values /opt/stack/data/venv/lib/python3.12/site-packages/oslo_config/cfg.py:3253}}
Jun 16 13:42:59.602617 np0000002951 devstack@g-api.service[102027]: DEBUG glance.common.config [None req-fa56ff8f-b4dc-4ca1-8564-b35b90f78a93 None None] barbican.barbican_api_version = None {{(pid=102027) log_opt_values /opt/stack/data/venv/lib/python3.12/site-packages/oslo_config/cfg.py:3253}}
Jun 16 13:42:59.602705 np0000002951 devstack@g-api.service[102028]: DEBUG glance.common.config [None req-ca073e93-bd6e-42fb-9611-936c40935c3f None None] database.db_max_retry_interval = 10 {{(pid=102028) log_opt_values /opt/stack/data/venv/lib/python3.12/site-packages/oslo_config/cfg.py:3253}}
Jun 16 13:42:59.602748 np0000002951 devstack@g-api.service[102027]: DEBUG glance.common.config [None req-fa56ff8f-b4dc-4ca1-8564-b35b90f78a93 None None] barbican.barbican_endpoint = None {{(pid=102027) log_opt_values /opt/stack/data/venv/lib/python3.12/site-packages/oslo_config/cfg.py:3253}}
Jun 16 13:42:59.602826 np0000002951 devstack@g-api.service[102027]: DEBUG glance.common.config [None req-fa56ff8f-b4dc-4ca1-8564-b35b90f78a93 None None] barbican.barbican_endpoint_type = public {{(pid=102027) log_opt_values /opt/stack/data/venv/lib/python3.12/site-packages/oslo_config/cfg.py:3253}}
Jun 16 13:42:59.602892 np0000002951 devstack@g-api.service[102028]: DEBUG glance.common.config [None req-ca073e93-bd6e-42fb-9611-936c40935c3f None None] database.db_retry_interval = 1 {{(pid=102028) log_opt_values /opt/stack/data/venv/lib/python3.12/site-packages/oslo_config/cfg.py:3253}}
Jun 16 13:42:59.603161 np0000002951 devstack@g-api.service[102027]: DEBUG glance.common.config [None req-fa56ff8f-b4dc-4ca1-8564-b35b90f78a93 None None] barbican.barbican_region_name = None {{(pid=102027) log_opt_values /opt/stack/data/venv/lib/python3.12/site-packages/oslo_config/cfg.py:3253}}
Jun 16 13:42:59.603195 np0000002951 devstack@g-api.service[102028]: DEBUG glance.common.config [None req-ca073e93-bd6e-42fb-9611-936c40935c3f None None] database.max_overflow = 50 {{(pid=102028) log_opt_values /opt/stack/data/venv/lib/python3.12/site-packages/oslo_config/cfg.py:3253}}
Jun 16 13:42:59.603224 np0000002951 devstack@g-api.service[102027]: DEBUG glance.common.config [None req-fa56ff8f-b4dc-4ca1-8564-b35b90f78a93 None None] barbican.cafile = None {{(pid=102027) log_opt_values /opt/stack/data/venv/lib/python3.12/site-packages/oslo_config/cfg.py:3253}}
Jun 16 13:42:59.603270 np0000002951 devstack@g-api.service[102028]: DEBUG glance.common.config [None req-ca073e93-bd6e-42fb-9611-936c40935c3f None None] database.max_pool_size = 5 {{(pid=102028) log_opt_values /opt/stack/data/venv/lib/python3.12/site-packages/oslo_config/cfg.py:3253}}
Jun 16 13:42:59.603306 np0000002951 devstack@g-api.service[102027]: DEBUG glance.common.config [None req-fa56ff8f-b4dc-4ca1-8564-b35b90f78a93 None None] barbican.certfile = None {{(pid=102027) log_opt_values /opt/stack/data/venv/lib/python3.12/site-packages/oslo_config/cfg.py:3253}}
Jun 16 13:42:59.603306 np0000002951 devstack@g-api.service[102027]: DEBUG glance.common.config [None req-fa56ff8f-b4dc-4ca1-8564-b35b90f78a93 None None] barbican.collect_timing = False {{(pid=102027) log_opt_values /opt/stack/data/venv/lib/python3.12/site-packages/oslo_config/cfg.py:3253}}
Jun 16 13:42:59.603376 np0000002951 devstack@g-api.service[102028]: DEBUG glance.common.config [None req-ca073e93-bd6e-42fb-9611-936c40935c3f None None] database.max_retries = 10 {{(pid=102028) log_opt_values /opt/stack/data/venv/lib/python3.12/site-packages/oslo_config/cfg.py:3253}}
Jun 16 13:42:59.603424 np0000002951 devstack@g-api.service[102027]: DEBUG glance.common.config [None req-fa56ff8f-b4dc-4ca1-8564-b35b90f78a93 None None] barbican.insecure = False {{(pid=102027) log_opt_values /opt/stack/data/venv/lib/python3.12/site-packages/oslo_config/cfg.py:3253}}
Jun 16 13:42:59.603464 np0000002951 devstack@g-api.service[102028]: DEBUG glance.common.config [None req-ca073e93-bd6e-42fb-9611-936c40935c3f None None] database.mysql_sql_mode = TRADITIONAL {{(pid=102028) log_opt_values /opt/stack/data/venv/lib/python3.12/site-packages/oslo_config/cfg.py:3253}}
Jun 16 13:42:59.603501 np0000002951 devstack@g-api.service[102027]: DEBUG glance.common.config [None req-fa56ff8f-b4dc-4ca1-8564-b35b90f78a93 None None] barbican.keyfile = None {{(pid=102027) log_opt_values /opt/stack/data/venv/lib/python3.12/site-packages/oslo_config/cfg.py:3253}}
Jun 16 13:42:59.603540 np0000002951 devstack@g-api.service[102028]: DEBUG glance.common.config [None req-ca073e93-bd6e-42fb-9611-936c40935c3f None None] database.mysql_wsrep_sync_wait = None {{(pid=102028) log_opt_values /opt/stack/data/venv/lib/python3.12/site-packages/oslo_config/cfg.py:3253}}
Jun 16 13:42:59.603585 np0000002951 devstack@g-api.service[102027]: DEBUG glance.common.config [None req-fa56ff8f-b4dc-4ca1-8564-b35b90f78a93 None None] barbican.number_of_retries = 60 {{(pid=102027) log_opt_values /opt/stack/data/venv/lib/python3.12/site-packages/oslo_config/cfg.py:3253}}
Jun 16 13:42:59.603625 np0000002951 devstack@g-api.service[102027]: DEBUG glance.common.config [None req-fa56ff8f-b4dc-4ca1-8564-b35b90f78a93 None None] barbican.retry_delay = 1 {{(pid=102027) log_opt_values /opt/stack/data/venv/lib/python3.12/site-packages/oslo_config/cfg.py:3253}}
Jun 16 13:42:59.603663 np0000002951 devstack@g-api.service[102028]: DEBUG glance.common.config [None req-ca073e93-bd6e-42fb-9611-936c40935c3f None None] database.pool_timeout = None {{(pid=102028) log_opt_values /opt/stack/data/venv/lib/python3.12/site-packages/oslo_config/cfg.py:3253}}
Jun 16 13:42:59.603709 np0000002951 devstack@g-api.service[102027]: DEBUG glance.common.config [None req-fa56ff8f-b4dc-4ca1-8564-b35b90f78a93 None None] barbican.send_service_user_token = False {{(pid=102027) log_opt_values /opt/stack/data/venv/lib/python3.12/site-packages/oslo_config/cfg.py:3253}}
Jun 16 13:42:59.603761 np0000002951 devstack@g-api.service[102028]: DEBUG glance.common.config [None req-ca073e93-bd6e-42fb-9611-936c40935c3f None None] database.retry_interval = 10 {{(pid=102028) log_opt_values /opt/stack/data/venv/lib/python3.12/site-packages/oslo_config/cfg.py:3253}}
Jun 16 13:42:59.603809 np0000002951 devstack@g-api.service[102027]: DEBUG glance.common.config [None req-fa56ff8f-b4dc-4ca1-8564-b35b90f78a93 None None] barbican.split_loggers = False {{(pid=102027) log_opt_values /opt/stack/data/venv/lib/python3.12/site-packages/oslo_config/cfg.py:3253}}
Jun 16 13:42:59.603863 np0000002951 devstack@g-api.service[102027]: DEBUG glance.common.config [None req-fa56ff8f-b4dc-4ca1-8564-b35b90f78a93 None None] barbican.timeout = None {{(pid=102027) log_opt_values /opt/stack/data/venv/lib/python3.12/site-packages/oslo_config/cfg.py:3253}}
Jun 16 13:42:59.603964 np0000002951 devstack@g-api.service[102028]: DEBUG glance.common.config [None req-ca073e93-bd6e-42fb-9611-936c40935c3f None None] database.slave_connection = **** {{(pid=102028) log_opt_values /opt/stack/data/venv/lib/python3.12/site-packages/oslo_config/cfg.py:3253}}
Jun 16 13:42:59.604010 np0000002951 devstack@g-api.service[102027]: DEBUG glance.common.config [None req-fa56ff8f-b4dc-4ca1-8564-b35b90f78a93 None None] barbican.verify_ssl = True {{(pid=102027) log_opt_values /opt/stack/data/venv/lib/python3.12/site-packages/oslo_config/cfg.py:3253}}
Jun 16 13:42:59.604062 np0000002951 devstack@g-api.service[102027]: DEBUG glance.common.config [None req-fa56ff8f-b4dc-4ca1-8564-b35b90f78a93 None None] barbican.verify_ssl_path = None {{(pid=102027) log_opt_values /opt/stack/data/venv/lib/python3.12/site-packages/oslo_config/cfg.py:3253}}
Jun 16 13:42:59.604103 np0000002951 devstack@g-api.service[102028]: DEBUG glance.common.config [None req-ca073e93-bd6e-42fb-9611-936c40935c3f None None] database.sqlite_synchronous = True {{(pid=102028) log_opt_values /opt/stack/data/venv/lib/python3.12/site-packages/oslo_config/cfg.py:3253}}
Jun 16 13:42:59.604145 np0000002951 devstack@g-api.service[102027]: DEBUG glance.common.config [None req-fa56ff8f-b4dc-4ca1-8564-b35b90f78a93 None None] barbican_service_user.auth_section = None {{(pid=102027) log_opt_values /opt/stack/data/venv/lib/python3.12/site-packages/oslo_config/cfg.py:3253}}
Jun 16 13:42:59.604196 np0000002951 devstack@g-api.service[102028]: DEBUG glance.common.config [None req-ca073e93-bd6e-42fb-9611-936c40935c3f None None] database.synchronous_reader = True {{(pid=102028) log_opt_values /opt/stack/data/venv/lib/python3.12/site-packages/oslo_config/cfg.py:3253}}
Jun 16 13:42:59.604234 np0000002951 devstack@g-api.service[102027]: DEBUG glance.common.config [None req-fa56ff8f-b4dc-4ca1-8564-b35b90f78a93 None None] barbican_service_user.auth_type = None {{(pid=102027) log_opt_values /opt/stack/data/venv/lib/python3.12/site-packages/oslo_config/cfg.py:3253}}
Jun 16 13:42:59.604312 np0000002951 devstack@g-api.service[102027]: DEBUG glance.common.config [None req-fa56ff8f-b4dc-4ca1-8564-b35b90f78a93 None None] barbican_service_user.cafile = None {{(pid=102027) log_opt_values /opt/stack/data/venv/lib/python3.12/site-packages/oslo_config/cfg.py:3253}}
Jun 16 13:42:59.604349 np0000002951 devstack@g-api.service[102029]: DEBUG glance.image_cache.drivers.centralized_db [None req-7d5fd8a7-b88c-4b61-b82e-4ea3f1f5e413 None None] Node reference is already recorded, ignoring it {{(pid=102029) configure /opt/stack/glance/glance/image_cache/drivers/centralized_db.py:71}}
Jun 16 13:42:59.604377 np0000002951 devstack@g-api.service[102028]: DEBUG glance.common.config [None req-ca073e93-bd6e-42fb-9611-936c40935c3f None None] database.use_db_reconnect = False {{(pid=102028) log_opt_values /opt/stack/data/venv/lib/python3.12/site-packages/oslo_config/cfg.py:3253}}
Jun 16 13:42:59.604429 np0000002951 devstack@g-api.service[102027]: DEBUG glance.common.config [None req-fa56ff8f-b4dc-4ca1-8564-b35b90f78a93 None None] barbican_service_user.certfile = None {{(pid=102027) log_opt_values /opt/stack/data/venv/lib/python3.12/site-packages/oslo_config/cfg.py:3253}}
Jun 16 13:42:59.604482 np0000002951 devstack@g-api.service[102028]: DEBUG glance.common.config [None req-ca073e93-bd6e-42fb-9611-936c40935c3f None None] healthcheck.allowed_source_ranges = [] {{(pid=102028) log_opt_values /opt/stack/data/venv/lib/python3.12/site-packages/oslo_config/cfg.py:3253}}
Jun 16 13:42:59.604521 np0000002951 devstack@g-api.service[102027]: DEBUG glance.common.config [None req-fa56ff8f-b4dc-4ca1-8564-b35b90f78a93 None None] barbican_service_user.collect_timing = False {{(pid=102027) log_opt_values /opt/stack/data/venv/lib/python3.12/site-packages/oslo_config/cfg.py:3253}}
Jun 16 13:42:59.604637 np0000002951 devstack@g-api.service[102027]: DEBUG glance.common.config [None req-fa56ff8f-b4dc-4ca1-8564-b35b90f78a93 None None] barbican_service_user.insecure = False {{(pid=102027) log_opt_values /opt/stack/data/venv/lib/python3.12/site-packages/oslo_config/cfg.py:3253}}
Jun 16 13:42:59.604688 np0000002951 devstack@g-api.service[102028]: DEBUG glance.common.config [None req-ca073e93-bd6e-42fb-9611-936c40935c3f None None] healthcheck.backends = ['disable_by_file'] {{(pid=102028) log_opt_values /opt/stack/data/venv/lib/python3.12/site-packages/oslo_config/cfg.py:3253}}
Jun 16 13:42:59.604729 np0000002951 devstack@g-api.service[102027]: DEBUG glance.common.config [None req-fa56ff8f-b4dc-4ca1-8564-b35b90f78a93 None None] barbican_service_user.keyfile = None {{(pid=102027) log_opt_values /opt/stack/data/venv/lib/python3.12/site-packages/oslo_config/cfg.py:3253}}
Jun 16 13:42:59.604776 np0000002951 devstack@g-api.service[102028]: DEBUG glance.common.config [None req-ca073e93-bd6e-42fb-9611-936c40935c3f None None] healthcheck.detailed = False {{(pid=102028) log_opt_values /opt/stack/data/venv/lib/python3.12/site-packages/oslo_config/cfg.py:3253}}
Jun 16 13:42:59.604821 np0000002951 devstack@g-api.service[102027]: DEBUG glance.common.config [None req-fa56ff8f-b4dc-4ca1-8564-b35b90f78a93 None None] barbican_service_user.split_loggers = False {{(pid=102027) log_opt_values /opt/stack/data/venv/lib/python3.12/site-packages/oslo_config/cfg.py:3253}}
Jun 16 13:42:59.604861 np0000002951 devstack@g-api.service[102028]: DEBUG glance.common.config [None req-ca073e93-bd6e-42fb-9611-936c40935c3f None None] healthcheck.disable_by_file_path = None {{(pid=102028) log_opt_values /opt/stack/data/venv/lib/python3.12/site-packages/oslo_config/cfg.py:3253}}
Jun 16 13:42:59.604959 np0000002951 devstack@g-api.service[102027]: DEBUG glance.common.config [None req-fa56ff8f-b4dc-4ca1-8564-b35b90f78a93 None None] barbican_service_user.timeout = None {{(pid=102027) log_opt_values /opt/stack/data/venv/lib/python3.12/site-packages/oslo_config/cfg.py:3253}}
Jun 16 13:42:59.605020 np0000002951 devstack@g-api.service[102028]: DEBUG glance.common.config [None req-ca073e93-bd6e-42fb-9611-936c40935c3f None None] healthcheck.ignore_proxied_requests = False {{(pid=102028) log_opt_values /opt/stack/data/venv/lib/python3.12/site-packages/oslo_config/cfg.py:3253}}
Jun 16 13:42:59.605069 np0000002951 devstack@g-api.service[102027]: DEBUG glance.common.config [None req-fa56ff8f-b4dc-4ca1-8564-b35b90f78a93 None None] database.asyncio_connection = **** {{(pid=102027) log_opt_values /opt/stack/data/venv/lib/python3.12/site-packages/oslo_config/cfg.py:3253}}
Jun 16 13:42:59.605118 np0000002951 devstack@g-api.service[102028]: DEBUG glance.common.config [None req-ca073e93-bd6e-42fb-9611-936c40935c3f None None] ******************************************************************************** {{(pid=102028) log_opt_values /opt/stack/data/venv/lib/python3.12/site-packages/oslo_config/cfg.py:3260}}
Jun 16 13:42:59.605157 np0000002951 devstack@g-api.service[102027]: DEBUG glance.common.config [None req-fa56ff8f-b4dc-4ca1-8564-b35b90f78a93 None None] database.asyncio_slave_connection = **** {{(pid=102027) log_opt_values /opt/stack/data/venv/lib/python3.12/site-packages/oslo_config/cfg.py:3253}}
Jun 16 13:42:59.605247 np0000002951 devstack@g-api.service[102028]: WSGI app 0 (mountpoint='') ready in 2 seconds on interpreter 0x7e46562a3668 pid: 102028 (default app)
Jun 16 13:42:59.605285 np0000002951 devstack@g-api.service[102027]: DEBUG glance.common.config [None req-fa56ff8f-b4dc-4ca1-8564-b35b90f78a93 None None] database.backend = sqlalchemy {{(pid=102027) log_opt_values /opt/stack/data/venv/lib/python3.12/site-packages/oslo_config/cfg.py:3253}}
Jun 16 13:42:59.605409 np0000002951 devstack@g-api.service[102027]: DEBUG glance.common.config [None req-fa56ff8f-b4dc-4ca1-8564-b35b90f78a93 None None] database.connection = **** {{(pid=102027) log_opt_values /opt/stack/data/venv/lib/python3.12/site-packages/oslo_config/cfg.py:3253}}
Jun 16 13:42:59.605509 np0000002951 devstack@g-api.service[102027]: DEBUG glance.common.config [None req-fa56ff8f-b4dc-4ca1-8564-b35b90f78a93 None None] database.connection_debug = 0 {{(pid=102027) log_opt_values /opt/stack/data/venv/lib/python3.12/site-packages/oslo_config/cfg.py:3253}}
Jun 16 13:42:59.605603 np0000002951 devstack@g-api.service[102027]: DEBUG glance.common.config [None req-fa56ff8f-b4dc-4ca1-8564-b35b90f78a93 None None] database.connection_parameters = {{(pid=102027) log_opt_values /opt/stack/data/venv/lib/python3.12/site-packages/oslo_config/cfg.py:3253}}
Jun 16 13:42:59.605719 np0000002951 devstack@g-api.service[102027]: DEBUG glance.common.config [None req-fa56ff8f-b4dc-4ca1-8564-b35b90f78a93 None None] database.connection_recycle_time = 3600 {{(pid=102027) log_opt_values /opt/stack/data/venv/lib/python3.12/site-packages/oslo_config/cfg.py:3253}}
Jun 16 13:42:59.605812 np0000002951 devstack@g-api.service[102027]: DEBUG glance.common.config [None req-fa56ff8f-b4dc-4ca1-8564-b35b90f78a93 None None] database.connection_trace = False {{(pid=102027) log_opt_values /opt/stack/data/venv/lib/python3.12/site-packages/oslo_config/cfg.py:3253}}
Jun 16 13:42:59.605856 np0000002951 devstack@g-api.service[102028]: DEBUG glance.api.middleware.version_negotiation [None req-ca073e93-bd6e-42fb-9611-936c40935c3f None None] Determining version of request: GET / Accept: */* {{(pid=102028) process_request /opt/stack/glance/glance/api/middleware/version_negotiation.py:44}}
Jun 16 13:42:59.605930 np0000002951 devstack@g-api.service[102027]: DEBUG glance.common.config [None req-fa56ff8f-b4dc-4ca1-8564-b35b90f78a93 None None] database.db_inc_retry_interval = True {{(pid=102027) log_opt_values /opt/stack/data/venv/lib/python3.12/site-packages/oslo_config/cfg.py:3253}}
Jun 16 13:42:59.606017 np0000002951 devstack@g-api.service[102027]: DEBUG glance.common.config [None req-fa56ff8f-b4dc-4ca1-8564-b35b90f78a93 None None] database.db_max_retries = 20 {{(pid=102027) log_opt_values /opt/stack/data/venv/lib/python3.12/site-packages/oslo_config/cfg.py:3253}}
Jun 16 13:42:59.606073 np0000002951 devstack@g-api.service[102028]: DEBUG glance.api.middleware.version_negotiation [None req-ca073e93-bd6e-42fb-9611-936c40935c3f None None] Using url versioning {{(pid=102028) process_request /opt/stack/glance/glance/api/middleware/version_negotiation.py:57}}
Jun 16 13:42:59.606115 np0000002951 devstack@g-api.service[102027]: DEBUG glance.common.config [None req-fa56ff8f-b4dc-4ca1-8564-b35b90f78a93 None None] database.db_max_retry_interval = 10 {{(pid=102027) log_opt_values /opt/stack/data/venv/lib/python3.12/site-packages/oslo_config/cfg.py:3253}}
Jun 16 13:42:59.606207 np0000002951 devstack@g-api.service[102027]: DEBUG glance.common.config [None req-fa56ff8f-b4dc-4ca1-8564-b35b90f78a93 None None] database.db_retry_interval = 1 {{(pid=102027) log_opt_values /opt/stack/data/venv/lib/python3.12/site-packages/oslo_config/cfg.py:3253}}
Jun 16 13:42:59.606270 np0000002951 devstack@g-api.service[102028]: DEBUG glance.api.middleware.version_negotiation [None req-ca073e93-bd6e-42fb-9611-936c40935c3f None None] Unknown version. Returning version choices. {{(pid=102028) process_request /opt/stack/glance/glance/api/middleware/version_negotiation.py:64}}
Jun 16 13:42:59.606314 np0000002951 devstack@g-api.service[102027]: DEBUG glance.common.config [None req-fa56ff8f-b4dc-4ca1-8564-b35b90f78a93 None None] database.max_overflow = 50 {{(pid=102027) log_opt_values /opt/stack/data/venv/lib/python3.12/site-packages/oslo_config/cfg.py:3253}}
Jun 16 13:42:59.606373 np0000002951 devstack@g-api.service[102027]: DEBUG glance.common.config [None req-fa56ff8f-b4dc-4ca1-8564-b35b90f78a93 None None] database.max_pool_size = 5 {{(pid=102027) log_opt_values /opt/stack/data/venv/lib/python3.12/site-packages/oslo_config/cfg.py:3253}}
Jun 16 13:42:59.606496 np0000002951 devstack@g-api.service[102027]: DEBUG glance.common.config [None req-fa56ff8f-b4dc-4ca1-8564-b35b90f78a93 None None] database.max_retries = 10 {{(pid=102027) log_opt_values /opt/stack/data/venv/lib/python3.12/site-packages/oslo_config/cfg.py:3253}}
Jun 16 13:42:59.606848 np0000002951 devstack@g-api.service[102027]: DEBUG glance.common.config [None req-fa56ff8f-b4dc-4ca1-8564-b35b90f78a93 None None] database.mysql_sql_mode = TRADITIONAL {{(pid=102027) log_opt_values /opt/stack/data/venv/lib/python3.12/site-packages/oslo_config/cfg.py:3253}}
Jun 16 13:42:59.606848 np0000002951 devstack@g-api.service[102027]: DEBUG glance.common.config [None req-fa56ff8f-b4dc-4ca1-8564-b35b90f78a93 None None] database.mysql_wsrep_sync_wait = None {{(pid=102027) log_opt_values /opt/stack/data/venv/lib/python3.12/site-packages/oslo_config/cfg.py:3253}}
Jun 16 13:42:59.606848 np0000002951 devstack@g-api.service[102027]: DEBUG glance.common.config [None req-fa56ff8f-b4dc-4ca1-8564-b35b90f78a93 None None] database.pool_timeout = None {{(pid=102027) log_opt_values /opt/stack/data/venv/lib/python3.12/site-packages/oslo_config/cfg.py:3253}}
Jun 16 13:42:59.606980 np0000002951 devstack@g-api.service[102027]: DEBUG glance.common.config [None req-fa56ff8f-b4dc-4ca1-8564-b35b90f78a93 None None] database.retry_interval = 10 {{(pid=102027) log_opt_values /opt/stack/data/venv/lib/python3.12/site-packages/oslo_config/cfg.py:3253}}
Jun 16 13:42:59.606980 np0000002951 devstack@g-api.service[102027]: DEBUG glance.common.config [None req-fa56ff8f-b4dc-4ca1-8564-b35b90f78a93 None None] database.slave_connection = **** {{(pid=102027) log_opt_values /opt/stack/data/venv/lib/python3.12/site-packages/oslo_config/cfg.py:3253}}
Jun 16 13:42:59.607070 np0000002951 devstack@g-api.service[102027]: DEBUG glance.common.config [None req-fa56ff8f-b4dc-4ca1-8564-b35b90f78a93 None None] database.sqlite_synchronous = True {{(pid=102027) log_opt_values /opt/stack/data/venv/lib/python3.12/site-packages/oslo_config/cfg.py:3253}}
Jun 16 13:42:59.607149 np0000002951 devstack@g-api.service[102028]: [pid: 102028|app: 0|req: 1/1] 127.0.0.1 () {34 vars in 455 bytes} [Tue Jun 16 13:42:59 2026] GET / => generated 1407 bytes in 1 msecs (HTTP/1.1 300) 3 headers in 106 bytes (1 switches on core 0)
Jun 16 13:42:59.607191 np0000002951 devstack@g-api.service[102027]: DEBUG glance.common.config [None req-fa56ff8f-b4dc-4ca1-8564-b35b90f78a93 None None] database.synchronous_reader = True {{(pid=102027) log_opt_values /opt/stack/data/venv/lib/python3.12/site-packages/oslo_config/cfg.py:3253}}
Jun 16 13:42:59.607313 np0000002951 devstack@g-api.service[102027]: DEBUG glance.common.config [None req-fa56ff8f-b4dc-4ca1-8564-b35b90f78a93 None None] database.use_db_reconnect = False {{(pid=102027) log_opt_values /opt/stack/data/venv/lib/python3.12/site-packages/oslo_config/cfg.py:3253}}
Jun 16 13:42:59.607469 np0000002951 devstack@g-api.service[102027]: DEBUG glance.common.config [None req-fa56ff8f-b4dc-4ca1-8564-b35b90f78a93 None None] healthcheck.allowed_source_ranges = [] {{(pid=102027) log_opt_values /opt/stack/data/venv/lib/python3.12/site-packages/oslo_config/cfg.py:3253}}
Jun 16 13:42:59.607579 np0000002951 devstack@g-api.service[102027]: DEBUG glance.common.config [None req-fa56ff8f-b4dc-4ca1-8564-b35b90f78a93 None None] healthcheck.backends = ['disable_by_file'] {{(pid=102027) log_opt_values /opt/stack/data/venv/lib/python3.12/site-packages/oslo_config/cfg.py:3253}}
Jun 16 13:42:59.607673 np0000002951 devstack@g-api.service[102027]: DEBUG glance.common.config [None req-fa56ff8f-b4dc-4ca1-8564-b35b90f78a93 None None] healthcheck.detailed = False {{(pid=102027) log_opt_values /opt/stack/data/venv/lib/python3.12/site-packages/oslo_config/cfg.py:3253}}
Jun 16 13:42:59.607760 np0000002951 devstack@g-api.service[102027]: DEBUG glance.common.config [None req-fa56ff8f-b4dc-4ca1-8564-b35b90f78a93 None None] healthcheck.disable_by_file_path = None {{(pid=102027) log_opt_values /opt/stack/data/venv/lib/python3.12/site-packages/oslo_config/cfg.py:3253}}
Jun 16 13:42:59.607842 np0000002951 devstack@g-api.service[102027]: DEBUG glance.common.config [None req-fa56ff8f-b4dc-4ca1-8564-b35b90f78a93 None None] healthcheck.ignore_proxied_requests = False {{(pid=102027) log_opt_values /opt/stack/data/venv/lib/python3.12/site-packages/oslo_config/cfg.py:3253}}
Jun 16 13:42:59.607959 np0000002951 devstack@g-api.service[102027]: DEBUG glance.common.config [None req-fa56ff8f-b4dc-4ca1-8564-b35b90f78a93 None None] ******************************************************************************** {{(pid=102027) log_opt_values /opt/stack/data/venv/lib/python3.12/site-packages/oslo_config/cfg.py:3260}}
Jun 16 13:42:59.608081 np0000002951 devstack@g-api.service[102027]: WSGI app 0 (mountpoint='') ready in 2 seconds on interpreter 0x7e46562a3668 pid: 102027 (default app)
Jun 16 13:42:59.609252 np0000002951 devstack@g-api.service[102029]: INFO glance.image_cache [None req-7d5fd8a7-b88c-4b61-b82e-4ea3f1f5e413 None None] Image cache loaded driver 'centralized_db'.
Jun 16 13:42:59.617009 np0000002951 devstack@g-api.service[102029]: DEBUG glance.image_cache.drivers.centralized_db [None req-7d5fd8a7-b88c-4b61-b82e-4ea3f1f5e413 None None] Node reference is already recorded, ignoring it {{(pid=102029) configure /opt/stack/glance/glance/image_cache/drivers/centralized_db.py:71}}
Jun 16 13:42:59.621476 np0000002951 devstack@g-api.service[102029]: DEBUG glance.api.v2.cached_images [None req-7d5fd8a7-b88c-4b61-b82e-4ea3f1f5e413 None None] Started cache worker thread {{(pid=102029) __init__ /opt/stack/glance/glance/api/v2/cached_images.py:69}}
Jun 16 13:42:59.622088 np0000002951 devstack@g-api.service[102029]: INFO glance.image_cache [None req-7d5fd8a7-b88c-4b61-b82e-4ea3f1f5e413 None None] Image cache loaded driver 'centralized_db'.
Jun 16 13:42:59.633032 np0000002951 devstack@g-api.service[102029]: DEBUG glance.image_cache.drivers.centralized_db [None req-7d5fd8a7-b88c-4b61-b82e-4ea3f1f5e413 None None] Node reference is already recorded, ignoring it {{(pid=102029) configure /opt/stack/glance/glance/image_cache/drivers/centralized_db.py:71}}
Jun 16 13:42:59.730534 np0000002951 devstack@g-api.service[102029]: INFO glance.api.middleware.cache_manage [None req-7d5fd8a7-b88c-4b61-b82e-4ea3f1f5e413 None None] Initialized image cache management middleware
Jun 16 13:42:59.730736 np0000002951 devstack@g-api.service[102029]: INFO glance.image_cache [None req-7d5fd8a7-b88c-4b61-b82e-4ea3f1f5e413 None None] Image cache loaded driver 'centralized_db'.
Jun 16 13:42:59.739589 np0000002951 devstack@g-api.service[102029]: DEBUG glance.image_cache.drivers.centralized_db [None req-7d5fd8a7-b88c-4b61-b82e-4ea3f1f5e413 None None] Node reference is already recorded, ignoring it {{(pid=102029) configure /opt/stack/glance/glance/image_cache/drivers/centralized_db.py:71}}
Jun 16 13:42:59.742963 np0000002951 devstack@g-api.service[102029]: INFO glance.api.middleware.cache [None req-7d5fd8a7-b88c-4b61-b82e-4ea3f1f5e413 None None] Initialized image cache middleware
Jun 16 13:42:59.753371 np0000002951 devstack@g-api.service[102029]: DEBUG glance.common.config [None req-7d5fd8a7-b88c-4b61-b82e-4ea3f1f5e413 None None] ******************************************************************************** {{(pid=102029) log_opt_values /opt/stack/data/venv/lib/python3.12/site-packages/oslo_config/cfg.py:3226}}
Jun 16 13:42:59.753534 np0000002951 devstack@g-api.service[102029]: DEBUG glance.common.config [None req-7d5fd8a7-b88c-4b61-b82e-4ea3f1f5e413 None None] Configuration options gathered from: {{(pid=102029) log_opt_values /opt/stack/data/venv/lib/python3.12/site-packages/oslo_config/cfg.py:3227}}
Jun 16 13:42:59.753832 np0000002951 devstack@g-api.service[102029]: DEBUG glance.common.config [None req-7d5fd8a7-b88c-4b61-b82e-4ea3f1f5e413 None None] command line args: [] {{(pid=102029) log_opt_values /opt/stack/data/venv/lib/python3.12/site-packages/oslo_config/cfg.py:3228}}
Jun 16 13:42:59.754019 np0000002951 devstack@g-api.service[102029]: DEBUG glance.common.config [None req-7d5fd8a7-b88c-4b61-b82e-4ea3f1f5e413 None None] config files: ['/etc/glance/glance-image-import.conf', '/etc/glance/glance-api.conf'] {{(pid=102029) log_opt_values /opt/stack/data/venv/lib/python3.12/site-packages/oslo_config/cfg.py:3229}}
Jun 16 13:42:59.754102 np0000002951 devstack@g-api.service[102029]: DEBUG glance.common.config [None req-7d5fd8a7-b88c-4b61-b82e-4ea3f1f5e413 None None] ================================================================================ {{(pid=102029) log_opt_values /opt/stack/data/venv/lib/python3.12/site-packages/oslo_config/cfg.py:3234}}
Jun 16 13:42:59.754216 np0000002951 devstack@g-api.service[102029]: DEBUG glance.common.config [None req-7d5fd8a7-b88c-4b61-b82e-4ea3f1f5e413 None None] allow_anonymous_access = False {{(pid=102029) log_opt_values /opt/stack/data/venv/lib/python3.12/site-packages/oslo_config/cfg.py:3242}}
Jun 16 13:42:59.754312 np0000002951 devstack@g-api.service[102029]: DEBUG glance.common.config [None req-7d5fd8a7-b88c-4b61-b82e-4ea3f1f5e413 None None] api_limit_max = 1000 {{(pid=102029) log_opt_values /opt/stack/data/venv/lib/python3.12/site-packages/oslo_config/cfg.py:3242}}
Jun 16 13:42:59.754424 np0000002951 devstack@g-api.service[102029]: DEBUG glance.common.config [None req-7d5fd8a7-b88c-4b61-b82e-4ea3f1f5e413 None None] backlog = 4096 {{(pid=102029) log_opt_values /opt/stack/data/venv/lib/python3.12/site-packages/oslo_config/cfg.py:3242}}
Jun 16 13:42:59.754525 np0000002951 devstack@g-api.service[102029]: DEBUG glance.common.config [None req-7d5fd8a7-b88c-4b61-b82e-4ea3f1f5e413 None None] bind_host = 0.0.0.0 {{(pid=102029) log_opt_values /opt/stack/data/venv/lib/python3.12/site-packages/oslo_config/cfg.py:3242}}
Jun 16 13:42:59.754645 np0000002951 devstack@g-api.service[102029]: DEBUG glance.common.config [None req-7d5fd8a7-b88c-4b61-b82e-4ea3f1f5e413 None None] bind_port = 19292 {{(pid=102029) log_opt_values /opt/stack/data/venv/lib/python3.12/site-packages/oslo_config/cfg.py:3242}}
Jun 16 13:42:59.754740 np0000002951 devstack@g-api.service[102029]: DEBUG glance.common.config [None req-7d5fd8a7-b88c-4b61-b82e-4ea3f1f5e413 None None] client_socket_timeout = 900 {{(pid=102029) log_opt_values /opt/stack/data/venv/lib/python3.12/site-packages/oslo_config/cfg.py:3242}}
Jun 16 13:42:59.754834 np0000002951 devstack@g-api.service[102029]: DEBUG glance.common.config [None req-7d5fd8a7-b88c-4b61-b82e-4ea3f1f5e413 None None] config_dir = [] {{(pid=102029) log_opt_values /opt/stack/data/venv/lib/python3.12/site-packages/oslo_config/cfg.py:3242}}
Jun 16 13:42:59.754956 np0000002951 devstack@g-api.service[102029]: DEBUG glance.common.config [None req-7d5fd8a7-b88c-4b61-b82e-4ea3f1f5e413 None None] config_file = ['/etc/glance/glance-image-import.conf', '/etc/glance/glance-api.conf'] {{(pid=102029) log_opt_values /opt/stack/data/venv/lib/python3.12/site-packages/oslo_config/cfg.py:3242}}
Jun 16 13:42:59.755057 np0000002951 devstack@g-api.service[102029]: DEBUG glance.common.config [None req-7d5fd8a7-b88c-4b61-b82e-4ea3f1f5e413 None None] config_source = [] {{(pid=102029) log_opt_values /opt/stack/data/venv/lib/python3.12/site-packages/oslo_config/cfg.py:3242}}
Jun 16 13:42:59.755155 np0000002951 devstack@g-api.service[102029]: DEBUG glance.common.config [None req-7d5fd8a7-b88c-4b61-b82e-4ea3f1f5e413 None None] control_exchange = glance {{(pid=102029) log_opt_values /opt/stack/data/venv/lib/python3.12/site-packages/oslo_config/cfg.py:3242}}
Jun 16 13:42:59.755208 np0000002951 devstack@g-api.service[102029]: DEBUG glance.common.config [None req-7d5fd8a7-b88c-4b61-b82e-4ea3f1f5e413 None None] debug = True {{(pid=102029) log_opt_values /opt/stack/data/venv/lib/python3.12/site-packages/oslo_config/cfg.py:3242}}
Jun 16 13:42:59.755369 np0000002951 devstack@g-api.service[102029]: DEBUG glance.common.config [None req-7d5fd8a7-b88c-4b61-b82e-4ea3f1f5e413 None None] default_log_levels = ['amqp=WARN', 'boto=WARN', 'sqlalchemy=WARN', 'suds=INFO', 'oslo.messaging=INFO', 'oslo_messaging=INFO', 'iso8601=WARN', 'requests.packages.urllib3.connectionpool=WARN', 'urllib3.connectionpool=WARN', 'websocket=WARN', 'requests.packages.urllib3.util.retry=WARN', 'urllib3.util.retry=WARN', 'keystonemiddleware=WARN', 'routes.middleware=WARN', 'stevedore=WARN', 'taskflow=WARN', 'keystoneauth=WARN', 'oslo.cache=INFO', 'oslo_policy=INFO', 'dogpile.core.dogpile=INFO'] {{(pid=102029) log_opt_values /opt/stack/data/venv/lib/python3.12/site-packages/oslo_config/cfg.py:3242}}
Jun 16 13:42:59.755452 np0000002951 devstack@g-api.service[102029]: DEBUG glance.common.config [None req-7d5fd8a7-b88c-4b61-b82e-4ea3f1f5e413 None None] default_publisher_id = image.localhost {{(pid=102029) log_opt_values /opt/stack/data/venv/lib/python3.12/site-packages/oslo_config/cfg.py:3242}}
Jun 16 13:42:59.755571 np0000002951 devstack@g-api.service[102029]: DEBUG glance.common.config [None req-7d5fd8a7-b88c-4b61-b82e-4ea3f1f5e413 None None] delayed_delete = False {{(pid=102029) log_opt_values /opt/stack/data/venv/lib/python3.12/site-packages/oslo_config/cfg.py:3242}}
Jun 16 13:42:59.755682 np0000002951 devstack@g-api.service[102029]: DEBUG glance.common.config [None req-7d5fd8a7-b88c-4b61-b82e-4ea3f1f5e413 None None] digest_algorithm = sha256 {{(pid=102029) log_opt_values /opt/stack/data/venv/lib/python3.12/site-packages/oslo_config/cfg.py:3242}}
Jun 16 13:42:59.755772 np0000002951 devstack@g-api.service[102029]: DEBUG glance.common.config [None req-7d5fd8a7-b88c-4b61-b82e-4ea3f1f5e413 None None] disabled_notifications = [] {{(pid=102029) log_opt_values /opt/stack/data/venv/lib/python3.12/site-packages/oslo_config/cfg.py:3242}}
Jun 16 13:42:59.755858 np0000002951 devstack@g-api.service[102029]: DEBUG glance.common.config [None req-7d5fd8a7-b88c-4b61-b82e-4ea3f1f5e413 None None] do_secure_hash = True {{(pid=102029) log_opt_values /opt/stack/data/venv/lib/python3.12/site-packages/oslo_config/cfg.py:3242}}
Jun 16 13:42:59.755998 np0000002951 devstack@g-api.service[102029]: DEBUG glance.common.config [None req-7d5fd8a7-b88c-4b61-b82e-4ea3f1f5e413 None None] enabled_backends = None {{(pid=102029) log_opt_values /opt/stack/data/venv/lib/python3.12/site-packages/oslo_config/cfg.py:3242}}
Jun 16 13:42:59.756102 np0000002951 devstack@g-api.service[102029]: DEBUG glance.common.config [None req-7d5fd8a7-b88c-4b61-b82e-4ea3f1f5e413 None None] enabled_import_methods = ['glance-direct', 'web-download', 'copy-image'] {{(pid=102029) log_opt_values /opt/stack/data/venv/lib/python3.12/site-packages/oslo_config/cfg.py:3242}}
Jun 16 13:42:59.756189 np0000002951 devstack@g-api.service[102029]: DEBUG glance.common.config [None req-7d5fd8a7-b88c-4b61-b82e-4ea3f1f5e413 None None] fatal_deprecations = False {{(pid=102029) log_opt_values /opt/stack/data/venv/lib/python3.12/site-packages/oslo_config/cfg.py:3242}}
Jun 16 13:42:59.756280 np0000002951 devstack@g-api.service[102029]: DEBUG glance.common.config [None req-7d5fd8a7-b88c-4b61-b82e-4ea3f1f5e413 None None] hashing_algorithm = sha512 {{(pid=102029) log_opt_values /opt/stack/data/venv/lib/python3.12/site-packages/oslo_config/cfg.py:3242}}
Jun 16 13:42:59.756365 np0000002951 devstack@g-api.service[102029]: DEBUG glance.common.config [None req-7d5fd8a7-b88c-4b61-b82e-4ea3f1f5e413 None None] http_keepalive = True {{(pid=102029) log_opt_values /opt/stack/data/venv/lib/python3.12/site-packages/oslo_config/cfg.py:3242}}
Jun 16 13:42:59.756463 np0000002951 devstack@g-api.service[102029]: DEBUG glance.common.config [None req-7d5fd8a7-b88c-4b61-b82e-4ea3f1f5e413 None None] http_retries = 3 {{(pid=102029) log_opt_values /opt/stack/data/venv/lib/python3.12/site-packages/oslo_config/cfg.py:3242}}
Jun 16 13:42:59.756552 np0000002951 devstack@g-api.service[102029]: DEBUG glance.common.config [None req-7d5fd8a7-b88c-4b61-b82e-4ea3f1f5e413 None None] image_cache_dir = /opt/stack/data/glance/cache/ {{(pid=102029) log_opt_values /opt/stack/data/venv/lib/python3.12/site-packages/oslo_config/cfg.py:3242}}
Jun 16 13:42:59.756660 np0000002951 devstack@g-api.service[102029]: DEBUG glance.common.config [None req-7d5fd8a7-b88c-4b61-b82e-4ea3f1f5e413 None None] image_cache_driver = centralized_db {{(pid=102029) log_opt_values /opt/stack/data/venv/lib/python3.12/site-packages/oslo_config/cfg.py:3242}}
Jun 16 13:42:59.756751 np0000002951 devstack@g-api.service[102029]: DEBUG glance.common.config [None req-7d5fd8a7-b88c-4b61-b82e-4ea3f1f5e413 None None] image_cache_max_size = 10737418240 {{(pid=102029) log_opt_values /opt/stack/data/venv/lib/python3.12/site-packages/oslo_config/cfg.py:3242}}
Jun 16 13:42:59.756846 np0000002951 devstack@g-api.service[102029]: DEBUG glance.common.config [None req-7d5fd8a7-b88c-4b61-b82e-4ea3f1f5e413 None None] image_cache_sqlite_db = cache.db {{(pid=102029) log_opt_values /opt/stack/data/venv/lib/python3.12/site-packages/oslo_config/cfg.py:3242}}
Jun 16 13:42:59.756986 np0000002951 devstack@g-api.service[102029]: DEBUG glance.common.config [None req-7d5fd8a7-b88c-4b61-b82e-4ea3f1f5e413 None None] image_cache_stall_time = 86400 {{(pid=102029) log_opt_values /opt/stack/data/venv/lib/python3.12/site-packages/oslo_config/cfg.py:3242}}
Jun 16 13:42:59.757116 np0000002951 devstack@g-api.service[102029]: DEBUG glance.common.config [None req-7d5fd8a7-b88c-4b61-b82e-4ea3f1f5e413 None None] image_location_quota = 10 {{(pid=102029) log_opt_values /opt/stack/data/venv/lib/python3.12/site-packages/oslo_config/cfg.py:3242}}
Jun 16 13:42:59.757403 np0000002951 devstack@g-api.service[102029]: DEBUG glance.common.config [None req-7d5fd8a7-b88c-4b61-b82e-4ea3f1f5e413 None None] image_member_quota = 128 {{(pid=102029) log_opt_values /opt/stack/data/venv/lib/python3.12/site-packages/oslo_config/cfg.py:3242}}
Jun 16 13:42:59.757403 np0000002951 devstack@g-api.service[102029]: DEBUG glance.common.config [None req-7d5fd8a7-b88c-4b61-b82e-4ea3f1f5e413 None None] image_property_quota = 128 {{(pid=102029) log_opt_values /opt/stack/data/venv/lib/python3.12/site-packages/oslo_config/cfg.py:3242}}
Jun 16 13:42:59.757403 np0000002951 devstack@g-api.service[102029]: DEBUG glance.common.config [None req-7d5fd8a7-b88c-4b61-b82e-4ea3f1f5e413 None None] image_size_cap = 1099511627776 {{(pid=102029) log_opt_values /opt/stack/data/venv/lib/python3.12/site-packages/oslo_config/cfg.py:3242}}
Jun 16 13:42:59.757516 np0000002951 devstack@g-api.service[102029]: DEBUG glance.common.config [None req-7d5fd8a7-b88c-4b61-b82e-4ea3f1f5e413 None None] image_tag_quota = 128 {{(pid=102029) log_opt_values /opt/stack/data/venv/lib/python3.12/site-packages/oslo_config/cfg.py:3242}}
Jun 16 13:42:59.757614 np0000002951 devstack@g-api.service[102029]: DEBUG glance.common.config [None req-7d5fd8a7-b88c-4b61-b82e-4ea3f1f5e413 None None] instance_format = [instance: %(uuid)s] {{(pid=102029) log_opt_values /opt/stack/data/venv/lib/python3.12/site-packages/oslo_config/cfg.py:3242}}
Jun 16 13:42:59.757755 np0000002951 devstack@g-api.service[102029]: DEBUG glance.common.config [None req-7d5fd8a7-b88c-4b61-b82e-4ea3f1f5e413 None None] instance_uuid_format = [instance: %(uuid)s] {{(pid=102029) log_opt_values /opt/stack/data/venv/lib/python3.12/site-packages/oslo_config/cfg.py:3242}}
Jun 16 13:42:59.757969 np0000002951 devstack@g-api.service[102029]: DEBUG glance.common.config [None req-7d5fd8a7-b88c-4b61-b82e-4ea3f1f5e413 None None] limit_param_default = 25 {{(pid=102029) log_opt_values /opt/stack/data/venv/lib/python3.12/site-packages/oslo_config/cfg.py:3242}}
Jun 16 13:42:59.758012 np0000002951 devstack@g-api.service[102029]: DEBUG glance.common.config [None req-7d5fd8a7-b88c-4b61-b82e-4ea3f1f5e413 None None] log_color = False {{(pid=102029) log_opt_values /opt/stack/data/venv/lib/python3.12/site-packages/oslo_config/cfg.py:3242}}
Jun 16 13:42:59.758121 np0000002951 devstack@g-api.service[102029]: DEBUG glance.common.config [None req-7d5fd8a7-b88c-4b61-b82e-4ea3f1f5e413 None None] log_config_append = None {{(pid=102029) log_opt_values /opt/stack/data/venv/lib/python3.12/site-packages/oslo_config/cfg.py:3242}}
