May 26 14:31:52.694093 np0000001424 devstack@g-api.service[101974]: DEBUG glance.api.middleware.version_negotiation [None req-f605ca41-9065-4dcf-8c4d-61cab26d8825 tempest-ServerStableDeviceRescueTest-401290826 tempest-ServerStableDeviceRescueTest-401290826-project-member] new path /v2/schemas/image {{(pid=101974) process_request /opt/stack/glance/glance/api/middleware/version_negotiation.py:70}}
May 26 14:31:52.697364 np0000001424 devstack@g-api.service[101974]: [pid: 101974|app: 0|req: 29/83] 127.0.0.1 () {44 vars in 1055 bytes} [Tue May 26 14:31:52 2026] GET /v2/schemas/image => generated 6083 bytes in 4 msecs (HTTP/1.1 200) 4 headers in 158 bytes (1 switches on core 0)
May 26 14:31:53.777860 np0000001424 devstack@g-api.service[101975]: DEBUG glance.api.middleware.version_negotiation [None req-f605ca41-9065-4dcf-8c4d-61cab26d8825 tempest-ServerStableDeviceRescueTest-401290826 tempest-ServerStableDeviceRescueTest-401290826-project-member] Determining version of request: GET /v2/images/985ecd32-f65e-4797-be39-489271309400 Accept: */* {{(pid=101975) process_request /opt/stack/glance/glance/api/middleware/version_negotiation.py:44}}
May 26 14:31:53.778245 np0000001424 devstack@g-api.service[101975]: DEBUG glance.api.middleware.version_negotiation [None req-f605ca41-9065-4dcf-8c4d-61cab26d8825 tempest-ServerStableDeviceRescueTest-401290826 tempest-ServerStableDeviceRescueTest-401290826-project-member] Using url versioning {{(pid=101975) process_request /opt/stack/glance/glance/api/middleware/version_negotiation.py:57}}
May 26 14:31:53.778245 np0000001424 devstack@g-api.service[101975]: DEBUG glance.api.middleware.version_negotiation [None req-f605ca41-9065-4dcf-8c4d-61cab26d8825 tempest-ServerStableDeviceRescueTest-401290826 tempest-ServerStableDeviceRescueTest-401290826-project-member] Matched version: v2 {{(pid=101975) process_request /opt/stack/glance/glance/api/middleware/version_negotiation.py:69}}
May 26 14:31:53.778424 np0000001424 devstack@g-api.service[101975]: DEBUG glance.api.middleware.version_negotiation [None req-f605ca41-9065-4dcf-8c4d-61cab26d8825 tempest-ServerStableDeviceRescueTest-401290826 tempest-ServerStableDeviceRescueTest-401290826-project-member] new path /v2/images/985ecd32-f65e-4797-be39-489271309400 {{(pid=101975) process_request /opt/stack/glance/glance/api/middleware/version_negotiation.py:70}}
May 26 14:31:53.790603 np0000001424 devstack@g-api.service[101975]: [pid: 101975|app: 0|req: 28/84] 127.0.0.1 () {44 vars in 1115 bytes} [Tue May 26 14:31:53 2026] GET /v2/images/985ecd32-f65e-4797-be39-489271309400 => generated 1334 bytes in 12 msecs (HTTP/1.1 200) 4 headers in 158 bytes (1 switches on core 0)
May 26 14:31:53.828157 np0000001424 devstack@g-api.service[101973]: DEBUG glance.api.middleware.version_negotiation [None req-399702f2-bd41-4b7a-906c-d8d2a79b1a52 tempest-ServerStableDeviceRescueTest-401290826 tempest-ServerStableDeviceRescueTest-401290826-project-member] Determining version of request: GET /v2/schemas/image Accept: */* {{(pid=101973) process_request /opt/stack/glance/glance/api/middleware/version_negotiation.py:44}}
May 26 14:31:53.828532 np0000001424 devstack@g-api.service[101973]: DEBUG glance.api.middleware.version_negotiation [None req-399702f2-bd41-4b7a-906c-d8d2a79b1a52 tempest-ServerStableDeviceRescueTest-401290826 tempest-ServerStableDeviceRescueTest-401290826-project-member] Using url versioning {{(pid=101973) process_request /opt/stack/glance/glance/api/middleware/version_negotiation.py:57}}
May 26 14:31:53.828532 np0000001424 devstack@g-api.service[101973]: DEBUG glance.api.middleware.version_negotiation [None req-399702f2-bd41-4b7a-906c-d8d2a79b1a52 tempest-ServerStableDeviceRescueTest-401290826 tempest-ServerStableDeviceRescueTest-401290826-project-member] Matched version: v2 {{(pid=101973) process_request /opt/stack/glance/glance/api/middleware/version_negotiation.py:69}}
May 26 14:31:53.828532 np0000001424 devstack@g-api.service[101973]: DEBUG glance.api.middleware.version_negotiation [None req-399702f2-bd41-4b7a-906c-d8d2a79b1a52 tempest-ServerStableDeviceRescueTest-401290826 tempest-ServerStableDeviceRescueTest-401290826-project-member] new path /v2/schemas/image {{(pid=101973) process_request /opt/stack/glance/glance/api/middleware/version_negotiation.py:70}}
May 26 14:31:53.832995 np0000001424 devstack@g-api.service[101973]: [pid: 101973|app: 0|req: 28/85] 127.0.0.1 () {44 vars in 1055 bytes} [Tue May 26 14:31:53 2026] GET /v2/schemas/image => generated 6083 bytes in 5 msecs (HTTP/1.1 200) 4 headers in 158 bytes (1 switches on core 0)
May 26 14:31:54.493072 np0000001424 devstack@g-api.service[101974]: DEBUG glance.api.middleware.version_negotiation [None req-399702f2-bd41-4b7a-906c-d8d2a79b1a52 tempest-ServerStableDeviceRescueTest-401290826 tempest-ServerStableDeviceRescueTest-401290826-project-member] Determining version of request: GET /v2/images/985ecd32-f65e-4797-be39-489271309400 Accept: */* {{(pid=101974) process_request /opt/stack/glance/glance/api/middleware/version_negotiation.py:44}}
May 26 14:31:54.493072 np0000001424 devstack@g-api.service[101974]: DEBUG glance.api.middleware.version_negotiation [None req-399702f2-bd41-4b7a-906c-d8d2a79b1a52 tempest-ServerStableDeviceRescueTest-401290826 tempest-ServerStableDeviceRescueTest-401290826-project-member] Using url versioning {{(pid=101974) process_request /opt/stack/glance/glance/api/middleware/version_negotiation.py:57}}
May 26 14:31:54.493072 np0000001424 devstack@g-api.service[101974]: DEBUG glance.api.middleware.version_negotiation [None req-399702f2-bd41-4b7a-906c-d8d2a79b1a52 tempest-ServerStableDeviceRescueTest-401290826 tempest-ServerStableDeviceRescueTest-401290826-project-member] Matched version: v2 {{(pid=101974) process_request /opt/stack/glance/glance/api/middleware/version_negotiation.py:69}}
May 26 14:31:54.493072 np0000001424 devstack@g-api.service[101974]: DEBUG glance.api.middleware.version_negotiation [None req-399702f2-bd41-4b7a-906c-d8d2a79b1a52 tempest-ServerStableDeviceRescueTest-401290826 tempest-ServerStableDeviceRescueTest-401290826-project-member] new path /v2/images/985ecd32-f65e-4797-be39-489271309400 {{(pid=101974) process_request /opt/stack/glance/glance/api/middleware/version_negotiation.py:70}}
May 26 14:31:54.514416 np0000001424 devstack@g-api.service[101974]: [pid: 101974|app: 0|req: 30/86] 127.0.0.1 () {44 vars in 1115 bytes} [Tue May 26 14:31:54 2026] GET /v2/images/985ecd32-f65e-4797-be39-489271309400 => generated 1334 bytes in 22 msecs (HTTP/1.1 200) 4 headers in 158 bytes (1 switches on core 0)
May 26 14:31:54.573450 np0000001424 devstack@g-api.service[101975]: DEBUG glance.api.middleware.version_negotiation [None req-30248acf-04d3-451f-9741-353cadc47316 tempest-ServerStableDeviceRescueTest-401290826 tempest-ServerStableDeviceRescueTest-401290826-project-member] Determining version of request: GET /v2/schemas/image Accept: */* {{(pid=101975) process_request /opt/stack/glance/glance/api/middleware/version_negotiation.py:44}}
May 26 14:31:54.573663 np0000001424 devstack@g-api.service[101975]: DEBUG glance.api.middleware.version_negotiation [None req-30248acf-04d3-451f-9741-353cadc47316 tempest-ServerStableDeviceRescueTest-401290826 tempest-ServerStableDeviceRescueTest-401290826-project-member] Using url versioning {{(pid=101975) process_request /opt/stack/glance/glance/api/middleware/version_negotiation.py:57}}
May 26 14:31:54.573713 np0000001424 devstack@g-api.service[101975]: DEBUG glance.api.middleware.version_negotiation [None req-30248acf-04d3-451f-9741-353cadc47316 tempest-ServerStableDeviceRescueTest-401290826 tempest-ServerStableDeviceRescueTest-401290826-project-member] Matched version: v2 {{(pid=101975) process_request /opt/stack/glance/glance/api/middleware/version_negotiation.py:69}}
May 26 14:31:54.573761 np0000001424 devstack@g-api.service[101975]: DEBUG glance.api.middleware.version_negotiation [None req-30248acf-04d3-451f-9741-353cadc47316 tempest-ServerStableDeviceRescueTest-401290826 tempest-ServerStableDeviceRescueTest-401290826-project-member] new path /v2/schemas/image {{(pid=101975) process_request /opt/stack/glance/glance/api/middleware/version_negotiation.py:70}}
May 26 14:31:54.578104 np0000001424 devstack@g-api.service[101975]: [pid: 101975|app: 0|req: 29/87] 127.0.0.1 () {44 vars in 1055 bytes} [Tue May 26 14:31:54 2026] GET /v2/schemas/image => generated 6083 bytes in 5 msecs (HTTP/1.1 200) 4 headers in 158 bytes (1 switches on core 0)
May 26 14:31:54.625923 np0000001424 devstack@g-api.service[101973]: DEBUG glance.api.middleware.version_negotiation [None req-30248acf-04d3-451f-9741-353cadc47316 tempest-ServerStableDeviceRescueTest-401290826 tempest-ServerStableDeviceRescueTest-401290826-project-member] Determining version of request: GET /v2/schemas/image Accept: */* {{(pid=101973) process_request /opt/stack/glance/glance/api/middleware/version_negotiation.py:44}}
May 26 14:31:54.625923 np0000001424 devstack@g-api.service[101973]: DEBUG glance.api.middleware.version_negotiation [None req-30248acf-04d3-451f-9741-353cadc47316 tempest-ServerStableDeviceRescueTest-401290826 tempest-ServerStableDeviceRescueTest-401290826-project-member] Using url versioning {{(pid=101973) process_request /opt/stack/glance/glance/api/middleware/version_negotiation.py:57}}
May 26 14:31:54.625923 np0000001424 devstack@g-api.service[101973]: DEBUG glance.api.middleware.version_negotiation [None req-30248acf-04d3-451f-9741-353cadc47316 tempest-ServerStableDeviceRescueTest-401290826 tempest-ServerStableDeviceRescueTest-401290826-project-member] Matched version: v2 {{(pid=101973) process_request /opt/stack/glance/glance/api/middleware/version_negotiation.py:69}}
May 26 14:31:54.625923 np0000001424 devstack@g-api.service[101973]: DEBUG glance.api.middleware.version_negotiation [None req-30248acf-04d3-451f-9741-353cadc47316 tempest-ServerStableDeviceRescueTest-401290826 tempest-ServerStableDeviceRescueTest-401290826-project-member] new path /v2/schemas/image {{(pid=101973) process_request /opt/stack/glance/glance/api/middleware/version_negotiation.py:70}}
May 26 14:31:54.629280 np0000001424 devstack@g-api.service[101973]: [pid: 101973|app: 0|req: 29/88] 127.0.0.1 () {44 vars in 1055 bytes} [Tue May 26 14:31:54 2026] GET /v2/schemas/image => generated 6083 bytes in 4 msecs (HTTP/1.1 200) 4 headers in 158 bytes (1 switches on core 0)
May 26 14:31:54.673652 np0000001424 devstack@g-api.service[101974]: DEBUG glance.api.middleware.version_negotiation [None req-301b5c4b-8008-4366-8b33-db9c8d1a0b78 tempest-ServerStableDeviceRescueTest-401290826 tempest-ServerStableDeviceRescueTest-401290826-project-member] Determining version of request: PATCH /v2/images/985ecd32-f65e-4797-be39-489271309400 Accept: */* {{(pid=101974) process_request /opt/stack/glance/glance/api/middleware/version_negotiation.py:44}}
May 26 14:31:54.673652 np0000001424 devstack@g-api.service[101974]: DEBUG glance.api.middleware.version_negotiation [None req-301b5c4b-8008-4366-8b33-db9c8d1a0b78 tempest-ServerStableDeviceRescueTest-401290826 tempest-ServerStableDeviceRescueTest-401290826-project-member] Using url versioning {{(pid=101974) process_request /opt/stack/glance/glance/api/middleware/version_negotiation.py:57}}
May 26 14:31:54.673755 np0000001424 devstack@g-api.service[101974]: DEBUG glance.api.middleware.version_negotiation [None req-301b5c4b-8008-4366-8b33-db9c8d1a0b78 tempest-ServerStableDeviceRescueTest-401290826 tempest-ServerStableDeviceRescueTest-401290826-project-member] Matched version: v2 {{(pid=101974) process_request /opt/stack/glance/glance/api/middleware/version_negotiation.py:69}}
May 26 14:31:54.673829 np0000001424 devstack@g-api.service[101974]: DEBUG glance.api.middleware.version_negotiation [None req-301b5c4b-8008-4366-8b33-db9c8d1a0b78 tempest-ServerStableDeviceRescueTest-401290826 tempest-ServerStableDeviceRescueTest-401290826-project-member] new path /v2/images/985ecd32-f65e-4797-be39-489271309400 {{(pid=101974) process_request /opt/stack/glance/glance/api/middleware/version_negotiation.py:70}}
May 26 14:31:54.850760 np0000001424 devstack@g-api.service[101974]: [pid: 101974|app: 0|req: 31/89] 127.0.0.1 () {46 vars in 1158 bytes} [Tue May 26 14:31:54 2026] PATCH /v2/images/985ecd32-f65e-4797-be39-489271309400 => generated 1445 bytes in 177 msecs (HTTP/1.1 200) 4 headers in 158 bytes (1 switches on core 0)
May 26 14:31:54.905662 np0000001424 devstack@g-api.service[101975]: DEBUG glance.api.middleware.version_negotiation [None req-301b5c4b-8008-4366-8b33-db9c8d1a0b78 tempest-ServerStableDeviceRescueTest-401290826 tempest-ServerStableDeviceRescueTest-401290826-project-member] Determining version of request: GET /v2/images/985ecd32-f65e-4797-be39-489271309400 Accept: */* {{(pid=101975) process_request /opt/stack/glance/glance/api/middleware/version_negotiation.py:44}}
May 26 14:31:54.906049 np0000001424 devstack@g-api.service[101975]: DEBUG glance.api.middleware.version_negotiation [None req-301b5c4b-8008-4366-8b33-db9c8d1a0b78 tempest-ServerStableDeviceRescueTest-401290826 tempest-ServerStableDeviceRescueTest-401290826-project-member] Using url versioning {{(pid=101975) process_request /opt/stack/glance/glance/api/middleware/version_negotiation.py:57}}
May 26 14:31:54.906049 np0000001424 devstack@g-api.service[101975]: DEBUG glance.api.middleware.version_negotiation [None req-301b5c4b-8008-4366-8b33-db9c8d1a0b78 tempest-ServerStableDeviceRescueTest-401290826 tempest-ServerStableDeviceRescueTest-401290826-project-member] Matched version: v2 {{(pid=101975) process_request /opt/stack/glance/glance/api/middleware/version_negotiation.py:69}}
May 26 14:31:54.906246 np0000001424 devstack@g-api.service[101975]: DEBUG glance.api.middleware.version_negotiation [None req-301b5c4b-8008-4366-8b33-db9c8d1a0b78 tempest-ServerStableDeviceRescueTest-401290826 tempest-ServerStableDeviceRescueTest-401290826-project-member] new path /v2/images/985ecd32-f65e-4797-be39-489271309400 {{(pid=101975) process_request /opt/stack/glance/glance/api/middleware/version_negotiation.py:70}}
May 26 14:31:54.924056 np0000001424 devstack@g-api.service[101975]: [pid: 101975|app: 0|req: 30/90] 127.0.0.1 () {44 vars in 1115 bytes} [Tue May 26 14:31:54 2026] GET /v2/images/985ecd32-f65e-4797-be39-489271309400 => generated 1445 bytes in 19 msecs (HTTP/1.1 200) 4 headers in 158 bytes (1 switches on core 0)
May 26 14:31:54.924468 np0000001424 devstack@g-api.service[101973]: DEBUG glance.api.middleware.version_negotiation [None req-301b5c4b-8008-4366-8b33-db9c8d1a0b78 tempest-ServerStableDeviceRescueTest-401290826 tempest-ServerStableDeviceRescueTest-401290826-project-member] Determining version of request: GET /v2/images/985ecd32-f65e-4797-be39-489271309400 Accept: */* {{(pid=101973) process_request /opt/stack/glance/glance/api/middleware/version_negotiation.py:44}}
May 26 14:31:54.924743 np0000001424 devstack@g-api.service[101973]: DEBUG glance.api.middleware.version_negotiation [None req-301b5c4b-8008-4366-8b33-db9c8d1a0b78 tempest-ServerStableDeviceRescueTest-401290826 tempest-ServerStableDeviceRescueTest-401290826-project-member] Using url versioning {{(pid=101973) process_request /opt/stack/glance/glance/api/middleware/version_negotiation.py:57}}
May 26 14:31:54.924774 np0000001424 devstack@g-api.service[101973]: DEBUG glance.api.middleware.version_negotiation [None req-301b5c4b-8008-4366-8b33-db9c8d1a0b78 tempest-ServerStableDeviceRescueTest-401290826 tempest-ServerStableDeviceRescueTest-401290826-project-member] Matched version: v2 {{(pid=101973) process_request /opt/stack/glance/glance/api/middleware/version_negotiation.py:69}}
May 26 14:31:54.924879 np0000001424 devstack@g-api.service[101973]: DEBUG glance.api.middleware.version_negotiation [None req-301b5c4b-8008-4366-8b33-db9c8d1a0b78 tempest-ServerStableDeviceRescueTest-401290826 tempest-ServerStableDeviceRescueTest-401290826-project-member] new path /v2/images/985ecd32-f65e-4797-be39-489271309400 {{(pid=101973) process_request /opt/stack/glance/glance/api/middleware/version_negotiation.py:70}}
May 26 14:31:54.947782 np0000001424 devstack@g-api.service[101973]: [pid: 101973|app: 0|req: 30/91] 127.0.0.1 () {44 vars in 1115 bytes} [Tue May 26 14:31:54 2026] GET /v2/images/985ecd32-f65e-4797-be39-489271309400 => generated 1445 bytes in 23 msecs (HTTP/1.1 200) 4 headers in 158 bytes (1 switches on core 0)
May 26 14:31:54.968888 np0000001424 devstack@g-api.service[101974]: DEBUG glance.api.middleware.version_negotiation [None req-301b5c4b-8008-4366-8b33-db9c8d1a0b78 tempest-ServerStableDeviceRescueTest-401290826 tempest-ServerStableDeviceRescueTest-401290826-project-member] Determining version of request: PUT /v2/images/985ecd32-f65e-4797-be39-489271309400/file Accept: */* {{(pid=101974) process_request /opt/stack/glance/glance/api/middleware/version_negotiation.py:44}}
May 26 14:31:54.969735 np0000001424 devstack@g-api.service[101974]: DEBUG glance.api.middleware.version_negotiation [None req-301b5c4b-8008-4366-8b33-db9c8d1a0b78 tempest-ServerStableDeviceRescueTest-401290826 tempest-ServerStableDeviceRescueTest-401290826-project-member] Using url versioning {{(pid=101974) process_request /opt/stack/glance/glance/api/middleware/version_negotiation.py:57}}
May 26 14:31:54.969735 np0000001424 devstack@g-api.service[101974]: DEBUG glance.api.middleware.version_negotiation [None req-301b5c4b-8008-4366-8b33-db9c8d1a0b78 tempest-ServerStableDeviceRescueTest-401290826 tempest-ServerStableDeviceRescueTest-401290826-project-member] Matched version: v2 {{(pid=101974) process_request /opt/stack/glance/glance/api/middleware/version_negotiation.py:69}}
May 26 14:31:54.969735 np0000001424 devstack@g-api.service[101974]: DEBUG glance.api.middleware.version_negotiation [None req-301b5c4b-8008-4366-8b33-db9c8d1a0b78 tempest-ServerStableDeviceRescueTest-401290826 tempest-ServerStableDeviceRescueTest-401290826-project-member] new path /v2/images/985ecd32-f65e-4797-be39-489271309400/file {{(pid=101974) process_request /opt/stack/glance/glance/api/middleware/version_negotiation.py:70}}
May 26 14:31:54.980455 np0000001424 devstack@g-api.service[101975]: DEBUG glance.api.middleware.version_negotiation [None req-301b5c4b-8008-4366-8b33-db9c8d1a0b78 tempest-ServerStableDeviceRescueTest-401290826 tempest-ServerStableDeviceRescueTest-401290826-project-member] Determining version of request: GET /v2/schemas/image Accept: */* {{(pid=101975) process_request /opt/stack/glance/glance/api/middleware/version_negotiation.py:44}}
May 26 14:31:54.981585 np0000001424 devstack@g-api.service[101975]: DEBUG glance.api.middleware.version_negotiation [None req-301b5c4b-8008-4366-8b33-db9c8d1a0b78 tempest-ServerStableDeviceRescueTest-401290826 tempest-ServerStableDeviceRescueTest-401290826-project-member] Using url versioning {{(pid=101975) process_request /opt/stack/glance/glance/api/middleware/version_negotiation.py:57}}
May 26 14:31:54.981585 np0000001424 devstack@g-api.service[101975]: DEBUG glance.api.middleware.version_negotiation [None req-301b5c4b-8008-4366-8b33-db9c8d1a0b78 tempest-ServerStableDeviceRescueTest-401290826 tempest-ServerStableDeviceRescueTest-401290826-project-member] Matched version: v2 {{(pid=101975) process_request /opt/stack/glance/glance/api/middleware/version_negotiation.py:69}}
May 26 14:31:54.981585 np0000001424 devstack@g-api.service[101975]: DEBUG glance.api.middleware.version_negotiation [None req-301b5c4b-8008-4366-8b33-db9c8d1a0b78 tempest-ServerStableDeviceRescueTest-401290826 tempest-ServerStableDeviceRescueTest-401290826-project-member] new path /v2/schemas/image {{(pid=101975) process_request /opt/stack/glance/glance/api/middleware/version_negotiation.py:70}}
May 26 14:31:54.984161 np0000001424 devstack@g-api.service[101975]: [pid: 101975|app: 0|req: 31/92] 127.0.0.1 () {44 vars in 1055 bytes} [Tue May 26 14:31:54 2026] GET /v2/schemas/image => generated 6083 bytes in 4 msecs (HTTP/1.1 200) 4 headers in 158 bytes (1 switches on core 0)
May 26 14:31:55.726586 np0000001424 devstack@g-api.service[101974]: INFO glance.api.v2.image_data [None req-301b5c4b-8008-4366-8b33-db9c8d1a0b78 tempest-ServerStableDeviceRescueTest-401290826 tempest-ServerStableDeviceRescueTest-401290826-project-member] Unable to create trust: no such option collect_timing in group [keystone_authtoken] Use the existing user token.
May 26 14:31:56.051141 np0000001424 devstack@g-api.service[101973]: DEBUG glance.api.middleware.version_negotiation [None req-d6077798-90b3-4fcb-a151-7b510c386282 tempest-ServerStableDeviceRescueTest-401290826 tempest-ServerStableDeviceRescueTest-401290826-project-member] Determining version of request: GET /v2/images/985ecd32-f65e-4797-be39-489271309400 Accept: */* {{(pid=101973) process_request /opt/stack/glance/glance/api/middleware/version_negotiation.py:44}}
May 26 14:31:56.051548 np0000001424 devstack@g-api.service[101973]: DEBUG glance.api.middleware.version_negotiation [None req-d6077798-90b3-4fcb-a151-7b510c386282 tempest-ServerStableDeviceRescueTest-401290826 tempest-ServerStableDeviceRescueTest-401290826-project-member] Using url versioning {{(pid=101973) process_request /opt/stack/glance/glance/api/middleware/version_negotiation.py:57}}
May 26 14:31:56.051548 np0000001424 devstack@g-api.service[101973]: DEBUG glance.api.middleware.version_negotiation [None req-d6077798-90b3-4fcb-a151-7b510c386282 tempest-ServerStableDeviceRescueTest-401290826 tempest-ServerStableDeviceRescueTest-401290826-project-member] Matched version: v2 {{(pid=101973) process_request /opt/stack/glance/glance/api/middleware/version_negotiation.py:69}}
May 26 14:31:56.051548 np0000001424 devstack@g-api.service[101973]: DEBUG glance.api.middleware.version_negotiation [None req-d6077798-90b3-4fcb-a151-7b510c386282 tempest-ServerStableDeviceRescueTest-401290826 tempest-ServerStableDeviceRescueTest-401290826-project-member] new path /v2/images/985ecd32-f65e-4797-be39-489271309400 {{(pid=101973) process_request /opt/stack/glance/glance/api/middleware/version_negotiation.py:70}}
May 26 14:31:56.073033 np0000001424 devstack@g-api.service[101973]: [pid: 101973|app: 0|req: 31/93] 127.0.0.1 () {44 vars in 1115 bytes} [Tue May 26 14:31:56 2026] GET /v2/images/985ecd32-f65e-4797-be39-489271309400 => generated 1445 bytes in 22 msecs (HTTP/1.1 200) 4 headers in 158 bytes (1 switches on core 0)
May 26 14:31:56.122682 np0000001424 devstack@g-api.service[101975]: DEBUG glance.api.middleware.version_negotiation [None req-d6077798-90b3-4fcb-a151-7b510c386282 tempest-ServerStableDeviceRescueTest-401290826 tempest-ServerStableDeviceRescueTest-401290826-project-member] Determining version of request: GET /v2/schemas/image Accept: */* {{(pid=101975) process_request /opt/stack/glance/glance/api/middleware/version_negotiation.py:44}}
May 26 14:31:56.122682 np0000001424 devstack@g-api.service[101975]: DEBUG glance.api.middleware.version_negotiation [None req-d6077798-90b3-4fcb-a151-7b510c386282 tempest-ServerStableDeviceRescueTest-401290826 tempest-ServerStableDeviceRescueTest-401290826-project-member] Using url versioning {{(pid=101975) process_request /opt/stack/glance/glance/api/middleware/version_negotiation.py:57}}
May 26 14:31:56.123104 np0000001424 devstack@g-api.service[101975]: DEBUG glance.api.middleware.version_negotiation [None req-d6077798-90b3-4fcb-a151-7b510c386282 tempest-ServerStableDeviceRescueTest-401290826 tempest-ServerStableDeviceRescueTest-401290826-project-member] Matched version: v2 {{(pid=101975) process_request /opt/stack/glance/glance/api/middleware/version_negotiation.py:69}}
May 26 14:31:56.123104 np0000001424 devstack@g-api.service[101975]: DEBUG glance.api.middleware.version_negotiation [None req-d6077798-90b3-4fcb-a151-7b510c386282 tempest-ServerStableDeviceRescueTest-401290826 tempest-ServerStableDeviceRescueTest-401290826-project-member] new path /v2/schemas/image {{(pid=101975) process_request /opt/stack/glance/glance/api/middleware/version_negotiation.py:70}}
May 26 14:31:56.129565 np0000001424 devstack@g-api.service[101975]: [pid: 101975|app: 0|req: 32/94] 127.0.0.1 () {44 vars in 1055 bytes} [Tue May 26 14:31:56 2026] GET /v2/schemas/image => generated 6083 bytes in 7 msecs (HTTP/1.1 200) 4 headers in 158 bytes (1 switches on core 0)
May 26 14:31:56.568971 np0000001424 devstack@g-api.service[101974]: DEBUG glance.location [None req-301b5c4b-8008-4366-8b33-db9c8d1a0b78 tempest-ServerStableDeviceRescueTest-401290826 tempest-ServerStableDeviceRescueTest-401290826-project-member] Enabling in-flight format inspection for qcow2 {{(pid=101974) set_data /opt/stack/glance/glance/location.py:616}}
May 26 14:31:56.568971 np0000001424 devstack@g-api.service[101974]: DEBUG glance_store.backend [None req-301b5c4b-8008-4366-8b33-db9c8d1a0b78 tempest-ServerStableDeviceRescueTest-401290826 tempest-ServerStableDeviceRescueTest-401290826-project-member] Attempting to import store swift {{(pid=101974) _load_store /opt/stack/data/venv/lib/python3.12/site-packages/glance_store/backend.py:215}}
May 26 14:31:56.570885 np0000001424 devstack@g-api.service[101974]: DEBUG glance_store.capabilities [None req-301b5c4b-8008-4366-8b33-db9c8d1a0b78 tempest-ServerStableDeviceRescueTest-401290826 tempest-ServerStableDeviceRescueTest-401290826-project-member] Store glance_store._drivers.swift.store.SingleTenantStore doesn't support updating dynamic storage capabilities. Please overwrite 'update_capabilities' method of the store to implement updating logics if needed. {{(pid=101974) update_capabilities /opt/stack/data/venv/lib/python3.12/site-packages/glance_store/capabilities.py:91}}
May 26 14:31:56.571279 np0000001424 devstack@g-api.service[101974]: DEBUG glance_store.driver [None req-301b5c4b-8008-4366-8b33-db9c8d1a0b78 tempest-ServerStableDeviceRescueTest-401290826 tempest-ServerStableDeviceRescueTest-401290826-project-member] Late loading location class glance_store._drivers.swift.store.StoreLocation {{(pid=101974) get_store_location_class /opt/stack/data/venv/lib/python3.12/site-packages/glance_store/driver.py:134}}
May 26 14:31:56.571463 np0000001424 devstack@g-api.service[101974]: DEBUG glance_store.location [None req-301b5c4b-8008-4366-8b33-db9c8d1a0b78 tempest-ServerStableDeviceRescueTest-401290826 tempest-ServerStableDeviceRescueTest-401290826-project-member] Registering scheme swift+https with {'store': , 'location_class': , 'store_entry': 'swift'} {{(pid=101974) register_scheme_map /opt/stack/data/venv/lib/python3.12/site-packages/glance_store/location.py:146}}
May 26 14:31:56.571575 np0000001424 devstack@g-api.service[101974]: DEBUG glance_store.location [None req-301b5c4b-8008-4366-8b33-db9c8d1a0b78 tempest-ServerStableDeviceRescueTest-401290826 tempest-ServerStableDeviceRescueTest-401290826-project-member] Registering scheme swift+https with {'store': , 'location_class': , 'store_entry': 'swift'} {{(pid=101974) register_scheme_map /opt/stack/data/venv/lib/python3.12/site-packages/glance_store/location.py:146}}
May 26 14:31:56.571723 np0000001424 devstack@g-api.service[101974]: DEBUG glance_store.location [None req-301b5c4b-8008-4366-8b33-db9c8d1a0b78 tempest-ServerStableDeviceRescueTest-401290826 tempest-ServerStableDeviceRescueTest-401290826-project-member] Registering scheme swift with {'store': , 'location_class': , 'store_entry': 'swift'} {{(pid=101974) register_scheme_map /opt/stack/data/venv/lib/python3.12/site-packages/glance_store/location.py:146}}
May 26 14:31:56.572505 np0000001424 devstack@g-api.service[101974]: DEBUG glance_store.location [None req-301b5c4b-8008-4366-8b33-db9c8d1a0b78 tempest-ServerStableDeviceRescueTest-401290826 tempest-ServerStableDeviceRescueTest-401290826-project-member] Registering scheme swift+https with {'store': , 'location_class': , 'store_entry': 'swift'} {{(pid=101974) register_scheme_map /opt/stack/data/venv/lib/python3.12/site-packages/glance_store/location.py:146}}
May 26 14:31:56.572633 np0000001424 devstack@g-api.service[101974]: DEBUG glance_store.location [None req-301b5c4b-8008-4366-8b33-db9c8d1a0b78 tempest-ServerStableDeviceRescueTest-401290826 tempest-ServerStableDeviceRescueTest-401290826-project-member] Registering scheme swift with {'store': , 'location_class': , 'store_entry': 'swift'} {{(pid=101974) register_scheme_map /opt/stack/data/venv/lib/python3.12/site-packages/glance_store/location.py:146}}
May 26 14:31:56.572760 np0000001424 devstack@g-api.service[101974]: DEBUG glance_store.location [None req-301b5c4b-8008-4366-8b33-db9c8d1a0b78 tempest-ServerStableDeviceRescueTest-401290826 tempest-ServerStableDeviceRescueTest-401290826-project-member] Registering scheme swift+http with {'store': , 'location_class': , 'store_entry': 'swift'} {{(pid=101974) register_scheme_map /opt/stack/data/venv/lib/python3.12/site-packages/glance_store/location.py:146}}
May 26 14:31:56.572885 np0000001424 devstack@g-api.service[101974]: DEBUG glance_store.location [None req-301b5c4b-8008-4366-8b33-db9c8d1a0b78 tempest-ServerStableDeviceRescueTest-401290826 tempest-ServerStableDeviceRescueTest-401290826-project-member] Registering scheme swift+https with {'store': , 'location_class': , 'store_entry': 'swift'} {{(pid=101974) register_scheme_map /opt/stack/data/venv/lib/python3.12/site-packages/glance_store/location.py:146}}
May 26 14:31:56.573031 np0000001424 devstack@g-api.service[101974]: DEBUG glance_store.location [None req-301b5c4b-8008-4366-8b33-db9c8d1a0b78 tempest-ServerStableDeviceRescueTest-401290826 tempest-ServerStableDeviceRescueTest-401290826-project-member] Registering scheme swift with {'store': , 'location_class': , 'store_entry': 'swift'} {{(pid=101974) register_scheme_map /opt/stack/data/venv/lib/python3.12/site-packages/glance_store/location.py:146}}
May 26 14:31:56.573160 np0000001424 devstack@g-api.service[101974]: DEBUG glance_store.location [None req-301b5c4b-8008-4366-8b33-db9c8d1a0b78 tempest-ServerStableDeviceRescueTest-401290826 tempest-ServerStableDeviceRescueTest-401290826-project-member] Registering scheme swift+http with {'store': , 'location_class': , 'store_entry': 'swift'} {{(pid=101974) register_scheme_map /opt/stack/data/venv/lib/python3.12/site-packages/glance_store/location.py:146}}
May 26 14:31:56.573272 np0000001424 devstack@g-api.service[101974]: DEBUG glance_store.location [None req-301b5c4b-8008-4366-8b33-db9c8d1a0b78 tempest-ServerStableDeviceRescueTest-401290826 tempest-ServerStableDeviceRescueTest-401290826-project-member] Registering scheme swift+config with {'store': , 'location_class': , 'store_entry': 'swift'} {{(pid=101974) register_scheme_map /opt/stack/data/venv/lib/python3.12/site-packages/glance_store/location.py:146}}
May 26 14:31:57.104715 np0000001424 devstack@g-api.service[101974]: DEBUG swiftclient [None req-301b5c4b-8008-4366-8b33-db9c8d1a0b78 tempest-ServerStableDeviceRescueTest-401290826 tempest-ServerStableDeviceRescueTest-401290826-project-member] REQ: curl -i https://10.4.3.188:8080/v1/AUTH_7b615891113a41c885d2d6c25006208f/glance -I -H "X-Auth-Token: gAAAAABqFa7cDbT8..." {{(pid=101974) http_log /opt/stack/data/venv/lib/python3.12/site-packages/swiftclient/client.py:160}}
May 26 14:31:57.105091 np0000001424 devstack@g-api.service[101974]: DEBUG swiftclient [None req-301b5c4b-8008-4366-8b33-db9c8d1a0b78 tempest-ServerStableDeviceRescueTest-401290826 tempest-ServerStableDeviceRescueTest-401290826-project-member] RESP STATUS: 204 No Content {{(pid=101974) http_log /opt/stack/data/venv/lib/python3.12/site-packages/swiftclient/client.py:161}}
May 26 14:31:57.105091 np0000001424 devstack@g-api.service[101974]: DEBUG swiftclient [None req-301b5c4b-8008-4366-8b33-db9c8d1a0b78 tempest-ServerStableDeviceRescueTest-401290826 tempest-ServerStableDeviceRescueTest-401290826-project-member] RESP HEADERS: {'Date': 'Tue, 26 May 2026 14:31:57 GMT', 'Server': 'Apache/2.4.58 (Ubuntu)', 'Content-Type': 'text/plain; charset=utf-8', 'X-Container-Object-Count': '5', 'X-Container-Bytes-Used': '86048768', 'X-Timestamp': '1779805694.80792', 'Last-Modified': 'Tue, 26 May 2026 14:28:15 GMT', 'Accept-Ranges': 'bytes', 'X-Storage-Policy': 'Policy-0', 'X-Container-Sharding': 'False', 'Vary': 'Accept', 'X-Trans-Id': 'tx09809d7cbd87426ca3e25-006a15aedc', 'X-Openstack-Request-Id': 'tx09809d7cbd87426ca3e25-006a15aedc', 'Connection': 'close'} {{(pid=101974) http_log /opt/stack/data/venv/lib/python3.12/site-packages/swiftclient/client.py:162}}
May 26 14:31:57.105185 np0000001424 devstack@g-api.service[101974]: DEBUG glance_store._drivers.swift.store [None req-301b5c4b-8008-4366-8b33-db9c8d1a0b78 tempest-ServerStableDeviceRescueTest-401290826 tempest-ServerStableDeviceRescueTest-401290826-project-member] Adding image object '985ecd32-f65e-4797-be39-489271309400' to Swift {{(pid=101974) add /opt/stack/data/venv/lib/python3.12/site-packages/glance_store/_drivers/swift/store.py:970}}
May 26 14:31:57.105258 np0000001424 devstack@g-api.service[101974]: DEBUG glance_store._drivers.swift.store [None req-301b5c4b-8008-4366-8b33-db9c8d1a0b78 tempest-ServerStableDeviceRescueTest-401290826 tempest-ServerStableDeviceRescueTest-401290826-project-member] Cannot determine image size because it is either not provided in the request or chunked-transfer encoding is used. Adding image as a segmented object to Swift. {{(pid=101974) add /opt/stack/data/venv/lib/python3.12/site-packages/glance_store/_drivers/swift/store.py:994}}
May 26 14:31:57.111405 np0000001424 devstack@g-api.service[101974]: DEBUG oslo_utils.imageutils.format_inspector [None req-301b5c4b-8008-4366-8b33-db9c8d1a0b78 tempest-ServerStableDeviceRescueTest-401290826 tempest-ServerStableDeviceRescueTest-401290826-project-member] Format inspector for vmdk does not match, excluding from consideration (Signature KDMV not found: b'QFI\xfb') {{(pid=101974) _process_chunk /opt/stack/data/venv/lib/python3.12/site-packages/oslo_utils/imageutils/format_inspector.py:1538}}
May 26 14:31:57.113854 np0000001424 devstack@g-api.service[101974]: DEBUG oslo_utils.imageutils.format_inspector [None req-301b5c4b-8008-4366-8b33-db9c8d1a0b78 tempest-ServerStableDeviceRescueTest-401290826 tempest-ServerStableDeviceRescueTest-401290826-project-member] Format inspector for vhdx does not match, excluding from consideration (Region signature not found at 30000) {{(pid=101974) _process_chunk /opt/stack/data/venv/lib/python3.12/site-packages/oslo_utils/imageutils/format_inspector.py:1538}}
May 26 14:31:57.199856 np0000001424 devstack@g-api.service[101973]: DEBUG glance.api.middleware.version_negotiation [None req-02ddf42d-60a8-45e6-8142-4062db7906da tempest-ServerStableDeviceRescueTest-401290826 tempest-ServerStableDeviceRescueTest-401290826-project-member] Determining version of request: GET /v2/images/985ecd32-f65e-4797-be39-489271309400 Accept: */* {{(pid=101973) process_request /opt/stack/glance/glance/api/middleware/version_negotiation.py:44}}
May 26 14:31:57.200348 np0000001424 devstack@g-api.service[101973]: DEBUG glance.api.middleware.version_negotiation [None req-02ddf42d-60a8-45e6-8142-4062db7906da tempest-ServerStableDeviceRescueTest-401290826 tempest-ServerStableDeviceRescueTest-401290826-project-member] Using url versioning {{(pid=101973) process_request /opt/stack/glance/glance/api/middleware/version_negotiation.py:57}}
May 26 14:31:57.200348 np0000001424 devstack@g-api.service[101973]: DEBUG glance.api.middleware.version_negotiation [None req-02ddf42d-60a8-45e6-8142-4062db7906da tempest-ServerStableDeviceRescueTest-401290826 tempest-ServerStableDeviceRescueTest-401290826-project-member] Matched version: v2 {{(pid=101973) process_request /opt/stack/glance/glance/api/middleware/version_negotiation.py:69}}
May 26 14:31:57.204482 np0000001424 devstack@g-api.service[101973]: DEBUG glance.api.middleware.version_negotiation [None req-02ddf42d-60a8-45e6-8142-4062db7906da tempest-ServerStableDeviceRescueTest-401290826 tempest-ServerStableDeviceRescueTest-401290826-project-member] new path /v2/images/985ecd32-f65e-4797-be39-489271309400 {{(pid=101973) process_request /opt/stack/glance/glance/api/middleware/version_negotiation.py:70}}
May 26 14:31:57.218847 np0000001424 devstack@g-api.service[101973]: [pid: 101973|app: 0|req: 32/95] 127.0.0.1 () {44 vars in 1115 bytes} [Tue May 26 14:31:57 2026] GET /v2/images/985ecd32-f65e-4797-be39-489271309400 => generated 1445 bytes in 19 msecs (HTTP/1.1 200) 4 headers in 158 bytes (1 switches on core 0)
May 26 14:31:57.264172 np0000001424 devstack@g-api.service[101975]: DEBUG glance.api.middleware.version_negotiation [None req-02ddf42d-60a8-45e6-8142-4062db7906da tempest-ServerStableDeviceRescueTest-401290826 tempest-ServerStableDeviceRescueTest-401290826-project-member] Determining version of request: GET /v2/schemas/image Accept: */* {{(pid=101975) process_request /opt/stack/glance/glance/api/middleware/version_negotiation.py:44}}
May 26 14:31:57.264525 np0000001424 devstack@g-api.service[101975]: DEBUG glance.api.middleware.version_negotiation [None req-02ddf42d-60a8-45e6-8142-4062db7906da tempest-ServerStableDeviceRescueTest-401290826 tempest-ServerStableDeviceRescueTest-401290826-project-member] Using url versioning {{(pid=101975) process_request /opt/stack/glance/glance/api/middleware/version_negotiation.py:57}}
May 26 14:31:57.264525 np0000001424 devstack@g-api.service[101975]: DEBUG glance.api.middleware.version_negotiation [None req-02ddf42d-60a8-45e6-8142-4062db7906da tempest-ServerStableDeviceRescueTest-401290826 tempest-ServerStableDeviceRescueTest-401290826-project-member] Matched version: v2 {{(pid=101975) process_request /opt/stack/glance/glance/api/middleware/version_negotiation.py:69}}
May 26 14:31:57.264525 np0000001424 devstack@g-api.service[101975]: DEBUG glance.api.middleware.version_negotiation [None req-02ddf42d-60a8-45e6-8142-4062db7906da tempest-ServerStableDeviceRescueTest-401290826 tempest-ServerStableDeviceRescueTest-401290826-project-member] new path /v2/schemas/image {{(pid=101975) process_request /opt/stack/glance/glance/api/middleware/version_negotiation.py:70}}
May 26 14:31:57.267980 np0000001424 devstack@g-api.service[101975]: [pid: 101975|app: 0|req: 33/96] 127.0.0.1 () {44 vars in 1055 bytes} [Tue May 26 14:31:57 2026] GET /v2/schemas/image => generated 6083 bytes in 4 msecs (HTTP/1.1 200) 4 headers in 158 bytes (1 switches on core 0)
May 26 14:31:57.745162 np0000001424 devstack@g-api.service[101974]: DEBUG swiftclient [None req-301b5c4b-8008-4366-8b33-db9c8d1a0b78 tempest-ServerStableDeviceRescueTest-401290826 tempest-ServerStableDeviceRescueTest-401290826-project-member] REQ: curl -i https://10.4.3.188:8080/v1/AUTH_7b615891113a41c885d2d6c25006208f/glance/985ecd32-f65e-4797-be39-489271309400-00001 -X PUT -H "X-Auth-Token: gAAAAABqFa7cDbT8..." {{(pid=101974) http_log /opt/stack/data/venv/lib/python3.12/site-packages/swiftclient/client.py:160}}
May 26 14:31:57.745364 np0000001424 devstack@g-api.service[101974]: DEBUG swiftclient [None req-301b5c4b-8008-4366-8b33-db9c8d1a0b78 tempest-ServerStableDeviceRescueTest-401290826 tempest-ServerStableDeviceRescueTest-401290826-project-member] RESP STATUS: 201 Created {{(pid=101974) http_log /opt/stack/data/venv/lib/python3.12/site-packages/swiftclient/client.py:161}}
May 26 14:31:57.745667 np0000001424 devstack@g-api.service[101974]: DEBUG swiftclient [None req-301b5c4b-8008-4366-8b33-db9c8d1a0b78 tempest-ServerStableDeviceRescueTest-401290826 tempest-ServerStableDeviceRescueTest-401290826-project-member] RESP HEADERS: {'Date': 'Tue, 26 May 2026 14:31:57 GMT', 'Server': 'Apache/2.4.58 (Ubuntu)', 'Content-Type': 'text/html; charset=UTF-8', 'Content-Length': '0', 'Etag': '9ef1f07c2fa3d62e923f35882b54103e', 'Last-Modified': 'Tue, 26 May 2026 14:31:58 GMT', 'X-Trans-Id': 'txd3ffb5e921844cfe95765-006a15aedd', 'X-Openstack-Request-Id': 'txd3ffb5e921844cfe95765-006a15aedd', 'Connection': 'close'} {{(pid=101974) http_log /opt/stack/data/venv/lib/python3.12/site-packages/swiftclient/client.py:162}}
May 26 14:31:57.745843 np0000001424 devstack@g-api.service[101974]: DEBUG glance_store._drivers.swift.store [None req-301b5c4b-8008-4366-8b33-db9c8d1a0b78 tempest-ServerStableDeviceRescueTest-401290826 tempest-ServerStableDeviceRescueTest-401290826-project-member] Wrote chunk 985ecd32-f65e-4797-be39-489271309400-00001 (1/?) of length 54067200 to Swift returning MD5 of content: 9ef1f07c2fa3d62e923f35882b54103e {{(pid=101974) add /opt/stack/data/venv/lib/python3.12/site-packages/glance_store/_drivers/swift/store.py:1059}}
May 26 14:31:57.746877 np0000001424 devstack@g-api.service[101974]: DEBUG glance_store._drivers.swift.store [None req-301b5c4b-8008-4366-8b33-db9c8d1a0b78 tempest-ServerStableDeviceRescueTest-401290826 tempest-ServerStableDeviceRescueTest-401290826-project-member] Not writing zero-length chunk. {{(pid=101974) add /opt/stack/data/venv/lib/python3.12/site-packages/glance_store/_drivers/swift/store.py:1028}}
May 26 14:31:57.768191 np0000001424 devstack@g-api.service[101973]: DEBUG glance.api.middleware.version_negotiation [None req-72e97eb4-c496-4c97-bcdf-bd9a0309713d tempest-ServerStableDeviceRescueTest-401290826 tempest-ServerStableDeviceRescueTest-401290826-project-member] Determining version of request: GET /v2/images/23e4c3c2-1577-491b-802f-ebd59452900a Accept: */* {{(pid=101973) process_request /opt/stack/glance/glance/api/middleware/version_negotiation.py:44}}
May 26 14:31:57.768405 np0000001424 devstack@g-api.service[101973]: DEBUG glance.api.middleware.version_negotiation [None req-72e97eb4-c496-4c97-bcdf-bd9a0309713d tempest-ServerStableDeviceRescueTest-401290826 tempest-ServerStableDeviceRescueTest-401290826-project-member] Using url versioning {{(pid=101973) process_request /opt/stack/glance/glance/api/middleware/version_negotiation.py:57}}
May 26 14:31:57.768615 np0000001424 devstack@g-api.service[101973]: DEBUG glance.api.middleware.version_negotiation [None req-72e97eb4-c496-4c97-bcdf-bd9a0309713d tempest-ServerStableDeviceRescueTest-401290826 tempest-ServerStableDeviceRescueTest-401290826-project-member] Matched version: v2 {{(pid=101973) process_request /opt/stack/glance/glance/api/middleware/version_negotiation.py:69}}
May 26 14:31:57.769151 np0000001424 devstack@g-api.service[101973]: DEBUG glance.api.middleware.version_negotiation [None req-72e97eb4-c496-4c97-bcdf-bd9a0309713d tempest-ServerStableDeviceRescueTest-401290826 tempest-ServerStableDeviceRescueTest-401290826-project-member] new path /v2/images/23e4c3c2-1577-491b-802f-ebd59452900a {{(pid=101973) process_request /opt/stack/glance/glance/api/middleware/version_negotiation.py:70}}
May 26 14:31:57.778403 np0000001424 devstack@g-api.service[101974]: DEBUG swiftclient [None req-301b5c4b-8008-4366-8b33-db9c8d1a0b78 tempest-ServerStableDeviceRescueTest-401290826 tempest-ServerStableDeviceRescueTest-401290826-project-member] REQ: curl -i https://10.4.3.188:8080/v1/AUTH_7b615891113a41c885d2d6c25006208f/glance/985ecd32-f65e-4797-be39-489271309400 -X PUT -H "X-Object-Manifest: glance/985ecd32-f65e-4797-be39-489271309400-" -H "X-Auth-Token: gAAAAABqFa7cDbT8..." -H "Content-Length: 0" {{(pid=101974) http_log /opt/stack/data/venv/lib/python3.12/site-packages/swiftclient/client.py:160}}
May 26 14:31:57.778527 np0000001424 devstack@g-api.service[101974]: DEBUG swiftclient [None req-301b5c4b-8008-4366-8b33-db9c8d1a0b78 tempest-ServerStableDeviceRescueTest-401290826 tempest-ServerStableDeviceRescueTest-401290826-project-member] RESP STATUS: 201 Created {{(pid=101974) http_log /opt/stack/data/venv/lib/python3.12/site-packages/swiftclient/client.py:161}}
May 26 14:31:57.778683 np0000001424 devstack@g-api.service[101974]: DEBUG swiftclient [None req-301b5c4b-8008-4366-8b33-db9c8d1a0b78 tempest-ServerStableDeviceRescueTest-401290826 tempest-ServerStableDeviceRescueTest-401290826-project-member] RESP HEADERS: {'Date': 'Tue, 26 May 2026 14:31:57 GMT', 'Server': 'Apache/2.4.58 (Ubuntu)', 'Content-Type': 'text/html; charset=UTF-8', 'Content-Length': '0', 'Etag': 'd41d8cd98f00b204e9800998ecf8427e', 'Last-Modified': 'Tue, 26 May 2026 14:31:58 GMT', 'X-Trans-Id': 'tx2923078a45cc4b238104c-006a15aedd', 'X-Openstack-Request-Id': 'tx2923078a45cc4b238104c-006a15aedd', 'Connection': 'close'} {{(pid=101974) http_log /opt/stack/data/venv/lib/python3.12/site-packages/swiftclient/client.py:162}}
May 26 14:31:57.779113 np0000001424 devstack@g-api.service[101974]: INFO glance.location [None req-301b5c4b-8008-4366-8b33-db9c8d1a0b78 tempest-ServerStableDeviceRescueTest-401290826 tempest-ServerStableDeviceRescueTest-401290826-project-member] Image format matched and virtual size computed: 1073741824
May 26 14:31:57.781388 np0000001424 devstack@g-api.service[101973]: [pid: 101973|app: 0|req: 33/97] 127.0.0.1 () {44 vars in 1115 bytes} [Tue May 26 14:31:57 2026] GET /v2/images/23e4c3c2-1577-491b-802f-ebd59452900a => generated 1044 bytes in 13 msecs (HTTP/1.1 200) 4 headers in 158 bytes (1 switches on core 0)
May 26 14:31:57.822769 np0000001424 devstack@g-api.service[101975]: DEBUG glance.api.middleware.version_negotiation [None req-72e97eb4-c496-4c97-bcdf-bd9a0309713d tempest-ServerStableDeviceRescueTest-401290826 tempest-ServerStableDeviceRescueTest-401290826-project-member] Determining version of request: GET /v2/schemas/image Accept: */* {{(pid=101975) process_request /opt/stack/glance/glance/api/middleware/version_negotiation.py:44}}
May 26 14:31:57.824136 np0000001424 devstack@g-api.service[101975]: DEBUG glance.api.middleware.version_negotiation [None req-72e97eb4-c496-4c97-bcdf-bd9a0309713d tempest-ServerStableDeviceRescueTest-401290826 tempest-ServerStableDeviceRescueTest-401290826-project-member] Using url versioning {{(pid=101975) process_request /opt/stack/glance/glance/api/middleware/version_negotiation.py:57}}
May 26 14:31:57.824136 np0000001424 devstack@g-api.service[101975]: DEBUG glance.api.middleware.version_negotiation [None req-72e97eb4-c496-4c97-bcdf-bd9a0309713d tempest-ServerStableDeviceRescueTest-401290826 tempest-ServerStableDeviceRescueTest-401290826-project-member] Matched version: v2 {{(pid=101975) process_request /opt/stack/glance/glance/api/middleware/version_negotiation.py:69}}
May 26 14:31:57.824294 np0000001424 devstack@g-api.service[101975]: DEBUG glance.api.middleware.version_negotiation [None req-72e97eb4-c496-4c97-bcdf-bd9a0309713d tempest-ServerStableDeviceRescueTest-401290826 tempest-ServerStableDeviceRescueTest-401290826-project-member] new path /v2/schemas/image {{(pid=101975) process_request /opt/stack/glance/glance/api/middleware/version_negotiation.py:70}}
May 26 14:31:57.824704 np0000001424 devstack@g-api.service[101974]: DEBUG glance_store.backend [None req-301b5c4b-8008-4366-8b33-db9c8d1a0b78 tempest-ServerStableDeviceRescueTest-401290826 tempest-ServerStableDeviceRescueTest-401290826-project-member] Attempting to import store swift {{(pid=101974) _load_store /opt/stack/data/venv/lib/python3.12/site-packages/glance_store/backend.py:215}}
May 26 14:31:57.826741 np0000001424 devstack@g-api.service[101974]: DEBUG glance_store.capabilities [None req-301b5c4b-8008-4366-8b33-db9c8d1a0b78 tempest-ServerStableDeviceRescueTest-401290826 tempest-ServerStableDeviceRescueTest-401290826-project-member] Store glance_store._drivers.swift.store.SingleTenantStore doesn't support updating dynamic storage capabilities. Please overwrite 'update_capabilities' method of the store to implement updating logics if needed. {{(pid=101974) update_capabilities /opt/stack/data/venv/lib/python3.12/site-packages/glance_store/capabilities.py:91}}
May 26 14:31:57.826981 np0000001424 devstack@g-api.service[101974]: DEBUG glance_store.driver [None req-301b5c4b-8008-4366-8b33-db9c8d1a0b78 tempest-ServerStableDeviceRescueTest-401290826 tempest-ServerStableDeviceRescueTest-401290826-project-member] Late loading location class glance_store._drivers.swift.store.StoreLocation {{(pid=101974) get_store_location_class /opt/stack/data/venv/lib/python3.12/site-packages/glance_store/driver.py:134}}
May 26 14:31:57.827150 np0000001424 devstack@g-api.service[101974]: DEBUG glance_store.location [None req-301b5c4b-8008-4366-8b33-db9c8d1a0b78 tempest-ServerStableDeviceRescueTest-401290826 tempest-ServerStableDeviceRescueTest-401290826-project-member] Registering scheme swift+https with {'store': , 'location_class': , 'store_entry': 'swift'} {{(pid=101974) register_scheme_map /opt/stack/data/venv/lib/python3.12/site-packages/glance_store/location.py:146}}
May 26 14:31:57.827259 np0000001424 devstack@g-api.service[101974]: DEBUG glance_store.location [None req-301b5c4b-8008-4366-8b33-db9c8d1a0b78 tempest-ServerStableDeviceRescueTest-401290826 tempest-ServerStableDeviceRescueTest-401290826-project-member] Registering scheme swift+https with {'store': , 'location_class': , 'store_entry': 'swift'} {{(pid=101974) register_scheme_map /opt/stack/data/venv/lib/python3.12/site-packages/glance_store/location.py:146}}
May 26 14:31:57.827350 np0000001424 devstack@g-api.service[101974]: DEBUG glance_store.location [None req-301b5c4b-8008-4366-8b33-db9c8d1a0b78 tempest-ServerStableDeviceRescueTest-401290826 tempest-ServerStableDeviceRescueTest-401290826-project-member] Registering scheme swift with {'store': , 'location_class': , 'store_entry': 'swift'} {{(pid=101974) register_scheme_map /opt/stack/data/venv/lib/python3.12/site-packages/glance_store/location.py:146}}
May 26 14:31:57.827461 np0000001424 devstack@g-api.service[101974]: DEBUG glance_store.location [None req-301b5c4b-8008-4366-8b33-db9c8d1a0b78 tempest-ServerStableDeviceRescueTest-401290826 tempest-ServerStableDeviceRescueTest-401290826-project-member] Registering scheme swift+https with {'store': , 'location_class': , 'store_entry': 'swift'} {{(pid=101974) register_scheme_map /opt/stack/data/venv/lib/python3.12/site-packages/glance_store/location.py:146}}
