May 26 14:27:20.855577 np0000001424 neutron-periodic-workers[92073]: DEBUG cotyledon.oslo_config_glue [-] database.use_db_reconnect = False {{(pid=92073) log_opt_values /opt/stack/data/venv/lib/python3.12/site-packages/oslo_config/cfg.py:3256}}
May 26 14:27:20.855577 np0000001424 neutron-periodic-workers[92073]: DEBUG cotyledon.oslo_config_glue [-] ovn.bfd_min_rx = 1000 {{(pid=92073) log_opt_values /opt/stack/data/venv/lib/python3.12/site-packages/oslo_config/cfg.py:3256}}
May 26 14:27:20.855577 np0000001424 neutron-periodic-workers[92073]: DEBUG cotyledon.oslo_config_glue [-] ovn.bfd_min_tx = 100 {{(pid=92073) log_opt_values /opt/stack/data/venv/lib/python3.12/site-packages/oslo_config/cfg.py:3256}}
May 26 14:27:20.855907 np0000001424 neutron-periodic-workers[92073]: DEBUG cotyledon.oslo_config_glue [-] ovn.bfd_mult = 3 {{(pid=92073) log_opt_values /opt/stack/data/venv/lib/python3.12/site-packages/oslo_config/cfg.py:3256}}
May 26 14:27:20.855907 np0000001424 neutron-periodic-workers[92073]: DEBUG cotyledon.oslo_config_glue [-] ovn.broadcast_arps_to_all_routers = True {{(pid=92073) log_opt_values /opt/stack/data/venv/lib/python3.12/site-packages/oslo_config/cfg.py:3256}}
May 26 14:27:20.855907 np0000001424 neutron-periodic-workers[92073]: DEBUG cotyledon.oslo_config_glue [-] ovn.dhcp_default_lease_time = 43200 {{(pid=92073) log_opt_values /opt/stack/data/venv/lib/python3.12/site-packages/oslo_config/cfg.py:3256}}
May 26 14:27:20.855907 np0000001424 neutron-periodic-workers[92073]: DEBUG cotyledon.oslo_config_glue [-] ovn.disable_ovn_dhcp_for_baremetal_ports = False {{(pid=92073) log_opt_values /opt/stack/data/venv/lib/python3.12/site-packages/oslo_config/cfg.py:3256}}
May 26 14:27:20.855907 np0000001424 neutron-periodic-workers[92073]: DEBUG cotyledon.oslo_config_glue [-] ovn.dns_records_ovn_owned = False {{(pid=92073) log_opt_values /opt/stack/data/venv/lib/python3.12/site-packages/oslo_config/cfg.py:3256}}
May 26 14:27:20.855907 np0000001424 neutron-periodic-workers[92073]: DEBUG cotyledon.oslo_config_glue [-] ovn.dns_servers = [] {{(pid=92073) log_opt_values /opt/stack/data/venv/lib/python3.12/site-packages/oslo_config/cfg.py:3256}}
May 26 14:27:20.855907 np0000001424 neutron-periodic-workers[92073]: DEBUG cotyledon.oslo_config_glue [-] ovn.enable_distributed_floating_ip = False {{(pid=92073) log_opt_values /opt/stack/data/venv/lib/python3.12/site-packages/oslo_config/cfg.py:3256}}
May 26 14:27:20.855907 np0000001424 neutron-periodic-workers[92073]: DEBUG cotyledon.oslo_config_glue [-] ovn.fdb_age_threshold = 300 {{(pid=92073) log_opt_values /opt/stack/data/venv/lib/python3.12/site-packages/oslo_config/cfg.py:3256}}
May 26 14:27:20.855907 np0000001424 neutron-periodic-workers[92073]: DEBUG cotyledon.oslo_config_glue [-] ovn.ha_failover_strategy = normal {{(pid=92073) log_opt_values /opt/stack/data/venv/lib/python3.12/site-packages/oslo_config/cfg.py:3256}}
May 26 14:27:20.856833 np0000001424 neutron-periodic-workers[92073]: DEBUG cotyledon.oslo_config_glue [-] ovn.live_migration_activation_strategy = rarp {{(pid=92073) log_opt_values /opt/stack/data/venv/lib/python3.12/site-packages/oslo_config/cfg.py:3256}}
May 26 14:27:20.856833 np0000001424 neutron-periodic-workers[92073]: DEBUG cotyledon.oslo_config_glue [-] ovn.localnet_learn_fdb = False {{(pid=92073) log_opt_values /opt/stack/data/venv/lib/python3.12/site-packages/oslo_config/cfg.py:3256}}
May 26 14:27:20.856833 np0000001424 neutron-periodic-workers[92073]: DEBUG cotyledon.oslo_config_glue [-] ovn.mac_binding_age_threshold = 300 {{(pid=92073) log_opt_values /opt/stack/data/venv/lib/python3.12/site-packages/oslo_config/cfg.py:3256}}
May 26 14:27:20.856833 np0000001424 neutron-periodic-workers[92073]: DEBUG cotyledon.oslo_config_glue [-] ovn.neutron_sync_mode = log {{(pid=92073) log_opt_values /opt/stack/data/venv/lib/python3.12/site-packages/oslo_config/cfg.py:3256}}
May 26 14:27:20.856833 np0000001424 neutron-periodic-workers[92073]: DEBUG cotyledon.oslo_config_glue [-] ovn.ovn_dhcp4_global_options = {} {{(pid=92073) log_opt_values /opt/stack/data/venv/lib/python3.12/site-packages/oslo_config/cfg.py:3256}}
May 26 14:27:20.856833 np0000001424 neutron-periodic-workers[92073]: DEBUG cotyledon.oslo_config_glue [-] ovn.ovn_dhcp6_global_options = {} {{(pid=92073) log_opt_values /opt/stack/data/venv/lib/python3.12/site-packages/oslo_config/cfg.py:3256}}
May 26 14:27:20.856833 np0000001424 neutron-periodic-workers[92073]: DEBUG cotyledon.oslo_config_glue [-] ovn.ovn_l3_scheduler = leastloaded {{(pid=92073) log_opt_values /opt/stack/data/venv/lib/python3.12/site-packages/oslo_config/cfg.py:3256}}
May 26 14:27:20.856833 np0000001424 neutron-periodic-workers[92073]: DEBUG cotyledon.oslo_config_glue [-] ovn.ovn_metadata_enabled = True {{(pid=92073) log_opt_values /opt/stack/data/venv/lib/python3.12/site-packages/oslo_config/cfg.py:3256}}
May 26 14:27:20.856833 np0000001424 neutron-periodic-workers[92073]: DEBUG cotyledon.oslo_config_glue [-] ovn.ovn_nb_ca_cert = /opt/stack/data/CA/int-ca/ca-chain.pem {{(pid=92073) log_opt_values /opt/stack/data/venv/lib/python3.12/site-packages/oslo_config/cfg.py:3256}}
May 26 14:27:20.857095 np0000001424 neutron-periodic-workers[92073]: DEBUG cotyledon.oslo_config_glue [-] ovn.ovn_nb_certificate = /opt/stack/data/CA/int-ca/devstack-cert.crt {{(pid=92073) log_opt_values /opt/stack/data/venv/lib/python3.12/site-packages/oslo_config/cfg.py:3256}}
May 26 14:27:20.857095 np0000001424 neutron-periodic-workers[92073]: DEBUG cotyledon.oslo_config_glue [-] ovn.ovn_nb_connection = ['ssl:10.4.3.188:6641'] {{(pid=92073) log_opt_values /opt/stack/data/venv/lib/python3.12/site-packages/oslo_config/cfg.py:3256}}
May 26 14:27:20.857095 np0000001424 neutron-periodic-workers[92073]: DEBUG cotyledon.oslo_config_glue [-] ovn.ovn_nb_private_key = /opt/stack/data/CA/int-ca/private/devstack-cert.key {{(pid=92073) log_opt_values /opt/stack/data/venv/lib/python3.12/site-packages/oslo_config/cfg.py:3256}}
May 26 14:27:20.857095 np0000001424 neutron-periodic-workers[92073]: DEBUG cotyledon.oslo_config_glue [-] ovn.ovn_router_indirect_snat = False {{(pid=92073) log_opt_values /opt/stack/data/venv/lib/python3.12/site-packages/oslo_config/cfg.py:3256}}
May 26 14:27:20.857095 np0000001424 neutron-periodic-workers[92073]: DEBUG cotyledon.oslo_config_glue [-] ovn.ovn_sb_ca_cert = /opt/stack/data/CA/int-ca/ca-chain.pem {{(pid=92073) log_opt_values /opt/stack/data/venv/lib/python3.12/site-packages/oslo_config/cfg.py:3256}}
May 26 14:27:20.857095 np0000001424 neutron-periodic-workers[92073]: DEBUG cotyledon.oslo_config_glue [-] ovn.ovn_sb_certificate = /opt/stack/data/CA/int-ca/devstack-cert.crt {{(pid=92073) log_opt_values /opt/stack/data/venv/lib/python3.12/site-packages/oslo_config/cfg.py:3256}}
May 26 14:27:20.857095 np0000001424 neutron-periodic-workers[92073]: DEBUG cotyledon.oslo_config_glue [-] ovn.ovn_sb_connection = ['ssl:10.4.3.188:6642'] {{(pid=92073) log_opt_values /opt/stack/data/venv/lib/python3.12/site-packages/oslo_config/cfg.py:3256}}
May 26 14:27:20.857095 np0000001424 neutron-periodic-workers[92073]: DEBUG cotyledon.oslo_config_glue [-] ovn.ovn_sb_private_key = /opt/stack/data/CA/int-ca/private/devstack-cert.key {{(pid=92073) log_opt_values /opt/stack/data/venv/lib/python3.12/site-packages/oslo_config/cfg.py:3256}}
May 26 14:27:20.857305 np0000001424 neutron-periodic-workers[92073]: DEBUG cotyledon.oslo_config_glue [-] ovn.ovs_create_tap = False {{(pid=92073) log_opt_values /opt/stack/data/venv/lib/python3.12/site-packages/oslo_config/cfg.py:3256}}
May 26 14:27:20.857305 np0000001424 neutron-periodic-workers[92073]: DEBUG cotyledon.oslo_config_glue [-] ovn.ovsdb_connection_timeout = 180 {{(pid=92073) log_opt_values /opt/stack/data/venv/lib/python3.12/site-packages/oslo_config/cfg.py:3256}}
May 26 14:27:20.857305 np0000001424 neutron-periodic-workers[92073]: DEBUG cotyledon.oslo_config_glue [-] ovn.ovsdb_log_level = INFO {{(pid=92073) log_opt_values /opt/stack/data/venv/lib/python3.12/site-packages/oslo_config/cfg.py:3256}}
May 26 14:27:20.857305 np0000001424 neutron-periodic-workers[92073]: DEBUG cotyledon.oslo_config_glue [-] ovn.ovsdb_probe_interval = 60000 {{(pid=92073) log_opt_values /opt/stack/data/venv/lib/python3.12/site-packages/oslo_config/cfg.py:3256}}
May 26 14:27:20.857305 np0000001424 neutron-periodic-workers[92073]: DEBUG cotyledon.oslo_config_glue [-] ovn.ovsdb_retry_max_interval = 180 {{(pid=92073) log_opt_values /opt/stack/data/venv/lib/python3.12/site-packages/oslo_config/cfg.py:3256}}
May 26 14:27:20.857305 np0000001424 neutron-periodic-workers[92073]: DEBUG cotyledon.oslo_config_glue [-] ovn.stateless_nat_enabled = False {{(pid=92073) log_opt_values /opt/stack/data/venv/lib/python3.12/site-packages/oslo_config/cfg.py:3256}}
May 26 14:27:20.857305 np0000001424 neutron-periodic-workers[92073]: DEBUG cotyledon.oslo_config_glue [-] ovn.vhost_sock_dir = /var/run/openvswitch {{(pid=92073) log_opt_values /opt/stack/data/venv/lib/python3.12/site-packages/oslo_config/cfg.py:3256}}
May 26 14:27:20.857305 np0000001424 neutron-periodic-workers[92073]: DEBUG cotyledon.oslo_config_glue [-] OVS.bridge_mac_table_size = 50000 {{(pid=92073) log_opt_values /opt/stack/data/venv/lib/python3.12/site-packages/oslo_config/cfg.py:3256}}
May 26 14:27:20.857305 np0000001424 neutron-periodic-workers[92073]: DEBUG cotyledon.oslo_config_glue [-] OVS.igmp_flood = False {{(pid=92073) log_opt_values /opt/stack/data/venv/lib/python3.12/site-packages/oslo_config/cfg.py:3256}}
May 26 14:27:20.857783 np0000001424 neutron-periodic-workers[92073]: DEBUG cotyledon.oslo_config_glue [-] OVS.igmp_flood_reports = True {{(pid=92073) log_opt_values /opt/stack/data/venv/lib/python3.12/site-packages/oslo_config/cfg.py:3256}}
May 26 14:27:20.857783 np0000001424 neutron-periodic-workers[92073]: DEBUG cotyledon.oslo_config_glue [-] OVS.igmp_flood_unregistered = False {{(pid=92073) log_opt_values /opt/stack/data/venv/lib/python3.12/site-packages/oslo_config/cfg.py:3256}}
May 26 14:27:20.857783 np0000001424 neutron-periodic-workers[92073]: DEBUG cotyledon.oslo_config_glue [-] OVS.igmp_snooping_enable = False {{(pid=92073) log_opt_values /opt/stack/data/venv/lib/python3.12/site-packages/oslo_config/cfg.py:3256}}
May 26 14:27:20.857783 np0000001424 neutron-periodic-workers[92073]: DEBUG cotyledon.oslo_config_glue [-] OVS.ovsdb_timeout = 10 {{(pid=92073) log_opt_values /opt/stack/data/venv/lib/python3.12/site-packages/oslo_config/cfg.py:3256}}
May 26 14:27:20.857783 np0000001424 neutron-periodic-workers[92073]: DEBUG cotyledon.oslo_config_glue [-] ovn_nb_global.fdb_removal_limit = 0 {{(pid=92073) log_opt_values /opt/stack/data/venv/lib/python3.12/site-packages/oslo_config/cfg.py:3256}}
May 26 14:27:20.857783 np0000001424 neutron-periodic-workers[92073]: DEBUG cotyledon.oslo_config_glue [-] ovn_nb_global.ignore_lsp_down = False {{(pid=92073) log_opt_values /opt/stack/data/venv/lib/python3.12/site-packages/oslo_config/cfg.py:3256}}
May 26 14:27:20.857783 np0000001424 neutron-periodic-workers[92073]: DEBUG cotyledon.oslo_config_glue [-] ovn_nb_global.mac_binding_removal_limit = 0 {{(pid=92073) log_opt_values /opt/stack/data/venv/lib/python3.12/site-packages/oslo_config/cfg.py:3256}}
May 26 14:27:20.857783 np0000001424 neutron-periodic-workers[92073]: DEBUG cotyledon.oslo_config_glue [-] ******************************************************************************** {{(pid=92073) log_opt_values /opt/stack/data/venv/lib/python3.12/site-packages/oslo_config/cfg.py:3263}}
May 26 14:27:20.857783 np0000001424 neutron-periodic-workers[92073]: DEBUG cotyledon._service_worker [-] Run service ServiceWrapper(0) [92073] {{(pid=92073) wait_forever /opt/stack/data/venv/lib/python3.12/site-packages/cotyledon/_service_worker.py:218}}
May 26 14:27:30.443154 np0000001424 neutron-periodic-workers[90931]: DEBUG dbcounter [-] [90931] Writing DB stats neutron:SELECT=4 {{(pid=90931) stat_writer /opt/stack/data/venv/lib/python3.12/site-packages/dbcounter.py:115}}
May 26 14:27:59.825629 np0000001424 neutron-periodic-workers[92057]: DEBUG oslo_db.sqlalchemy.engines [None req-004ef9c3-1759-4806-a477-1b6a31e8117a None None] Parent process 90931 forked (92057) with an open database connection, which is being discarded and recreated. {{(pid=92057) checkout /opt/stack/data/venv/lib/python3.12/site-packages/oslo_db/sqlalchemy/engines.py:402}}
May 26 14:27:59.886363 np0000001424 neutron-periodic-workers[92057]: DEBUG dbcounter [-] [92057] Writer thread running {{(pid=92057) stat_writer /opt/stack/data/venv/lib/python3.12/site-packages/dbcounter.py:102}}
May 26 14:27:59.894673 np0000001424 neutron-periodic-workers[92057]: DEBUG oslo.service.backend._threading.loopingcall [None req-004ef9c3-1759-4806-a477-1b6a31e8117a None None] Fixed interval looping call 'neutron.plugins.ml2.plugin.DhcpAgentSchedulerDbMixin.remove_networks_from_down_agents' sleeping for 36.93 seconds {{(pid=92057) _run_loop /opt/stack/data/venv/lib/python3.12/site-packages/oslo_service/backend/_threading/loopingcall.py:125}}
May 26 14:28:09.893663 np0000001424 neutron-periodic-workers[92057]: DEBUG dbcounter [-] [92057] Writing DB stats neutron:SELECT=3 {{(pid=92057) stat_writer /opt/stack/data/venv/lib/python3.12/site-packages/dbcounter.py:115}}
May 26 14:28:29.882283 np0000001424 neutron-periodic-workers[92064]: DEBUG dbcounter [-] [92064] Writer thread running {{(pid=92064) stat_writer /opt/stack/data/venv/lib/python3.12/site-packages/dbcounter.py:102}}
May 26 14:28:29.886151 np0000001424 neutron-periodic-workers[92064]: DEBUG neutron.db.agents_db [None req-8753ab4f-206e-4969-b4b4-cd0435db30ba None None] Agent healthcheck: found 0 active agents {{(pid=92064) agent_health_check /opt/stack/neutron/neutron/db/agents_db.py:322}}
May 26 14:28:29.886367 np0000001424 neutron-periodic-workers[92064]: DEBUG oslo.service.backend._threading.loopingcall [None req-8753ab4f-206e-4969-b4b4-cd0435db30ba None None] Fixed interval looping call 'neutron.plugins.ml2.plugin.AgentDbMixin.agent_health_check' sleeping for 36.95 seconds {{(pid=92064) _run_loop /opt/stack/data/venv/lib/python3.12/site-packages/oslo_service/backend/_threading/loopingcall.py:125}}
May 26 14:28:36.831309 np0000001424 neutron-periodic-workers[92057]: DEBUG oslo.service.backend._threading.loopingcall [None req-004ef9c3-1759-4806-a477-1b6a31e8117a None None] Fixed interval looping call 'neutron.plugins.ml2.plugin.DhcpAgentSchedulerDbMixin.remove_networks_from_down_agents' sleeping for 36.99 seconds {{(pid=92057) _run_loop /opt/stack/data/venv/lib/python3.12/site-packages/oslo_service/backend/_threading/loopingcall.py:125}}
May 26 14:28:39.882786 np0000001424 neutron-periodic-workers[92064]: DEBUG dbcounter [-] [92064] Writing DB stats neutron:SELECT=1 {{(pid=92064) stat_writer /opt/stack/data/venv/lib/python3.12/site-packages/dbcounter.py:115}}
May 26 14:28:46.830451 np0000001424 neutron-periodic-workers[92057]: DEBUG dbcounter [-] [92057] Writing DB stats neutron:SELECT=3 {{(pid=92057) stat_writer /opt/stack/data/venv/lib/python3.12/site-packages/dbcounter.py:115}}
May 26 14:29:06.840399 np0000001424 neutron-periodic-workers[92064]: DEBUG neutron.db.agents_db [None req-8753ab4f-206e-4969-b4b4-cd0435db30ba None None] Agent healthcheck: found 0 active agents {{(pid=92064) agent_health_check /opt/stack/neutron/neutron/db/agents_db.py:322}}
May 26 14:29:06.840399 np0000001424 neutron-periodic-workers[92064]: DEBUG oslo.service.backend._threading.loopingcall [None req-8753ab4f-206e-4969-b4b4-cd0435db30ba None None] Fixed interval looping call 'neutron.plugins.ml2.plugin.AgentDbMixin.agent_health_check' sleeping for 37.00 seconds {{(pid=92064) _run_loop /opt/stack/data/venv/lib/python3.12/site-packages/oslo_service/backend/_threading/loopingcall.py:125}}
May 26 14:29:07.870062 np0000001424 neutron-periodic-workers[92047]: DEBUG dbcounter [-] [92047] Writer thread running {{(pid=92047) stat_writer /opt/stack/data/venv/lib/python3.12/site-packages/dbcounter.py:102}}
May 26 14:29:07.878708 np0000001424 neutron-periodic-workers[92047]: DEBUG oslo.service.backend._threading.loopingcall [None req-7c5c3ea7-ae56-48ea-98f7-92d89fdcb097 None None] Fixed interval looping call 'neutron.services.ovn_l3.plugin.L3_NAT_dbonly_mixin._clean_garbage' sleeping for 299.93 seconds {{(pid=92047) _run_loop /opt/stack/data/venv/lib/python3.12/site-packages/oslo_service/backend/_threading/loopingcall.py:125}}
May 26 14:29:13.827245 np0000001424 neutron-periodic-workers[92057]: DEBUG oslo.service.backend._threading.loopingcall [None req-004ef9c3-1759-4806-a477-1b6a31e8117a None None] Fixed interval looping call 'neutron.plugins.ml2.plugin.DhcpAgentSchedulerDbMixin.remove_networks_from_down_agents' sleeping for 36.99 seconds {{(pid=92057) _run_loop /opt/stack/data/venv/lib/python3.12/site-packages/oslo_service/backend/_threading/loopingcall.py:125}}
May 26 14:29:16.838796 np0000001424 neutron-periodic-workers[92064]: DEBUG dbcounter [-] [92064] Writing DB stats neutron:SELECT=1 {{(pid=92064) stat_writer /opt/stack/data/venv/lib/python3.12/site-packages/dbcounter.py:115}}
May 26 14:29:17.870812 np0000001424 neutron-periodic-workers[92047]: DEBUG dbcounter [-] [92047] Writing DB stats neutron:SELECT=1 {{(pid=92047) stat_writer /opt/stack/data/venv/lib/python3.12/site-packages/dbcounter.py:115}}
May 26 14:29:20.899651 np0000001424 neutron-periodic-workers[92073]: DEBUG dbcounter [-] [92073] Writer thread running {{(pid=92073) stat_writer /opt/stack/data/venv/lib/python3.12/site-packages/dbcounter.py:102}}
May 26 14:29:20.901313 np0000001424 neutron-periodic-workers[92073]: DEBUG oslo.service.backend._threading.loopingcall [None req-cdf1c1ae-f521-4654-accf-983e2294ef06 None None] Fixed interval looping call 'neutron.db.quota.driver_nolock.DbQuotaNoLockDriver._remove_expired_reservations' sleeping for 119.95 seconds {{(pid=92073) _run_loop /opt/stack/data/venv/lib/python3.12/site-packages/oslo_service/backend/_threading/loopingcall.py:125}}
May 26 14:29:23.826494 np0000001424 neutron-periodic-workers[92057]: DEBUG dbcounter [-] [92057] Writing DB stats neutron:SELECT=3 {{(pid=92057) stat_writer /opt/stack/data/venv/lib/python3.12/site-packages/dbcounter.py:115}}
May 26 14:29:30.900024 np0000001424 neutron-periodic-workers[92073]: DEBUG dbcounter [-] [92073] Writing DB stats neutron:DELETE=1 {{(pid=92073) stat_writer /opt/stack/data/venv/lib/python3.12/site-packages/dbcounter.py:115}}
May 26 14:29:43.843659 np0000001424 neutron-periodic-workers[92064]: DEBUG neutron.db.agents_db [None req-8753ab4f-206e-4969-b4b4-cd0435db30ba None None] Agent healthcheck: found 0 active agents {{(pid=92064) agent_health_check /opt/stack/neutron/neutron/db/agents_db.py:322}}
May 26 14:29:43.843659 np0000001424 neutron-periodic-workers[92064]: DEBUG oslo.service.backend._threading.loopingcall [None req-8753ab4f-206e-4969-b4b4-cd0435db30ba None None] Fixed interval looping call 'neutron.plugins.ml2.plugin.AgentDbMixin.agent_health_check' sleeping for 37.00 seconds {{(pid=92064) _run_loop /opt/stack/data/venv/lib/python3.12/site-packages/oslo_service/backend/_threading/loopingcall.py:125}}
May 26 14:29:50.825477 np0000001424 neutron-periodic-workers[92057]: DEBUG oslo.service.backend._threading.loopingcall [None req-004ef9c3-1759-4806-a477-1b6a31e8117a None None] Fixed interval looping call 'neutron.plugins.ml2.plugin.DhcpAgentSchedulerDbMixin.remove_networks_from_down_agents' sleeping for 36.99 seconds {{(pid=92057) _run_loop /opt/stack/data/venv/lib/python3.12/site-packages/oslo_service/backend/_threading/loopingcall.py:125}}
May 26 14:29:53.842495 np0000001424 neutron-periodic-workers[92064]: DEBUG dbcounter [-] [92064] Writing DB stats neutron:SELECT=1 {{(pid=92064) stat_writer /opt/stack/data/venv/lib/python3.12/site-packages/dbcounter.py:115}}
May 26 14:30:00.824420 np0000001424 neutron-periodic-workers[92057]: DEBUG dbcounter [-] [92057] Writing DB stats neutron:SELECT=3 {{(pid=92057) stat_writer /opt/stack/data/venv/lib/python3.12/site-packages/dbcounter.py:115}}
May 26 14:30:20.847727 np0000001424 neutron-periodic-workers[92064]: DEBUG neutron.db.agents_db [None req-8753ab4f-206e-4969-b4b4-cd0435db30ba None None] Agent healthcheck: found 0 active agents {{(pid=92064) agent_health_check /opt/stack/neutron/neutron/db/agents_db.py:322}}
May 26 14:30:20.848187 np0000001424 neutron-periodic-workers[92064]: DEBUG oslo.service.backend._threading.loopingcall [None req-8753ab4f-206e-4969-b4b4-cd0435db30ba None None] Fixed interval looping call 'neutron.plugins.ml2.plugin.AgentDbMixin.agent_health_check' sleeping for 37.00 seconds {{(pid=92064) _run_loop /opt/stack/data/venv/lib/python3.12/site-packages/oslo_service/backend/_threading/loopingcall.py:125}}
May 26 14:30:27.822567 np0000001424 neutron-periodic-workers[92057]: DEBUG oslo.service.backend._threading.loopingcall [None req-004ef9c3-1759-4806-a477-1b6a31e8117a None None] Fixed interval looping call 'neutron.plugins.ml2.plugin.DhcpAgentSchedulerDbMixin.remove_networks_from_down_agents' sleeping for 36.99 seconds {{(pid=92057) _run_loop /opt/stack/data/venv/lib/python3.12/site-packages/oslo_service/backend/_threading/loopingcall.py:125}}
May 26 14:30:30.846798 np0000001424 neutron-periodic-workers[92064]: DEBUG dbcounter [-] [92064] Writing DB stats neutron:SELECT=1 {{(pid=92064) stat_writer /opt/stack/data/venv/lib/python3.12/site-packages/dbcounter.py:115}}
May 26 14:30:37.821405 np0000001424 neutron-periodic-workers[92057]: DEBUG dbcounter [-] [92057] Writing DB stats neutron:SELECT=3 {{(pid=92057) stat_writer /opt/stack/data/venv/lib/python3.12/site-packages/dbcounter.py:115}}
May 26 14:30:57.854349 np0000001424 neutron-periodic-workers[92064]: DEBUG neutron.db.agents_db [None req-8753ab4f-206e-4969-b4b4-cd0435db30ba None None] Agent healthcheck: found 0 active agents {{(pid=92064) agent_health_check /opt/stack/neutron/neutron/db/agents_db.py:322}}
May 26 14:30:57.854707 np0000001424 neutron-periodic-workers[92064]: DEBUG oslo.service.backend._threading.loopingcall [None req-8753ab4f-206e-4969-b4b4-cd0435db30ba None None] Fixed interval looping call 'neutron.plugins.ml2.plugin.AgentDbMixin.agent_health_check' sleeping for 36.99 seconds {{(pid=92064) _run_loop /opt/stack/data/venv/lib/python3.12/site-packages/oslo_service/backend/_threading/loopingcall.py:125}}
May 26 14:31:04.822518 np0000001424 neutron-periodic-workers[92057]: DEBUG oslo.service.backend._threading.loopingcall [None req-004ef9c3-1759-4806-a477-1b6a31e8117a None None] Fixed interval looping call 'neutron.plugins.ml2.plugin.DhcpAgentSchedulerDbMixin.remove_networks_from_down_agents' sleeping for 36.99 seconds {{(pid=92057) _run_loop /opt/stack/data/venv/lib/python3.12/site-packages/oslo_service/backend/_threading/loopingcall.py:125}}
May 26 14:31:07.855469 np0000001424 neutron-periodic-workers[92064]: DEBUG dbcounter [-] [92064] Writing DB stats neutron:SELECT=1 {{(pid=92064) stat_writer /opt/stack/data/venv/lib/python3.12/site-packages/dbcounter.py:115}}
May 26 14:31:14.821313 np0000001424 neutron-periodic-workers[92057]: DEBUG dbcounter [-] [92057] Writing DB stats neutron:SELECT=3 {{(pid=92057) stat_writer /opt/stack/data/venv/lib/python3.12/site-packages/dbcounter.py:115}}
May 26 14:31:20.868058 np0000001424 neutron-periodic-workers[92073]: DEBUG oslo.service.backend._threading.loopingcall [None req-cdf1c1ae-f521-4654-accf-983e2294ef06 None None] Fixed interval looping call 'neutron.db.quota.driver_nolock.DbQuotaNoLockDriver._remove_expired_reservations' sleeping for 119.98 seconds {{(pid=92073) _run_loop /opt/stack/data/venv/lib/python3.12/site-packages/oslo_service/backend/_threading/loopingcall.py:125}}
May 26 14:31:30.864113 np0000001424 neutron-periodic-workers[92073]: DEBUG dbcounter [-] [92073] Writing DB stats neutron:DELETE=1 {{(pid=92073) stat_writer /opt/stack/data/venv/lib/python3.12/site-packages/dbcounter.py:115}}
May 26 14:31:34.850062 np0000001424 neutron-periodic-workers[92064]: DEBUG neutron.db.agents_db [None req-8753ab4f-206e-4969-b4b4-cd0435db30ba None None] Agent healthcheck: found 0 active agents {{(pid=92064) agent_health_check /opt/stack/neutron/neutron/db/agents_db.py:322}}
May 26 14:31:34.850655 np0000001424 neutron-periodic-workers[92064]: DEBUG oslo.service.backend._threading.loopingcall [None req-8753ab4f-206e-4969-b4b4-cd0435db30ba None None] Fixed interval looping call 'neutron.plugins.ml2.plugin.AgentDbMixin.agent_health_check' sleeping for 36.99 seconds {{(pid=92064) _run_loop /opt/stack/data/venv/lib/python3.12/site-packages/oslo_service/backend/_threading/loopingcall.py:125}}
May 26 14:31:41.829037 np0000001424 neutron-periodic-workers[92057]: DEBUG oslo.service.backend._threading.loopingcall [None req-004ef9c3-1759-4806-a477-1b6a31e8117a None None] Fixed interval looping call 'neutron.plugins.ml2.plugin.DhcpAgentSchedulerDbMixin.remove_networks_from_down_agents' sleeping for 36.99 seconds {{(pid=92057) _run_loop /opt/stack/data/venv/lib/python3.12/site-packages/oslo_service/backend/_threading/loopingcall.py:125}}
May 26 14:31:44.848027 np0000001424 neutron-periodic-workers[92064]: DEBUG dbcounter [-] [92064] Writing DB stats neutron:SELECT=1 {{(pid=92064) stat_writer /opt/stack/data/venv/lib/python3.12/site-packages/dbcounter.py:115}}
May 26 14:31:51.826243 np0000001424 neutron-periodic-workers[92057]: DEBUG dbcounter [-] [92057] Writing DB stats neutron:SELECT=3 {{(pid=92057) stat_writer /opt/stack/data/venv/lib/python3.12/site-packages/dbcounter.py:115}}
May 26 14:32:11.844758 np0000001424 neutron-periodic-workers[92064]: DEBUG neutron.db.agents_db [None req-8753ab4f-206e-4969-b4b4-cd0435db30ba None None] Agent healthcheck: found 0 active agents {{(pid=92064) agent_health_check /opt/stack/neutron/neutron/db/agents_db.py:322}}
May 26 14:32:11.845417 np0000001424 neutron-periodic-workers[92064]: DEBUG oslo.service.backend._threading.loopingcall [None req-8753ab4f-206e-4969-b4b4-cd0435db30ba None None] Fixed interval looping call 'neutron.plugins.ml2.plugin.AgentDbMixin.agent_health_check' sleeping for 37.00 seconds {{(pid=92064) _run_loop /opt/stack/data/venv/lib/python3.12/site-packages/oslo_service/backend/_threading/loopingcall.py:125}}
May 26 14:32:18.826631 np0000001424 neutron-periodic-workers[92057]: DEBUG oslo.service.backend._threading.loopingcall [None req-004ef9c3-1759-4806-a477-1b6a31e8117a None None] Fixed interval looping call 'neutron.plugins.ml2.plugin.DhcpAgentSchedulerDbMixin.remove_networks_from_down_agents' sleeping for 36.99 seconds {{(pid=92057) _run_loop /opt/stack/data/venv/lib/python3.12/site-packages/oslo_service/backend/_threading/loopingcall.py:125}}
May 26 14:32:21.844399 np0000001424 neutron-periodic-workers[92064]: DEBUG dbcounter [-] [92064] Writing DB stats neutron:SELECT=1 {{(pid=92064) stat_writer /opt/stack/data/venv/lib/python3.12/site-packages/dbcounter.py:115}}
May 26 14:32:28.825191 np0000001424 neutron-periodic-workers[92057]: DEBUG dbcounter [-] [92057] Writing DB stats neutron:SELECT=3 {{(pid=92057) stat_writer /opt/stack/data/venv/lib/python3.12/site-packages/dbcounter.py:115}}
May 26 14:32:48.850274 np0000001424 neutron-periodic-workers[92064]: DEBUG neutron.db.agents_db [None req-8753ab4f-206e-4969-b4b4-cd0435db30ba None None] Agent healthcheck: found 0 active agents {{(pid=92064) agent_health_check /opt/stack/neutron/neutron/db/agents_db.py:322}}
May 26 14:32:48.850274 np0000001424 neutron-periodic-workers[92064]: DEBUG oslo.service.backend._threading.loopingcall [None req-8753ab4f-206e-4969-b4b4-cd0435db30ba None None] Fixed interval looping call 'neutron.plugins.ml2.plugin.AgentDbMixin.agent_health_check' sleeping for 37.00 seconds {{(pid=92064) _run_loop /opt/stack/data/venv/lib/python3.12/site-packages/oslo_service/backend/_threading/loopingcall.py:125}}
May 26 14:32:55.824876 np0000001424 neutron-periodic-workers[92057]: DEBUG oslo.service.backend._threading.loopingcall [None req-004ef9c3-1759-4806-a477-1b6a31e8117a None None] Fixed interval looping call 'neutron.plugins.ml2.plugin.DhcpAgentSchedulerDbMixin.remove_networks_from_down_agents' sleeping for 36.99 seconds {{(pid=92057) _run_loop /opt/stack/data/venv/lib/python3.12/site-packages/oslo_service/backend/_threading/loopingcall.py:125}}
May 26 14:32:58.852425 np0000001424 neutron-periodic-workers[92064]: DEBUG dbcounter [-] [92064] Writing DB stats neutron:SELECT=1 {{(pid=92064) stat_writer /opt/stack/data/venv/lib/python3.12/site-packages/dbcounter.py:115}}
May 26 14:33:05.823401 np0000001424 neutron-periodic-workers[92057]: DEBUG dbcounter [-] [92057] Writing DB stats neutron:SELECT=3 {{(pid=92057) stat_writer /opt/stack/data/venv/lib/python3.12/site-packages/dbcounter.py:115}}
May 26 14:33:20.852297 np0000001424 neutron-periodic-workers[92073]: DEBUG oslo.service.backend._threading.loopingcall [None req-cdf1c1ae-f521-4654-accf-983e2294ef06 None None] Fixed interval looping call 'neutron.db.quota.driver_nolock.DbQuotaNoLockDriver._remove_expired_reservations' sleeping for 120.00 seconds {{(pid=92073) _run_loop /opt/stack/data/venv/lib/python3.12/site-packages/oslo_service/backend/_threading/loopingcall.py:125}}
May 26 14:33:25.858374 np0000001424 neutron-periodic-workers[92064]: DEBUG neutron.db.agents_db [None req-8753ab4f-206e-4969-b4b4-cd0435db30ba None None] Agent healthcheck: found 0 active agents {{(pid=92064) agent_health_check /opt/stack/neutron/neutron/db/agents_db.py:322}}
May 26 14:33:25.858776 np0000001424 neutron-periodic-workers[92064]: DEBUG oslo.service.backend._threading.loopingcall [None req-8753ab4f-206e-4969-b4b4-cd0435db30ba None None] Fixed interval looping call 'neutron.plugins.ml2.plugin.AgentDbMixin.agent_health_check' sleeping for 36.99 seconds {{(pid=92064) _run_loop /opt/stack/data/venv/lib/python3.12/site-packages/oslo_service/backend/_threading/loopingcall.py:125}}
May 26 14:33:30.850254 np0000001424 neutron-periodic-workers[92073]: DEBUG dbcounter [-] [92073] Writing DB stats neutron:DELETE=1 {{(pid=92073) stat_writer /opt/stack/data/venv/lib/python3.12/site-packages/dbcounter.py:115}}
May 26 14:33:32.824699 np0000001424 neutron-periodic-workers[92057]: DEBUG oslo.service.backend._threading.loopingcall [None req-004ef9c3-1759-4806-a477-1b6a31e8117a None None] Fixed interval looping call 'neutron.plugins.ml2.plugin.DhcpAgentSchedulerDbMixin.remove_networks_from_down_agents' sleeping for 36.99 seconds {{(pid=92057) _run_loop /opt/stack/data/venv/lib/python3.12/site-packages/oslo_service/backend/_threading/loopingcall.py:125}}
May 26 14:33:35.857580 np0000001424 neutron-periodic-workers[92064]: DEBUG dbcounter [-] [92064] Writing DB stats neutron:SELECT=1 {{(pid=92064) stat_writer /opt/stack/data/venv/lib/python3.12/site-packages/dbcounter.py:115}}
May 26 14:33:42.829171 np0000001424 neutron-periodic-workers[92057]: DEBUG dbcounter [-] [92057] Writing DB stats neutron:SELECT=3 {{(pid=92057) stat_writer /opt/stack/data/venv/lib/python3.12/site-packages/dbcounter.py:115}}
May 26 14:34:02.855282 np0000001424 neutron-periodic-workers[92064]: DEBUG neutron.db.agents_db [None req-8753ab4f-206e-4969-b4b4-cd0435db30ba None None] Agent healthcheck: found 0 active agents {{(pid=92064) agent_health_check /opt/stack/neutron/neutron/db/agents_db.py:322}}
May 26 14:34:02.855685 np0000001424 neutron-periodic-workers[92064]: DEBUG oslo.service.backend._threading.loopingcall [None req-8753ab4f-206e-4969-b4b4-cd0435db30ba None None] Fixed interval looping call 'neutron.plugins.ml2.plugin.AgentDbMixin.agent_health_check' sleeping for 36.99 seconds {{(pid=92064) _run_loop /opt/stack/data/venv/lib/python3.12/site-packages/oslo_service/backend/_threading/loopingcall.py:125}}
May 26 14:34:07.821381 np0000001424 neutron-periodic-workers[92047]: DEBUG oslo.service.backend._threading.loopingcall [None req-7c5c3ea7-ae56-48ea-98f7-92d89fdcb097 None None] Fixed interval looping call 'neutron.services.ovn_l3.plugin.L3_NAT_dbonly_mixin._clean_garbage' sleeping for 299.99 seconds {{(pid=92047) _run_loop /opt/stack/data/venv/lib/python3.12/site-packages/oslo_service/backend/_threading/loopingcall.py:125}}
May 26 14:34:09.822685 np0000001424 neutron-periodic-workers[92057]: DEBUG oslo.service.backend._threading.loopingcall [None req-004ef9c3-1759-4806-a477-1b6a31e8117a None None] Fixed interval looping call 'neutron.plugins.ml2.plugin.DhcpAgentSchedulerDbMixin.remove_networks_from_down_agents' sleeping for 36.99 seconds {{(pid=92057) _run_loop /opt/stack/data/venv/lib/python3.12/site-packages/oslo_service/backend/_threading/loopingcall.py:125}}
May 26 14:34:12.857176 np0000001424 neutron-periodic-workers[92064]: DEBUG dbcounter [-] [92064] Writing DB stats neutron:SELECT=1 {{(pid=92064) stat_writer /opt/stack/data/venv/lib/python3.12/site-packages/dbcounter.py:115}}
May 26 14:34:17.813358 np0000001424 neutron-periodic-workers[92047]: DEBUG dbcounter [-] [92047] Writing DB stats neutron:SELECT=1 {{(pid=92047) stat_writer /opt/stack/data/venv/lib/python3.12/site-packages/dbcounter.py:115}}
May 26 14:34:19.821867 np0000001424 neutron-periodic-workers[92057]: DEBUG dbcounter [-] [92057] Writing DB stats neutron:SELECT=3 {{(pid=92057) stat_writer /opt/stack/data/venv/lib/python3.12/site-packages/dbcounter.py:115}}
May 26 14:34:39.849684 np0000001424 neutron-periodic-workers[92064]: DEBUG neutron.db.agents_db [None req-8753ab4f-206e-4969-b4b4-cd0435db30ba None None] Agent healthcheck: found 0 active agents {{(pid=92064) agent_health_check /opt/stack/neutron/neutron/db/agents_db.py:322}}
May 26 14:34:39.850211 np0000001424 neutron-periodic-workers[92064]: DEBUG oslo.service.backend._threading.loopingcall [None req-8753ab4f-206e-4969-b4b4-cd0435db30ba None None] Fixed interval looping call 'neutron.plugins.ml2.plugin.AgentDbMixin.agent_health_check' sleeping for 37.00 seconds {{(pid=92064) _run_loop /opt/stack/data/venv/lib/python3.12/site-packages/oslo_service/backend/_threading/loopingcall.py:125}}
May 26 14:34:46.830498 np0000001424 neutron-periodic-workers[92057]: DEBUG oslo.service.backend._threading.loopingcall [None req-004ef9c3-1759-4806-a477-1b6a31e8117a None None] Fixed interval looping call 'neutron.plugins.ml2.plugin.DhcpAgentSchedulerDbMixin.remove_networks_from_down_agents' sleeping for 36.98 seconds {{(pid=92057) _run_loop /opt/stack/data/venv/lib/python3.12/site-packages/oslo_service/backend/_threading/loopingcall.py:125}}
May 26 14:34:49.852252 np0000001424 neutron-periodic-workers[92064]: DEBUG dbcounter [-] [92064] Writing DB stats neutron:SELECT=1 {{(pid=92064) stat_writer /opt/stack/data/venv/lib/python3.12/site-packages/dbcounter.py:115}}
May 26 14:34:56.828714 np0000001424 neutron-periodic-workers[92057]: DEBUG dbcounter [-] [92057] Writing DB stats neutron:SELECT=3 {{(pid=92057) stat_writer /opt/stack/data/venv/lib/python3.12/site-packages/dbcounter.py:115}}
May 26 14:35:16.854855 np0000001424 neutron-periodic-workers[92064]: DEBUG neutron.db.agents_db [None req-8753ab4f-206e-4969-b4b4-cd0435db30ba None None] Agent healthcheck: found 0 active agents {{(pid=92064) agent_health_check /opt/stack/neutron/neutron/db/agents_db.py:322}}
May 26 14:35:16.854855 np0000001424 neutron-periodic-workers[92064]: DEBUG oslo.service.backend._threading.loopingcall [None req-8753ab4f-206e-4969-b4b4-cd0435db30ba None None] Fixed interval looping call 'neutron.plugins.ml2.plugin.AgentDbMixin.agent_health_check' sleeping for 37.00 seconds {{(pid=92064) _run_loop /opt/stack/data/venv/lib/python3.12/site-packages/oslo_service/backend/_threading/loopingcall.py:125}}
May 26 14:35:20.855321 np0000001424 neutron-periodic-workers[92073]: DEBUG oslo.service.backend._threading.loopingcall [None req-cdf1c1ae-f521-4654-accf-983e2294ef06 None None] Fixed interval looping call 'neutron.db.quota.driver_nolock.DbQuotaNoLockDriver._remove_expired_reservations' sleeping for 120.00 seconds {{(pid=92073) _run_loop /opt/stack/data/venv/lib/python3.12/site-packages/oslo_service/backend/_threading/loopingcall.py:125}}
May 26 14:35:23.833632 np0000001424 neutron-periodic-workers[92057]: DEBUG oslo.service.backend._threading.loopingcall [None req-004ef9c3-1759-4806-a477-1b6a31e8117a None None] Fixed interval looping call 'neutron.plugins.ml2.plugin.DhcpAgentSchedulerDbMixin.remove_networks_from_down_agents' sleeping for 36.98 seconds {{(pid=92057) _run_loop /opt/stack/data/venv/lib/python3.12/site-packages/oslo_service/backend/_threading/loopingcall.py:125}}
May 26 14:35:26.854276 np0000001424 neutron-periodic-workers[92064]: DEBUG dbcounter [-] [92064] Writing DB stats neutron:SELECT=1 {{(pid=92064) stat_writer /opt/stack/data/venv/lib/python3.12/site-packages/dbcounter.py:115}}
May 26 14:35:30.855002 np0000001424 neutron-periodic-workers[92073]: DEBUG dbcounter [-] [92073] Writing DB stats neutron:DELETE=1 {{(pid=92073) stat_writer /opt/stack/data/venv/lib/python3.12/site-packages/dbcounter.py:115}}
May 26 14:35:33.829947 np0000001424 neutron-periodic-workers[92057]: DEBUG dbcounter [-] [92057] Writing DB stats neutron:SELECT=3 {{(pid=92057) stat_writer /opt/stack/data/venv/lib/python3.12/site-packages/dbcounter.py:115}}
May 26 14:35:53.863539 np0000001424 neutron-periodic-workers[92064]: DEBUG neutron.db.agents_db [None req-8753ab4f-206e-4969-b4b4-cd0435db30ba None None] Agent healthcheck: found 0 active agents {{(pid=92064) agent_health_check /opt/stack/neutron/neutron/db/agents_db.py:322}}
May 26 14:35:53.863539 np0000001424 neutron-periodic-workers[92064]: DEBUG oslo.service.backend._threading.loopingcall [None req-8753ab4f-206e-4969-b4b4-cd0435db30ba None None] Fixed interval looping call 'neutron.plugins.ml2.plugin.AgentDbMixin.agent_health_check' sleeping for 36.99 seconds {{(pid=92064) _run_loop /opt/stack/data/venv/lib/python3.12/site-packages/oslo_service/backend/_threading/loopingcall.py:125}}
May 26 14:36:00.823568 np0000001424 neutron-periodic-workers[92057]: DEBUG oslo.service.backend._threading.loopingcall [None req-004ef9c3-1759-4806-a477-1b6a31e8117a None None] Fixed interval looping call 'neutron.plugins.ml2.plugin.DhcpAgentSchedulerDbMixin.remove_networks_from_down_agents' sleeping for 36.99 seconds {{(pid=92057) _run_loop /opt/stack/data/venv/lib/python3.12/site-packages/oslo_service/backend/_threading/loopingcall.py:125}}
May 26 14:36:03.859515 np0000001424 neutron-periodic-workers[92064]: DEBUG dbcounter [-] [92064] Writing DB stats neutron:SELECT=1 {{(pid=92064) stat_writer /opt/stack/data/venv/lib/python3.12/site-packages/dbcounter.py:115}}
May 26 14:36:10.822525 np0000001424 neutron-periodic-workers[92057]: DEBUG dbcounter [-] [92057] Writing DB stats neutron:SELECT=3 {{(pid=92057) stat_writer /opt/stack/data/venv/lib/python3.12/site-packages/dbcounter.py:115}}
May 26 14:36:30.858905 np0000001424 neutron-periodic-workers[92064]: DEBUG neutron.db.agents_db [None req-8753ab4f-206e-4969-b4b4-cd0435db30ba None None] Agent healthcheck: found 0 active agents {{(pid=92064) agent_health_check /opt/stack/neutron/neutron/db/agents_db.py:322}}
May 26 14:36:30.859375 np0000001424 neutron-periodic-workers[92064]: DEBUG oslo.service.backend._threading.loopingcall [None req-8753ab4f-206e-4969-b4b4-cd0435db30ba None None] Fixed interval looping call 'neutron.plugins.ml2.plugin.AgentDbMixin.agent_health_check' sleeping for 36.99 seconds {{(pid=92064) _run_loop /opt/stack/data/venv/lib/python3.12/site-packages/oslo_service/backend/_threading/loopingcall.py:125}}
May 26 14:36:37.819624 np0000001424 neutron-periodic-workers[92057]: DEBUG oslo.service.backend._threading.loopingcall [None req-004ef9c3-1759-4806-a477-1b6a31e8117a None None] Fixed interval looping call 'neutron.plugins.ml2.plugin.DhcpAgentSchedulerDbMixin.remove_networks_from_down_agents' sleeping for 36.99 seconds {{(pid=92057) _run_loop /opt/stack/data/venv/lib/python3.12/site-packages/oslo_service/backend/_threading/loopingcall.py:125}}
May 26 14:36:40.858625 np0000001424 neutron-periodic-workers[92064]: DEBUG dbcounter [-] [92064] Writing DB stats neutron:SELECT=1 {{(pid=92064) stat_writer /opt/stack/data/venv/lib/python3.12/site-packages/dbcounter.py:115}}
May 26 14:36:47.819040 np0000001424 neutron-periodic-workers[92057]: DEBUG dbcounter [-] [92057] Writing DB stats neutron:SELECT=3 {{(pid=92057) stat_writer /opt/stack/data/venv/lib/python3.12/site-packages/dbcounter.py:115}}
May 26 14:37:07.856520 np0000001424 neutron-periodic-workers[92064]: DEBUG neutron.db.agents_db [None req-8753ab4f-206e-4969-b4b4-cd0435db30ba None None] Agent healthcheck: found 0 active agents {{(pid=92064) agent_health_check /opt/stack/neutron/neutron/db/agents_db.py:322}}
May 26 14:37:07.856520 np0000001424 neutron-periodic-workers[92064]: DEBUG oslo.service.backend._threading.loopingcall [None req-8753ab4f-206e-4969-b4b4-cd0435db30ba None None] Fixed interval looping call 'neutron.plugins.ml2.plugin.AgentDbMixin.agent_health_check' sleeping for 36.99 seconds {{(pid=92064) _run_loop /opt/stack/data/venv/lib/python3.12/site-packages/oslo_service/backend/_threading/loopingcall.py:125}}
May 26 14:37:14.815297 np0000001424 neutron-periodic-workers[92057]: DEBUG oslo.service.backend._threading.loopingcall [None req-004ef9c3-1759-4806-a477-1b6a31e8117a None None] Fixed interval looping call 'neutron.plugins.ml2.plugin.DhcpAgentSchedulerDbMixin.remove_networks_from_down_agents' sleeping for 36.99 seconds {{(pid=92057) _run_loop /opt/stack/data/venv/lib/python3.12/site-packages/oslo_service/backend/_threading/loopingcall.py:125}}
May 26 14:37:17.854948 np0000001424 neutron-periodic-workers[92064]: DEBUG dbcounter [-] [92064] Writing DB stats neutron:SELECT=1 {{(pid=92064) stat_writer /opt/stack/data/venv/lib/python3.12/site-packages/dbcounter.py:115}}
May 26 14:37:20.864372 np0000001424 neutron-periodic-workers[92073]: DEBUG oslo.service.backend._threading.loopingcall [None req-cdf1c1ae-f521-4654-accf-983e2294ef06 None None] Fixed interval looping call 'neutron.db.quota.driver_nolock.DbQuotaNoLockDriver._remove_expired_reservations' sleeping for 119.99 seconds {{(pid=92073) _run_loop /opt/stack/data/venv/lib/python3.12/site-packages/oslo_service/backend/_threading/loopingcall.py:125}}
May 26 14:37:24.814514 np0000001424 neutron-periodic-workers[92057]: DEBUG dbcounter [-] [92057] Writing DB stats neutron:SELECT=3 {{(pid=92057) stat_writer /opt/stack/data/venv/lib/python3.12/site-packages/dbcounter.py:115}}
May 26 14:37:30.861825 np0000001424 neutron-periodic-workers[92073]: DEBUG dbcounter [-] [92073] Writing DB stats neutron:DELETE=1 {{(pid=92073) stat_writer /opt/stack/data/venv/lib/python3.12/site-packages/dbcounter.py:115}}
May 26 14:37:44.854626 np0000001424 neutron-periodic-workers[92064]: DEBUG neutron.db.agents_db [None req-8753ab4f-206e-4969-b4b4-cd0435db30ba None None] Agent healthcheck: found 0 active agents {{(pid=92064) agent_health_check /opt/stack/neutron/neutron/db/agents_db.py:322}}
May 26 14:37:44.854917 np0000001424 neutron-periodic-workers[92064]: DEBUG oslo.service.backend._threading.loopingcall [None req-8753ab4f-206e-4969-b4b4-cd0435db30ba None None] Fixed interval looping call 'neutron.plugins.ml2.plugin.AgentDbMixin.agent_health_check' sleeping for 36.99 seconds {{(pid=92064) _run_loop /opt/stack/data/venv/lib/python3.12/site-packages/oslo_service/backend/_threading/loopingcall.py:125}}
May 26 14:37:52.223369 np0000001424 neutron-periodic-workers[92057]: DEBUG oslo.service.backend._threading.loopingcall [None req-004ef9c3-1759-4806-a477-1b6a31e8117a None None] Fixed interval looping call 'neutron.plugins.ml2.plugin.DhcpAgentSchedulerDbMixin.remove_networks_from_down_agents' sleeping for 36.95 seconds {{(pid=92057) _run_loop /opt/stack/data/venv/lib/python3.12/site-packages/oslo_service/backend/_threading/loopingcall.py:125}}
May 26 14:37:54.849292 np0000001424 neutron-periodic-workers[92064]: DEBUG dbcounter [-] [92064] Writing DB stats neutron:SELECT=1 {{(pid=92064) stat_writer /opt/stack/data/venv/lib/python3.12/site-packages/dbcounter.py:115}}
May 26 14:38:01.845829 np0000001424 neutron-periodic-workers[92057]: DEBUG dbcounter [-] [92057] Writing DB stats neutron:SELECT=3 {{(pid=92057) stat_writer /opt/stack/data/venv/lib/python3.12/site-packages/dbcounter.py:115}}
May 26 14:38:21.850719 np0000001424 neutron-periodic-workers[92064]: DEBUG neutron.db.agents_db [None req-8753ab4f-206e-4969-b4b4-cd0435db30ba None None] Agent healthcheck: found 0 active agents {{(pid=92064) agent_health_check /opt/stack/neutron/neutron/db/agents_db.py:322}}
May 26 14:38:21.850719 np0000001424 neutron-periodic-workers[92064]: DEBUG oslo.service.backend._threading.loopingcall [None req-8753ab4f-206e-4969-b4b4-cd0435db30ba None None] Fixed interval looping call 'neutron.plugins.ml2.plugin.AgentDbMixin.agent_health_check' sleeping for 37.00 seconds {{(pid=92064) _run_loop /opt/stack/data/venv/lib/python3.12/site-packages/oslo_service/backend/_threading/loopingcall.py:125}}
May 26 14:38:28.817381 np0000001424 neutron-periodic-workers[92057]: DEBUG oslo.service.backend._threading.loopingcall [None req-004ef9c3-1759-4806-a477-1b6a31e8117a None None] Fixed interval looping call 'neutron.plugins.ml2.plugin.DhcpAgentSchedulerDbMixin.remove_networks_from_down_agents' sleeping for 36.99 seconds {{(pid=92057) _run_loop /opt/stack/data/venv/lib/python3.12/site-packages/oslo_service/backend/_threading/loopingcall.py:125}}
May 26 14:38:31.847746 np0000001424 neutron-periodic-workers[92064]: DEBUG dbcounter [-] [92064] Writing DB stats neutron:SELECT=1 {{(pid=92064) stat_writer /opt/stack/data/venv/lib/python3.12/site-packages/dbcounter.py:115}}
May 26 14:38:38.817304 np0000001424 neutron-periodic-workers[92057]: DEBUG dbcounter [-] [92057] Writing DB stats neutron:SELECT=3 {{(pid=92057) stat_writer /opt/stack/data/venv/lib/python3.12/site-packages/dbcounter.py:115}}
May 26 14:38:58.853898 np0000001424 neutron-periodic-workers[92064]: DEBUG neutron.db.agents_db [None req-8753ab4f-206e-4969-b4b4-cd0435db30ba None None] Agent healthcheck: found 0 active agents {{(pid=92064) agent_health_check /opt/stack/neutron/neutron/db/agents_db.py:322}}
May 26 14:38:58.854465 np0000001424 neutron-periodic-workers[92064]: DEBUG oslo.service.backend._threading.loopingcall [None req-8753ab4f-206e-4969-b4b4-cd0435db30ba None None] Fixed interval looping call 'neutron.plugins.ml2.plugin.AgentDbMixin.agent_health_check' sleeping for 37.00 seconds {{(pid=92064) _run_loop /opt/stack/data/venv/lib/python3.12/site-packages/oslo_service/backend/_threading/loopingcall.py:125}}
May 26 14:39:05.814759 np0000001424 neutron-periodic-workers[92057]: DEBUG oslo.service.backend._threading.loopingcall [None req-004ef9c3-1759-4806-a477-1b6a31e8117a None None] Fixed interval looping call 'neutron.plugins.ml2.plugin.DhcpAgentSchedulerDbMixin.remove_networks_from_down_agents' sleeping for 36.99 seconds {{(pid=92057) _run_loop /opt/stack/data/venv/lib/python3.12/site-packages/oslo_service/backend/_threading/loopingcall.py:125}}
May 26 14:39:07.822713 np0000001424 neutron-periodic-workers[92047]: DEBUG oslo.service.backend._threading.loopingcall [None req-7c5c3ea7-ae56-48ea-98f7-92d89fdcb097 None None] Fixed interval looping call 'neutron.services.ovn_l3.plugin.L3_NAT_dbonly_mixin._clean_garbage' sleeping for 299.99 seconds {{(pid=92047) _run_loop /opt/stack/data/venv/lib/python3.12/site-packages/oslo_service/backend/_threading/loopingcall.py:125}}
May 26 14:39:08.852545 np0000001424 neutron-periodic-workers[92064]: DEBUG dbcounter [-] [92064] Writing DB stats neutron:SELECT=1 {{(pid=92064) stat_writer /opt/stack/data/venv/lib/python3.12/site-packages/dbcounter.py:115}}
May 26 14:39:15.814044 np0000001424 neutron-periodic-workers[92057]: DEBUG dbcounter [-] [92057] Writing DB stats neutron:SELECT=3 {{(pid=92057) stat_writer /opt/stack/data/venv/lib/python3.12/site-packages/dbcounter.py:115}}
May 26 14:39:17.816735 np0000001424 neutron-periodic-workers[92047]: DEBUG dbcounter [-] [92047] Writing DB stats neutron:SELECT=1 {{(pid=92047) stat_writer /opt/stack/data/venv/lib/python3.12/site-packages/dbcounter.py:115}}
May 26 14:39:20.858814 np0000001424 neutron-periodic-workers[92073]: DEBUG oslo.service.backend._threading.loopingcall [None req-cdf1c1ae-f521-4654-accf-983e2294ef06 None None] Fixed interval looping call 'neutron.db.quota.driver_nolock.DbQuotaNoLockDriver._remove_expired_reservations' sleeping for 120.00 seconds {{(pid=92073) _run_loop /opt/stack/data/venv/lib/python3.12/site-packages/oslo_service/backend/_threading/loopingcall.py:125}}
May 26 14:39:30.857157 np0000001424 neutron-periodic-workers[92073]: DEBUG dbcounter [-] [92073] Writing DB stats neutron:DELETE=1 {{(pid=92073) stat_writer /opt/stack/data/venv/lib/python3.12/site-packages/dbcounter.py:115}}
May 26 14:39:35.857419 np0000001424 neutron-periodic-workers[92064]: DEBUG neutron.db.agents_db [None req-8753ab4f-206e-4969-b4b4-cd0435db30ba None None] Agent healthcheck: found 0 active agents {{(pid=92064) agent_health_check /opt/stack/neutron/neutron/db/agents_db.py:322}}
May 26 14:39:35.857419 np0000001424 neutron-periodic-workers[92064]: DEBUG oslo.service.backend._threading.loopingcall [None req-8753ab4f-206e-4969-b4b4-cd0435db30ba None None] Fixed interval looping call 'neutron.plugins.ml2.plugin.AgentDbMixin.agent_health_check' sleeping for 37.00 seconds {{(pid=92064) _run_loop /opt/stack/data/venv/lib/python3.12/site-packages/oslo_service/backend/_threading/loopingcall.py:125}}
May 26 14:39:42.812608 np0000001424 neutron-periodic-workers[92057]: DEBUG oslo.service.backend._threading.loopingcall [None req-004ef9c3-1759-4806-a477-1b6a31e8117a None None] Fixed interval looping call 'neutron.plugins.ml2.plugin.DhcpAgentSchedulerDbMixin.remove_networks_from_down_agents' sleeping for 36.99 seconds {{(pid=92057) _run_loop /opt/stack/data/venv/lib/python3.12/site-packages/oslo_service/backend/_threading/loopingcall.py:125}}
May 26 14:39:45.856789 np0000001424 neutron-periodic-workers[92064]: DEBUG dbcounter [-] [92064] Writing DB stats neutron:SELECT=1 {{(pid=92064) stat_writer /opt/stack/data/venv/lib/python3.12/site-packages/dbcounter.py:115}}
