May 26 14:36:11.582035 np0000001424 devstack@placement-api.service[92232]: INFO placement.requestlog [req-8333abec-3548-414e-9817-6f4976abea37 req-7316d84c-ec1e-4039-ac0a-28b22f829efc service nova] 10.4.3.188 "GET /placement/allocations/e540afb2-a637-4d25-980b-25e1c26bd7db" status: 200 len: 258 microversion: 1.28
May 26 14:36:11.582035 np0000001424 devstack@placement-api.service[92232]: [pid: 92232|app: 0|req: 292/872] 10.4.3.188 () {68 vars in 1499 bytes} [Tue May 26 14:36:11 2026] GET /placement/allocations/e540afb2-a637-4d25-980b-25e1c26bd7db => generated 258 bytes in 16 msecs (HTTP/1.1 200) 8 headers in 296 bytes (1 switches on core 0)
May 26 14:36:11.626771 np0000001424 devstack@placement-api.service[92231]: DEBUG placement.requestlog [req-8333abec-3548-414e-9817-6f4976abea37 req-c8bb630b-9e84-4200-a2e7-33f099323f67 None None] Starting request: 10.4.3.188 "GET /placement/allocations/bcf8fb50-e863-4619-8d80-9e4446c12be6" {{(pid=92231) __call__ /opt/stack/placement/placement/requestlog.py:55}}
May 26 14:36:11.650614 np0000001424 devstack@placement-api.service[92231]: INFO placement.requestlog [req-8333abec-3548-414e-9817-6f4976abea37 req-c8bb630b-9e84-4200-a2e7-33f099323f67 service nova] 10.4.3.188 "GET /placement/allocations/bcf8fb50-e863-4619-8d80-9e4446c12be6" status: 200 len: 258 microversion: 1.28
May 26 14:36:11.650614 np0000001424 devstack@placement-api.service[92231]: [pid: 92231|app: 0|req: 289/873] 10.4.3.188 () {68 vars in 1499 bytes} [Tue May 26 14:36:11 2026] GET /placement/allocations/bcf8fb50-e863-4619-8d80-9e4446c12be6 => generated 258 bytes in 24 msecs (HTTP/1.1 200) 8 headers in 296 bytes (1 switches on core 0)
May 26 14:36:11.691534 np0000001424 devstack@placement-api.service[92233]: DEBUG placement.requestlog [req-8333abec-3548-414e-9817-6f4976abea37 req-1549834a-0239-4ec6-af41-165b6627ebc6 None None] Starting request: 10.4.3.188 "GET /placement/allocations/c34fa428-315a-4e8a-b001-61a92359767d" {{(pid=92233) __call__ /opt/stack/placement/placement/requestlog.py:55}}
May 26 14:36:11.704349 np0000001424 devstack@placement-api.service[92233]: INFO placement.requestlog [req-8333abec-3548-414e-9817-6f4976abea37 req-1549834a-0239-4ec6-af41-165b6627ebc6 service nova] 10.4.3.188 "GET /placement/allocations/c34fa428-315a-4e8a-b001-61a92359767d" status: 200 len: 258 microversion: 1.28
May 26 14:36:11.704559 np0000001424 devstack@placement-api.service[92233]: [pid: 92233|app: 0|req: 293/874] 10.4.3.188 () {68 vars in 1499 bytes} [Tue May 26 14:36:11 2026] GET /placement/allocations/c34fa428-315a-4e8a-b001-61a92359767d => generated 258 bytes in 13 msecs (HTTP/1.1 200) 8 headers in 296 bytes (1 switches on core 0)
May 26 14:36:11.754576 np0000001424 devstack@placement-api.service[92232]: DEBUG placement.requestlog [req-8333abec-3548-414e-9817-6f4976abea37 req-a252af98-92c3-47c7-ba19-7440ae9d45a2 None None] Starting request: 10.4.3.188 "GET /placement/allocations/65400c9c-8421-48a9-96f6-5da774c8b7d0" {{(pid=92232) __call__ /opt/stack/placement/placement/requestlog.py:55}}
May 26 14:36:11.763322 np0000001424 devstack@placement-api.service[92232]: INFO placement.requestlog [req-8333abec-3548-414e-9817-6f4976abea37 req-a252af98-92c3-47c7-ba19-7440ae9d45a2 service nova] 10.4.3.188 "GET /placement/allocations/65400c9c-8421-48a9-96f6-5da774c8b7d0" status: 200 len: 258 microversion: 1.28
May 26 14:36:11.763570 np0000001424 devstack@placement-api.service[92232]: [pid: 92232|app: 0|req: 293/875] 10.4.3.188 () {68 vars in 1499 bytes} [Tue May 26 14:36:11 2026] GET /placement/allocations/65400c9c-8421-48a9-96f6-5da774c8b7d0 => generated 258 bytes in 9 msecs (HTTP/1.1 200) 8 headers in 296 bytes (1 switches on core 0)
May 26 14:36:11.798749 np0000001424 devstack@placement-api.service[92231]: DEBUG placement.requestlog [req-8333abec-3548-414e-9817-6f4976abea37 req-9f5d9daa-c6df-4dda-8f77-2e399ff34aed None None] Starting request: 10.4.3.188 "GET /placement/allocations/e463b560-9d12-4123-b28c-83998721e4fb" {{(pid=92231) __call__ /opt/stack/placement/placement/requestlog.py:55}}
May 26 14:36:11.815622 np0000001424 devstack@placement-api.service[92231]: INFO placement.requestlog [req-8333abec-3548-414e-9817-6f4976abea37 req-9f5d9daa-c6df-4dda-8f77-2e399ff34aed service nova] 10.4.3.188 "GET /placement/allocations/e463b560-9d12-4123-b28c-83998721e4fb" status: 200 len: 258 microversion: 1.28
May 26 14:36:11.816883 np0000001424 devstack@placement-api.service[92231]: [pid: 92231|app: 0|req: 290/876] 10.4.3.188 () {68 vars in 1499 bytes} [Tue May 26 14:36:11 2026] GET /placement/allocations/e463b560-9d12-4123-b28c-83998721e4fb => generated 258 bytes in 17 msecs (HTTP/1.1 200) 8 headers in 296 bytes (1 switches on core 0)
May 26 14:36:11.863676 np0000001424 devstack@placement-api.service[92233]: DEBUG placement.requestlog [req-8333abec-3548-414e-9817-6f4976abea37 req-29b3cccc-0951-43b9-86ad-e31e2faa115c None None] Starting request: 10.4.3.188 "GET /placement/allocations/f7b71607-eef5-4642-904e-4eaeb35f3364" {{(pid=92233) __call__ /opt/stack/placement/placement/requestlog.py:55}}
May 26 14:36:11.879815 np0000001424 devstack@placement-api.service[92233]: INFO placement.requestlog [req-8333abec-3548-414e-9817-6f4976abea37 req-29b3cccc-0951-43b9-86ad-e31e2faa115c service nova] 10.4.3.188 "GET /placement/allocations/f7b71607-eef5-4642-904e-4eaeb35f3364" status: 200 len: 244 microversion: 1.28
May 26 14:36:11.880120 np0000001424 devstack@placement-api.service[92233]: [pid: 92233|app: 0|req: 294/877] 10.4.3.188 () {68 vars in 1499 bytes} [Tue May 26 14:36:11 2026] GET /placement/allocations/f7b71607-eef5-4642-904e-4eaeb35f3364 => generated 244 bytes in 16 msecs (HTTP/1.1 200) 8 headers in 296 bytes (1 switches on core 0)
May 26 14:36:11.934903 np0000001424 devstack@placement-api.service[92232]: DEBUG placement.requestlog [req-8333abec-3548-414e-9817-6f4976abea37 req-86a21b73-f93a-4968-ac00-2906dc521160 None None] Starting request: 10.4.3.188 "GET /placement/allocations/e8631a5a-402a-4a06-bc9b-b15ece1befe8" {{(pid=92232) __call__ /opt/stack/placement/placement/requestlog.py:55}}
May 26 14:36:11.947531 np0000001424 devstack@placement-api.service[92232]: INFO placement.requestlog [req-8333abec-3548-414e-9817-6f4976abea37 req-86a21b73-f93a-4968-ac00-2906dc521160 service nova] 10.4.3.188 "GET /placement/allocations/e8631a5a-402a-4a06-bc9b-b15ece1befe8" status: 200 len: 258 microversion: 1.28
May 26 14:36:11.947751 np0000001424 devstack@placement-api.service[92232]: [pid: 92232|app: 0|req: 294/878] 10.4.3.188 () {68 vars in 1499 bytes} [Tue May 26 14:36:11 2026] GET /placement/allocations/e8631a5a-402a-4a06-bc9b-b15ece1befe8 => generated 258 bytes in 13 msecs (HTTP/1.1 200) 8 headers in 296 bytes (1 switches on core 0)
May 26 14:36:13.032570 np0000001424 devstack@placement-api.service[92231]: DEBUG placement.requestlog [req-48f99c75-89fa-4a97-b6fd-65a58d89320e req-356fd2c0-a809-437d-bca0-dcb84327b165 None None] Starting request: 10.4.3.188 "DELETE /placement/allocations/4ba5e7e3-de30-427b-8964-cd572865dc2e" {{(pid=92231) __call__ /opt/stack/placement/placement/requestlog.py:55}}
May 26 14:36:13.071063 np0000001424 devstack@placement-api.service[92231]: DEBUG placement.handlers.allocation [req-48f99c75-89fa-4a97-b6fd-65a58d89320e req-356fd2c0-a809-437d-bca0-dcb84327b165 service nova] Successfully deleted allocations [, , ] {{(pid=92231) delete_allocations /opt/stack/placement/placement/handlers/allocation.py:627}}
May 26 14:36:13.071063 np0000001424 devstack@placement-api.service[92231]: INFO placement.requestlog [req-48f99c75-89fa-4a97-b6fd-65a58d89320e req-356fd2c0-a809-437d-bca0-dcb84327b165 service nova] 10.4.3.188 "DELETE /placement/allocations/4ba5e7e3-de30-427b-8964-cd572865dc2e" status: 204 len: 0 microversion: 1.0
May 26 14:36:13.071063 np0000001424 devstack@placement-api.service[92231]: [pid: 92231|app: 0|req: 291/879] 10.4.3.188 () {68 vars in 1477 bytes} [Tue May 26 14:36:13 2026] DELETE /placement/allocations/4ba5e7e3-de30-427b-8964-cd572865dc2e => generated 0 bytes in 39 msecs (HTTP/1.1 204) 5 headers in 198 bytes (1 switches on core 0)
May 26 14:36:18.318202 np0000001424 devstack@placement-api.service[92233]: DEBUG placement.requestlog [None req-de16ef35-f427-477d-94c1-dd4f1c6edbfd None None] Starting request: 10.4.3.188 "GET /placement/resource_providers/9d0faba9-9e88-4f01-b3c8-7de5897bfff0/aggregates" {{(pid=92233) __call__ /opt/stack/placement/placement/requestlog.py:55}}
May 26 14:36:18.338053 np0000001424 devstack@placement-api.service[92232]: DEBUG placement.requestlog [None req-9517c174-b992-48bb-99ee-b221fb49414a None None] Starting request: 10.4.3.188 "GET /placement/resource_providers/2f19fe03-9096-47ce-a2d7-1e939e9e0824/aggregates" {{(pid=92232) __call__ /opt/stack/placement/placement/requestlog.py:55}}
May 26 14:36:18.341961 np0000001424 devstack@placement-api.service[92233]: INFO placement.requestlog [None req-de16ef35-f427-477d-94c1-dd4f1c6edbfd service placement] 10.4.3.188 "GET /placement/resource_providers/9d0faba9-9e88-4f01-b3c8-7de5897bfff0/aggregates" status: 404 len: 235 microversion: 1.1
May 26 14:36:18.342389 np0000001424 devstack@placement-api.service[92233]: [pid: 92233|app: 0|req: 295/880] 10.4.3.188 () {66 vars in 1474 bytes} [Tue May 26 14:36:18 2026] GET /placement/resource_providers/9d0faba9-9e88-4f01-b3c8-7de5897bfff0/aggregates => generated 235 bytes in 24 msecs (HTTP/1.1 404) 5 headers in 202 bytes (1 switches on core 0)
May 26 14:36:18.391592 np0000001424 devstack@placement-api.service[92231]: DEBUG placement.requestlog [None req-069e8eec-d560-4452-8d2b-f7c3bee7833e None None] Starting request: 10.4.3.188 "DELETE /placement/resource_providers/9d0faba9-9e88-4f01-b3c8-7de5897bfff0" {{(pid=92231) __call__ /opt/stack/placement/placement/requestlog.py:55}}
May 26 14:36:18.393033 np0000001424 devstack@placement-api.service[92232]: INFO placement.requestlog [None req-9517c174-b992-48bb-99ee-b221fb49414a service placement] 10.4.3.188 "GET /placement/resource_providers/2f19fe03-9096-47ce-a2d7-1e939e9e0824/aggregates" status: 404 len: 235 microversion: 1.1
May 26 14:36:18.393331 np0000001424 devstack@placement-api.service[92232]: [pid: 92232|app: 0|req: 295/881] 10.4.3.188 () {66 vars in 1474 bytes} [Tue May 26 14:36:18 2026] GET /placement/resource_providers/2f19fe03-9096-47ce-a2d7-1e939e9e0824/aggregates => generated 235 bytes in 55 msecs (HTTP/1.1 404) 5 headers in 202 bytes (1 switches on core 0)
May 26 14:36:18.400219 np0000001424 devstack@placement-api.service[92231]: DEBUG placement.wsgi_wrapper [None req-069e8eec-d560-4452-8d2b-f7c3bee7833e service placement] Placement API returning an error response: No resource provider with uuid 9d0faba9-9e88-4f01-b3c8-7de5897bfff0 found for delete {{(pid=92231) call_func /opt/stack/placement/placement/wsgi_wrapper.py:31}}
May 26 14:36:18.401261 np0000001424 devstack@placement-api.service[92231]: INFO placement.requestlog [None req-069e8eec-d560-4452-8d2b-f7c3bee7833e service placement] 10.4.3.188 "DELETE /placement/resource_providers/9d0faba9-9e88-4f01-b3c8-7de5897bfff0" status: 404 len: 246 microversion: 1.1
May 26 14:36:18.401261 np0000001424 devstack@placement-api.service[92231]: [pid: 92231|app: 0|req: 292/882] 10.4.3.188 () {68 vars in 1463 bytes} [Tue May 26 14:36:18 2026] DELETE /placement/resource_providers/9d0faba9-9e88-4f01-b3c8-7de5897bfff0 => generated 246 bytes in 10 msecs (HTTP/1.1 404) 6 headers in 231 bytes (1 switches on core 0)
May 26 14:36:18.436763 np0000001424 devstack@placement-api.service[92233]: DEBUG placement.requestlog [None req-59d4eafe-22f8-4daa-8fa1-aef2b57355aa None None] Starting request: 10.4.3.188 "DELETE /placement/resource_providers/2f19fe03-9096-47ce-a2d7-1e939e9e0824" {{(pid=92233) __call__ /opt/stack/placement/placement/requestlog.py:55}}
May 26 14:36:18.444768 np0000001424 devstack@placement-api.service[92233]: DEBUG placement.wsgi_wrapper [None req-59d4eafe-22f8-4daa-8fa1-aef2b57355aa service placement] Placement API returning an error response: No resource provider with uuid 2f19fe03-9096-47ce-a2d7-1e939e9e0824 found for delete {{(pid=92233) call_func /opt/stack/placement/placement/wsgi_wrapper.py:31}}
May 26 14:36:18.445224 np0000001424 devstack@placement-api.service[92233]: INFO placement.requestlog [None req-59d4eafe-22f8-4daa-8fa1-aef2b57355aa service placement] 10.4.3.188 "DELETE /placement/resource_providers/2f19fe03-9096-47ce-a2d7-1e939e9e0824" status: 404 len: 246 microversion: 1.1
May 26 14:36:18.445657 np0000001424 devstack@placement-api.service[92233]: [pid: 92233|app: 0|req: 296/883] 10.4.3.188 () {68 vars in 1463 bytes} [Tue May 26 14:36:18 2026] DELETE /placement/resource_providers/2f19fe03-9096-47ce-a2d7-1e939e9e0824 => generated 246 bytes in 9 msecs (HTTP/1.1 404) 6 headers in 231 bytes (1 switches on core 0)
May 26 14:36:21.852294 np0000001424 devstack@placement-api.service[92232]: DEBUG placement.requestlog [req-d4121e71-34a6-4e30-9e6c-ae20e161ecdb req-ca13f6c1-5088-4259-9a5c-1e723d6edf54 None None] Starting request: 10.4.3.188 "GET /placement/allocations/1b846e9f-be32-466d-a45b-18c7383a2ddd" {{(pid=92232) __call__ /opt/stack/placement/placement/requestlog.py:55}}
May 26 14:36:21.867358 np0000001424 devstack@placement-api.service[92232]: INFO placement.requestlog [req-d4121e71-34a6-4e30-9e6c-ae20e161ecdb req-ca13f6c1-5088-4259-9a5c-1e723d6edf54 service nova] 10.4.3.188 "GET /placement/allocations/1b846e9f-be32-466d-a45b-18c7383a2ddd" status: 200 len: 258 microversion: 1.28
May 26 14:36:21.867631 np0000001424 devstack@placement-api.service[92232]: [pid: 92232|app: 0|req: 296/884] 10.4.3.188 () {68 vars in 1501 bytes} [Tue May 26 14:36:21 2026] GET /placement/allocations/1b846e9f-be32-466d-a45b-18c7383a2ddd => generated 258 bytes in 15 msecs (HTTP/1.1 200) 8 headers in 296 bytes (1 switches on core 0)
May 26 14:36:21.928359 np0000001424 devstack@placement-api.service[92231]: DEBUG placement.requestlog [req-d4121e71-34a6-4e30-9e6c-ae20e161ecdb req-d3e02f10-a4eb-446f-bf84-32213717ad8a None None] Starting request: 10.4.3.188 "GET /placement/allocations/1b846e9f-be32-466d-a45b-18c7383a2ddd" {{(pid=92231) __call__ /opt/stack/placement/placement/requestlog.py:55}}
May 26 14:36:21.938355 np0000001424 devstack@placement-api.service[92231]: INFO placement.requestlog [req-d4121e71-34a6-4e30-9e6c-ae20e161ecdb req-d3e02f10-a4eb-446f-bf84-32213717ad8a service nova] 10.4.3.188 "GET /placement/allocations/1b846e9f-be32-466d-a45b-18c7383a2ddd" status: 200 len: 258 microversion: 1.28
May 26 14:36:21.938766 np0000001424 devstack@placement-api.service[92231]: [pid: 92231|app: 0|req: 293/885] 10.4.3.188 () {68 vars in 1501 bytes} [Tue May 26 14:36:21 2026] GET /placement/allocations/1b846e9f-be32-466d-a45b-18c7383a2ddd => generated 258 bytes in 10 msecs (HTTP/1.1 200) 8 headers in 296 bytes (1 switches on core 0)
May 26 14:36:22.002770 np0000001424 devstack@placement-api.service[92233]: DEBUG placement.requestlog [req-d4121e71-34a6-4e30-9e6c-ae20e161ecdb req-32d5042b-b2a2-4d25-8f11-329471283662 None None] Starting request: 10.4.3.188 "GET /placement/allocations/b46fd5ce-a43f-4c2c-99dc-bd2b94b1c497" {{(pid=92233) __call__ /opt/stack/placement/placement/requestlog.py:55}}
May 26 14:36:22.022816 np0000001424 devstack@placement-api.service[92233]: INFO placement.requestlog [req-d4121e71-34a6-4e30-9e6c-ae20e161ecdb req-32d5042b-b2a2-4d25-8f11-329471283662 service nova] 10.4.3.188 "GET /placement/allocations/b46fd5ce-a43f-4c2c-99dc-bd2b94b1c497" status: 200 len: 19 microversion: 1.28
May 26 14:36:22.022816 np0000001424 devstack@placement-api.service[92233]: [pid: 92233|app: 0|req: 297/886] 10.4.3.188 () {68 vars in 1501 bytes} [Tue May 26 14:36:22 2026] GET /placement/allocations/b46fd5ce-a43f-4c2c-99dc-bd2b94b1c497 => generated 19 bytes in 18 msecs (HTTP/1.1 200) 8 headers in 295 bytes (1 switches on core 0)
May 26 14:36:22.072735 np0000001424 devstack@placement-api.service[92232]: DEBUG placement.requestlog [req-d4121e71-34a6-4e30-9e6c-ae20e161ecdb req-eff66e62-0797-4665-8c9b-053c042f3b45 None None] Starting request: 10.4.3.188 "POST /placement/allocations" {{(pid=92232) __call__ /opt/stack/placement/placement/requestlog.py:55}}
May 26 14:36:22.161541 np0000001424 devstack@placement-api.service[92232]: DEBUG placement.handlers.allocation [req-d4121e71-34a6-4e30-9e6c-ae20e161ecdb req-eff66e62-0797-4665-8c9b-053c042f3b45 service nova] Successfully wrote allocations [, , , , , ] {{(pid=92232) _update_consumers_and_create_allocations /opt/stack/placement/placement/handlers/allocation.py:572}}
May 26 14:36:22.166344 np0000001424 devstack@placement-api.service[92232]: INFO placement.requestlog [req-d4121e71-34a6-4e30-9e6c-ae20e161ecdb req-eff66e62-0797-4665-8c9b-053c042f3b45 service nova] 10.4.3.188 "POST /placement/allocations" status: 204 len: 0 microversion: 1.28
May 26 14:36:22.166344 np0000001424 devstack@placement-api.service[92232]: [pid: 92232|app: 0|req: 297/887] 10.4.3.188 () {72 vars in 1444 bytes} [Tue May 26 14:36:22 2026] POST /placement/allocations => generated 0 bytes in 94 msecs (HTTP/1.1 204) 5 headers in 199 bytes (1 switches on core 0)
May 26 14:36:23.029108 np0000001424 devstack@placement-api.service[92231]: DEBUG placement.requestlog [req-d4121e71-34a6-4e30-9e6c-ae20e161ecdb req-9272904d-e281-404d-b01d-e09296c9eed4 None None] Starting request: 10.4.3.188 "GET /placement/allocation_candidates?limit=1000&resources=DISK_GB%3A1%2CMEMORY_MB%3A256%2CVCPU%3A1&root_required=%21COMPUTE_STATUS_DISABLED" {{(pid=92231) __call__ /opt/stack/placement/placement/requestlog.py:55}}
May 26 14:36:23.059415 np0000001424 devstack@placement-api.service[92231]: DEBUG placement.objects.research_context [req-d4121e71-34a6-4e30-9e6c-ae20e161ecdb req-9272904d-e281-404d-b01d-e09296c9eed4 service nova] getting providers with 1 DISK_GB {{(pid=92231) __init__ /opt/stack/placement/placement/objects/research_context.py:137}}
May 26 14:36:23.062641 np0000001424 devstack@placement-api.service[92231]: DEBUG placement.objects.research_context [req-d4121e71-34a6-4e30-9e6c-ae20e161ecdb req-9272904d-e281-404d-b01d-e09296c9eed4 service nova] getting providers with 256 MEMORY_MB {{(pid=92231) __init__ /opt/stack/placement/placement/objects/research_context.py:137}}
May 26 14:36:23.066766 np0000001424 devstack@placement-api.service[92231]: DEBUG placement.objects.research_context [req-d4121e71-34a6-4e30-9e6c-ae20e161ecdb req-9272904d-e281-404d-b01d-e09296c9eed4 service nova] getting providers with 1 VCPU {{(pid=92231) __init__ /opt/stack/placement/placement/objects/research_context.py:137}}
May 26 14:36:23.070143 np0000001424 devstack@placement-api.service[92231]: DEBUG placement.objects.research_context [req-d4121e71-34a6-4e30-9e6c-ae20e161ecdb req-9272904d-e281-404d-b01d-e09296c9eed4 service nova] found 1 providers with available 1 DISK_GB {{(pid=92231) get_provider_ids_matching /opt/stack/placement/placement/objects/research_context.py:563}}
May 26 14:36:23.070343 np0000001424 devstack@placement-api.service[92231]: DEBUG placement.objects.research_context [req-d4121e71-34a6-4e30-9e6c-ae20e161ecdb req-9272904d-e281-404d-b01d-e09296c9eed4 service nova] found 1 providers with available 256 MEMORY_MB {{(pid=92231) get_provider_ids_matching /opt/stack/placement/placement/objects/research_context.py:563}}
May 26 14:36:23.070476 np0000001424 devstack@placement-api.service[92231]: DEBUG placement.objects.research_context [req-d4121e71-34a6-4e30-9e6c-ae20e161ecdb req-9272904d-e281-404d-b01d-e09296c9eed4 service nova] found 1 providers after filtering by previous result {{(pid=92231) get_provider_ids_matching /opt/stack/placement/placement/objects/research_context.py:594}}
May 26 14:36:23.070562 np0000001424 devstack@placement-api.service[92231]: DEBUG placement.objects.research_context [req-d4121e71-34a6-4e30-9e6c-ae20e161ecdb req-9272904d-e281-404d-b01d-e09296c9eed4 service nova] found 1 providers with available 1 VCPU {{(pid=92231) get_provider_ids_matching /opt/stack/placement/placement/objects/research_context.py:563}}
May 26 14:36:23.070673 np0000001424 devstack@placement-api.service[92231]: DEBUG placement.objects.research_context [req-d4121e71-34a6-4e30-9e6c-ae20e161ecdb req-9272904d-e281-404d-b01d-e09296c9eed4 service nova] found 1 providers after filtering by previous result {{(pid=92231) get_provider_ids_matching /opt/stack/placement/placement/objects/research_context.py:594}}
May 26 14:36:23.078576 np0000001424 devstack@placement-api.service[92231]: DEBUG placement.objects.allocation_candidate [req-d4121e71-34a6-4e30-9e6c-ae20e161ecdb req-9272904d-e281-404d-b01d-e09296c9eed4 service nova] RequestGroup(use_same_provider=False, resources={DISK_GB:1, MEMORY_MB:256, VCPU:1}, traits=(), aggregates=[]) (suffix '') returned 1 matches {{(pid=92231) _get_by_requests /opt/stack/placement/placement/objects/allocation_candidate.py:158}}
May 26 14:36:23.078878 np0000001424 devstack@placement-api.service[92231]: DEBUG placement.objects.allocation_candidate [req-d4121e71-34a6-4e30-9e6c-ae20e161ecdb req-9272904d-e281-404d-b01d-e09296c9eed4 service nova] Merging candidates yields 1 allocation requests and 1 provider summaries {{(pid=92231) _merge_candidates /opt/stack/placement/placement/objects/allocation_candidate.py:908}}
May 26 14:36:23.081187 np0000001424 devstack@placement-api.service[92231]: INFO placement.requestlog [req-d4121e71-34a6-4e30-9e6c-ae20e161ecdb req-9272904d-e281-404d-b01d-e09296c9eed4 service nova] 10.4.3.188 "GET /placement/allocation_candidates?limit=1000&resources=DISK_GB%3A1%2CMEMORY_MB%3A256%2CVCPU%3A1&root_required=%21COMPUTE_STATUS_DISABLED" status: 200 len: 2495 microversion: 1.36
May 26 14:36:23.081493 np0000001424 devstack@placement-api.service[92231]: [pid: 92231|app: 0|req: 294/888] 10.4.3.188 () {68 vars in 1625 bytes} [Tue May 26 14:36:23 2026] GET /placement/allocation_candidates?limit=1000&resources=DISK_GB%3A1%2CMEMORY_MB%3A256%2CVCPU%3A1&root_required=%21COMPUTE_STATUS_DISABLED => generated 2495 bytes in 52 msecs (HTTP/1.1 200) 8 headers in 297 bytes (1 switches on core 0)
May 26 14:36:23.156873 np0000001424 devstack@placement-api.service[92233]: DEBUG placement.requestlog [req-d4121e71-34a6-4e30-9e6c-ae20e161ecdb req-994d0579-b032-428a-9035-9beb8633152f None None] Starting request: 10.4.3.188 "GET /placement/allocations/1b846e9f-be32-466d-a45b-18c7383a2ddd" {{(pid=92233) __call__ /opt/stack/placement/placement/requestlog.py:55}}
May 26 14:36:23.164311 np0000001424 devstack@placement-api.service[92233]: INFO placement.requestlog [req-d4121e71-34a6-4e30-9e6c-ae20e161ecdb req-994d0579-b032-428a-9035-9beb8633152f service nova] 10.4.3.188 "GET /placement/allocations/1b846e9f-be32-466d-a45b-18c7383a2ddd" status: 200 len: 19 microversion: 1.28
May 26 14:36:23.164311 np0000001424 devstack@placement-api.service[92233]: [pid: 92233|app: 0|req: 298/889] 10.4.3.188 () {68 vars in 1501 bytes} [Tue May 26 14:36:23 2026] GET /placement/allocations/1b846e9f-be32-466d-a45b-18c7383a2ddd => generated 19 bytes in 7 msecs (HTTP/1.1 200) 8 headers in 295 bytes (1 switches on core 0)
May 26 14:36:23.200623 np0000001424 devstack@placement-api.service[92232]: DEBUG placement.requestlog [req-d4121e71-34a6-4e30-9e6c-ae20e161ecdb req-2332f56f-dde9-4d35-911b-7a7bebb38c55 None None] Starting request: 10.4.3.188 "PUT /placement/allocations/1b846e9f-be32-466d-a45b-18c7383a2ddd" {{(pid=92232) __call__ /opt/stack/placement/placement/requestlog.py:55}}
May 26 14:36:23.255688 np0000001424 devstack@placement-api.service[92232]: DEBUG placement.handlers.allocation [req-d4121e71-34a6-4e30-9e6c-ae20e161ecdb req-2332f56f-dde9-4d35-911b-7a7bebb38c55 service nova] Successfully wrote allocations [, , ] {{(pid=92232) _update_consumers_and_create_allocations /opt/stack/placement/placement/handlers/allocation.py:462}}
May 26 14:36:23.260141 np0000001424 devstack@placement-api.service[92232]: INFO placement.requestlog [req-d4121e71-34a6-4e30-9e6c-ae20e161ecdb req-2332f56f-dde9-4d35-911b-7a7bebb38c55 service nova] 10.4.3.188 "PUT /placement/allocations/1b846e9f-be32-466d-a45b-18c7383a2ddd" status: 204 len: 0 microversion: 1.36
May 26 14:36:23.260474 np0000001424 devstack@placement-api.service[92232]: [pid: 92232|app: 0|req: 298/890] 10.4.3.188 () {72 vars in 1554 bytes} [Tue May 26 14:36:23 2026] PUT /placement/allocations/1b846e9f-be32-466d-a45b-18c7383a2ddd => generated 0 bytes in 60 msecs (HTTP/1.1 204) 5 headers in 199 bytes (1 switches on core 0)
May 26 14:36:24.779373 np0000001424 devstack@placement-api.service[92231]: DEBUG placement.requestlog [req-d4121e71-34a6-4e30-9e6c-ae20e161ecdb req-aa22081d-3e69-4f57-a57e-7c977d4ea8f1 None None] Starting request: 10.4.3.188 "GET /placement/allocations/1b846e9f-be32-466d-a45b-18c7383a2ddd" {{(pid=92231) __call__ /opt/stack/placement/placement/requestlog.py:55}}
May 26 14:36:24.797975 np0000001424 devstack@placement-api.service[92231]: INFO placement.requestlog [req-d4121e71-34a6-4e30-9e6c-ae20e161ecdb req-aa22081d-3e69-4f57-a57e-7c977d4ea8f1 service nova] 10.4.3.188 "GET /placement/allocations/1b846e9f-be32-466d-a45b-18c7383a2ddd" status: 200 len: 258 microversion: 1.28
May 26 14:36:24.799645 np0000001424 devstack@placement-api.service[92231]: [pid: 92231|app: 0|req: 295/891] 10.4.3.188 () {68 vars in 1499 bytes} [Tue May 26 14:36:24 2026] GET /placement/allocations/1b846e9f-be32-466d-a45b-18c7383a2ddd => generated 258 bytes in 20 msecs (HTTP/1.1 200) 8 headers in 296 bytes (1 switches on core 0)
May 26 14:36:25.820740 np0000001424 devstack@placement-api.service[92233]: DEBUG placement.requestlog [req-be081d97-c73b-47c7-81f6-eca211fb1e67 req-e76f0647-32e1-4718-8de2-da2a2681e690 None None] Starting request: 10.4.3.188 "GET /placement/allocations/9bdf3bb1-6ce4-450c-9675-6bcc575d9b79" {{(pid=92233) __call__ /opt/stack/placement/placement/requestlog.py:55}}
May 26 14:36:25.835140 np0000001424 devstack@placement-api.service[92233]: INFO placement.requestlog [req-be081d97-c73b-47c7-81f6-eca211fb1e67 req-e76f0647-32e1-4718-8de2-da2a2681e690 service nova] 10.4.3.188 "GET /placement/allocations/9bdf3bb1-6ce4-450c-9675-6bcc575d9b79" status: 200 len: 244 microversion: 1.28
May 26 14:36:25.835140 np0000001424 devstack@placement-api.service[92233]: [pid: 92233|app: 0|req: 299/892] 10.4.3.188 () {68 vars in 1501 bytes} [Tue May 26 14:36:25 2026] GET /placement/allocations/9bdf3bb1-6ce4-450c-9675-6bcc575d9b79 => generated 244 bytes in 14 msecs (HTTP/1.1 200) 8 headers in 296 bytes (1 switches on core 0)
May 26 14:36:25.914579 np0000001424 devstack@placement-api.service[92232]: DEBUG placement.requestlog [req-be081d97-c73b-47c7-81f6-eca211fb1e67 req-74b0fbc0-d8da-4d79-9ca1-9fb73f507d6c None None] Starting request: 10.4.3.188 "GET /placement/allocations/9bdf3bb1-6ce4-450c-9675-6bcc575d9b79" {{(pid=92232) __call__ /opt/stack/placement/placement/requestlog.py:55}}
May 26 14:36:25.941622 np0000001424 devstack@placement-api.service[92231]: DEBUG placement.requestlog [req-d4121e71-34a6-4e30-9e6c-ae20e161ecdb req-6f699b7e-dd50-4e1f-8b51-5c8c15233e14 None None] Starting request: 10.4.3.188 "GET /placement/resource_providers/65f6c9c6-a57d-467c-a62e-1739f3899948/allocations" {{(pid=92231) __call__ /opt/stack/placement/placement/requestlog.py:55}}
May 26 14:36:25.948855 np0000001424 devstack@placement-api.service[92232]: INFO placement.requestlog [req-be081d97-c73b-47c7-81f6-eca211fb1e67 req-74b0fbc0-d8da-4d79-9ca1-9fb73f507d6c service nova] 10.4.3.188 "GET /placement/allocations/9bdf3bb1-6ce4-450c-9675-6bcc575d9b79" status: 200 len: 244 microversion: 1.28
May 26 14:36:25.949085 np0000001424 devstack@placement-api.service[92232]: [pid: 92232|app: 0|req: 299/893] 10.4.3.188 () {68 vars in 1501 bytes} [Tue May 26 14:36:25 2026] GET /placement/allocations/9bdf3bb1-6ce4-450c-9675-6bcc575d9b79 => generated 244 bytes in 34 msecs (HTTP/1.1 200) 8 headers in 296 bytes (1 switches on core 0)
May 26 14:36:25.963500 np0000001424 devstack@placement-api.service[92231]: INFO placement.requestlog [req-d4121e71-34a6-4e30-9e6c-ae20e161ecdb req-6f699b7e-dd50-4e1f-8b51-5c8c15233e14 service nova] 10.4.3.188 "GET /placement/resource_providers/65f6c9c6-a57d-467c-a62e-1739f3899948/allocations" status: 200 len: 1683 microversion: 1.0
May 26 14:36:25.963500 np0000001424 devstack@placement-api.service[92231]: [pid: 92231|app: 0|req: 296/894] 10.4.3.188 () {66 vars in 1512 bytes} [Tue May 26 14:36:25 2026] GET /placement/resource_providers/65f6c9c6-a57d-467c-a62e-1739f3899948/allocations => generated 1683 bytes in 25 msecs (HTTP/1.1 200) 6 headers in 225 bytes (1 switches on core 0)
May 26 14:36:26.008261 np0000001424 devstack@placement-api.service[92233]: DEBUG placement.requestlog [req-be081d97-c73b-47c7-81f6-eca211fb1e67 req-be86f7f4-9888-4fb5-ab5c-05439574b250 None None] Starting request: 10.4.3.188 "GET /placement/allocations/00087135-d159-4e18-bd90-b867b6537114" {{(pid=92233) __call__ /opt/stack/placement/placement/requestlog.py:55}}
May 26 14:36:26.014948 np0000001424 devstack@placement-api.service[92233]: INFO placement.requestlog [req-be081d97-c73b-47c7-81f6-eca211fb1e67 req-be86f7f4-9888-4fb5-ab5c-05439574b250 service nova] 10.4.3.188 "GET /placement/allocations/00087135-d159-4e18-bd90-b867b6537114" status: 200 len: 19 microversion: 1.28
May 26 14:36:26.015361 np0000001424 devstack@placement-api.service[92233]: [pid: 92233|app: 0|req: 300/895] 10.4.3.188 () {68 vars in 1501 bytes} [Tue May 26 14:36:26 2026] GET /placement/allocations/00087135-d159-4e18-bd90-b867b6537114 => generated 19 bytes in 9 msecs (HTTP/1.1 200) 8 headers in 295 bytes (1 switches on core 0)
May 26 14:36:26.053930 np0000001424 devstack@placement-api.service[92232]: DEBUG placement.requestlog [req-be081d97-c73b-47c7-81f6-eca211fb1e67 req-b0dc832a-4c1c-4293-a37b-1e156a74ade5 None None] Starting request: 10.4.3.188 "POST /placement/allocations" {{(pid=92232) __call__ /opt/stack/placement/placement/requestlog.py:55}}
May 26 14:36:26.072344 np0000001424 devstack@placement-api.service[92231]: DEBUG placement.requestlog [req-d4121e71-34a6-4e30-9e6c-ae20e161ecdb req-e83138f3-af20-4dc9-8630-6cbf8b3e7c1a None None] Starting request: 10.4.3.188 "GET /placement/allocations/28dcb098-a0ba-4656-8c55-4d42afb5bf21" {{(pid=92231) __call__ /opt/stack/placement/placement/requestlog.py:55}}
May 26 14:36:26.104987 np0000001424 devstack@placement-api.service[92231]: INFO placement.requestlog [req-d4121e71-34a6-4e30-9e6c-ae20e161ecdb req-e83138f3-af20-4dc9-8630-6cbf8b3e7c1a service nova] 10.4.3.188 "GET /placement/allocations/28dcb098-a0ba-4656-8c55-4d42afb5bf21" status: 200 len: 258 microversion: 1.28
May 26 14:36:26.105341 np0000001424 devstack@placement-api.service[92231]: [pid: 92231|app: 0|req: 297/896] 10.4.3.188 () {68 vars in 1499 bytes} [Tue May 26 14:36:26 2026] GET /placement/allocations/28dcb098-a0ba-4656-8c55-4d42afb5bf21 => generated 258 bytes in 34 msecs (HTTP/1.1 200) 8 headers in 296 bytes (1 switches on core 0)
May 26 14:36:26.162984 np0000001424 devstack@placement-api.service[92232]: DEBUG placement.handlers.allocation [req-be081d97-c73b-47c7-81f6-eca211fb1e67 req-b0dc832a-4c1c-4293-a37b-1e156a74ade5 service nova] Successfully wrote allocations [, , , ] {{(pid=92232) _update_consumers_and_create_allocations /opt/stack/placement/placement/handlers/allocation.py:572}}
May 26 14:36:26.166553 np0000001424 devstack@placement-api.service[92232]: INFO placement.requestlog [req-be081d97-c73b-47c7-81f6-eca211fb1e67 req-b0dc832a-4c1c-4293-a37b-1e156a74ade5 service nova] 10.4.3.188 "POST /placement/allocations" status: 204 len: 0 microversion: 1.28
May 26 14:36:26.166816 np0000001424 devstack@placement-api.service[92232]: [pid: 92232|app: 0|req: 300/897] 10.4.3.188 () {72 vars in 1444 bytes} [Tue May 26 14:36:26 2026] POST /placement/allocations => generated 0 bytes in 113 msecs (HTTP/1.1 204) 5 headers in 199 bytes (1 switches on core 0)
May 26 14:36:26.200135 np0000001424 devstack@placement-api.service[92233]: DEBUG placement.requestlog [req-d4121e71-34a6-4e30-9e6c-ae20e161ecdb req-41b3afda-ce3b-43d8-9329-99efb6317ed1 None None] Starting request: 10.4.3.188 "GET /placement/allocations/9f369b5d-5a74-4573-8021-f38ddd22d586" {{(pid=92233) __call__ /opt/stack/placement/placement/requestlog.py:55}}
May 26 14:36:26.222971 np0000001424 devstack@placement-api.service[92233]: INFO placement.requestlog [req-d4121e71-34a6-4e30-9e6c-ae20e161ecdb req-41b3afda-ce3b-43d8-9329-99efb6317ed1 service nova] 10.4.3.188 "GET /placement/allocations/9f369b5d-5a74-4573-8021-f38ddd22d586" status: 200 len: 244 microversion: 1.28
May 26 14:36:26.223411 np0000001424 devstack@placement-api.service[92233]: [pid: 92233|app: 0|req: 301/898] 10.4.3.188 () {68 vars in 1499 bytes} [Tue May 26 14:36:26 2026] GET /placement/allocations/9f369b5d-5a74-4573-8021-f38ddd22d586 => generated 244 bytes in 24 msecs (HTTP/1.1 200) 8 headers in 296 bytes (1 switches on core 0)
May 26 14:36:26.276891 np0000001424 devstack@placement-api.service[92231]: DEBUG placement.requestlog [req-d4121e71-34a6-4e30-9e6c-ae20e161ecdb req-9bf9395e-c12b-447f-a2ac-19b7a06715c4 None None] Starting request: 10.4.3.188 "GET /placement/allocations/aceca1be-7648-4750-b211-370db2939250" {{(pid=92231) __call__ /opt/stack/placement/placement/requestlog.py:55}}
May 26 14:36:26.287773 np0000001424 devstack@placement-api.service[92231]: INFO placement.requestlog [req-d4121e71-34a6-4e30-9e6c-ae20e161ecdb req-9bf9395e-c12b-447f-a2ac-19b7a06715c4 service nova] 10.4.3.188 "GET /placement/allocations/aceca1be-7648-4750-b211-370db2939250" status: 200 len: 258 microversion: 1.28
May 26 14:36:26.288563 np0000001424 devstack@placement-api.service[92231]: [pid: 92231|app: 0|req: 298/899] 10.4.3.188 () {68 vars in 1499 bytes} [Tue May 26 14:36:26 2026] GET /placement/allocations/aceca1be-7648-4750-b211-370db2939250 => generated 258 bytes in 11 msecs (HTTP/1.1 200) 8 headers in 296 bytes (1 switches on core 0)
May 26 14:36:26.339680 np0000001424 devstack@placement-api.service[92232]: DEBUG placement.requestlog [req-d4121e71-34a6-4e30-9e6c-ae20e161ecdb req-7becdec4-19eb-418c-8cf2-4ad9de5668a0 None None] Starting request: 10.4.3.188 "GET /placement/allocations/9bdf3bb1-6ce4-450c-9675-6bcc575d9b79" {{(pid=92232) __call__ /opt/stack/placement/placement/requestlog.py:55}}
May 26 14:36:26.356678 np0000001424 devstack@placement-api.service[92232]: INFO placement.requestlog [req-d4121e71-34a6-4e30-9e6c-ae20e161ecdb req-7becdec4-19eb-418c-8cf2-4ad9de5668a0 service nova] 10.4.3.188 "GET /placement/allocations/9bdf3bb1-6ce4-450c-9675-6bcc575d9b79" status: 200 len: 19 microversion: 1.28
May 26 14:36:26.356678 np0000001424 devstack@placement-api.service[92232]: [pid: 92232|app: 0|req: 301/900] 10.4.3.188 () {68 vars in 1499 bytes} [Tue May 26 14:36:26 2026] GET /placement/allocations/9bdf3bb1-6ce4-450c-9675-6bcc575d9b79 => generated 19 bytes in 17 msecs (HTTP/1.1 200) 8 headers in 295 bytes (1 switches on core 0)
May 26 14:36:26.396298 np0000001424 devstack@placement-api.service[92233]: DEBUG placement.requestlog [req-be081d97-c73b-47c7-81f6-eca211fb1e67 req-08f405a5-88ea-4773-9346-93c9e26b1a06 None None] Starting request: 10.4.3.188 "GET /placement/allocation_candidates?limit=1000&resources=MEMORY_MB%3A256%2CVCPU%3A1&root_required=%21COMPUTE_STATUS_DISABLED" {{(pid=92233) __call__ /opt/stack/placement/placement/requestlog.py:55}}
May 26 14:36:26.418034 np0000001424 devstack@placement-api.service[92231]: DEBUG placement.requestlog [req-d4121e71-34a6-4e30-9e6c-ae20e161ecdb req-163df38b-8624-4bd3-a037-90e58374e3b8 None None] Starting request: 10.4.3.188 "GET /placement/allocations/b468e295-8414-4d85-936d-4caa1b4e4d87" {{(pid=92231) __call__ /opt/stack/placement/placement/requestlog.py:55}}
May 26 14:36:26.422215 np0000001424 devstack@placement-api.service[92233]: DEBUG placement.objects.research_context [req-be081d97-c73b-47c7-81f6-eca211fb1e67 req-08f405a5-88ea-4773-9346-93c9e26b1a06 service nova] getting providers with 256 MEMORY_MB {{(pid=92233) __init__ /opt/stack/placement/placement/objects/research_context.py:137}}
May 26 14:36:26.425997 np0000001424 devstack@placement-api.service[92233]: DEBUG placement.objects.research_context [req-be081d97-c73b-47c7-81f6-eca211fb1e67 req-08f405a5-88ea-4773-9346-93c9e26b1a06 service nova] getting providers with 1 VCPU {{(pid=92233) __init__ /opt/stack/placement/placement/objects/research_context.py:137}}
May 26 14:36:26.430833 np0000001424 devstack@placement-api.service[92231]: INFO placement.requestlog [req-d4121e71-34a6-4e30-9e6c-ae20e161ecdb req-163df38b-8624-4bd3-a037-90e58374e3b8 service nova] 10.4.3.188 "GET /placement/allocations/b468e295-8414-4d85-936d-4caa1b4e4d87" status: 200 len: 244 microversion: 1.28
May 26 14:36:26.430980 np0000001424 devstack@placement-api.service[92233]: DEBUG placement.objects.research_context [req-be081d97-c73b-47c7-81f6-eca211fb1e67 req-08f405a5-88ea-4773-9346-93c9e26b1a06 service nova] found 1 providers with available 256 MEMORY_MB {{(pid=92233) get_provider_ids_matching /opt/stack/placement/placement/objects/research_context.py:563}}
May 26 14:36:26.430980 np0000001424 devstack@placement-api.service[92233]: DEBUG placement.objects.research_context [req-be081d97-c73b-47c7-81f6-eca211fb1e67 req-08f405a5-88ea-4773-9346-93c9e26b1a06 service nova] found 1 providers with available 1 VCPU {{(pid=92233) get_provider_ids_matching /opt/stack/placement/placement/objects/research_context.py:563}}
May 26 14:36:26.431114 np0000001424 devstack@placement-api.service[92231]: [pid: 92231|app: 0|req: 299/901] 10.4.3.188 () {68 vars in 1499 bytes} [Tue May 26 14:36:26 2026] GET /placement/allocations/b468e295-8414-4d85-936d-4caa1b4e4d87 => generated 244 bytes in 13 msecs (HTTP/1.1 200) 8 headers in 296 bytes (1 switches on core 0)
May 26 14:36:26.431174 np0000001424 devstack@placement-api.service[92233]: DEBUG placement.objects.research_context [req-be081d97-c73b-47c7-81f6-eca211fb1e67 req-08f405a5-88ea-4773-9346-93c9e26b1a06 service nova] found 1 providers after filtering by previous result {{(pid=92233) get_provider_ids_matching /opt/stack/placement/placement/objects/research_context.py:594}}
May 26 14:36:26.440075 np0000001424 devstack@placement-api.service[92233]: DEBUG placement.objects.allocation_candidate [req-be081d97-c73b-47c7-81f6-eca211fb1e67 req-08f405a5-88ea-4773-9346-93c9e26b1a06 service nova] RequestGroup(use_same_provider=False, resources={MEMORY_MB:256, VCPU:1}, traits=(), aggregates=[]) (suffix '') returned 1 matches {{(pid=92233) _get_by_requests /opt/stack/placement/placement/objects/allocation_candidate.py:158}}
May 26 14:36:26.440075 np0000001424 devstack@placement-api.service[92233]: DEBUG placement.objects.allocation_candidate [req-be081d97-c73b-47c7-81f6-eca211fb1e67 req-08f405a5-88ea-4773-9346-93c9e26b1a06 service nova] Merging candidates yields 1 allocation requests and 1 provider summaries {{(pid=92233) _merge_candidates /opt/stack/placement/placement/objects/allocation_candidate.py:908}}
May 26 14:36:26.441215 np0000001424 devstack@placement-api.service[92233]: INFO placement.requestlog [req-be081d97-c73b-47c7-81f6-eca211fb1e67 req-08f405a5-88ea-4773-9346-93c9e26b1a06 service nova] 10.4.3.188 "GET /placement/allocation_candidates?limit=1000&resources=MEMORY_MB%3A256%2CVCPU%3A1&root_required=%21COMPUTE_STATUS_DISABLED" status: 200 len: 2481 microversion: 1.36
May 26 14:36:26.441511 np0000001424 devstack@placement-api.service[92233]: [pid: 92233|app: 0|req: 302/902] 10.4.3.188 () {68 vars in 1597 bytes} [Tue May 26 14:36:26 2026] GET /placement/allocation_candidates?limit=1000&resources=MEMORY_MB%3A256%2CVCPU%3A1&root_required=%21COMPUTE_STATUS_DISABLED => generated 2481 bytes in 45 msecs (HTTP/1.1 200) 8 headers in 297 bytes (1 switches on core 0)
May 26 14:36:26.514168 np0000001424 devstack@placement-api.service[92232]: DEBUG placement.requestlog [req-d4121e71-34a6-4e30-9e6c-ae20e161ecdb req-a76d618b-c053-471c-a47e-cdd6c12962dd None None] Starting request: 10.4.3.188 "GET /placement/allocations/85749547-0fa8-4894-98e8-deb99041252c" {{(pid=92232) __call__ /opt/stack/placement/placement/requestlog.py:55}}
May 26 14:36:26.535954 np0000001424 devstack@placement-api.service[92232]: INFO placement.requestlog [req-d4121e71-34a6-4e30-9e6c-ae20e161ecdb req-a76d618b-c053-471c-a47e-cdd6c12962dd service nova] 10.4.3.188 "GET /placement/allocations/85749547-0fa8-4894-98e8-deb99041252c" status: 200 len: 244 microversion: 1.28
May 26 14:36:26.535954 np0000001424 devstack@placement-api.service[92232]: [pid: 92232|app: 0|req: 302/903] 10.4.3.188 () {68 vars in 1499 bytes} [Tue May 26 14:36:26 2026] GET /placement/allocations/85749547-0fa8-4894-98e8-deb99041252c => generated 244 bytes in 21 msecs (HTTP/1.1 200) 8 headers in 296 bytes (1 switches on core 0)
May 26 14:36:26.539470 np0000001424 devstack@placement-api.service[92231]: DEBUG placement.requestlog [req-be081d97-c73b-47c7-81f6-eca211fb1e67 req-fa6296cb-d155-4a6e-bcdb-42b6958affc5 None None] Starting request: 10.4.3.188 "GET /placement/allocations/9bdf3bb1-6ce4-450c-9675-6bcc575d9b79" {{(pid=92231) __call__ /opt/stack/placement/placement/requestlog.py:55}}
May 26 14:36:26.558937 np0000001424 devstack@placement-api.service[92231]: INFO placement.requestlog [req-be081d97-c73b-47c7-81f6-eca211fb1e67 req-fa6296cb-d155-4a6e-bcdb-42b6958affc5 service nova] 10.4.3.188 "GET /placement/allocations/9bdf3bb1-6ce4-450c-9675-6bcc575d9b79" status: 200 len: 19 microversion: 1.28
May 26 14:36:26.561208 np0000001424 devstack@placement-api.service[92231]: [pid: 92231|app: 0|req: 300/904] 10.4.3.188 () {68 vars in 1501 bytes} [Tue May 26 14:36:26 2026] GET /placement/allocations/9bdf3bb1-6ce4-450c-9675-6bcc575d9b79 => generated 19 bytes in 23 msecs (HTTP/1.1 200) 8 headers in 295 bytes (1 switches on core 0)
May 26 14:36:26.589695 np0000001424 devstack@placement-api.service[92233]: DEBUG placement.requestlog [req-d4121e71-34a6-4e30-9e6c-ae20e161ecdb req-c9a3518a-0296-403c-a43d-c048500d18b9 None None] Starting request: 10.4.3.188 "GET /placement/allocations/07eccad2-cf38-4b67-9fc4-607a29ff4dfa" {{(pid=92233) __call__ /opt/stack/placement/placement/requestlog.py:55}}
May 26 14:36:26.603118 np0000001424 devstack@placement-api.service[92233]: INFO placement.requestlog [req-d4121e71-34a6-4e30-9e6c-ae20e161ecdb req-c9a3518a-0296-403c-a43d-c048500d18b9 service nova] 10.4.3.188 "GET /placement/allocations/07eccad2-cf38-4b67-9fc4-607a29ff4dfa" status: 200 len: 258 microversion: 1.28
May 26 14:36:26.603118 np0000001424 devstack@placement-api.service[92233]: [pid: 92233|app: 0|req: 303/905] 10.4.3.188 () {68 vars in 1499 bytes} [Tue May 26 14:36:26 2026] GET /placement/allocations/07eccad2-cf38-4b67-9fc4-607a29ff4dfa => generated 258 bytes in 12 msecs (HTTP/1.1 200) 8 headers in 296 bytes (1 switches on core 0)
May 26 14:36:26.633235 np0000001424 devstack@placement-api.service[92232]: DEBUG placement.requestlog [req-be081d97-c73b-47c7-81f6-eca211fb1e67 req-85b5ca77-61f9-4de5-b478-c2d295db452d None None] Starting request: 10.4.3.188 "PUT /placement/allocations/9bdf3bb1-6ce4-450c-9675-6bcc575d9b79" {{(pid=92232) __call__ /opt/stack/placement/placement/requestlog.py:55}}
May 26 14:36:26.670952 np0000001424 devstack@placement-api.service[92231]: DEBUG placement.requestlog [req-d4121e71-34a6-4e30-9e6c-ae20e161ecdb req-1dd369ce-e3b7-48da-a8e9-df8f7a03a451 None None] Starting request: 10.4.3.188 "GET /placement/allocations/73272e92-708e-4b30-b66b-73b8fae2ea77" {{(pid=92231) __call__ /opt/stack/placement/placement/requestlog.py:55}}
May 26 14:36:26.690449 np0000001424 devstack@placement-api.service[92231]: INFO placement.requestlog [req-d4121e71-34a6-4e30-9e6c-ae20e161ecdb req-1dd369ce-e3b7-48da-a8e9-df8f7a03a451 service nova] 10.4.3.188 "GET /placement/allocations/73272e92-708e-4b30-b66b-73b8fae2ea77" status: 200 len: 258 microversion: 1.28
May 26 14:36:26.690932 np0000001424 devstack@placement-api.service[92231]: [pid: 92231|app: 0|req: 301/906] 10.4.3.188 () {68 vars in 1499 bytes} [Tue May 26 14:36:26 2026] GET /placement/allocations/73272e92-708e-4b30-b66b-73b8fae2ea77 => generated 258 bytes in 21 msecs (HTTP/1.1 200) 8 headers in 296 bytes (1 switches on core 0)
May 26 14:36:26.724731 np0000001424 devstack@placement-api.service[92232]: DEBUG placement.handlers.allocation [req-be081d97-c73b-47c7-81f6-eca211fb1e67 req-85b5ca77-61f9-4de5-b478-c2d295db452d service nova] Successfully wrote allocations [, ] {{(pid=92232) _update_consumers_and_create_allocations /opt/stack/placement/placement/handlers/allocation.py:462}}
May 26 14:36:26.729911 np0000001424 devstack@placement-api.service[92232]: INFO placement.requestlog [req-be081d97-c73b-47c7-81f6-eca211fb1e67 req-85b5ca77-61f9-4de5-b478-c2d295db452d service nova] 10.4.3.188 "PUT /placement/allocations/9bdf3bb1-6ce4-450c-9675-6bcc575d9b79" status: 204 len: 0 microversion: 1.36
May 26 14:36:26.730341 np0000001424 devstack@placement-api.service[92232]: [pid: 92232|app: 0|req: 303/907] 10.4.3.188 () {72 vars in 1554 bytes} [Tue May 26 14:36:26 2026] PUT /placement/allocations/9bdf3bb1-6ce4-450c-9675-6bcc575d9b79 => generated 0 bytes in 99 msecs (HTTP/1.1 204) 5 headers in 199 bytes (1 switches on core 0)
May 26 14:36:26.755193 np0000001424 devstack@placement-api.service[92233]: DEBUG placement.requestlog [req-d4121e71-34a6-4e30-9e6c-ae20e161ecdb req-a7380f6e-5377-4e29-b713-e86aa36ac7b2 None None] Starting request: 10.4.3.188 "GET /placement/allocations/1b846e9f-be32-466d-a45b-18c7383a2ddd" {{(pid=92233) __call__ /opt/stack/placement/placement/requestlog.py:55}}
May 26 14:36:26.771189 np0000001424 devstack@placement-api.service[92233]: INFO placement.requestlog [req-d4121e71-34a6-4e30-9e6c-ae20e161ecdb req-a7380f6e-5377-4e29-b713-e86aa36ac7b2 service nova] 10.4.3.188 "GET /placement/allocations/1b846e9f-be32-466d-a45b-18c7383a2ddd" status: 200 len: 258 microversion: 1.28
May 26 14:36:26.771189 np0000001424 devstack@placement-api.service[92233]: [pid: 92233|app: 0|req: 304/908] 10.4.3.188 () {68 vars in 1499 bytes} [Tue May 26 14:36:26 2026] GET /placement/allocations/1b846e9f-be32-466d-a45b-18c7383a2ddd => generated 258 bytes in 16 msecs (HTTP/1.1 200) 8 headers in 296 bytes (1 switches on core 0)
May 26 14:36:26.832871 np0000001424 devstack@placement-api.service[92231]: DEBUG placement.requestlog [req-d4121e71-34a6-4e30-9e6c-ae20e161ecdb req-555a12f3-a683-4d0c-a1bd-fe6e58c5a252 None None] Starting request: 10.4.3.188 "GET /placement/allocations/e540afb2-a637-4d25-980b-25e1c26bd7db" {{(pid=92231) __call__ /opt/stack/placement/placement/requestlog.py:55}}
May 26 14:36:26.848133 np0000001424 devstack@placement-api.service[92231]: INFO placement.requestlog [req-d4121e71-34a6-4e30-9e6c-ae20e161ecdb req-555a12f3-a683-4d0c-a1bd-fe6e58c5a252 service nova] 10.4.3.188 "GET /placement/allocations/e540afb2-a637-4d25-980b-25e1c26bd7db" status: 200 len: 258 microversion: 1.28
May 26 14:36:26.848400 np0000001424 devstack@placement-api.service[92231]: [pid: 92231|app: 0|req: 302/909] 10.4.3.188 () {68 vars in 1499 bytes} [Tue May 26 14:36:26 2026] GET /placement/allocations/e540afb2-a637-4d25-980b-25e1c26bd7db => generated 258 bytes in 15 msecs (HTTP/1.1 200) 8 headers in 296 bytes (1 switches on core 0)
May 26 14:36:26.907335 np0000001424 devstack@placement-api.service[92232]: DEBUG placement.requestlog [req-d4121e71-34a6-4e30-9e6c-ae20e161ecdb req-e257652f-d7e9-41da-807f-d1266967ff41 None None] Starting request: 10.4.3.188 "GET /placement/allocations/bcf8fb50-e863-4619-8d80-9e4446c12be6" {{(pid=92232) __call__ /opt/stack/placement/placement/requestlog.py:55}}
May 26 14:36:26.926592 np0000001424 devstack@placement-api.service[92232]: INFO placement.requestlog [req-d4121e71-34a6-4e30-9e6c-ae20e161ecdb req-e257652f-d7e9-41da-807f-d1266967ff41 service nova] 10.4.3.188 "GET /placement/allocations/bcf8fb50-e863-4619-8d80-9e4446c12be6" status: 200 len: 258 microversion: 1.28
May 26 14:36:26.926991 np0000001424 devstack@placement-api.service[92232]: [pid: 92232|app: 0|req: 304/910] 10.4.3.188 () {68 vars in 1499 bytes} [Tue May 26 14:36:26 2026] GET /placement/allocations/bcf8fb50-e863-4619-8d80-9e4446c12be6 => generated 258 bytes in 19 msecs (HTTP/1.1 200) 8 headers in 296 bytes (1 switches on core 0)
May 26 14:36:27.013727 np0000001424 devstack@placement-api.service[92233]: DEBUG placement.requestlog [req-d4121e71-34a6-4e30-9e6c-ae20e161ecdb req-5c6c98d6-e73f-429b-89c6-b6086fd37bba None None] Starting request: 10.4.3.188 "GET /placement/allocations/c34fa428-315a-4e8a-b001-61a92359767d" {{(pid=92233) __call__ /opt/stack/placement/placement/requestlog.py:55}}
May 26 14:36:27.039736 np0000001424 devstack@placement-api.service[92233]: INFO placement.requestlog [req-d4121e71-34a6-4e30-9e6c-ae20e161ecdb req-5c6c98d6-e73f-429b-89c6-b6086fd37bba service nova] 10.4.3.188 "GET /placement/allocations/c34fa428-315a-4e8a-b001-61a92359767d" status: 200 len: 258 microversion: 1.28
May 26 14:36:27.040204 np0000001424 devstack@placement-api.service[92233]: [pid: 92233|app: 0|req: 305/911] 10.4.3.188 () {68 vars in 1499 bytes} [Tue May 26 14:36:27 2026] GET /placement/allocations/c34fa428-315a-4e8a-b001-61a92359767d => generated 258 bytes in 26 msecs (HTTP/1.1 200) 8 headers in 296 bytes (1 switches on core 0)
May 26 14:36:27.107910 np0000001424 devstack@placement-api.service[92231]: DEBUG placement.requestlog [req-d4121e71-34a6-4e30-9e6c-ae20e161ecdb req-2444d719-ac80-48bf-8713-247d7c6b12a0 None None] Starting request: 10.4.3.188 "GET /placement/allocations/65400c9c-8421-48a9-96f6-5da774c8b7d0" {{(pid=92231) __call__ /opt/stack/placement/placement/requestlog.py:55}}
May 26 14:36:27.126456 np0000001424 devstack@placement-api.service[92231]: INFO placement.requestlog [req-d4121e71-34a6-4e30-9e6c-ae20e161ecdb req-2444d719-ac80-48bf-8713-247d7c6b12a0 service nova] 10.4.3.188 "GET /placement/allocations/65400c9c-8421-48a9-96f6-5da774c8b7d0" status: 200 len: 258 microversion: 1.28
