Jul 21 05:05:50.385803 np0000005525 devstack@c-api.service[97006]: [pid: 97006|app: 0|req: 80/243] 10.4.3.96 () {68 vars in 1384 bytes} [Tue Jul 21 05:05:50 2026] DELETE /volume/v3/volumes/cf1ef457-89fa-48b5-bdd0-67d5a71c85ab => generated 0 bytes in 127 msecs (HTTP/1.1 202) 6 headers in 233 bytes (1 switches on core 0)
Jul 21 05:05:50.400171 np0000005525 devstack@c-api.service[97004]: DEBUG cinder.api.middleware.request_id [None req-86adb4d9-ed5f-4d89-aa11-560aa3d2b30f None None] RequestId filter calling following filter/app {{(pid=97004) _context_setter /opt/stack/cinder/cinder/api/middleware/request_id.py:62}}
Jul 21 05:05:50.409763 np0000005525 devstack@c-api.service[97004]: INFO cinder.api.openstack.wsgi [None req-86adb4d9-ed5f-4d89-aa11-560aa3d2b30f tempest-UserMessagesTest-2003282245 tempest-UserMessagesTest-2003282245-project-member] GET https://10.4.3.96/volume/v3/volumes/cf1ef457-89fa-48b5-bdd0-67d5a71c85ab
Jul 21 05:05:50.409763 np0000005525 devstack@c-api.service[97004]: DEBUG cinder.api.openstack.wsgi [None req-86adb4d9-ed5f-4d89-aa11-560aa3d2b30f tempest-UserMessagesTest-2003282245 tempest-UserMessagesTest-2003282245-project-member] Empty body provided in request {{(pid=97004) get_body /opt/stack/cinder/cinder/api/openstack/wsgi.py:725}}
Jul 21 05:05:50.410779 np0000005525 devstack@c-api.service[97004]: DEBUG cinder.api.openstack.wsgi [None req-86adb4d9-ed5f-4d89-aa11-560aa3d2b30f tempest-UserMessagesTest-2003282245 tempest-UserMessagesTest-2003282245-project-member] Calling method 'show' {{(pid=97004) _process_stack /opt/stack/cinder/cinder/api/openstack/wsgi.py:878}}
Jul 21 05:05:50.422772 np0000005525 devstack@c-api.service[97004]: INFO cinder.api.openstack.wsgi [None req-86adb4d9-ed5f-4d89-aa11-560aa3d2b30f tempest-UserMessagesTest-2003282245 tempest-UserMessagesTest-2003282245-project-member] https://10.4.3.96/volume/v3/volumes/cf1ef457-89fa-48b5-bdd0-67d5a71c85ab returned with HTTP 404
Jul 21 05:05:50.423826 np0000005525 devstack@c-api.service[97005]: DEBUG cinder.api.middleware.request_id [req-a5982e04-84e5-46cc-83f6-bb1c04957168 req-d3c33de9-12b8-4c07-819b-df120fb878ad None None] RequestId filter calling following filter/app {{(pid=97005) _context_setter /opt/stack/cinder/cinder/api/middleware/request_id.py:62}}
Jul 21 05:05:50.424056 np0000005525 devstack@c-api.service[97004]: [pid: 97004|app: 0|req: 82/244] 10.4.3.96 () {68 vars in 1381 bytes} [Tue Jul 21 05:05:50 2026] GET /volume/v3/volumes/cf1ef457-89fa-48b5-bdd0-67d5a71c85ab => generated 109 bytes in 27 msecs (HTTP/1.1 404) 7 headers in 292 bytes (1 switches on core 0)
Jul 21 05:05:50.429981 np0000005525 devstack@c-api.service[97005]: INFO cinder.api.openstack.wsgi [req-a5982e04-84e5-46cc-83f6-bb1c04957168 req-d3c33de9-12b8-4c07-819b-df120fb878ad tempest-VolumesAssistedSnapshotsTest-927707905 tempest-VolumesAssistedSnapshotsTest-927707905-project-admin] GET https://10.4.3.96/volume/v3/volumes/7252e431-66fe-4caa-a3d3-92d2a3c883b4
Jul 21 05:05:50.431352 np0000005525 devstack@c-api.service[97006]: DEBUG cinder.api.middleware.request_id [None req-4488eea2-0293-4517-b917-bacce0e8bbe8 None None] RequestId filter calling following filter/app {{(pid=97006) _context_setter /opt/stack/cinder/cinder/api/middleware/request_id.py:62}}
Jul 21 05:05:50.432038 np0000005525 devstack@c-api.service[97005]: DEBUG cinder.api.openstack.wsgi [req-a5982e04-84e5-46cc-83f6-bb1c04957168 req-d3c33de9-12b8-4c07-819b-df120fb878ad tempest-VolumesAssistedSnapshotsTest-927707905 tempest-VolumesAssistedSnapshotsTest-927707905-project-admin] Empty body provided in request {{(pid=97005) get_body /opt/stack/cinder/cinder/api/openstack/wsgi.py:725}}
Jul 21 05:05:50.432424 np0000005525 devstack@c-api.service[97005]: DEBUG cinder.api.openstack.wsgi [req-a5982e04-84e5-46cc-83f6-bb1c04957168 req-d3c33de9-12b8-4c07-819b-df120fb878ad tempest-VolumesAssistedSnapshotsTest-927707905 tempest-VolumesAssistedSnapshotsTest-927707905-project-admin] Calling method 'show' {{(pid=97005) _process_stack /opt/stack/cinder/cinder/api/openstack/wsgi.py:878}}
Jul 21 05:05:50.434721 np0000005525 devstack@c-api.service[97006]: INFO cinder.api.openstack.wsgi [None req-4488eea2-0293-4517-b917-bacce0e8bbe8 tempest-UserMessagesTest-1830881747 tempest-UserMessagesTest-1830881747-project-admin] DELETE https://10.4.3.96/volume/v3/types/5d4c4549-c6fb-4c68-85d6-eabf6c1b9e64
Jul 21 05:05:50.437709 np0000005525 devstack@c-api.service[97006]: DEBUG cinder.api.openstack.wsgi [None req-4488eea2-0293-4517-b917-bacce0e8bbe8 tempest-UserMessagesTest-1830881747 tempest-UserMessagesTest-1830881747-project-admin] Empty body provided in request {{(pid=97006) get_body /opt/stack/cinder/cinder/api/openstack/wsgi.py:725}}
Jul 21 05:05:50.437709 np0000005525 devstack@c-api.service[97006]: DEBUG cinder.api.openstack.wsgi [None req-4488eea2-0293-4517-b917-bacce0e8bbe8 tempest-UserMessagesTest-1830881747 tempest-UserMessagesTest-1830881747-project-admin] Calling method '_delete' {{(pid=97006) _process_stack /opt/stack/cinder/cinder/api/openstack/wsgi.py:878}}
Jul 21 05:05:50.437908 np0000005525 devstack@c-api.service[97004]: DEBUG cinder.api.middleware.request_id [req-44b4f6ed-2e63-4f4f-a0c1-ca1940ed4bfa req-0a9309ec-c158-494a-8643-ca064a1d6a85 None None] RequestId filter calling following filter/app {{(pid=97004) _context_setter /opt/stack/cinder/cinder/api/middleware/request_id.py:62}}
Jul 21 05:05:50.443634 np0000005525 devstack@c-api.service[97004]: INFO cinder.api.openstack.wsgi [req-44b4f6ed-2e63-4f4f-a0c1-ca1940ed4bfa req-0a9309ec-c158-494a-8643-ca064a1d6a85 tempest-TaggedBootDevicesTest-1992569256 tempest-TaggedBootDevicesTest-1992569256-project-member] PUT https://10.4.3.96/volume/v3/attachments/fa0fe30b-64dd-4068-b318-93250c1e3638
Jul 21 05:05:50.444400 np0000005525 devstack@c-api.service[97004]: DEBUG cinder.api.openstack.wsgi [req-44b4f6ed-2e63-4f4f-a0c1-ca1940ed4bfa req-0a9309ec-c158-494a-8643-ca064a1d6a85 tempest-TaggedBootDevicesTest-1992569256 tempest-TaggedBootDevicesTest-1992569256-project-member] Action: 'update', calling method: version_select, body: {"attachment": {"connector": {"platform": "x86_64", "os_type": "linux", "ip": "10.4.3.96", "host": "np0000005525", "multipath": false, "enforce_multipath": true, "initiator": "iqn.2016-04.com.open-iscsi:1ba5f32cee4e", "do_local_attach": false, "nvme_hostid": "262ab277-71b2-40f2-84ed-4d37d102246b", "uuid": "8515de1c-ba7e-467b-adde-6d9f8a8dbc1f", "system uuid": "ff5fdc8d-dd73-48ba-a402-73c2943e0225", "nqn": "nqn.2014-08.org.nvmexpress:uuid:ff5fdc8d-dd73-48ba-a402-73c2943e0225", "nvme_native_multipath": true, "found_dsc": "", "host_ips": ["10.4.3.96", "fe80::f816:3eff:feeb:16f9", "192.168.10.6", "fe80::f816:3eff:fe8d:1401", "192.168.20.6", "fe80::f816:3eff:fe43:a789", "192.168.30.6", "fe80::f816:3eff:fecb:2cce", "192.168.122.1", "172.24.5.1", "2001:db8::2", "fe80::10e6:42ff:fe6f:534a", "fe80::f816:3eff:fe2d:dddc", "fe80::6cbc:4ff:fe6f:5cc", "fe80::f816:3eff:fe32:94e6", "fe80::d820:56ff:fefa:12b", "fe80::f816:3eff:fe0d:766", "fe80::cc81:1dff:fe74:6f0c", "fe80::f816:3eff:fe9f:8ba5", "fe80::f816:3eff:fe67:b520", "fe80::a8ac:d0ff:fed6:cee"], "mountpoint": "/dev/vda"}}} {{(pid=97004) _process_stack /opt/stack/cinder/cinder/api/openstack/wsgi.py:876}}
Jul 21 05:05:50.455831 np0000005525 devstack@c-api.service[97005]: /opt/stack/data/venv/lib/python3.12/site-packages/oslo_context/context.py:102: DeprecationWarning: Policy enforcement is depending on the value of is_admin. This key is deprecated. Please update your policy file to use the standard policy values.
Jul 21 05:05:50.455831 np0000005525 devstack@c-api.service[97005]: warnings.warn(
Jul 21 05:05:50.456940 np0000005525 devstack@c-api.service[97004]: DEBUG cinder.coordination [req-44b4f6ed-2e63-4f4f-a0c1-ca1940ed4bfa req-0a9309ec-c158-494a-8643-ca064a1d6a85 tempest-TaggedBootDevicesTest-1992569256 tempest-TaggedBootDevicesTest-1992569256-project-member] Acquiring lock "cinder-attachment_update-ce8ff533-da8c-437b-b093-45c08ba99ecb-np0000005525" by "attachment_update" {{(pid=97004) __acquire /opt/stack/cinder/cinder/coordination.py:138}}
Jul 21 05:05:50.464310 np0000005525 devstack@c-api.service[97005]: INFO cinder.volume.api [req-a5982e04-84e5-46cc-83f6-bb1c04957168 req-d3c33de9-12b8-4c07-819b-df120fb878ad tempest-VolumesAssistedSnapshotsTest-927707905 tempest-VolumesAssistedSnapshotsTest-927707905-project-admin] Volume info retrieved successfully.
Jul 21 05:05:50.466227 np0000005525 devstack@c-api.service[97004]: DEBUG cinder.coordination [req-44b4f6ed-2e63-4f4f-a0c1-ca1940ed4bfa req-0a9309ec-c158-494a-8643-ca064a1d6a85 tempest-TaggedBootDevicesTest-1992569256 tempest-TaggedBootDevicesTest-1992569256-project-member] Lock "cinder-attachment_update-ce8ff533-da8c-437b-b093-45c08ba99ecb-np0000005525" acquired by "attachment_update" :: waited 0.009s {{(pid=97004) __acquire /opt/stack/cinder/cinder/coordination.py:141}}
Jul 21 05:05:50.468655 np0000005525 devstack@c-api.service[97004]: /opt/stack/data/venv/lib/python3.12/site-packages/oslo_context/context.py:102: DeprecationWarning: Policy enforcement is depending on the value of is_admin. This key is deprecated. Please update your policy file to use the standard policy values.
Jul 21 05:05:50.468655 np0000005525 devstack@c-api.service[97004]: warnings.warn(
Jul 21 05:05:50.473631 np0000005525 devstack@c-api.service[97005]: INFO cinder.api.openstack.wsgi [req-a5982e04-84e5-46cc-83f6-bb1c04957168 req-d3c33de9-12b8-4c07-819b-df120fb878ad tempest-VolumesAssistedSnapshotsTest-927707905 tempest-VolumesAssistedSnapshotsTest-927707905-project-admin] https://10.4.3.96/volume/v3/volumes/7252e431-66fe-4caa-a3d3-92d2a3c883b4 returned with HTTP 200
Jul 21 05:05:50.474563 np0000005525 devstack@c-api.service[97005]: [pid: 97005|app: 0|req: 83/245] 10.4.3.96 () {68 vars in 1591 bytes} [Tue Jul 21 05:05:50 2026] GET /volume/v3/volumes/7252e431-66fe-4caa-a3d3-92d2a3c883b4 => generated 1315 bytes in 51 msecs (HTTP/1.1 200) 7 headers in 286 bytes (1 switches on core 0)
Jul 21 05:05:50.480169 np0000005525 devstack@c-api.service[97006]: INFO cinder.api.openstack.wsgi [None req-4488eea2-0293-4517-b917-bacce0e8bbe8 tempest-UserMessagesTest-1830881747 tempest-UserMessagesTest-1830881747-project-admin] https://10.4.3.96/volume/v3/types/5d4c4549-c6fb-4c68-85d6-eabf6c1b9e64 returned with HTTP 202
Jul 21 05:05:50.480169 np0000005525 devstack@c-api.service[97006]: [pid: 97006|app: 0|req: 81/246] 10.4.3.96 () {66 vars in 1338 bytes} [Tue Jul 21 05:05:50 2026] DELETE /volume/v3/types/5d4c4549-c6fb-4c68-85d6-eabf6c1b9e64 => generated 0 bytes in 50 msecs (HTTP/1.1 202) 6 headers in 233 bytes (1 switches on core 0)
Jul 21 05:05:50.498241 np0000005525 devstack@c-api.service[97005]: DEBUG cinder.api.middleware.request_id [None req-2552f6fc-6184-44bd-ae66-5afd9fd1c76e None None] RequestId filter calling following filter/app {{(pid=97005) _context_setter /opt/stack/cinder/cinder/api/middleware/request_id.py:62}}
Jul 21 05:05:50.502206 np0000005525 devstack@c-api.service[97005]: INFO cinder.api.openstack.wsgi [None req-2552f6fc-6184-44bd-ae66-5afd9fd1c76e tempest-UserMessagesTest-1830881747 tempest-UserMessagesTest-1830881747-project-admin] GET https://10.4.3.96/volume/v3/types/5d4c4549-c6fb-4c68-85d6-eabf6c1b9e64
Jul 21 05:05:50.503184 np0000005525 devstack@c-api.service[97005]: DEBUG cinder.api.openstack.wsgi [None req-2552f6fc-6184-44bd-ae66-5afd9fd1c76e tempest-UserMessagesTest-1830881747 tempest-UserMessagesTest-1830881747-project-admin] Empty body provided in request {{(pid=97005) get_body /opt/stack/cinder/cinder/api/openstack/wsgi.py:725}}
Jul 21 05:05:50.503184 np0000005525 devstack@c-api.service[97005]: DEBUG cinder.api.openstack.wsgi [None req-2552f6fc-6184-44bd-ae66-5afd9fd1c76e tempest-UserMessagesTest-1830881747 tempest-UserMessagesTest-1830881747-project-admin] Calling method 'show' {{(pid=97005) _process_stack /opt/stack/cinder/cinder/api/openstack/wsgi.py:878}}
Jul 21 05:05:50.510642 np0000005525 devstack@c-api.service[97005]: INFO cinder.api.openstack.wsgi [None req-2552f6fc-6184-44bd-ae66-5afd9fd1c76e tempest-UserMessagesTest-1830881747 tempest-UserMessagesTest-1830881747-project-admin] https://10.4.3.96/volume/v3/types/5d4c4549-c6fb-4c68-85d6-eabf6c1b9e64 returned with HTTP 404
Jul 21 05:05:50.511302 np0000005525 devstack@c-api.service[97005]: [pid: 97005|app: 0|req: 84/247] 10.4.3.96 () {66 vars in 1335 bytes} [Tue Jul 21 05:05:50 2026] GET /volume/v3/types/5d4c4549-c6fb-4c68-85d6-eabf6c1b9e64 => generated 114 bytes in 15 msecs (HTTP/1.1 404) 7 headers in 292 bytes (1 switches on core 0)
Jul 21 05:05:50.546923 np0000005525 devstack@c-api.service[97006]: DEBUG cinder.api.middleware.request_id [req-a5982e04-84e5-46cc-83f6-bb1c04957168 req-c6d33588-4141-42ea-b371-67d5214531cf None None] RequestId filter calling following filter/app {{(pid=97006) _context_setter /opt/stack/cinder/cinder/api/middleware/request_id.py:62}}
Jul 21 05:05:50.550404 np0000005525 devstack@c-api.service[97006]: INFO cinder.api.openstack.wsgi [req-a5982e04-84e5-46cc-83f6-bb1c04957168 req-c6d33588-4141-42ea-b371-67d5214531cf tempest-VolumesAssistedSnapshotsTest-927707905 tempest-VolumesAssistedSnapshotsTest-927707905-project-admin] POST https://10.4.3.96/volume/v3/volumes/7252e431-66fe-4caa-a3d3-92d2a3c883b4/action
Jul 21 05:05:50.551149 np0000005525 devstack@c-api.service[97006]: DEBUG cinder.api.openstack.wsgi [req-a5982e04-84e5-46cc-83f6-bb1c04957168 req-c6d33588-4141-42ea-b371-67d5214531cf tempest-VolumesAssistedSnapshotsTest-927707905 tempest-VolumesAssistedSnapshotsTest-927707905-project-admin] Action body: b'{"os-begin_detaching": null}' {{(pid=97006) get_method /opt/stack/cinder/cinder/api/openstack/wsgi.py:993}}
Jul 21 05:05:50.551149 np0000005525 devstack@c-api.service[97006]: DEBUG cinder.api.openstack.wsgi [req-a5982e04-84e5-46cc-83f6-bb1c04957168 req-c6d33588-4141-42ea-b371-67d5214531cf tempest-VolumesAssistedSnapshotsTest-927707905 tempest-VolumesAssistedSnapshotsTest-927707905-project-admin] Action: 'action', calling method: _begin_detaching, body: {"os-begin_detaching": null} {{(pid=97006) _process_stack /opt/stack/cinder/cinder/api/openstack/wsgi.py:876}}
Jul 21 05:05:50.574022 np0000005525 devstack@c-api.service[97006]: /opt/stack/data/venv/lib/python3.12/site-packages/oslo_context/context.py:102: DeprecationWarning: Policy enforcement is depending on the value of is_admin. This key is deprecated. Please update your policy file to use the standard policy values.
Jul 21 05:05:50.574022 np0000005525 devstack@c-api.service[97006]: warnings.warn(
Jul 21 05:05:50.574147 np0000005525 devstack@c-api.service[97006]: INFO cinder.volume.api [req-a5982e04-84e5-46cc-83f6-bb1c04957168 req-c6d33588-4141-42ea-b371-67d5214531cf tempest-VolumesAssistedSnapshotsTest-927707905 tempest-VolumesAssistedSnapshotsTest-927707905-project-admin] Volume info retrieved successfully.
Jul 21 05:05:50.586109 np0000005525 devstack@c-api.service[97006]: INFO cinder.volume.api [req-a5982e04-84e5-46cc-83f6-bb1c04957168 req-c6d33588-4141-42ea-b371-67d5214531cf tempest-VolumesAssistedSnapshotsTest-927707905 tempest-VolumesAssistedSnapshotsTest-927707905-project-admin] Begin detaching volume completed successfully.
Jul 21 05:05:50.586230 np0000005525 devstack@c-api.service[97006]: INFO cinder.api.openstack.wsgi [req-a5982e04-84e5-46cc-83f6-bb1c04957168 req-c6d33588-4141-42ea-b371-67d5214531cf tempest-VolumesAssistedSnapshotsTest-927707905 tempest-VolumesAssistedSnapshotsTest-927707905-project-admin] https://10.4.3.96/volume/v3/volumes/7252e431-66fe-4caa-a3d3-92d2a3c883b4/action returned with HTTP 202
Jul 21 05:05:50.586871 np0000005525 devstack@c-api.service[97006]: [pid: 97006|app: 0|req: 82/248] 10.4.3.96 () {72 vars in 1665 bytes} [Tue Jul 21 05:05:50 2026] POST /volume/v3/volumes/7252e431-66fe-4caa-a3d3-92d2a3c883b4/action => generated 0 bytes in 40 msecs (HTTP/1.1 202) 7 headers in 289 bytes (1 switches on core 0)
Jul 21 05:05:50.602663 np0000005525 devstack@c-api.service[97004]: DEBUG cinder.coordination [req-44b4f6ed-2e63-4f4f-a0c1-ca1940ed4bfa req-0a9309ec-c158-494a-8643-ca064a1d6a85 tempest-TaggedBootDevicesTest-1992569256 tempest-TaggedBootDevicesTest-1992569256-project-member] Lock "cinder-attachment_update-ce8ff533-da8c-437b-b093-45c08ba99ecb-np0000005525" released by "attachment_update" :: held 0.136s {{(pid=97004) __release /opt/stack/cinder/cinder/coordination.py:152}}
Jul 21 05:05:50.605588 np0000005525 devstack@c-api.service[97004]: INFO cinder.api.openstack.wsgi [req-44b4f6ed-2e63-4f4f-a0c1-ca1940ed4bfa req-0a9309ec-c158-494a-8643-ca064a1d6a85 tempest-TaggedBootDevicesTest-1992569256 tempest-TaggedBootDevicesTest-1992569256-project-member] https://10.4.3.96/volume/v3/attachments/fa0fe30b-64dd-4068-b318-93250c1e3638 returned with HTTP 200
Jul 21 05:05:50.605588 np0000005525 devstack@c-api.service[97004]: [pid: 97004|app: 0|req: 83/249] 10.4.3.96 () {74 vars in 1698 bytes} [Tue Jul 21 05:05:50 2026] PUT /volume/v3/attachments/fa0fe30b-64dd-4068-b318-93250c1e3638 => generated 535 bytes in 167 msecs (HTTP/1.1 200) 7 headers in 286 bytes (1 switches on core 0)
Jul 21 05:05:50.662248 np0000005525 devstack@c-api.service[97005]: DEBUG cinder.api.middleware.request_id [req-44b4f6ed-2e63-4f4f-a0c1-ca1940ed4bfa req-9e037b23-dcef-49f4-aaf9-62ba425d7abd None None] RequestId filter calling following filter/app {{(pid=97005) _context_setter /opt/stack/cinder/cinder/api/middleware/request_id.py:62}}
Jul 21 05:05:50.664417 np0000005525 devstack@c-api.service[97006]: DEBUG cinder.api.middleware.request_id [None req-3d3bf992-c8fd-4560-9ed3-096cf991036c None None] RequestId filter calling following filter/app {{(pid=97006) _context_setter /opt/stack/cinder/cinder/api/middleware/request_id.py:62}}
Jul 21 05:05:50.666217 np0000005525 devstack@c-api.service[97005]: INFO cinder.api.openstack.wsgi [req-44b4f6ed-2e63-4f4f-a0c1-ca1940ed4bfa req-9e037b23-dcef-49f4-aaf9-62ba425d7abd tempest-TaggedBootDevicesTest-1992569256 tempest-TaggedBootDevicesTest-1992569256-project-member] POST https://10.4.3.96/volume/v3/attachments/fa0fe30b-64dd-4068-b318-93250c1e3638/action
Jul 21 05:05:50.666956 np0000005525 devstack@c-api.service[97005]: DEBUG cinder.api.openstack.wsgi [req-44b4f6ed-2e63-4f4f-a0c1-ca1940ed4bfa req-9e037b23-dcef-49f4-aaf9-62ba425d7abd tempest-TaggedBootDevicesTest-1992569256 tempest-TaggedBootDevicesTest-1992569256-project-member] Action body: b'{"os-complete": null}' {{(pid=97005) get_method /opt/stack/cinder/cinder/api/openstack/wsgi.py:993}}
Jul 21 05:05:50.667385 np0000005525 devstack@c-api.service[97006]: INFO cinder.api.openstack.wsgi [None req-3d3bf992-c8fd-4560-9ed3-096cf991036c None None] GET https://10.4.3.96/volume//
Jul 21 05:05:50.668409 np0000005525 devstack@c-api.service[97006]: DEBUG cinder.api.openstack.wsgi [None req-3d3bf992-c8fd-4560-9ed3-096cf991036c None None] Empty body provided in request {{(pid=97006) get_body /opt/stack/cinder/cinder/api/openstack/wsgi.py:725}}
Jul 21 05:05:50.668598 np0000005525 devstack@c-api.service[97005]: DEBUG cinder.api.openstack.wsgi [req-44b4f6ed-2e63-4f4f-a0c1-ca1940ed4bfa req-9e037b23-dcef-49f4-aaf9-62ba425d7abd tempest-TaggedBootDevicesTest-1992569256 tempest-TaggedBootDevicesTest-1992569256-project-member] Action: 'action', calling method: complete, body: {"os-complete": null} {{(pid=97005) _process_stack /opt/stack/cinder/cinder/api/openstack/wsgi.py:876}}
Jul 21 05:05:50.668677 np0000005525 devstack@c-api.service[97006]: DEBUG cinder.api.openstack.wsgi [None req-3d3bf992-c8fd-4560-9ed3-096cf991036c None None] Calling method 'all' {{(pid=97006) _process_stack /opt/stack/cinder/cinder/api/openstack/wsgi.py:878}}
Jul 21 05:05:50.670788 np0000005525 devstack@c-api.service[97006]: INFO cinder.api.openstack.wsgi [None req-3d3bf992-c8fd-4560-9ed3-096cf991036c None None] https://10.4.3.96/volume// returned with HTTP 300
Jul 21 05:05:50.671110 np0000005525 devstack@c-api.service[97006]: [pid: 97006|app: 0|req: 83/250] 10.4.3.96 () {66 vars in 1419 bytes} [Tue Jul 21 05:05:50 2026] GET /volume/ => generated 385 bytes in 7 msecs (HTTP/1.1 300) 7 headers in 299 bytes (1 switches on core 0)
Jul 21 05:05:50.686146 np0000005525 devstack@c-api.service[97004]: DEBUG cinder.api.middleware.request_id [req-a5982e04-84e5-46cc-83f6-bb1c04957168 req-0827ba46-e305-435b-a91f-8ef851865388 None None] RequestId filter calling following filter/app {{(pid=97004) _context_setter /opt/stack/cinder/cinder/api/middleware/request_id.py:62}}
Jul 21 05:05:50.691122 np0000005525 devstack@c-api.service[97004]: INFO cinder.api.openstack.wsgi [req-a5982e04-84e5-46cc-83f6-bb1c04957168 req-0827ba46-e305-435b-a91f-8ef851865388 tempest-VolumesAssistedSnapshotsTest-927707905 tempest-VolumesAssistedSnapshotsTest-927707905-project-admin] GET https://10.4.3.96/volume/v3/volumes/7252e431-66fe-4caa-a3d3-92d2a3c883b4
Jul 21 05:05:50.691489 np0000005525 devstack@c-api.service[97004]: DEBUG cinder.api.openstack.wsgi [req-a5982e04-84e5-46cc-83f6-bb1c04957168 req-0827ba46-e305-435b-a91f-8ef851865388 tempest-VolumesAssistedSnapshotsTest-927707905 tempest-VolumesAssistedSnapshotsTest-927707905-project-admin] Empty body provided in request {{(pid=97004) get_body /opt/stack/cinder/cinder/api/openstack/wsgi.py:725}}
Jul 21 05:05:50.691607 np0000005525 devstack@c-api.service[97004]: DEBUG cinder.api.openstack.wsgi [req-a5982e04-84e5-46cc-83f6-bb1c04957168 req-0827ba46-e305-435b-a91f-8ef851865388 tempest-VolumesAssistedSnapshotsTest-927707905 tempest-VolumesAssistedSnapshotsTest-927707905-project-admin] Calling method 'show' {{(pid=97004) _process_stack /opt/stack/cinder/cinder/api/openstack/wsgi.py:878}}
Jul 21 05:05:50.707723 np0000005525 devstack@c-api.service[97005]: /opt/stack/data/venv/lib/python3.12/site-packages/oslo_context/context.py:102: DeprecationWarning: Policy enforcement is depending on the value of is_admin. This key is deprecated. Please update your policy file to use the standard policy values.
Jul 21 05:05:50.707723 np0000005525 devstack@c-api.service[97005]: warnings.warn(
Jul 21 05:05:50.722764 np0000005525 devstack@c-api.service[97004]: /opt/stack/data/venv/lib/python3.12/site-packages/oslo_context/context.py:102: DeprecationWarning: Policy enforcement is depending on the value of is_admin. This key is deprecated. Please update your policy file to use the standard policy values.
Jul 21 05:05:50.722764 np0000005525 devstack@c-api.service[97004]: warnings.warn(
Jul 21 05:05:50.729413 np0000005525 devstack@c-api.service[97004]: INFO cinder.volume.api [req-a5982e04-84e5-46cc-83f6-bb1c04957168 req-0827ba46-e305-435b-a91f-8ef851865388 tempest-VolumesAssistedSnapshotsTest-927707905 tempest-VolumesAssistedSnapshotsTest-927707905-project-admin] Volume info retrieved successfully.
Jul 21 05:05:50.732437 np0000005525 devstack@c-api.service[97005]: INFO cinder.api.openstack.wsgi [req-44b4f6ed-2e63-4f4f-a0c1-ca1940ed4bfa req-9e037b23-dcef-49f4-aaf9-62ba425d7abd tempest-TaggedBootDevicesTest-1992569256 tempest-TaggedBootDevicesTest-1992569256-project-member] https://10.4.3.96/volume/v3/attachments/fa0fe30b-64dd-4068-b318-93250c1e3638/action returned with HTTP 204
Jul 21 05:05:50.733172 np0000005525 devstack@c-api.service[97005]: [pid: 97005|app: 0|req: 85/251] 10.4.3.96 () {74 vars in 1718 bytes} [Tue Jul 21 05:05:50 2026] POST /volume/v3/attachments/fa0fe30b-64dd-4068-b318-93250c1e3638/action => generated 0 bytes in 71 msecs (HTTP/1.1 204) 7 headers in 292 bytes (1 switches on core 0)
Jul 21 05:05:50.736959 np0000005525 devstack@c-api.service[97004]: INFO cinder.api.openstack.wsgi [req-a5982e04-84e5-46cc-83f6-bb1c04957168 req-0827ba46-e305-435b-a91f-8ef851865388 tempest-VolumesAssistedSnapshotsTest-927707905 tempest-VolumesAssistedSnapshotsTest-927707905-project-admin] https://10.4.3.96/volume/v3/volumes/7252e431-66fe-4caa-a3d3-92d2a3c883b4 returned with HTTP 200
Jul 21 05:05:50.737837 np0000005525 devstack@c-api.service[97004]: [pid: 97004|app: 0|req: 84/252] 10.4.3.96 () {70 vars in 1632 bytes} [Tue Jul 21 05:05:50 2026] GET /volume/v3/volumes/7252e431-66fe-4caa-a3d3-92d2a3c883b4 => generated 1542 bytes in 52 msecs (HTTP/1.1 200) 7 headers in 287 bytes (1 switches on core 0)
Jul 21 05:05:50.762255 np0000005525 devstack@c-api.service[97006]: DEBUG cinder.api.middleware.request_id [None req-aedcebb1-35a6-4606-ab14-83b809b8219b None None] RequestId filter calling following filter/app {{(pid=97006) _context_setter /opt/stack/cinder/cinder/api/middleware/request_id.py:62}}
Jul 21 05:05:50.762975 np0000005525 devstack@c-api.service[97006]: INFO cinder.api.openstack.wsgi [None req-aedcebb1-35a6-4606-ab14-83b809b8219b None None] GET https://10.4.3.96/volume//
Jul 21 05:05:50.763320 np0000005525 devstack@c-api.service[97006]: DEBUG cinder.api.openstack.wsgi [None req-aedcebb1-35a6-4606-ab14-83b809b8219b None None] Empty body provided in request {{(pid=97006) get_body /opt/stack/cinder/cinder/api/openstack/wsgi.py:725}}
Jul 21 05:05:50.764078 np0000005525 devstack@c-api.service[97006]: DEBUG cinder.api.openstack.wsgi [None req-aedcebb1-35a6-4606-ab14-83b809b8219b None None] Calling method 'all' {{(pid=97006) _process_stack /opt/stack/cinder/cinder/api/openstack/wsgi.py:878}}
Jul 21 05:05:50.764642 np0000005525 devstack@c-api.service[97006]: INFO cinder.api.openstack.wsgi [None req-aedcebb1-35a6-4606-ab14-83b809b8219b None None] https://10.4.3.96/volume// returned with HTTP 300
Jul 21 05:05:50.766119 np0000005525 devstack@c-api.service[97006]: [pid: 97006|app: 0|req: 84/253] 10.4.3.96 () {66 vars in 1419 bytes} [Tue Jul 21 05:05:50 2026] GET /volume/ => generated 385 bytes in 4 msecs (HTTP/1.1 300) 7 headers in 299 bytes (1 switches on core 0)
Jul 21 05:05:50.787427 np0000005525 devstack@c-api.service[97005]: DEBUG cinder.api.middleware.request_id [req-44b4f6ed-2e63-4f4f-a0c1-ca1940ed4bfa req-b4f9a371-c92a-4c23-b5b1-42052f41cd21 None None] RequestId filter calling following filter/app {{(pid=97005) _context_setter /opt/stack/cinder/cinder/api/middleware/request_id.py:62}}
Jul 21 05:05:50.799475 np0000005525 devstack@c-api.service[97005]: INFO cinder.api.openstack.wsgi [req-44b4f6ed-2e63-4f4f-a0c1-ca1940ed4bfa req-b4f9a371-c92a-4c23-b5b1-42052f41cd21 tempest-TaggedBootDevicesTest-1992569256 tempest-TaggedBootDevicesTest-1992569256-project-member] GET https://10.4.3.96/volume/v3/volumes/e51ea364-6964-4ad6-a1a7-ba86e17422be
Jul 21 05:05:50.799836 np0000005525 devstack@c-api.service[97005]: DEBUG cinder.api.openstack.wsgi [req-44b4f6ed-2e63-4f4f-a0c1-ca1940ed4bfa req-b4f9a371-c92a-4c23-b5b1-42052f41cd21 tempest-TaggedBootDevicesTest-1992569256 tempest-TaggedBootDevicesTest-1992569256-project-member] Empty body provided in request {{(pid=97005) get_body /opt/stack/cinder/cinder/api/openstack/wsgi.py:725}}
Jul 21 05:05:50.800148 np0000005525 devstack@c-api.service[97005]: DEBUG cinder.api.openstack.wsgi [req-44b4f6ed-2e63-4f4f-a0c1-ca1940ed4bfa req-b4f9a371-c92a-4c23-b5b1-42052f41cd21 tempest-TaggedBootDevicesTest-1992569256 tempest-TaggedBootDevicesTest-1992569256-project-member] Calling method 'show' {{(pid=97005) _process_stack /opt/stack/cinder/cinder/api/openstack/wsgi.py:878}}
Jul 21 05:05:50.819660 np0000005525 devstack@c-api.service[97005]: /opt/stack/data/venv/lib/python3.12/site-packages/oslo_context/context.py:102: DeprecationWarning: Policy enforcement is depending on the value of is_admin. This key is deprecated. Please update your policy file to use the standard policy values.
Jul 21 05:05:50.819660 np0000005525 devstack@c-api.service[97005]: warnings.warn(
Jul 21 05:05:50.826176 np0000005525 devstack@c-api.service[97005]: INFO cinder.volume.api [req-44b4f6ed-2e63-4f4f-a0c1-ca1940ed4bfa req-b4f9a371-c92a-4c23-b5b1-42052f41cd21 tempest-TaggedBootDevicesTest-1992569256 tempest-TaggedBootDevicesTest-1992569256-project-member] Volume info retrieved successfully.
Jul 21 05:05:50.834842 np0000005525 devstack@c-api.service[97005]: INFO cinder.api.openstack.wsgi [req-44b4f6ed-2e63-4f4f-a0c1-ca1940ed4bfa req-b4f9a371-c92a-4c23-b5b1-42052f41cd21 tempest-TaggedBootDevicesTest-1992569256 tempest-TaggedBootDevicesTest-1992569256-project-member] https://10.4.3.96/volume/v3/volumes/e51ea364-6964-4ad6-a1a7-ba86e17422be returned with HTTP 200
Jul 21 05:05:50.835892 np0000005525 devstack@c-api.service[97005]: [pid: 97005|app: 0|req: 86/254] 10.4.3.96 () {70 vars in 1632 bytes} [Tue Jul 21 05:05:50 2026] GET /volume/v3/volumes/e51ea364-6964-4ad6-a1a7-ba86e17422be => generated 1022 bytes in 49 msecs (HTTP/1.1 200) 7 headers in 287 bytes (1 switches on core 0)
Jul 21 05:05:50.962177 np0000005525 devstack@c-api.service[97004]: DEBUG cinder.api.middleware.request_id [req-44b4f6ed-2e63-4f4f-a0c1-ca1940ed4bfa req-32dcd20c-df93-432f-b161-8c209a10302b None None] RequestId filter calling following filter/app {{(pid=97004) _context_setter /opt/stack/cinder/cinder/api/middleware/request_id.py:62}}
Jul 21 05:05:50.966660 np0000005525 devstack@c-api.service[97004]: INFO cinder.api.openstack.wsgi [req-44b4f6ed-2e63-4f4f-a0c1-ca1940ed4bfa req-32dcd20c-df93-432f-b161-8c209a10302b tempest-TaggedBootDevicesTest-1992569256 tempest-TaggedBootDevicesTest-1992569256-project-member] PUT https://10.4.3.96/volume/v3/attachments/a386341f-c76e-467d-a7ac-c18c3b1c3f71
Jul 21 05:05:50.969106 np0000005525 devstack@c-api.service[97004]: DEBUG cinder.api.openstack.wsgi [req-44b4f6ed-2e63-4f4f-a0c1-ca1940ed4bfa req-32dcd20c-df93-432f-b161-8c209a10302b tempest-TaggedBootDevicesTest-1992569256 tempest-TaggedBootDevicesTest-1992569256-project-member] Action: 'update', calling method: version_select, body: {"attachment": {"connector": {"platform": "x86_64", "os_type": "linux", "ip": "10.4.3.96", "host": "np0000005525", "multipath": false, "enforce_multipath": true, "initiator": "iqn.2016-04.com.open-iscsi:1ba5f32cee4e", "do_local_attach": false, "nvme_hostid": "262ab277-71b2-40f2-84ed-4d37d102246b", "uuid": "8515de1c-ba7e-467b-adde-6d9f8a8dbc1f", "system uuid": "ff5fdc8d-dd73-48ba-a402-73c2943e0225", "nqn": "nqn.2014-08.org.nvmexpress:uuid:ff5fdc8d-dd73-48ba-a402-73c2943e0225", "nvme_native_multipath": true, "found_dsc": "", "host_ips": ["10.4.3.96", "fe80::f816:3eff:feeb:16f9", "192.168.10.6", "fe80::f816:3eff:fe8d:1401", "192.168.20.6", "fe80::f816:3eff:fe43:a789", "192.168.30.6", "fe80::f816:3eff:fecb:2cce", "192.168.122.1", "172.24.5.1", "2001:db8::2", "fe80::10e6:42ff:fe6f:534a", "fe80::f816:3eff:fe2d:dddc", "fe80::6cbc:4ff:fe6f:5cc", "fe80::f816:3eff:fe32:94e6", "fe80::d820:56ff:fefa:12b", "fe80::f816:3eff:fe0d:766", "fe80::cc81:1dff:fe74:6f0c", "fe80::f816:3eff:fe9f:8ba5", "fe80::f816:3eff:fe67:b520", "fe80::a8ac:d0ff:fed6:cee"], "mountpoint": "/dev/vdb"}}} {{(pid=97004) _process_stack /opt/stack/cinder/cinder/api/openstack/wsgi.py:876}}
Jul 21 05:05:50.988797 np0000005525 devstack@c-api.service[97004]: DEBUG cinder.coordination [req-44b4f6ed-2e63-4f4f-a0c1-ca1940ed4bfa req-32dcd20c-df93-432f-b161-8c209a10302b tempest-TaggedBootDevicesTest-1992569256 tempest-TaggedBootDevicesTest-1992569256-project-member] Acquiring lock "cinder-attachment_update-e51ea364-6964-4ad6-a1a7-ba86e17422be-np0000005525" by "attachment_update" {{(pid=97004) __acquire /opt/stack/cinder/cinder/coordination.py:138}}
Jul 21 05:05:50.997197 np0000005525 devstack@c-api.service[97004]: DEBUG cinder.coordination [req-44b4f6ed-2e63-4f4f-a0c1-ca1940ed4bfa req-32dcd20c-df93-432f-b161-8c209a10302b tempest-TaggedBootDevicesTest-1992569256 tempest-TaggedBootDevicesTest-1992569256-project-member] Lock "cinder-attachment_update-e51ea364-6964-4ad6-a1a7-ba86e17422be-np0000005525" acquired by "attachment_update" :: waited 0.008s {{(pid=97004) __acquire /opt/stack/cinder/cinder/coordination.py:141}}
Jul 21 05:05:50.999410 np0000005525 devstack@c-api.service[97004]: /opt/stack/data/venv/lib/python3.12/site-packages/oslo_context/context.py:102: DeprecationWarning: Policy enforcement is depending on the value of is_admin. This key is deprecated. Please update your policy file to use the standard policy values.
Jul 21 05:05:50.999410 np0000005525 devstack@c-api.service[97004]: warnings.warn(
Jul 21 05:05:51.152236 np0000005525 devstack@c-api.service[97004]: DEBUG cinder.coordination [req-44b4f6ed-2e63-4f4f-a0c1-ca1940ed4bfa req-32dcd20c-df93-432f-b161-8c209a10302b tempest-TaggedBootDevicesTest-1992569256 tempest-TaggedBootDevicesTest-1992569256-project-member] Lock "cinder-attachment_update-e51ea364-6964-4ad6-a1a7-ba86e17422be-np0000005525" released by "attachment_update" :: held 0.156s {{(pid=97004) __release /opt/stack/cinder/cinder/coordination.py:152}}
Jul 21 05:05:51.153872 np0000005525 devstack@c-api.service[97004]: INFO cinder.api.openstack.wsgi [req-44b4f6ed-2e63-4f4f-a0c1-ca1940ed4bfa req-32dcd20c-df93-432f-b161-8c209a10302b tempest-TaggedBootDevicesTest-1992569256 tempest-TaggedBootDevicesTest-1992569256-project-member] https://10.4.3.96/volume/v3/attachments/a386341f-c76e-467d-a7ac-c18c3b1c3f71 returned with HTTP 200
Jul 21 05:05:51.153872 np0000005525 devstack@c-api.service[97004]: [pid: 97004|app: 0|req: 85/255] 10.4.3.96 () {74 vars in 1698 bytes} [Tue Jul 21 05:05:50 2026] PUT /volume/v3/attachments/a386341f-c76e-467d-a7ac-c18c3b1c3f71 => generated 535 bytes in 192 msecs (HTTP/1.1 200) 7 headers in 286 bytes (1 switches on core 0)
Jul 21 05:05:51.202509 np0000005525 devstack@c-api.service[97006]: DEBUG cinder.api.middleware.request_id [req-44b4f6ed-2e63-4f4f-a0c1-ca1940ed4bfa req-8ba47c16-289f-4159-a01e-bcdff021367b None None] RequestId filter calling following filter/app {{(pid=97006) _context_setter /opt/stack/cinder/cinder/api/middleware/request_id.py:62}}
Jul 21 05:05:51.209876 np0000005525 devstack@c-api.service[97006]: INFO cinder.api.openstack.wsgi [req-44b4f6ed-2e63-4f4f-a0c1-ca1940ed4bfa req-8ba47c16-289f-4159-a01e-bcdff021367b tempest-TaggedBootDevicesTest-1992569256 tempest-TaggedBootDevicesTest-1992569256-project-member] POST https://10.4.3.96/volume/v3/attachments/a386341f-c76e-467d-a7ac-c18c3b1c3f71/action
Jul 21 05:05:51.209876 np0000005525 devstack@c-api.service[97006]: DEBUG cinder.api.openstack.wsgi [req-44b4f6ed-2e63-4f4f-a0c1-ca1940ed4bfa req-8ba47c16-289f-4159-a01e-bcdff021367b tempest-TaggedBootDevicesTest-1992569256 tempest-TaggedBootDevicesTest-1992569256-project-member] Action body: b'{"os-complete": null}' {{(pid=97006) get_method /opt/stack/cinder/cinder/api/openstack/wsgi.py:993}}
Jul 21 05:05:51.210107 np0000005525 devstack@c-api.service[97006]: DEBUG cinder.api.openstack.wsgi [req-44b4f6ed-2e63-4f4f-a0c1-ca1940ed4bfa req-8ba47c16-289f-4159-a01e-bcdff021367b tempest-TaggedBootDevicesTest-1992569256 tempest-TaggedBootDevicesTest-1992569256-project-member] Action: 'action', calling method: complete, body: {"os-complete": null} {{(pid=97006) _process_stack /opt/stack/cinder/cinder/api/openstack/wsgi.py:876}}
Jul 21 05:05:51.254429 np0000005525 devstack@c-api.service[97006]: /opt/stack/data/venv/lib/python3.12/site-packages/oslo_context/context.py:102: DeprecationWarning: Policy enforcement is depending on the value of is_admin. This key is deprecated. Please update your policy file to use the standard policy values.
Jul 21 05:05:51.254429 np0000005525 devstack@c-api.service[97006]: warnings.warn(
Jul 21 05:05:51.277223 np0000005525 devstack@c-api.service[97006]: INFO cinder.api.openstack.wsgi [req-44b4f6ed-2e63-4f4f-a0c1-ca1940ed4bfa req-8ba47c16-289f-4159-a01e-bcdff021367b tempest-TaggedBootDevicesTest-1992569256 tempest-TaggedBootDevicesTest-1992569256-project-member] https://10.4.3.96/volume/v3/attachments/a386341f-c76e-467d-a7ac-c18c3b1c3f71/action returned with HTTP 204
Jul 21 05:05:51.280085 np0000005525 devstack@c-api.service[97006]: [pid: 97006|app: 0|req: 85/256] 10.4.3.96 () {74 vars in 1718 bytes} [Tue Jul 21 05:05:51 2026] POST /volume/v3/attachments/a386341f-c76e-467d-a7ac-c18c3b1c3f71/action => generated 0 bytes in 75 msecs (HTTP/1.1 204) 7 headers in 292 bytes (1 switches on core 0)
Jul 21 05:05:51.318006 np0000005525 devstack@c-api.service[97005]: DEBUG cinder.api.middleware.request_id [None req-248eb2ad-649e-4284-8bbd-987b85587141 None None] RequestId filter calling following filter/app {{(pid=97005) _context_setter /opt/stack/cinder/cinder/api/middleware/request_id.py:62}}
Jul 21 05:05:51.318479 np0000005525 devstack@c-api.service[97005]: INFO cinder.api.openstack.wsgi [None req-248eb2ad-649e-4284-8bbd-987b85587141 None None] GET https://10.4.3.96/volume//
Jul 21 05:05:51.318776 np0000005525 devstack@c-api.service[97005]: DEBUG cinder.api.openstack.wsgi [None req-248eb2ad-649e-4284-8bbd-987b85587141 None None] Empty body provided in request {{(pid=97005) get_body /opt/stack/cinder/cinder/api/openstack/wsgi.py:725}}
Jul 21 05:05:51.319055 np0000005525 devstack@c-api.service[97005]: DEBUG cinder.api.openstack.wsgi [None req-248eb2ad-649e-4284-8bbd-987b85587141 None None] Calling method 'all' {{(pid=97005) _process_stack /opt/stack/cinder/cinder/api/openstack/wsgi.py:878}}
Jul 21 05:05:51.320065 np0000005525 devstack@c-api.service[97005]: INFO cinder.api.openstack.wsgi [None req-248eb2ad-649e-4284-8bbd-987b85587141 None None] https://10.4.3.96/volume// returned with HTTP 300
Jul 21 05:05:51.320065 np0000005525 devstack@c-api.service[97005]: [pid: 97005|app: 0|req: 87/257] 10.4.3.96 () {66 vars in 1419 bytes} [Tue Jul 21 05:05:51 2026] GET /volume/ => generated 385 bytes in 2 msecs (HTTP/1.1 300) 7 headers in 299 bytes (1 switches on core 0)
Jul 21 05:05:51.333345 np0000005525 devstack@c-api.service[97004]: DEBUG cinder.api.middleware.request_id [req-44b4f6ed-2e63-4f4f-a0c1-ca1940ed4bfa req-10b4b033-a67a-4db6-9891-4b28508467d3 None None] RequestId filter calling following filter/app {{(pid=97004) _context_setter /opt/stack/cinder/cinder/api/middleware/request_id.py:62}}
Jul 21 05:05:51.337952 np0000005525 devstack@c-api.service[97004]: INFO cinder.api.openstack.wsgi [req-44b4f6ed-2e63-4f4f-a0c1-ca1940ed4bfa req-10b4b033-a67a-4db6-9891-4b28508467d3 tempest-TaggedBootDevicesTest-1992569256 tempest-TaggedBootDevicesTest-1992569256-project-member] GET https://10.4.3.96/volume/v3/volumes/40a88164-e6c1-42d6-9dad-a6bcf090c128
Jul 21 05:05:51.337952 np0000005525 devstack@c-api.service[97004]: DEBUG cinder.api.openstack.wsgi [req-44b4f6ed-2e63-4f4f-a0c1-ca1940ed4bfa req-10b4b033-a67a-4db6-9891-4b28508467d3 tempest-TaggedBootDevicesTest-1992569256 tempest-TaggedBootDevicesTest-1992569256-project-member] Empty body provided in request {{(pid=97004) get_body /opt/stack/cinder/cinder/api/openstack/wsgi.py:725}}
Jul 21 05:05:51.337952 np0000005525 devstack@c-api.service[97004]: DEBUG cinder.api.openstack.wsgi [req-44b4f6ed-2e63-4f4f-a0c1-ca1940ed4bfa req-10b4b033-a67a-4db6-9891-4b28508467d3 tempest-TaggedBootDevicesTest-1992569256 tempest-TaggedBootDevicesTest-1992569256-project-member] Calling method 'show' {{(pid=97004) _process_stack /opt/stack/cinder/cinder/api/openstack/wsgi.py:878}}
Jul 21 05:05:51.364908 np0000005525 devstack@c-api.service[97004]: /opt/stack/data/venv/lib/python3.12/site-packages/oslo_context/context.py:102: DeprecationWarning: Policy enforcement is depending on the value of is_admin. This key is deprecated. Please update your policy file to use the standard policy values.
Jul 21 05:05:51.364908 np0000005525 devstack@c-api.service[97004]: warnings.warn(
Jul 21 05:05:51.380262 np0000005525 devstack@c-api.service[97004]: INFO cinder.volume.api [req-44b4f6ed-2e63-4f4f-a0c1-ca1940ed4bfa req-10b4b033-a67a-4db6-9891-4b28508467d3 tempest-TaggedBootDevicesTest-1992569256 tempest-TaggedBootDevicesTest-1992569256-project-member] Volume info retrieved successfully.
Jul 21 05:05:51.391934 np0000005525 devstack@c-api.service[97004]: INFO cinder.api.openstack.wsgi [req-44b4f6ed-2e63-4f4f-a0c1-ca1940ed4bfa req-10b4b033-a67a-4db6-9891-4b28508467d3 tempest-TaggedBootDevicesTest-1992569256 tempest-TaggedBootDevicesTest-1992569256-project-member] https://10.4.3.96/volume/v3/volumes/40a88164-e6c1-42d6-9dad-a6bcf090c128 returned with HTTP 200
Jul 21 05:05:51.393725 np0000005525 devstack@c-api.service[97004]: [pid: 97004|app: 0|req: 86/258] 10.4.3.96 () {70 vars in 1632 bytes} [Tue Jul 21 05:05:51 2026] GET /volume/v3/volumes/40a88164-e6c1-42d6-9dad-a6bcf090c128 => generated 1023 bytes in 62 msecs (HTTP/1.1 200) 7 headers in 287 bytes (1 switches on core 0)
Jul 21 05:05:51.556171 np0000005525 devstack@c-api.service[97006]: DEBUG cinder.api.middleware.request_id [req-44b4f6ed-2e63-4f4f-a0c1-ca1940ed4bfa req-4e52fcde-bb7b-45b3-9f32-b9bbe6330a39 None None] RequestId filter calling following filter/app {{(pid=97006) _context_setter /opt/stack/cinder/cinder/api/middleware/request_id.py:62}}
Jul 21 05:05:51.561700 np0000005525 devstack@c-api.service[97006]: INFO cinder.api.openstack.wsgi [req-44b4f6ed-2e63-4f4f-a0c1-ca1940ed4bfa req-4e52fcde-bb7b-45b3-9f32-b9bbe6330a39 tempest-TaggedBootDevicesTest-1992569256 tempest-TaggedBootDevicesTest-1992569256-project-member] PUT https://10.4.3.96/volume/v3/attachments/24bbed37-95fe-4957-89a7-0ac870f5c082
Jul 21 05:05:51.561700 np0000005525 devstack@c-api.service[97006]: DEBUG cinder.api.openstack.wsgi [req-44b4f6ed-2e63-4f4f-a0c1-ca1940ed4bfa req-4e52fcde-bb7b-45b3-9f32-b9bbe6330a39 tempest-TaggedBootDevicesTest-1992569256 tempest-TaggedBootDevicesTest-1992569256-project-member] Action: 'update', calling method: version_select, body: {"attachment": {"connector": {"platform": "x86_64", "os_type": "linux", "ip": "10.4.3.96", "host": "np0000005525", "multipath": false, "enforce_multipath": true, "initiator": "iqn.2016-04.com.open-iscsi:1ba5f32cee4e", "do_local_attach": false, "nvme_hostid": "262ab277-71b2-40f2-84ed-4d37d102246b", "uuid": "8515de1c-ba7e-467b-adde-6d9f8a8dbc1f", "system uuid": "ff5fdc8d-dd73-48ba-a402-73c2943e0225", "nqn": "nqn.2014-08.org.nvmexpress:uuid:ff5fdc8d-dd73-48ba-a402-73c2943e0225", "nvme_native_multipath": true, "found_dsc": "", "host_ips": ["10.4.3.96", "fe80::f816:3eff:feeb:16f9", "192.168.10.6", "fe80::f816:3eff:fe8d:1401", "192.168.20.6", "fe80::f816:3eff:fe43:a789", "192.168.30.6", "fe80::f816:3eff:fecb:2cce", "192.168.122.1", "172.24.5.1", "2001:db8::2", "fe80::10e6:42ff:fe6f:534a", "fe80::f816:3eff:fe2d:dddc", "fe80::6cbc:4ff:fe6f:5cc", "fe80::f816:3eff:fe32:94e6", "fe80::d820:56ff:fefa:12b", "fe80::f816:3eff:fe0d:766", "fe80::cc81:1dff:fe74:6f0c", "fe80::f816:3eff:fe9f:8ba5", "fe80::f816:3eff:fe67:b520", "fe80::a8ac:d0ff:fed6:cee"], "mountpoint": "/dev/vdc"}}} {{(pid=97006) _process_stack /opt/stack/cinder/cinder/api/openstack/wsgi.py:876}}
Jul 21 05:05:51.575940 np0000005525 devstack@c-api.service[97006]: DEBUG cinder.coordination [req-44b4f6ed-2e63-4f4f-a0c1-ca1940ed4bfa req-4e52fcde-bb7b-45b3-9f32-b9bbe6330a39 tempest-TaggedBootDevicesTest-1992569256 tempest-TaggedBootDevicesTest-1992569256-project-member] Acquiring lock "cinder-attachment_update-40a88164-e6c1-42d6-9dad-a6bcf090c128-np0000005525" by "attachment_update" {{(pid=97006) __acquire /opt/stack/cinder/cinder/coordination.py:138}}
Jul 21 05:05:51.585286 np0000005525 devstack@c-api.service[97006]: DEBUG cinder.coordination [req-44b4f6ed-2e63-4f4f-a0c1-ca1940ed4bfa req-4e52fcde-bb7b-45b3-9f32-b9bbe6330a39 tempest-TaggedBootDevicesTest-1992569256 tempest-TaggedBootDevicesTest-1992569256-project-member] Lock "cinder-attachment_update-40a88164-e6c1-42d6-9dad-a6bcf090c128-np0000005525" acquired by "attachment_update" :: waited 0.009s {{(pid=97006) __acquire /opt/stack/cinder/cinder/coordination.py:141}}
Jul 21 05:05:51.588740 np0000005525 devstack@c-api.service[97006]: /opt/stack/data/venv/lib/python3.12/site-packages/oslo_context/context.py:102: DeprecationWarning: Policy enforcement is depending on the value of is_admin. This key is deprecated. Please update your policy file to use the standard policy values.
Jul 21 05:05:51.588740 np0000005525 devstack@c-api.service[97006]: warnings.warn(
Jul 21 05:05:51.706152 np0000005525 devstack@c-api.service[97006]: DEBUG cinder.coordination [req-44b4f6ed-2e63-4f4f-a0c1-ca1940ed4bfa req-4e52fcde-bb7b-45b3-9f32-b9bbe6330a39 tempest-TaggedBootDevicesTest-1992569256 tempest-TaggedBootDevicesTest-1992569256-project-member] Lock "cinder-attachment_update-40a88164-e6c1-42d6-9dad-a6bcf090c128-np0000005525" released by "attachment_update" :: held 0.121s {{(pid=97006) __release /opt/stack/cinder/cinder/coordination.py:152}}
Jul 21 05:05:51.707556 np0000005525 devstack@c-api.service[97006]: INFO cinder.api.openstack.wsgi [req-44b4f6ed-2e63-4f4f-a0c1-ca1940ed4bfa req-4e52fcde-bb7b-45b3-9f32-b9bbe6330a39 tempest-TaggedBootDevicesTest-1992569256 tempest-TaggedBootDevicesTest-1992569256-project-member] https://10.4.3.96/volume/v3/attachments/24bbed37-95fe-4957-89a7-0ac870f5c082 returned with HTTP 200
Jul 21 05:05:51.710209 np0000005525 devstack@c-api.service[97006]: [pid: 97006|app: 0|req: 86/259] 10.4.3.96 () {74 vars in 1698 bytes} [Tue Jul 21 05:05:51 2026] PUT /volume/v3/attachments/24bbed37-95fe-4957-89a7-0ac870f5c082 => generated 535 bytes in 154 msecs (HTTP/1.1 200) 7 headers in 286 bytes (1 switches on core 0)
Jul 21 05:05:51.766180 np0000005525 devstack@c-api.service[97005]: DEBUG cinder.api.middleware.request_id [req-44b4f6ed-2e63-4f4f-a0c1-ca1940ed4bfa req-372706a4-4631-4f63-be91-e55b08dd2b27 None None] RequestId filter calling following filter/app {{(pid=97005) _context_setter /opt/stack/cinder/cinder/api/middleware/request_id.py:62}}
Jul 21 05:05:51.771290 np0000005525 devstack@c-api.service[97005]: INFO cinder.api.openstack.wsgi [req-44b4f6ed-2e63-4f4f-a0c1-ca1940ed4bfa req-372706a4-4631-4f63-be91-e55b08dd2b27 tempest-TaggedBootDevicesTest-1992569256 tempest-TaggedBootDevicesTest-1992569256-project-member] POST https://10.4.3.96/volume/v3/attachments/24bbed37-95fe-4957-89a7-0ac870f5c082/action
Jul 21 05:05:51.771918 np0000005525 devstack@c-api.service[97005]: DEBUG cinder.api.openstack.wsgi [req-44b4f6ed-2e63-4f4f-a0c1-ca1940ed4bfa req-372706a4-4631-4f63-be91-e55b08dd2b27 tempest-TaggedBootDevicesTest-1992569256 tempest-TaggedBootDevicesTest-1992569256-project-member] Action body: b'{"os-complete": null}' {{(pid=97005) get_method /opt/stack/cinder/cinder/api/openstack/wsgi.py:993}}
Jul 21 05:05:51.772477 np0000005525 devstack@c-api.service[97005]: DEBUG cinder.api.openstack.wsgi [req-44b4f6ed-2e63-4f4f-a0c1-ca1940ed4bfa req-372706a4-4631-4f63-be91-e55b08dd2b27 tempest-TaggedBootDevicesTest-1992569256 tempest-TaggedBootDevicesTest-1992569256-project-member] Action: 'action', calling method: complete, body: {"os-complete": null} {{(pid=97005) _process_stack /opt/stack/cinder/cinder/api/openstack/wsgi.py:876}}
Jul 21 05:05:51.809561 np0000005525 devstack@c-api.service[97005]: /opt/stack/data/venv/lib/python3.12/site-packages/oslo_context/context.py:102: DeprecationWarning: Policy enforcement is depending on the value of is_admin. This key is deprecated. Please update your policy file to use the standard policy values.
Jul 21 05:05:51.809561 np0000005525 devstack@c-api.service[97005]: warnings.warn(
Jul 21 05:05:51.834032 np0000005525 devstack@c-api.service[97005]: INFO cinder.api.openstack.wsgi [req-44b4f6ed-2e63-4f4f-a0c1-ca1940ed4bfa req-372706a4-4631-4f63-be91-e55b08dd2b27 tempest-TaggedBootDevicesTest-1992569256 tempest-TaggedBootDevicesTest-1992569256-project-member] https://10.4.3.96/volume/v3/attachments/24bbed37-95fe-4957-89a7-0ac870f5c082/action returned with HTTP 204
Jul 21 05:05:51.834724 np0000005525 devstack@c-api.service[97005]: [pid: 97005|app: 0|req: 88/260] 10.4.3.96 () {74 vars in 1718 bytes} [Tue Jul 21 05:05:51 2026] POST /volume/v3/attachments/24bbed37-95fe-4957-89a7-0ac870f5c082/action => generated 0 bytes in 69 msecs (HTTP/1.1 204) 7 headers in 292 bytes (1 switches on core 0)
Jul 21 05:05:52.039459 np0000005525 devstack@c-api.service[97004]: DEBUG cinder.api.middleware.request_id [req-a5982e04-84e5-46cc-83f6-bb1c04957168 req-c69486b0-837b-49ca-b6db-1f6575554692 None None] RequestId filter calling following filter/app {{(pid=97004) _context_setter /opt/stack/cinder/cinder/api/middleware/request_id.py:62}}
Jul 21 05:05:52.043914 np0000005525 devstack@c-api.service[97004]: INFO cinder.api.openstack.wsgi [req-a5982e04-84e5-46cc-83f6-bb1c04957168 req-c69486b0-837b-49ca-b6db-1f6575554692 tempest-VolumesAssistedSnapshotsTest-927707905 tempest-VolumesAssistedSnapshotsTest-927707905-project-admin] DELETE https://10.4.3.96/volume/v3/attachments/a58629b4-7d99-4697-a574-f267444a08d9
Jul 21 05:05:52.044218 np0000005525 devstack@c-api.service[97004]: DEBUG cinder.api.openstack.wsgi [req-a5982e04-84e5-46cc-83f6-bb1c04957168 req-c69486b0-837b-49ca-b6db-1f6575554692 tempest-VolumesAssistedSnapshotsTest-927707905 tempest-VolumesAssistedSnapshotsTest-927707905-project-admin] Empty body provided in request {{(pid=97004) get_body /opt/stack/cinder/cinder/api/openstack/wsgi.py:725}}
Jul 21 05:05:52.044456 np0000005525 devstack@c-api.service[97004]: DEBUG cinder.api.openstack.wsgi [req-a5982e04-84e5-46cc-83f6-bb1c04957168 req-c69486b0-837b-49ca-b6db-1f6575554692 tempest-VolumesAssistedSnapshotsTest-927707905 tempest-VolumesAssistedSnapshotsTest-927707905-project-admin] Calling method 'version_select' {{(pid=97004) _process_stack /opt/stack/cinder/cinder/api/openstack/wsgi.py:878}}
Jul 21 05:05:52.048110 np0000005525 devstack@c-api.service[97004]: DEBUG dbcounter [-] [97004] Writing DB stats cinder:SELECT=454,cinder:INSERT=80,cinder:UPDATE=143 {{(pid=97004) stat_writer /opt/stack/data/venv/lib/python3.12/site-packages/dbcounter.py:115}}
Jul 21 05:05:52.055320 np0000005525 devstack@c-api.service[97004]: /opt/stack/data/venv/lib/python3.12/site-packages/oslo_context/context.py:102: DeprecationWarning: Policy enforcement is depending on the value of is_admin. This key is deprecated. Please update your policy file to use the standard policy values.
Jul 21 05:05:52.055320 np0000005525 devstack@c-api.service[97004]: warnings.warn(
