Jul 21 05:02:21.862990 np0000005525 nova-conductor[95839]: DEBUG cotyledon.oslo_config_glue [-] oslo_messaging_rabbit.rabbit_qos_prefetch_count = 0 {{(pid=95839) log_opt_values /opt/stack/data/venv/lib/python3.12/site-packages/oslo_config/cfg.py:3253}}
Jul 21 05:02:21.862990 np0000005525 nova-conductor[95839]: DEBUG cotyledon.oslo_config_glue [-] oslo_messaging_rabbit.rabbit_quorum_delivery_limit = 0 {{(pid=95839) log_opt_values /opt/stack/data/venv/lib/python3.12/site-packages/oslo_config/cfg.py:3253}}
Jul 21 05:02:21.862990 np0000005525 nova-conductor[95839]: DEBUG cotyledon.oslo_config_glue [-] oslo_messaging_rabbit.rabbit_quorum_max_memory_bytes = 0 {{(pid=95839) log_opt_values /opt/stack/data/venv/lib/python3.12/site-packages/oslo_config/cfg.py:3253}}
Jul 21 05:02:21.862990 np0000005525 nova-conductor[95839]: DEBUG cotyledon.oslo_config_glue [-] oslo_messaging_rabbit.rabbit_quorum_max_memory_length = 0 {{(pid=95839) log_opt_values /opt/stack/data/venv/lib/python3.12/site-packages/oslo_config/cfg.py:3253}}
Jul 21 05:02:21.862990 np0000005525 nova-conductor[95839]: DEBUG cotyledon.oslo_config_glue [-] oslo_messaging_rabbit.rabbit_quorum_queue = False {{(pid=95839) log_opt_values /opt/stack/data/venv/lib/python3.12/site-packages/oslo_config/cfg.py:3253}}
Jul 21 05:02:21.862990 np0000005525 nova-conductor[95839]: DEBUG cotyledon.oslo_config_glue [-] oslo_messaging_rabbit.rabbit_retry_backoff = 2 {{(pid=95839) log_opt_values /opt/stack/data/venv/lib/python3.12/site-packages/oslo_config/cfg.py:3253}}
Jul 21 05:02:21.862990 np0000005525 nova-conductor[95839]: DEBUG cotyledon.oslo_config_glue [-] oslo_messaging_rabbit.rabbit_retry_interval = 1 {{(pid=95839) log_opt_values /opt/stack/data/venv/lib/python3.12/site-packages/oslo_config/cfg.py:3253}}
Jul 21 05:02:21.862990 np0000005525 nova-conductor[95839]: DEBUG cotyledon.oslo_config_glue [-] oslo_messaging_rabbit.rabbit_stream_fanout = False {{(pid=95839) log_opt_values /opt/stack/data/venv/lib/python3.12/site-packages/oslo_config/cfg.py:3253}}
Jul 21 05:02:21.863161 np0000005525 nova-conductor[95839]: DEBUG cotyledon.oslo_config_glue [-] oslo_messaging_rabbit.rabbit_transient_queues_ttl = 1800 {{(pid=95839) log_opt_values /opt/stack/data/venv/lib/python3.12/site-packages/oslo_config/cfg.py:3253}}
Jul 21 05:02:21.863161 np0000005525 nova-conductor[95839]: DEBUG cotyledon.oslo_config_glue [-] oslo_messaging_rabbit.rabbit_transient_quorum_queue = False {{(pid=95839) log_opt_values /opt/stack/data/venv/lib/python3.12/site-packages/oslo_config/cfg.py:3253}}
Jul 21 05:02:21.863161 np0000005525 nova-conductor[95839]: DEBUG cotyledon.oslo_config_glue [-] oslo_messaging_rabbit.rpc_conn_pool_size = 30 {{(pid=95839) log_opt_values /opt/stack/data/venv/lib/python3.12/site-packages/oslo_config/cfg.py:3253}}
Jul 21 05:02:21.863161 np0000005525 nova-conductor[95839]: DEBUG cotyledon.oslo_config_glue [-] oslo_messaging_rabbit.ssl = False {{(pid=95839) log_opt_values /opt/stack/data/venv/lib/python3.12/site-packages/oslo_config/cfg.py:3253}}
Jul 21 05:02:21.863161 np0000005525 nova-conductor[95839]: DEBUG cotyledon.oslo_config_glue [-] oslo_messaging_rabbit.ssl_ca_file = {{(pid=95839) log_opt_values /opt/stack/data/venv/lib/python3.12/site-packages/oslo_config/cfg.py:3253}}
Jul 21 05:02:21.863161 np0000005525 nova-conductor[95839]: DEBUG cotyledon.oslo_config_glue [-] oslo_messaging_rabbit.ssl_cert_file = {{(pid=95839) log_opt_values /opt/stack/data/venv/lib/python3.12/site-packages/oslo_config/cfg.py:3253}}
Jul 21 05:02:21.863161 np0000005525 nova-conductor[95839]: DEBUG cotyledon.oslo_config_glue [-] oslo_messaging_rabbit.ssl_enforce_fips_mode = False {{(pid=95839) log_opt_values /opt/stack/data/venv/lib/python3.12/site-packages/oslo_config/cfg.py:3253}}
Jul 21 05:02:21.863161 np0000005525 nova-conductor[95839]: DEBUG cotyledon.oslo_config_glue [-] oslo_messaging_rabbit.ssl_enforce_hostname_verification = True {{(pid=95839) log_opt_values /opt/stack/data/venv/lib/python3.12/site-packages/oslo_config/cfg.py:3253}}
Jul 21 05:02:21.863161 np0000005525 nova-conductor[95839]: DEBUG cotyledon.oslo_config_glue [-] oslo_messaging_rabbit.ssl_key_file = {{(pid=95839) log_opt_values /opt/stack/data/venv/lib/python3.12/site-packages/oslo_config/cfg.py:3253}}
Jul 21 05:02:21.863340 np0000005525 nova-conductor[95839]: DEBUG cotyledon.oslo_config_glue [-] oslo_messaging_rabbit.ssl_version = {{(pid=95839) log_opt_values /opt/stack/data/venv/lib/python3.12/site-packages/oslo_config/cfg.py:3253}}
Jul 21 05:02:21.863340 np0000005525 nova-conductor[95839]: DEBUG cotyledon.oslo_config_glue [-] oslo_messaging_rabbit.use_queue_manager = False {{(pid=95839) log_opt_values /opt/stack/data/venv/lib/python3.12/site-packages/oslo_config/cfg.py:3253}}
Jul 21 05:02:21.863340 np0000005525 nova-conductor[95839]: DEBUG cotyledon.oslo_config_glue [-] oslo_messaging_notifications.driver = ['messagingv2'] {{(pid=95839) log_opt_values /opt/stack/data/venv/lib/python3.12/site-packages/oslo_config/cfg.py:3253}}
Jul 21 05:02:21.863340 np0000005525 nova-conductor[95839]: DEBUG cotyledon.oslo_config_glue [-] oslo_messaging_notifications.retry = -1 {{(pid=95839) log_opt_values /opt/stack/data/venv/lib/python3.12/site-packages/oslo_config/cfg.py:3253}}
Jul 21 05:02:21.863340 np0000005525 nova-conductor[95839]: DEBUG cotyledon.oslo_config_glue [-] oslo_messaging_notifications.topics = ['notifications'] {{(pid=95839) log_opt_values /opt/stack/data/venv/lib/python3.12/site-packages/oslo_config/cfg.py:3253}}
Jul 21 05:02:21.863340 np0000005525 nova-conductor[95839]: DEBUG cotyledon.oslo_config_glue [-] oslo_messaging_notifications.transport_url = **** {{(pid=95839) log_opt_values /opt/stack/data/venv/lib/python3.12/site-packages/oslo_config/cfg.py:3253}}
Jul 21 05:02:21.863340 np0000005525 nova-conductor[95839]: DEBUG cotyledon.oslo_config_glue [-] oslo_limit.auth_section = None {{(pid=95839) log_opt_values /opt/stack/data/venv/lib/python3.12/site-packages/oslo_config/cfg.py:3253}}
Jul 21 05:02:21.863340 np0000005525 nova-conductor[95839]: DEBUG cotyledon.oslo_config_glue [-] oslo_limit.auth_type = None {{(pid=95839) log_opt_values /opt/stack/data/venv/lib/python3.12/site-packages/oslo_config/cfg.py:3253}}
Jul 21 05:02:21.863340 np0000005525 nova-conductor[95839]: DEBUG cotyledon.oslo_config_glue [-] oslo_limit.cafile = None {{(pid=95839) log_opt_values /opt/stack/data/venv/lib/python3.12/site-packages/oslo_config/cfg.py:3253}}
Jul 21 05:02:21.863635 np0000005525 nova-conductor[95839]: DEBUG cotyledon.oslo_config_glue [-] oslo_limit.certfile = None {{(pid=95839) log_opt_values /opt/stack/data/venv/lib/python3.12/site-packages/oslo_config/cfg.py:3253}}
Jul 21 05:02:21.863635 np0000005525 nova-conductor[95839]: DEBUG cotyledon.oslo_config_glue [-] oslo_limit.collect_timing = False {{(pid=95839) log_opt_values /opt/stack/data/venv/lib/python3.12/site-packages/oslo_config/cfg.py:3253}}
Jul 21 05:02:21.863635 np0000005525 nova-conductor[95839]: DEBUG cotyledon.oslo_config_glue [-] oslo_limit.connect_retries = None {{(pid=95839) log_opt_values /opt/stack/data/venv/lib/python3.12/site-packages/oslo_config/cfg.py:3253}}
Jul 21 05:02:21.863635 np0000005525 nova-conductor[95839]: DEBUG cotyledon.oslo_config_glue [-] oslo_limit.connect_retry_delay = None {{(pid=95839) log_opt_values /opt/stack/data/venv/lib/python3.12/site-packages/oslo_config/cfg.py:3253}}
Jul 21 05:02:21.863635 np0000005525 nova-conductor[95839]: DEBUG cotyledon.oslo_config_glue [-] oslo_limit.endpoint_id = None {{(pid=95839) log_opt_values /opt/stack/data/venv/lib/python3.12/site-packages/oslo_config/cfg.py:3253}}
Jul 21 05:02:21.863635 np0000005525 nova-conductor[95839]: DEBUG cotyledon.oslo_config_glue [-] oslo_limit.endpoint_interface = public {{(pid=95839) log_opt_values /opt/stack/data/venv/lib/python3.12/site-packages/oslo_config/cfg.py:3253}}
Jul 21 05:02:21.863635 np0000005525 nova-conductor[95839]: DEBUG cotyledon.oslo_config_glue [-] oslo_limit.endpoint_override = None {{(pid=95839) log_opt_values /opt/stack/data/venv/lib/python3.12/site-packages/oslo_config/cfg.py:3253}}
Jul 21 05:02:21.863635 np0000005525 nova-conductor[95839]: DEBUG cotyledon.oslo_config_glue [-] oslo_limit.endpoint_region_name = None {{(pid=95839) log_opt_values /opt/stack/data/venv/lib/python3.12/site-packages/oslo_config/cfg.py:3253}}
Jul 21 05:02:21.863635 np0000005525 nova-conductor[95839]: DEBUG cotyledon.oslo_config_glue [-] oslo_limit.endpoint_service_name = None {{(pid=95839) log_opt_values /opt/stack/data/venv/lib/python3.12/site-packages/oslo_config/cfg.py:3253}}
Jul 21 05:02:21.863953 np0000005525 nova-conductor[95839]: DEBUG cotyledon.oslo_config_glue [-] oslo_limit.endpoint_service_type = None {{(pid=95839) log_opt_values /opt/stack/data/venv/lib/python3.12/site-packages/oslo_config/cfg.py:3253}}
Jul 21 05:02:21.863953 np0000005525 nova-conductor[95839]: DEBUG cotyledon.oslo_config_glue [-] oslo_limit.insecure = False {{(pid=95839) log_opt_values /opt/stack/data/venv/lib/python3.12/site-packages/oslo_config/cfg.py:3253}}
Jul 21 05:02:21.863953 np0000005525 nova-conductor[95839]: DEBUG cotyledon.oslo_config_glue [-] oslo_limit.keyfile = None {{(pid=95839) log_opt_values /opt/stack/data/venv/lib/python3.12/site-packages/oslo_config/cfg.py:3253}}
Jul 21 05:02:21.863953 np0000005525 nova-conductor[95839]: DEBUG cotyledon.oslo_config_glue [-] oslo_limit.max_version = None {{(pid=95839) log_opt_values /opt/stack/data/venv/lib/python3.12/site-packages/oslo_config/cfg.py:3253}}
Jul 21 05:02:21.863953 np0000005525 nova-conductor[95839]: DEBUG cotyledon.oslo_config_glue [-] oslo_limit.min_version = None {{(pid=95839) log_opt_values /opt/stack/data/venv/lib/python3.12/site-packages/oslo_config/cfg.py:3253}}
Jul 21 05:02:21.863953 np0000005525 nova-conductor[95839]: DEBUG cotyledon.oslo_config_glue [-] oslo_limit.region_name = None {{(pid=95839) log_opt_values /opt/stack/data/venv/lib/python3.12/site-packages/oslo_config/cfg.py:3253}}
Jul 21 05:02:21.863953 np0000005525 nova-conductor[95839]: DEBUG cotyledon.oslo_config_glue [-] oslo_limit.retriable_status_codes = None {{(pid=95839) log_opt_values /opt/stack/data/venv/lib/python3.12/site-packages/oslo_config/cfg.py:3253}}
Jul 21 05:02:21.863953 np0000005525 nova-conductor[95839]: DEBUG cotyledon.oslo_config_glue [-] oslo_limit.service_name = None {{(pid=95839) log_opt_values /opt/stack/data/venv/lib/python3.12/site-packages/oslo_config/cfg.py:3253}}
Jul 21 05:02:21.863953 np0000005525 nova-conductor[95839]: DEBUG cotyledon.oslo_config_glue [-] oslo_limit.service_type = None {{(pid=95839) log_opt_values /opt/stack/data/venv/lib/python3.12/site-packages/oslo_config/cfg.py:3253}}
Jul 21 05:02:21.864224 np0000005525 nova-conductor[95839]: DEBUG cotyledon.oslo_config_glue [-] oslo_limit.split_loggers = False {{(pid=95839) log_opt_values /opt/stack/data/venv/lib/python3.12/site-packages/oslo_config/cfg.py:3253}}
Jul 21 05:02:21.864224 np0000005525 nova-conductor[95839]: DEBUG cotyledon.oslo_config_glue [-] oslo_limit.status_code_retries = None {{(pid=95839) log_opt_values /opt/stack/data/venv/lib/python3.12/site-packages/oslo_config/cfg.py:3253}}
Jul 21 05:02:21.864224 np0000005525 nova-conductor[95839]: DEBUG cotyledon.oslo_config_glue [-] oslo_limit.status_code_retry_delay = None {{(pid=95839) log_opt_values /opt/stack/data/venv/lib/python3.12/site-packages/oslo_config/cfg.py:3253}}
Jul 21 05:02:21.864224 np0000005525 nova-conductor[95839]: DEBUG cotyledon.oslo_config_glue [-] oslo_limit.timeout = None {{(pid=95839) log_opt_values /opt/stack/data/venv/lib/python3.12/site-packages/oslo_config/cfg.py:3253}}
Jul 21 05:02:21.864224 np0000005525 nova-conductor[95839]: DEBUG cotyledon.oslo_config_glue [-] oslo_limit.valid_interfaces = None {{(pid=95839) log_opt_values /opt/stack/data/venv/lib/python3.12/site-packages/oslo_config/cfg.py:3253}}
Jul 21 05:02:21.864224 np0000005525 nova-conductor[95839]: DEBUG cotyledon.oslo_config_glue [-] oslo_limit.version = None {{(pid=95839) log_opt_values /opt/stack/data/venv/lib/python3.12/site-packages/oslo_config/cfg.py:3253}}
Jul 21 05:02:21.864224 np0000005525 nova-conductor[95839]: DEBUG cotyledon.oslo_config_glue [-] oslo_reports.file_event_handler = None {{(pid=95839) log_opt_values /opt/stack/data/venv/lib/python3.12/site-packages/oslo_config/cfg.py:3253}}
Jul 21 05:02:21.864224 np0000005525 nova-conductor[95839]: DEBUG cotyledon.oslo_config_glue [-] oslo_reports.file_event_handler_interval = 1 {{(pid=95839) log_opt_values /opt/stack/data/venv/lib/python3.12/site-packages/oslo_config/cfg.py:3253}}
Jul 21 05:02:21.864224 np0000005525 nova-conductor[95839]: DEBUG cotyledon.oslo_config_glue [-] oslo_reports.log_dir = None {{(pid=95839) log_opt_values /opt/stack/data/venv/lib/python3.12/site-packages/oslo_config/cfg.py:3253}}
Jul 21 05:02:21.864474 np0000005525 nova-conductor[95839]: DEBUG cotyledon.oslo_config_glue [-] ******************************************************************************** {{(pid=95839) log_opt_values /opt/stack/data/venv/lib/python3.12/site-packages/oslo_config/cfg.py:3260}}
Jul 21 05:02:21.864474 np0000005525 nova-conductor[95839]: DEBUG cotyledon._service_worker [-] Run service ServiceWrapper(2) [95839] {{(pid=95839) wait_forever /opt/stack/data/venv/lib/python3.12/site-packages/cotyledon/_service_worker.py:218}}
Jul 21 05:02:21.864474 np0000005525 nova-conductor[95839]: INFO nova.service [-] Starting conductor node (version 33.1.0)
Jul 21 05:02:21.864474 np0000005525 nova-conductor[95839]: INFO dbcounter [None req-e8130117-1e94-4402-b48b-71c67d0bdc34 None None] Registered counter for database nova_cell0
Jul 21 05:02:21.864593 np0000005525 nova-conductor[95829]: DEBUG oslo_db.sqlalchemy.engines [None req-0e4343aa-0f6c-4c17-9958-f86727ca1623 None None] MySQL server mode set to STRICT_TRANS_TABLES,STRICT_ALL_TABLES,NO_ZERO_IN_DATE,NO_ZERO_DATE,ERROR_FOR_DIVISION_BY_ZERO,TRADITIONAL,NO_ENGINE_SUBSTITUTION {{(pid=95829) _check_effective_sql_mode /opt/stack/data/venv/lib/python3.12/site-packages/oslo_db/sqlalchemy/engines.py:325}}
Jul 21 05:02:21.873349 np0000005525 nova-conductor[95829]: DEBUG dbcounter [-] [95829] Writer thread running {{(pid=95829) stat_writer /opt/stack/data/venv/lib/python3.12/site-packages/dbcounter.py:102}}
Jul 21 05:02:21.885461 np0000005525 nova-conductor[95829]: DEBUG nova.service [None req-0e4343aa-0f6c-4c17-9958-f86727ca1623 None None] Creating RPC server for service: nova-conductor on topic: conductor {{(pid=95829) start /opt/stack/nova/nova/service.py:196}}
Jul 21 05:02:21.890150 np0000005525 nova-conductor[95835]: DEBUG oslo_db.sqlalchemy.engines [None req-0fd62189-c1a2-4a8d-aadc-423e95254b69 None None] MySQL server mode set to STRICT_TRANS_TABLES,STRICT_ALL_TABLES,NO_ZERO_IN_DATE,NO_ZERO_DATE,ERROR_FOR_DIVISION_BY_ZERO,TRADITIONAL,NO_ENGINE_SUBSTITUTION {{(pid=95835) _check_effective_sql_mode /opt/stack/data/venv/lib/python3.12/site-packages/oslo_db/sqlalchemy/engines.py:325}}
Jul 21 05:02:21.892763 np0000005525 nova-conductor[95839]: DEBUG oslo_db.sqlalchemy.engines [None req-e8130117-1e94-4402-b48b-71c67d0bdc34 None None] MySQL server mode set to STRICT_TRANS_TABLES,STRICT_ALL_TABLES,NO_ZERO_IN_DATE,NO_ZERO_DATE,ERROR_FOR_DIVISION_BY_ZERO,TRADITIONAL,NO_ENGINE_SUBSTITUTION {{(pid=95839) _check_effective_sql_mode /opt/stack/data/venv/lib/python3.12/site-packages/oslo_db/sqlalchemy/engines.py:325}}
Jul 21 05:02:21.900690 np0000005525 nova-conductor[95835]: DEBUG dbcounter [-] [95835] Writer thread running {{(pid=95835) stat_writer /opt/stack/data/venv/lib/python3.12/site-packages/dbcounter.py:102}}
Jul 21 05:02:21.903735 np0000005525 nova-conductor[95839]: DEBUG dbcounter [-] [95839] Writer thread running {{(pid=95839) stat_writer /opt/stack/data/venv/lib/python3.12/site-packages/dbcounter.py:102}}
Jul 21 05:02:21.903805 np0000005525 nova-conductor[95835]: DEBUG nova.service [None req-0fd62189-c1a2-4a8d-aadc-423e95254b69 None None] Creating RPC server for service: nova-conductor on topic: conductor {{(pid=95835) start /opt/stack/nova/nova/service.py:196}}
Jul 21 05:02:21.903925 np0000005525 nova-conductor[95829]: DEBUG nova.service [None req-0e4343aa-0f6c-4c17-9958-f86727ca1623 None None] Join ServiceGroup membership for this service conductor {{(pid=95829) start /opt/stack/nova/nova/service.py:222}}
Jul 21 05:02:21.904378 np0000005525 nova-conductor[95829]: DEBUG nova.servicegroup.drivers.db [None req-0e4343aa-0f6c-4c17-9958-f86727ca1623 None None] DB_Driver: join new ServiceGroup member np0000005525 to the conductor group, service = {{(pid=95829) join /opt/stack/nova/nova/servicegroup/drivers/db.py:44}}
Jul 21 05:02:21.906612 np0000005525 nova-conductor[95839]: DEBUG nova.service [None req-e8130117-1e94-4402-b48b-71c67d0bdc34 None None] Creating RPC server for service: nova-conductor on topic: conductor {{(pid=95839) start /opt/stack/nova/nova/service.py:196}}
Jul 21 05:02:21.922289 np0000005525 nova-conductor[95835]: DEBUG nova.service [None req-0fd62189-c1a2-4a8d-aadc-423e95254b69 None None] Join ServiceGroup membership for this service conductor {{(pid=95835) start /opt/stack/nova/nova/service.py:222}}
Jul 21 05:02:21.922618 np0000005525 nova-conductor[95835]: DEBUG nova.servicegroup.drivers.db [None req-0fd62189-c1a2-4a8d-aadc-423e95254b69 None None] DB_Driver: join new ServiceGroup member np0000005525 to the conductor group, service = {{(pid=95835) join /opt/stack/nova/nova/servicegroup/drivers/db.py:44}}
Jul 21 05:02:21.924331 np0000005525 nova-conductor[95839]: DEBUG nova.service [None req-e8130117-1e94-4402-b48b-71c67d0bdc34 None None] Join ServiceGroup membership for this service conductor {{(pid=95839) start /opt/stack/nova/nova/service.py:222}}
Jul 21 05:02:21.924583 np0000005525 nova-conductor[95839]: DEBUG nova.servicegroup.drivers.db [None req-e8130117-1e94-4402-b48b-71c67d0bdc34 None None] DB_Driver: join new ServiceGroup member np0000005525 to the conductor group, service = {{(pid=95839) join /opt/stack/nova/nova/servicegroup/drivers/db.py:44}}
Jul 21 05:02:26.918540 np0000005525 nova-conductor[95829]: DEBUG oslo.service.backend._threading.loopingcall [-] Fixed interval looping call 'nova.servicegroup.drivers.db.DbDriver._report_state' sleeping for 119.99 seconds {{(pid=95829) _run_loop /opt/stack/data/venv/lib/python3.12/site-packages/oslo_service/backend/_threading/loopingcall.py:125}}
Jul 21 05:02:26.935349 np0000005525 nova-conductor[95835]: DEBUG oslo.service.backend._threading.loopingcall [-] Fixed interval looping call 'nova.servicegroup.drivers.db.DbDriver._report_state' sleeping for 119.99 seconds {{(pid=95835) _run_loop /opt/stack/data/venv/lib/python3.12/site-packages/oslo_service/backend/_threading/loopingcall.py:125}}
Jul 21 05:02:26.936724 np0000005525 nova-conductor[95839]: DEBUG oslo.service.backend._threading.loopingcall [-] Fixed interval looping call 'nova.servicegroup.drivers.db.DbDriver._report_state' sleeping for 119.99 seconds {{(pid=95839) _run_loop /opt/stack/data/venv/lib/python3.12/site-packages/oslo_service/backend/_threading/loopingcall.py:125}}
Jul 21 05:02:30.534279 np0000005525 nova-conductor[94356]: DEBUG dbcounter [-] [94356] Writing DB stats nova_api:SELECT=1 {{(pid=94356) stat_writer /opt/stack/data/venv/lib/python3.12/site-packages/dbcounter.py:115}}
Jul 21 05:02:30.652698 np0000005525 nova-conductor[94356]: DEBUG dbcounter [-] [94356] Writing DB stats nova_cell1:SELECT=1 {{(pid=94356) stat_writer /opt/stack/data/venv/lib/python3.12/site-packages/dbcounter.py:115}}
Jul 21 05:02:30.657322 np0000005525 nova-conductor[94356]: DEBUG dbcounter [-] [94356] Writing DB stats nova_cell0:SELECT=1 {{(pid=94356) stat_writer /opt/stack/data/venv/lib/python3.12/site-packages/dbcounter.py:115}}
Jul 21 05:02:31.926662 np0000005525 nova-conductor[95839]: DEBUG oslo.service.backend._threading.loopingcall [None req-02ab65c1-b8da-4692-9700-21fff2161240 None None] Dynamic interval looping call 'nova.service.Service.periodic_tasks' sleeping for 60.00 seconds {{(pid=95839) _run_loop /opt/stack/data/venv/lib/python3.12/site-packages/oslo_service/backend/_threading/loopingcall.py:125}}
Jul 21 05:02:35.906501 np0000005525 nova-conductor[95829]: DEBUG oslo.service.backend._threading.loopingcall [None req-69ad6112-913f-45af-a61e-994f7ecda2ca None None] Dynamic interval looping call 'nova.service.Service.periodic_tasks' sleeping for 60.00 seconds {{(pid=95829) _run_loop /opt/stack/data/venv/lib/python3.12/site-packages/oslo_service/backend/_threading/loopingcall.py:125}}
Jul 21 05:02:36.913761 np0000005525 nova-conductor[95829]: DEBUG dbcounter [-] [95829] Writing DB stats nova_cell0:SELECT=4,nova_cell0:INSERT=1,nova_cell0:UPDATE=1 {{(pid=95829) stat_writer /opt/stack/data/venv/lib/python3.12/site-packages/dbcounter.py:115}}
Jul 21 05:02:36.934812 np0000005525 nova-conductor[95835]: DEBUG dbcounter [-] [95835] Writing DB stats nova_cell0:SELECT=3 {{(pid=95835) stat_writer /opt/stack/data/venv/lib/python3.12/site-packages/dbcounter.py:115}}
Jul 21 05:02:36.936397 np0000005525 nova-conductor[95839]: DEBUG dbcounter [-] [95839] Writing DB stats nova_cell0:SELECT=3 {{(pid=95839) stat_writer /opt/stack/data/venv/lib/python3.12/site-packages/dbcounter.py:115}}
Jul 21 05:02:45.924755 np0000005525 nova-conductor[95835]: DEBUG oslo.service.backend._threading.loopingcall [None req-0b56d300-8475-4a79-84f5-80e6b6111e0f None None] Dynamic interval looping call 'nova.service.Service.periodic_tasks' sleeping for 60.00 seconds {{(pid=95835) _run_loop /opt/stack/data/venv/lib/python3.12/site-packages/oslo_service/backend/_threading/loopingcall.py:125}}
Jul 21 05:03:31.927177 np0000005525 nova-conductor[95839]: DEBUG oslo.service.backend._threading.loopingcall [None req-02ab65c1-b8da-4692-9700-21fff2161240 None None] Dynamic interval looping call 'nova.service.Service.periodic_tasks' sleeping for 60.00 seconds {{(pid=95839) _run_loop /opt/stack/data/venv/lib/python3.12/site-packages/oslo_service/backend/_threading/loopingcall.py:125}}
Jul 21 05:03:35.907017 np0000005525 nova-conductor[95829]: DEBUG oslo.service.backend._threading.loopingcall [None req-69ad6112-913f-45af-a61e-994f7ecda2ca None None] Dynamic interval looping call 'nova.service.Service.periodic_tasks' sleeping for 60.00 seconds {{(pid=95829) _run_loop /opt/stack/data/venv/lib/python3.12/site-packages/oslo_service/backend/_threading/loopingcall.py:125}}
Jul 21 05:03:45.925317 np0000005525 nova-conductor[95835]: DEBUG oslo.service.backend._threading.loopingcall [None req-0b56d300-8475-4a79-84f5-80e6b6111e0f None None] Dynamic interval looping call 'nova.service.Service.periodic_tasks' sleeping for 60.00 seconds {{(pid=95835) _run_loop /opt/stack/data/venv/lib/python3.12/site-packages/oslo_service/backend/_threading/loopingcall.py:125}}
Jul 21 05:04:26.916745 np0000005525 nova-conductor[95829]: DEBUG oslo.service.backend._threading.loopingcall [-] Fixed interval looping call 'nova.servicegroup.drivers.db.DbDriver._report_state' sleeping for 119.99 seconds {{(pid=95829) _run_loop /opt/stack/data/venv/lib/python3.12/site-packages/oslo_service/backend/_threading/loopingcall.py:125}}
Jul 21 05:04:26.928881 np0000005525 nova-conductor[95835]: DEBUG oslo.service.backend._threading.loopingcall [-] Fixed interval looping call 'nova.servicegroup.drivers.db.DbDriver._report_state' sleeping for 120.00 seconds {{(pid=95835) _run_loop /opt/stack/data/venv/lib/python3.12/site-packages/oslo_service/backend/_threading/loopingcall.py:125}}
Jul 21 05:04:26.930074 np0000005525 nova-conductor[95839]: DEBUG oslo.service.backend._threading.loopingcall [-] Fixed interval looping call 'nova.servicegroup.drivers.db.DbDriver._report_state' sleeping for 120.00 seconds {{(pid=95839) _run_loop /opt/stack/data/venv/lib/python3.12/site-packages/oslo_service/backend/_threading/loopingcall.py:125}}
Jul 21 05:04:31.927760 np0000005525 nova-conductor[95839]: DEBUG oslo.service.backend._threading.loopingcall [None req-02ab65c1-b8da-4692-9700-21fff2161240 None None] Dynamic interval looping call 'nova.service.Service.periodic_tasks' sleeping for 60.00 seconds {{(pid=95839) _run_loop /opt/stack/data/venv/lib/python3.12/site-packages/oslo_service/backend/_threading/loopingcall.py:125}}
Jul 21 05:04:35.907764 np0000005525 nova-conductor[95829]: DEBUG oslo.service.backend._threading.loopingcall [None req-69ad6112-913f-45af-a61e-994f7ecda2ca None None] Dynamic interval looping call 'nova.service.Service.periodic_tasks' sleeping for 60.00 seconds {{(pid=95829) _run_loop /opt/stack/data/venv/lib/python3.12/site-packages/oslo_service/backend/_threading/loopingcall.py:125}}
Jul 21 05:04:36.913710 np0000005525 nova-conductor[95829]: DEBUG dbcounter [-] [95829] Writing DB stats nova_cell0:SELECT=1,nova_cell0:UPDATE=1 {{(pid=95829) stat_writer /opt/stack/data/venv/lib/python3.12/site-packages/dbcounter.py:115}}
Jul 21 05:04:36.928856 np0000005525 nova-conductor[95839]: DEBUG dbcounter [-] [95839] Writing DB stats nova_cell0:SELECT=1 {{(pid=95839) stat_writer /opt/stack/data/venv/lib/python3.12/site-packages/dbcounter.py:115}}
Jul 21 05:04:36.929300 np0000005525 nova-conductor[95835]: DEBUG dbcounter [-] [95835] Writing DB stats nova_cell0:SELECT=1 {{(pid=95835) stat_writer /opt/stack/data/venv/lib/python3.12/site-packages/dbcounter.py:115}}
Jul 21 05:04:39.833202 np0000005525 nova-conductor[95829]: DEBUG oslo_db.sqlalchemy.engines [None req-e4f947b9-c75f-4e55-88ba-0d7c7b1d48d2 tempest-ImageDependencyTests-1517876507 tempest-ImageDependencyTests-1517876507-project-member] Parent process 94356 forked (95829) with an open database connection, which is being discarded and recreated. {{(pid=95829) checkout /opt/stack/data/venv/lib/python3.12/site-packages/oslo_db/sqlalchemy/engines.py:402}}
Jul 21 05:04:39.884158 np0000005525 nova-conductor[95829]: DEBUG dbcounter [-] [95829] Writer thread running {{(pid=95829) stat_writer /opt/stack/data/venv/lib/python3.12/site-packages/dbcounter.py:102}}
Jul 21 05:04:40.655906 np0000005525 nova-conductor[95829]: DEBUG nova.conductor.manager [None req-e4f947b9-c75f-4e55-88ba-0d7c7b1d48d2 tempest-ImageDependencyTests-1517876507 tempest-ImageDependencyTests-1517876507-project-member] Took 0.77 seconds to select destinations for 1 instance(s). {{(pid=95829) _schedule_instances /opt/stack/nova/nova/conductor/manager.py:968}}
Jul 21 05:04:40.678727 np0000005525 nova-conductor[95829]: DEBUG oslo_concurrency.lockutils [None req-e4f947b9-c75f-4e55-88ba-0d7c7b1d48d2 tempest-ImageDependencyTests-1517876507 tempest-ImageDependencyTests-1517876507-project-member] Acquiring lock "ecd078be-0408-493f-bb41-99a4b762cc9e" by "nova.context.set_target_cell..get_or_set_cached_cell_and_set_connections" {{(pid=95829) inner /opt/stack/data/venv/lib/python3.12/site-packages/oslo_concurrency/lockutils.py:512}}
Jul 21 05:04:40.678915 np0000005525 nova-conductor[95829]: DEBUG oslo_concurrency.lockutils [None req-e4f947b9-c75f-4e55-88ba-0d7c7b1d48d2 tempest-ImageDependencyTests-1517876507 tempest-ImageDependencyTests-1517876507-project-member] Lock "ecd078be-0408-493f-bb41-99a4b762cc9e" acquired by "nova.context.set_target_cell..get_or_set_cached_cell_and_set_connections" :: waited 0.000s {{(pid=95829) inner /opt/stack/data/venv/lib/python3.12/site-packages/oslo_concurrency/lockutils.py:525}}
Jul 21 05:04:40.680521 np0000005525 nova-conductor[95829]: DEBUG oslo_concurrency.lockutils [None req-e4f947b9-c75f-4e55-88ba-0d7c7b1d48d2 tempest-ImageDependencyTests-1517876507 tempest-ImageDependencyTests-1517876507-project-member] Lock "ecd078be-0408-493f-bb41-99a4b762cc9e" "released" by "nova.context.set_target_cell..get_or_set_cached_cell_and_set_connections" :: held 0.002s {{(pid=95829) inner /opt/stack/data/venv/lib/python3.12/site-packages/oslo_concurrency/lockutils.py:544}}
Jul 21 05:04:40.682307 np0000005525 nova-conductor[95829]: INFO dbcounter [None req-e4f947b9-c75f-4e55-88ba-0d7c7b1d48d2 tempest-ImageDependencyTests-1517876507 tempest-ImageDependencyTests-1517876507-project-member] Registered counter for database nova_cell1
Jul 21 05:04:40.713334 np0000005525 nova-conductor[95829]: DEBUG oslo_db.sqlalchemy.engines [None req-e4f947b9-c75f-4e55-88ba-0d7c7b1d48d2 tempest-ImageDependencyTests-1517876507 tempest-ImageDependencyTests-1517876507-project-member] MySQL server mode set to STRICT_TRANS_TABLES,STRICT_ALL_TABLES,NO_ZERO_IN_DATE,NO_ZERO_DATE,ERROR_FOR_DIVISION_BY_ZERO,TRADITIONAL,NO_ENGINE_SUBSTITUTION {{(pid=95829) _check_effective_sql_mode /opt/stack/data/venv/lib/python3.12/site-packages/oslo_db/sqlalchemy/engines.py:325}}
Jul 21 05:04:40.718921 np0000005525 nova-conductor[95829]: DEBUG dbcounter [-] [95829] Writer thread running {{(pid=95829) stat_writer /opt/stack/data/venv/lib/python3.12/site-packages/dbcounter.py:102}}
Jul 21 05:04:40.758684 np0000005525 nova-conductor[95829]: INFO nova.utils [None req-e4f947b9-c75f-4e55-88ba-0d7c7b1d48d2 tempest-ImageDependencyTests-1517876507 tempest-ImageDependencyTests-1517876507-project-member] The cell worker thread pool ForkProcess-1.cell_worker is initialized
Jul 21 05:04:40.758937 np0000005525 nova-conductor[95829]: DEBUG oslo_concurrency.lockutils [None req-e4f947b9-c75f-4e55-88ba-0d7c7b1d48d2 tempest-ImageDependencyTests-1517876507 tempest-ImageDependencyTests-1517876507-project-member] Acquiring lock "00000000-0000-0000-0000-000000000000" by "nova.context.set_target_cell..get_or_set_cached_cell_and_set_connections" {{(pid=95829) inner /opt/stack/data/venv/lib/python3.12/site-packages/oslo_concurrency/lockutils.py:512}}
Jul 21 05:04:40.759066 np0000005525 nova-conductor[95829]: DEBUG oslo_concurrency.lockutils [None req-e4f947b9-c75f-4e55-88ba-0d7c7b1d48d2 tempest-ImageDependencyTests-1517876507 tempest-ImageDependencyTests-1517876507-project-member] Lock "00000000-0000-0000-0000-000000000000" acquired by "nova.context.set_target_cell..get_or_set_cached_cell_and_set_connections" :: waited 0.000s {{(pid=95829) inner /opt/stack/data/venv/lib/python3.12/site-packages/oslo_concurrency/lockutils.py:525}}
Jul 21 05:04:40.759431 np0000005525 nova-conductor[95829]: DEBUG oslo_concurrency.lockutils [None req-e4f947b9-c75f-4e55-88ba-0d7c7b1d48d2 tempest-ImageDependencyTests-1517876507 tempest-ImageDependencyTests-1517876507-project-member] Lock "00000000-0000-0000-0000-000000000000" "released" by "nova.context.set_target_cell..get_or_set_cached_cell_and_set_connections" :: held 0.000s {{(pid=95829) inner /opt/stack/data/venv/lib/python3.12/site-packages/oslo_concurrency/lockutils.py:544}}
Jul 21 05:04:40.760088 np0000005525 nova-conductor[95829]: DEBUG oslo_concurrency.lockutils [None req-e4f947b9-c75f-4e55-88ba-0d7c7b1d48d2 tempest-ImageDependencyTests-1517876507 tempest-ImageDependencyTests-1517876507-project-member] Acquiring lock "ecd078be-0408-493f-bb41-99a4b762cc9e" by "nova.context.set_target_cell..get_or_set_cached_cell_and_set_connections" {{(pid=95829) inner /opt/stack/data/venv/lib/python3.12/site-packages/oslo_concurrency/lockutils.py:512}}
Jul 21 05:04:40.761726 np0000005525 nova-conductor[95829]: INFO dbcounter [None req-e4f947b9-c75f-4e55-88ba-0d7c7b1d48d2 tempest-ImageDependencyTests-1517876507 tempest-ImageDependencyTests-1517876507-project-member] Registered counter for database nova_cell0
Jul 21 05:04:40.762884 np0000005525 nova-conductor[95829]: DEBUG oslo_concurrency.lockutils [None req-e4f947b9-c75f-4e55-88ba-0d7c7b1d48d2 tempest-ImageDependencyTests-1517876507 tempest-ImageDependencyTests-1517876507-project-member] Lock "ecd078be-0408-493f-bb41-99a4b762cc9e" acquired by "nova.context.set_target_cell..get_or_set_cached_cell_and_set_connections" :: waited 0.001s {{(pid=95829) inner /opt/stack/data/venv/lib/python3.12/site-packages/oslo_concurrency/lockutils.py:525}}
Jul 21 05:04:40.763013 np0000005525 nova-conductor[95829]: DEBUG oslo_concurrency.lockutils [None req-e4f947b9-c75f-4e55-88ba-0d7c7b1d48d2 tempest-ImageDependencyTests-1517876507 tempest-ImageDependencyTests-1517876507-project-member] Lock "ecd078be-0408-493f-bb41-99a4b762cc9e" "released" by "nova.context.set_target_cell..get_or_set_cached_cell_and_set_connections" :: held 0.001s {{(pid=95829) inner /opt/stack/data/venv/lib/python3.12/site-packages/oslo_concurrency/lockutils.py:544}}
Jul 21 05:04:40.814419 np0000005525 nova-conductor[95829]: DEBUG oslo_db.sqlalchemy.engines [None req-e4f947b9-c75f-4e55-88ba-0d7c7b1d48d2 tempest-ImageDependencyTests-1517876507 tempest-ImageDependencyTests-1517876507-project-member] MySQL server mode set to STRICT_TRANS_TABLES,STRICT_ALL_TABLES,NO_ZERO_IN_DATE,NO_ZERO_DATE,ERROR_FOR_DIVISION_BY_ZERO,TRADITIONAL,NO_ENGINE_SUBSTITUTION {{(pid=95829) _check_effective_sql_mode /opt/stack/data/venv/lib/python3.12/site-packages/oslo_db/sqlalchemy/engines.py:325}}
Jul 21 05:04:40.814419 np0000005525 nova-conductor[95829]: DEBUG dbcounter [-] [95829] Writer thread running {{(pid=95829) stat_writer /opt/stack/data/venv/lib/python3.12/site-packages/dbcounter.py:102}}
Jul 21 05:04:40.814419 np0000005525 nova-conductor[95829]: DEBUG nova.quota [None req-e4f947b9-c75f-4e55-88ba-0d7c7b1d48d2 tempest-ImageDependencyTests-1517876507 tempest-ImageDependencyTests-1517876507-project-member] Getting quotas for project d4e5dba01d74442b91a384d9953ad0b5. Resources: {'ram', 'instances', 'cores'} {{(pid=95829) _get_quotas /opt/stack/nova/nova/quota.py:389}}
Jul 21 05:04:40.814419 np0000005525 nova-conductor[95829]: DEBUG nova.quota [None req-e4f947b9-c75f-4e55-88ba-0d7c7b1d48d2 tempest-ImageDependencyTests-1517876507 tempest-ImageDependencyTests-1517876507-project-member] Getting quotas for user ff2b9082f31b49e1ba2d7bc19c53cdf5 and project d4e5dba01d74442b91a384d9953ad0b5. Resources: {'ram', 'instances', 'cores'} {{(pid=95829) _get_quotas /opt/stack/nova/nova/quota.py:379}}
Jul 21 05:04:40.814840 np0000005525 nova-conductor[95829]: DEBUG nova.conductor.manager [None req-e4f947b9-c75f-4e55-88ba-0d7c7b1d48d2 tempest-ImageDependencyTests-1517876507 tempest-ImageDependencyTests-1517876507-project-member] [instance: df808fa4-b0cd-4fb0-b997-53faa0b032a8] Selected host: np0000005525; Selected node: np0000005525; Alternates: [] {{(pid=95829) schedule_and_build_instances /opt/stack/nova/nova/conductor/manager.py:1784}}
Jul 21 05:04:40.814906 np0000005525 nova-conductor[95829]: DEBUG oslo_concurrency.lockutils [None req-e4f947b9-c75f-4e55-88ba-0d7c7b1d48d2 tempest-ImageDependencyTests-1517876507 tempest-ImageDependencyTests-1517876507-project-member] Acquiring lock "ecd078be-0408-493f-bb41-99a4b762cc9e" by "nova.context.set_target_cell..get_or_set_cached_cell_and_set_connections" {{(pid=95829) inner /opt/stack/data/venv/lib/python3.12/site-packages/oslo_concurrency/lockutils.py:512}}
Jul 21 05:04:40.815032 np0000005525 nova-conductor[95829]: DEBUG oslo_concurrency.lockutils [None req-e4f947b9-c75f-4e55-88ba-0d7c7b1d48d2 tempest-ImageDependencyTests-1517876507 tempest-ImageDependencyTests-1517876507-project-member] Lock "ecd078be-0408-493f-bb41-99a4b762cc9e" acquired by "nova.context.set_target_cell..get_or_set_cached_cell_and_set_connections" :: waited 0.000s {{(pid=95829) inner /opt/stack/data/venv/lib/python3.12/site-packages/oslo_concurrency/lockutils.py:525}}
Jul 21 05:04:40.815132 np0000005525 nova-conductor[95829]: DEBUG oslo_concurrency.lockutils [None req-e4f947b9-c75f-4e55-88ba-0d7c7b1d48d2 tempest-ImageDependencyTests-1517876507 tempest-ImageDependencyTests-1517876507-project-member] Lock "ecd078be-0408-493f-bb41-99a4b762cc9e" "released" by "nova.context.set_target_cell..get_or_set_cached_cell_and_set_connections" :: held 0.000s {{(pid=95829) inner /opt/stack/data/venv/lib/python3.12/site-packages/oslo_concurrency/lockutils.py:544}}
Jul 21 05:04:40.823628 np0000005525 nova-conductor[95829]: DEBUG nova.conductor.manager [None req-e4f947b9-c75f-4e55-88ba-0d7c7b1d48d2 tempest-ImageDependencyTests-1517876507 tempest-ImageDependencyTests-1517876507-project-member] [instance: df808fa4-b0cd-4fb0-b997-53faa0b032a8] block_device_mapping [BlockDeviceMapping(attachment_id=17d811ad-b70e-48b3-bc75-e5db86c2f76f,boot_index=0,connection_info=None,created_at=,delete_on_termination=True,deleted=,deleted_at=,destination_type='volume',device_name=None,device_type=None,disk_bus=None,encrypted=False,encryption_format=None,encryption_options=None,encryption_secret_uuid=None,guest_format=None,id=,image_id=None,instance=,instance_uuid=,no_device=False,snapshot_id=None,source_type='volume',tag=None,updated_at=,uuid=,volume_id='68aa3f16-3144-4444-8814-51b280092a86',volume_size=1,volume_type=None)] {{(pid=95829) _create_block_device_mapping /opt/stack/nova/nova/conductor/manager.py:1529}}
Jul 21 05:04:40.824781 np0000005525 nova-conductor[95829]: DEBUG oslo_concurrency.lockutils [None req-e4f947b9-c75f-4e55-88ba-0d7c7b1d48d2 tempest-ImageDependencyTests-1517876507 tempest-ImageDependencyTests-1517876507-project-member] Acquiring lock "ecd078be-0408-493f-bb41-99a4b762cc9e" by "nova.context.set_target_cell..get_or_set_cached_cell_and_set_connections" {{(pid=95829) inner /opt/stack/data/venv/lib/python3.12/site-packages/oslo_concurrency/lockutils.py:512}}
Jul 21 05:04:40.824914 np0000005525 nova-conductor[95829]: DEBUG oslo_concurrency.lockutils [None req-e4f947b9-c75f-4e55-88ba-0d7c7b1d48d2 tempest-ImageDependencyTests-1517876507 tempest-ImageDependencyTests-1517876507-project-member] Lock "ecd078be-0408-493f-bb41-99a4b762cc9e" acquired by "nova.context.set_target_cell..get_or_set_cached_cell_and_set_connections" :: waited 0.000s {{(pid=95829) inner /opt/stack/data/venv/lib/python3.12/site-packages/oslo_concurrency/lockutils.py:525}}
Jul 21 05:04:40.825028 np0000005525 nova-conductor[95829]: DEBUG oslo_concurrency.lockutils [None req-e4f947b9-c75f-4e55-88ba-0d7c7b1d48d2 tempest-ImageDependencyTests-1517876507 tempest-ImageDependencyTests-1517876507-project-member] Lock "ecd078be-0408-493f-bb41-99a4b762cc9e" "released" by "nova.context.set_target_cell..get_or_set_cached_cell_and_set_connections" :: held 0.000s {{(pid=95829) inner /opt/stack/data/venv/lib/python3.12/site-packages/oslo_concurrency/lockutils.py:544}}
Jul 21 05:04:40.856651 np0000005525 nova-conductor[95829]: DEBUG oslo_concurrency.lockutils [None req-e4f947b9-c75f-4e55-88ba-0d7c7b1d48d2 tempest-ImageDependencyTests-1517876507 tempest-ImageDependencyTests-1517876507-project-member] Acquiring lock "ecd078be-0408-493f-bb41-99a4b762cc9e" by "nova.context.set_target_cell..get_or_set_cached_cell_and_set_connections" {{(pid=95829) inner /opt/stack/data/venv/lib/python3.12/site-packages/oslo_concurrency/lockutils.py:512}}
Jul 21 05:04:40.857147 np0000005525 nova-conductor[95829]: DEBUG oslo_concurrency.lockutils [None req-e4f947b9-c75f-4e55-88ba-0d7c7b1d48d2 tempest-ImageDependencyTests-1517876507 tempest-ImageDependencyTests-1517876507-project-member] Lock "ecd078be-0408-493f-bb41-99a4b762cc9e" acquired by "nova.context.set_target_cell..get_or_set_cached_cell_and_set_connections" :: waited 0.000s {{(pid=95829) inner /opt/stack/data/venv/lib/python3.12/site-packages/oslo_concurrency/lockutils.py:525}}
Jul 21 05:04:40.857147 np0000005525 nova-conductor[95829]: DEBUG oslo_concurrency.lockutils [None req-e4f947b9-c75f-4e55-88ba-0d7c7b1d48d2 tempest-ImageDependencyTests-1517876507 tempest-ImageDependencyTests-1517876507-project-member] Lock "ecd078be-0408-493f-bb41-99a4b762cc9e" "released" by "nova.context.set_target_cell..get_or_set_cached_cell_and_set_connections" :: held 0.000s {{(pid=95829) inner /opt/stack/data/venv/lib/python3.12/site-packages/oslo_concurrency/lockutils.py:544}}
Jul 21 05:04:40.857147 np0000005525 nova-conductor[95829]: DEBUG oslo_concurrency.lockutils [None req-e4f947b9-c75f-4e55-88ba-0d7c7b1d48d2 tempest-ImageDependencyTests-1517876507 tempest-ImageDependencyTests-1517876507-project-member] Acquiring lock "compute-rpcapi-router" {{(pid=95829) lock /opt/stack/data/venv/lib/python3.12/site-packages/oslo_concurrency/lockutils.py:396}}
Jul 21 05:04:40.857147 np0000005525 nova-conductor[95829]: DEBUG oslo_concurrency.lockutils [None req-e4f947b9-c75f-4e55-88ba-0d7c7b1d48d2 tempest-ImageDependencyTests-1517876507 tempest-ImageDependencyTests-1517876507-project-member] Acquired lock "compute-rpcapi-router" {{(pid=95829) lock /opt/stack/data/venv/lib/python3.12/site-packages/oslo_concurrency/lockutils.py:399}}
Jul 21 05:04:40.857661 np0000005525 nova-conductor[95829]: DEBUG oslo_concurrency.lockutils [None req-57c0e90c-c4cd-4b60-a766-5c5f4d4d968d None None] Acquiring lock "00000000-0000-0000-0000-000000000000" by "nova.context.set_target_cell..get_or_set_cached_cell_and_set_connections" {{(pid=95829) inner /opt/stack/data/venv/lib/python3.12/site-packages/oslo_concurrency/lockutils.py:512}}
Jul 21 05:04:40.859059 np0000005525 nova-conductor[95829]: DEBUG oslo_concurrency.lockutils [None req-57c0e90c-c4cd-4b60-a766-5c5f4d4d968d None None] Lock "00000000-0000-0000-0000-000000000000" acquired by "nova.context.set_target_cell..get_or_set_cached_cell_and_set_connections" :: waited 0.001s {{(pid=95829) inner /opt/stack/data/venv/lib/python3.12/site-packages/oslo_concurrency/lockutils.py:525}}
Jul 21 05:04:40.859962 np0000005525 nova-conductor[95829]: DEBUG oslo_concurrency.lockutils [None req-57c0e90c-c4cd-4b60-a766-5c5f4d4d968d None None] Lock "00000000-0000-0000-0000-000000000000" "released" by "nova.context.set_target_cell..get_or_set_cached_cell_and_set_connections" :: held 0.000s {{(pid=95829) inner /opt/stack/data/venv/lib/python3.12/site-packages/oslo_concurrency/lockutils.py:544}}
Jul 21 05:04:40.861019 np0000005525 nova-conductor[95829]: DEBUG oslo_concurrency.lockutils [None req-57c0e90c-c4cd-4b60-a766-5c5f4d4d968d None None] Acquiring lock "ecd078be-0408-493f-bb41-99a4b762cc9e" by "nova.context.set_target_cell..get_or_set_cached_cell_and_set_connections" {{(pid=95829) inner /opt/stack/data/venv/lib/python3.12/site-packages/oslo_concurrency/lockutils.py:512}}
Jul 21 05:04:40.861959 np0000005525 nova-conductor[95829]: DEBUG oslo_concurrency.lockutils [None req-57c0e90c-c4cd-4b60-a766-5c5f4d4d968d None None] Lock "ecd078be-0408-493f-bb41-99a4b762cc9e" acquired by "nova.context.set_target_cell..get_or_set_cached_cell_and_set_connections" :: waited 0.001s {{(pid=95829) inner /opt/stack/data/venv/lib/python3.12/site-packages/oslo_concurrency/lockutils.py:525}}
Jul 21 05:04:40.862064 np0000005525 nova-conductor[95829]: DEBUG oslo_concurrency.lockutils [None req-57c0e90c-c4cd-4b60-a766-5c5f4d4d968d None None] Lock "ecd078be-0408-493f-bb41-99a4b762cc9e" "released" by "nova.context.set_target_cell..get_or_set_cached_cell_and_set_connections" :: held 0.000s {{(pid=95829) inner /opt/stack/data/venv/lib/python3.12/site-packages/oslo_concurrency/lockutils.py:544}}
Jul 21 05:04:40.867715 np0000005525 nova-conductor[95829]: INFO nova.compute.rpcapi [None req-57c0e90c-c4cd-4b60-a766-5c5f4d4d968d None None] Automatically selected compute RPC version 6.5 from minimum service version 72
Jul 21 05:04:40.867884 np0000005525 nova-conductor[95829]: DEBUG oslo_concurrency.lockutils [None req-57c0e90c-c4cd-4b60-a766-5c5f4d4d968d None None] Releasing lock "compute-rpcapi-router" {{(pid=95829) lock /opt/stack/data/venv/lib/python3.12/site-packages/oslo_concurrency/lockutils.py:419}}
Jul 21 05:04:43.240413 np0000005525 nova-conductor[95835]: DEBUG dbcounter [-] [95835] Writer thread running {{(pid=95835) stat_writer /opt/stack/data/venv/lib/python3.12/site-packages/dbcounter.py:102}}
Jul 21 05:04:43.594862 np0000005525 nova-conductor[95835]: DEBUG nova.conductor.manager [None req-99cdeed4-d1f9-446f-b4a6-f96345fe7887 tempest-DeleteServersTestJSON-54350328 tempest-DeleteServersTestJSON-54350328-project-member] Took 0.35 seconds to select destinations for 1 instance(s). {{(pid=95835) _schedule_instances /opt/stack/nova/nova/conductor/manager.py:968}}
Jul 21 05:04:43.620577 np0000005525 nova-conductor[95835]: DEBUG oslo_concurrency.lockutils [None req-99cdeed4-d1f9-446f-b4a6-f96345fe7887 tempest-DeleteServersTestJSON-54350328 tempest-DeleteServersTestJSON-54350328-project-member] Acquiring lock "ecd078be-0408-493f-bb41-99a4b762cc9e" by "nova.context.set_target_cell..get_or_set_cached_cell_and_set_connections" {{(pid=95835) inner /opt/stack/data/venv/lib/python3.12/site-packages/oslo_concurrency/lockutils.py:512}}
Jul 21 05:04:43.620748 np0000005525 nova-conductor[95835]: DEBUG oslo_concurrency.lockutils [None req-99cdeed4-d1f9-446f-b4a6-f96345fe7887 tempest-DeleteServersTestJSON-54350328 tempest-DeleteServersTestJSON-54350328-project-member] Lock "ecd078be-0408-493f-bb41-99a4b762cc9e" acquired by "nova.context.set_target_cell..get_or_set_cached_cell_and_set_connections" :: waited 0.000s {{(pid=95835) inner /opt/stack/data/venv/lib/python3.12/site-packages/oslo_concurrency/lockutils.py:525}}
Jul 21 05:04:43.622500 np0000005525 nova-conductor[95835]: DEBUG oslo_concurrency.lockutils [None req-99cdeed4-d1f9-446f-b4a6-f96345fe7887 tempest-DeleteServersTestJSON-54350328 tempest-DeleteServersTestJSON-54350328-project-member] Lock "ecd078be-0408-493f-bb41-99a4b762cc9e" "released" by "nova.context.set_target_cell..get_or_set_cached_cell_and_set_connections" :: held 0.002s {{(pid=95835) inner /opt/stack/data/venv/lib/python3.12/site-packages/oslo_concurrency/lockutils.py:544}}
Jul 21 05:04:43.624476 np0000005525 nova-conductor[95835]: INFO dbcounter [None req-99cdeed4-d1f9-446f-b4a6-f96345fe7887 tempest-DeleteServersTestJSON-54350328 tempest-DeleteServersTestJSON-54350328-project-member] Registered counter for database nova_cell1
Jul 21 05:04:43.653376 np0000005525 nova-conductor[95835]: DEBUG oslo_db.sqlalchemy.engines [None req-99cdeed4-d1f9-446f-b4a6-f96345fe7887 tempest-DeleteServersTestJSON-54350328 tempest-DeleteServersTestJSON-54350328-project-member] MySQL server mode set to STRICT_TRANS_TABLES,STRICT_ALL_TABLES,NO_ZERO_IN_DATE,NO_ZERO_DATE,ERROR_FOR_DIVISION_BY_ZERO,TRADITIONAL,NO_ENGINE_SUBSTITUTION {{(pid=95835) _check_effective_sql_mode /opt/stack/data/venv/lib/python3.12/site-packages/oslo_db/sqlalchemy/engines.py:325}}
Jul 21 05:04:43.658832 np0000005525 nova-conductor[95835]: DEBUG dbcounter [-] [95835] Writer thread running {{(pid=95835) stat_writer /opt/stack/data/venv/lib/python3.12/site-packages/dbcounter.py:102}}
Jul 21 05:04:43.714561 np0000005525 nova-conductor[95835]: INFO nova.utils [None req-99cdeed4-d1f9-446f-b4a6-f96345fe7887 tempest-DeleteServersTestJSON-54350328 tempest-DeleteServersTestJSON-54350328-project-member] The cell worker thread pool ForkProcess-2.cell_worker is initialized
Jul 21 05:04:43.714799 np0000005525 nova-conductor[95835]: DEBUG oslo_concurrency.lockutils [None req-99cdeed4-d1f9-446f-b4a6-f96345fe7887 tempest-DeleteServersTestJSON-54350328 tempest-DeleteServersTestJSON-54350328-project-member] Acquiring lock "00000000-0000-0000-0000-000000000000" by "nova.context.set_target_cell..get_or_set_cached_cell_and_set_connections" {{(pid=95835) inner /opt/stack/data/venv/lib/python3.12/site-packages/oslo_concurrency/lockutils.py:512}}
Jul 21 05:04:43.714975 np0000005525 nova-conductor[95835]: DEBUG oslo_concurrency.lockutils [None req-99cdeed4-d1f9-446f-b4a6-f96345fe7887 tempest-DeleteServersTestJSON-54350328 tempest-DeleteServersTestJSON-54350328-project-member] Lock "00000000-0000-0000-0000-000000000000" acquired by "nova.context.set_target_cell..get_or_set_cached_cell_and_set_connections" :: waited 0.000s {{(pid=95835) inner /opt/stack/data/venv/lib/python3.12/site-packages/oslo_concurrency/lockutils.py:525}}
Jul 21 05:04:43.715449 np0000005525 nova-conductor[95835]: DEBUG oslo_concurrency.lockutils [None req-99cdeed4-d1f9-446f-b4a6-f96345fe7887 tempest-DeleteServersTestJSON-54350328 tempest-DeleteServersTestJSON-54350328-project-member] Lock "00000000-0000-0000-0000-000000000000" "released" by "nova.context.set_target_cell..get_or_set_cached_cell_and_set_connections" :: held 0.000s {{(pid=95835) inner /opt/stack/data/venv/lib/python3.12/site-packages/oslo_concurrency/lockutils.py:544}}
Jul 21 05:04:43.716039 np0000005525 nova-conductor[95835]: DEBUG oslo_concurrency.lockutils [None req-99cdeed4-d1f9-446f-b4a6-f96345fe7887 tempest-DeleteServersTestJSON-54350328 tempest-DeleteServersTestJSON-54350328-project-member] Acquiring lock "ecd078be-0408-493f-bb41-99a4b762cc9e" by "nova.context.set_target_cell..get_or_set_cached_cell_and_set_connections" {{(pid=95835) inner /opt/stack/data/venv/lib/python3.12/site-packages/oslo_concurrency/lockutils.py:512}}
Jul 21 05:04:43.717643 np0000005525 nova-conductor[95835]: INFO dbcounter [None req-99cdeed4-d1f9-446f-b4a6-f96345fe7887 tempest-DeleteServersTestJSON-54350328 tempest-DeleteServersTestJSON-54350328-project-member] Registered counter for database nova_cell0
Jul 21 05:04:43.718877 np0000005525 nova-conductor[95835]: DEBUG oslo_concurrency.lockutils [None req-99cdeed4-d1f9-446f-b4a6-f96345fe7887 tempest-DeleteServersTestJSON-54350328 tempest-DeleteServersTestJSON-54350328-project-member] Lock "ecd078be-0408-493f-bb41-99a4b762cc9e" acquired by "nova.context.set_target_cell..get_or_set_cached_cell_and_set_connections" :: waited 0.001s {{(pid=95835) inner /opt/stack/data/venv/lib/python3.12/site-packages/oslo_concurrency/lockutils.py:525}}
Jul 21 05:04:43.718999 np0000005525 nova-conductor[95835]: DEBUG oslo_concurrency.lockutils [None req-99cdeed4-d1f9-446f-b4a6-f96345fe7887 tempest-DeleteServersTestJSON-54350328 tempest-DeleteServersTestJSON-54350328-project-member] Lock "ecd078be-0408-493f-bb41-99a4b762cc9e" "released" by "nova.context.set_target_cell..get_or_set_cached_cell_and_set_connections" :: held 0.002s {{(pid=95835) inner /opt/stack/data/venv/lib/python3.12/site-packages/oslo_concurrency/lockutils.py:544}}
