Jul 21 05:08:49.372248 np0000005525 devstack@placement-api.service[89974]: DEBUG placement.handlers.allocation [req-90e38ea7-fd93-43f4-8fba-d4a5656dc584 req-a0d78f81-22a0-4204-be69-1b88fe0e6fd2 service nova] Successfully deleted allocations [, , ] {{(pid=89974) delete_allocations /opt/stack/placement/placement/handlers/allocation.py:627}}
Jul 21 05:08:49.372638 np0000005525 devstack@placement-api.service[89974]: INFO placement.requestlog [req-90e38ea7-fd93-43f4-8fba-d4a5656dc584 req-a0d78f81-22a0-4204-be69-1b88fe0e6fd2 service nova] 10.4.3.96 "DELETE /placement/allocations/3fea7576-5d4a-472c-9165-d2b6a7475255" status: 204 len: 0 microversion: 1.0
Jul 21 05:08:49.372903 np0000005525 devstack@placement-api.service[89974]: [pid: 89974|app: 0|req: 188/565] 10.4.3.96 () {68 vars in 1470 bytes} [Tue Jul 21 05:08:49 2026] DELETE /placement/allocations/3fea7576-5d4a-472c-9165-d2b6a7475255 => generated 0 bytes in 58 msecs (HTTP/1.1 204) 5 headers in 198 bytes (1 switches on core 0)
Jul 21 05:08:51.124110 np0000005525 devstack@placement-api.service[89975]: DEBUG placement.requestlog [req-5a5909d3-386d-49ea-87d2-fbdec08ee6c0 req-2a843bf8-7e73-478e-bc78-de3c685772f3 None None] Starting request: 10.4.3.96 "GET /placement/allocation_candidates?limit=1000&resources=DISK_GB%3A1%2CMEMORY_MB%3A192%2CVCPU%3A1&root_required=%21COMPUTE_STATUS_DISABLED" {{(pid=89975) __call__ /opt/stack/placement/placement/requestlog.py:55}}
Jul 21 05:08:51.161746 np0000005525 devstack@placement-api.service[89975]: DEBUG placement.objects.research_context [req-5a5909d3-386d-49ea-87d2-fbdec08ee6c0 req-2a843bf8-7e73-478e-bc78-de3c685772f3 service nova] getting providers with 1 DISK_GB {{(pid=89975) __init__ /opt/stack/placement/placement/objects/research_context.py:137}}
Jul 21 05:08:51.166521 np0000005525 devstack@placement-api.service[89975]: DEBUG placement.objects.research_context [req-5a5909d3-386d-49ea-87d2-fbdec08ee6c0 req-2a843bf8-7e73-478e-bc78-de3c685772f3 service nova] getting providers with 192 MEMORY_MB {{(pid=89975) __init__ /opt/stack/placement/placement/objects/research_context.py:137}}
Jul 21 05:08:51.175798 np0000005525 devstack@placement-api.service[89975]: DEBUG placement.objects.research_context [req-5a5909d3-386d-49ea-87d2-fbdec08ee6c0 req-2a843bf8-7e73-478e-bc78-de3c685772f3 service nova] getting providers with 1 VCPU {{(pid=89975) __init__ /opt/stack/placement/placement/objects/research_context.py:137}}
Jul 21 05:08:51.183131 np0000005525 devstack@placement-api.service[89975]: DEBUG placement.objects.research_context [req-5a5909d3-386d-49ea-87d2-fbdec08ee6c0 req-2a843bf8-7e73-478e-bc78-de3c685772f3 service nova] found 1 providers with available 1 DISK_GB {{(pid=89975) get_provider_ids_matching /opt/stack/placement/placement/objects/research_context.py:563}}
Jul 21 05:08:51.183371 np0000005525 devstack@placement-api.service[89975]: DEBUG placement.objects.research_context [req-5a5909d3-386d-49ea-87d2-fbdec08ee6c0 req-2a843bf8-7e73-478e-bc78-de3c685772f3 service nova] found 1 providers with available 192 MEMORY_MB {{(pid=89975) get_provider_ids_matching /opt/stack/placement/placement/objects/research_context.py:563}}
Jul 21 05:08:51.184594 np0000005525 devstack@placement-api.service[89975]: DEBUG placement.objects.research_context [req-5a5909d3-386d-49ea-87d2-fbdec08ee6c0 req-2a843bf8-7e73-478e-bc78-de3c685772f3 service nova] found 1 providers after filtering by previous result {{(pid=89975) get_provider_ids_matching /opt/stack/placement/placement/objects/research_context.py:594}}
Jul 21 05:08:51.184594 np0000005525 devstack@placement-api.service[89975]: DEBUG placement.objects.research_context [req-5a5909d3-386d-49ea-87d2-fbdec08ee6c0 req-2a843bf8-7e73-478e-bc78-de3c685772f3 service nova] found 1 providers with available 1 VCPU {{(pid=89975) get_provider_ids_matching /opt/stack/placement/placement/objects/research_context.py:563}}
Jul 21 05:08:51.184594 np0000005525 devstack@placement-api.service[89975]: DEBUG placement.objects.research_context [req-5a5909d3-386d-49ea-87d2-fbdec08ee6c0 req-2a843bf8-7e73-478e-bc78-de3c685772f3 service nova] found 1 providers after filtering by previous result {{(pid=89975) get_provider_ids_matching /opt/stack/placement/placement/objects/research_context.py:594}}
Jul 21 05:08:51.197149 np0000005525 devstack@placement-api.service[89975]: DEBUG placement.objects.allocation_candidate [req-5a5909d3-386d-49ea-87d2-fbdec08ee6c0 req-2a843bf8-7e73-478e-bc78-de3c685772f3 service nova] RequestGroup(use_same_provider=False, resources={DISK_GB:1, MEMORY_MB:192, VCPU:1}, traits=(), aggregates=[]) (suffix '') returned 1 matches {{(pid=89975) _get_by_requests /opt/stack/placement/placement/objects/allocation_candidate.py:158}}
Jul 21 05:08:51.197149 np0000005525 devstack@placement-api.service[89975]: DEBUG placement.objects.allocation_candidate [req-5a5909d3-386d-49ea-87d2-fbdec08ee6c0 req-2a843bf8-7e73-478e-bc78-de3c685772f3 service nova] Merging candidates yields 1 allocation requests and 1 provider summaries {{(pid=89975) _merge_candidates /opt/stack/placement/placement/objects/allocation_candidate.py:908}}
Jul 21 05:08:51.199996 np0000005525 devstack@placement-api.service[89975]: INFO placement.requestlog [req-5a5909d3-386d-49ea-87d2-fbdec08ee6c0 req-2a843bf8-7e73-478e-bc78-de3c685772f3 service nova] 10.4.3.96 "GET /placement/allocation_candidates?limit=1000&resources=DISK_GB%3A1%2CMEMORY_MB%3A192%2CVCPU%3A1&root_required=%21COMPUTE_STATUS_DISABLED" status: 200 len: 2492 microversion: 1.36
Jul 21 05:08:51.200309 np0000005525 devstack@placement-api.service[89975]: [pid: 89975|app: 0|req: 192/566] 10.4.3.96 () {68 vars in 1618 bytes} [Tue Jul 21 05:08:51 2026] GET /placement/allocation_candidates?limit=1000&resources=DISK_GB%3A1%2CMEMORY_MB%3A192%2CVCPU%3A1&root_required=%21COMPUTE_STATUS_DISABLED => generated 2492 bytes in 76 msecs (HTTP/1.1 200) 8 headers in 297 bytes (1 switches on core 0)
Jul 21 05:08:51.287361 np0000005525 devstack@placement-api.service[89976]: DEBUG placement.requestlog [req-5a5909d3-386d-49ea-87d2-fbdec08ee6c0 req-a9f337df-2096-41b2-bd78-eb2d8b1794b5 None None] Starting request: 10.4.3.96 "GET /placement/allocations/e36ed2d3-1c6e-445a-8992-b6c74b8eb550" {{(pid=89976) __call__ /opt/stack/placement/placement/requestlog.py:55}}
Jul 21 05:08:51.326127 np0000005525 devstack@placement-api.service[89976]: INFO placement.requestlog [req-5a5909d3-386d-49ea-87d2-fbdec08ee6c0 req-a9f337df-2096-41b2-bd78-eb2d8b1794b5 service nova] 10.4.3.96 "GET /placement/allocations/e36ed2d3-1c6e-445a-8992-b6c74b8eb550" status: 200 len: 19 microversion: 1.28
Jul 21 05:08:51.326365 np0000005525 devstack@placement-api.service[89976]: [pid: 89976|app: 0|req: 187/567] 10.4.3.96 () {68 vars in 1494 bytes} [Tue Jul 21 05:08:51 2026] GET /placement/allocations/e36ed2d3-1c6e-445a-8992-b6c74b8eb550 => generated 19 bytes in 39 msecs (HTTP/1.1 200) 8 headers in 295 bytes (1 switches on core 0)
Jul 21 05:08:51.379619 np0000005525 devstack@placement-api.service[89974]: DEBUG placement.requestlog [req-5a5909d3-386d-49ea-87d2-fbdec08ee6c0 req-6a343154-aaa3-4ad6-b353-c0d55ace2c16 None None] Starting request: 10.4.3.96 "PUT /placement/allocations/e36ed2d3-1c6e-445a-8992-b6c74b8eb550" {{(pid=89974) __call__ /opt/stack/placement/placement/requestlog.py:55}}
Jul 21 05:08:51.461035 np0000005525 devstack@placement-api.service[89974]: DEBUG placement.handlers.allocation [req-5a5909d3-386d-49ea-87d2-fbdec08ee6c0 req-6a343154-aaa3-4ad6-b353-c0d55ace2c16 service nova] Successfully wrote allocations [, , ] {{(pid=89974) _update_consumers_and_create_allocations /opt/stack/placement/placement/handlers/allocation.py:462}}
Jul 21 05:08:51.464705 np0000005525 devstack@placement-api.service[89974]: INFO placement.requestlog [req-5a5909d3-386d-49ea-87d2-fbdec08ee6c0 req-6a343154-aaa3-4ad6-b353-c0d55ace2c16 service nova] 10.4.3.96 "PUT /placement/allocations/e36ed2d3-1c6e-445a-8992-b6c74b8eb550" status: 204 len: 0 microversion: 1.36
Jul 21 05:08:51.464940 np0000005525 devstack@placement-api.service[89974]: [pid: 89974|app: 0|req: 189/568] 10.4.3.96 () {72 vars in 1547 bytes} [Tue Jul 21 05:08:51 2026] PUT /placement/allocations/e36ed2d3-1c6e-445a-8992-b6c74b8eb550 => generated 0 bytes in 87 msecs (HTTP/1.1 204) 5 headers in 199 bytes (1 switches on core 0)
Jul 21 05:08:51.767975 np0000005525 devstack@placement-api.service[89975]: DEBUG placement.requestlog [req-5a5909d3-386d-49ea-87d2-fbdec08ee6c0 req-eb56c0b1-f747-41a9-ab58-fd0ee48d3aae None None] Starting request: 10.4.3.96 "GET /placement/allocations/e36ed2d3-1c6e-445a-8992-b6c74b8eb550" {{(pid=89975) __call__ /opt/stack/placement/placement/requestlog.py:55}}
Jul 21 05:08:51.777414 np0000005525 devstack@placement-api.service[89975]: INFO placement.requestlog [req-5a5909d3-386d-49ea-87d2-fbdec08ee6c0 req-eb56c0b1-f747-41a9-ab58-fd0ee48d3aae service nova] 10.4.3.96 "GET /placement/allocations/e36ed2d3-1c6e-445a-8992-b6c74b8eb550" status: 200 len: 258 microversion: 1.28
Jul 21 05:08:51.777730 np0000005525 devstack@placement-api.service[89975]: [pid: 89975|app: 0|req: 193/569] 10.4.3.96 () {68 vars in 1492 bytes} [Tue Jul 21 05:08:51 2026] GET /placement/allocations/e36ed2d3-1c6e-445a-8992-b6c74b8eb550 => generated 258 bytes in 10 msecs (HTTP/1.1 200) 8 headers in 296 bytes (1 switches on core 0)
Jul 21 05:08:51.899576 np0000005525 devstack@placement-api.service[89976]: DEBUG placement.requestlog [req-5a5909d3-386d-49ea-87d2-fbdec08ee6c0 req-cb8e0954-11db-4e90-900c-fc3a1ff0f622 None None] Starting request: 10.4.3.96 "GET /placement/resource_providers/35f4c6f6-d8a9-41cd-bec9-950ee3a8f6e5/allocations" {{(pid=89976) __call__ /opt/stack/placement/placement/requestlog.py:55}}
Jul 21 05:08:51.931237 np0000005525 devstack@placement-api.service[89976]: INFO placement.requestlog [req-5a5909d3-386d-49ea-87d2-fbdec08ee6c0 req-cb8e0954-11db-4e90-900c-fc3a1ff0f622 service nova] 10.4.3.96 "GET /placement/resource_providers/35f4c6f6-d8a9-41cd-bec9-950ee3a8f6e5/allocations" status: 200 len: 625 microversion: 1.0
Jul 21 05:08:51.931543 np0000005525 devstack@placement-api.service[89976]: [pid: 89976|app: 0|req: 188/570] 10.4.3.96 () {66 vars in 1505 bytes} [Tue Jul 21 05:08:51 2026] GET /placement/resource_providers/35f4c6f6-d8a9-41cd-bec9-950ee3a8f6e5/allocations => generated 625 bytes in 33 msecs (HTTP/1.1 200) 6 headers in 224 bytes (1 switches on core 0)
Jul 21 05:08:51.980627 np0000005525 devstack@placement-api.service[89974]: DEBUG placement.requestlog [req-5a5909d3-386d-49ea-87d2-fbdec08ee6c0 req-5dcfead1-b33b-450c-a07c-1fb4ba020528 None None] Starting request: 10.4.3.96 "GET /placement/allocations/37af0985-5f76-4844-9593-25a15ab62d11" {{(pid=89974) __call__ /opt/stack/placement/placement/requestlog.py:55}}
Jul 21 05:08:52.004481 np0000005525 devstack@placement-api.service[89974]: INFO placement.requestlog [req-5a5909d3-386d-49ea-87d2-fbdec08ee6c0 req-5dcfead1-b33b-450c-a07c-1fb4ba020528 service nova] 10.4.3.96 "GET /placement/allocations/37af0985-5f76-4844-9593-25a15ab62d11" status: 200 len: 258 microversion: 1.28
Jul 21 05:08:52.004481 np0000005525 devstack@placement-api.service[89974]: [pid: 89974|app: 0|req: 190/571] 10.4.3.96 () {68 vars in 1492 bytes} [Tue Jul 21 05:08:51 2026] GET /placement/allocations/37af0985-5f76-4844-9593-25a15ab62d11 => generated 258 bytes in 24 msecs (HTTP/1.1 200) 8 headers in 296 bytes (1 switches on core 0)
Jul 21 05:08:52.059914 np0000005525 devstack@placement-api.service[89975]: DEBUG placement.requestlog [req-5a5909d3-386d-49ea-87d2-fbdec08ee6c0 req-d23eda03-c949-4010-b035-13abde60bb37 None None] Starting request: 10.4.3.96 "GET /placement/allocations/96d9d338-58f0-420f-9450-ea454db3daa4" {{(pid=89975) __call__ /opt/stack/placement/placement/requestlog.py:55}}
Jul 21 05:08:52.073617 np0000005525 devstack@placement-api.service[89975]: INFO placement.requestlog [req-5a5909d3-386d-49ea-87d2-fbdec08ee6c0 req-d23eda03-c949-4010-b035-13abde60bb37 service nova] 10.4.3.96 "GET /placement/allocations/96d9d338-58f0-420f-9450-ea454db3daa4" status: 200 len: 258 microversion: 1.28
Jul 21 05:08:52.074202 np0000005525 devstack@placement-api.service[89975]: [pid: 89975|app: 0|req: 194/572] 10.4.3.96 () {68 vars in 1492 bytes} [Tue Jul 21 05:08:52 2026] GET /placement/allocations/96d9d338-58f0-420f-9450-ea454db3daa4 => generated 258 bytes in 17 msecs (HTTP/1.1 200) 8 headers in 296 bytes (1 switches on core 0)
Jul 21 05:08:52.114923 np0000005525 devstack@placement-api.service[89976]: DEBUG placement.requestlog [req-5a5909d3-386d-49ea-87d2-fbdec08ee6c0 req-961ae523-28ce-432c-a71a-7888ebdec36c None None] Starting request: 10.4.3.96 "GET /placement/allocations/35ee8a2a-8785-42d9-8d32-383c647fcc83" {{(pid=89976) __call__ /opt/stack/placement/placement/requestlog.py:55}}
Jul 21 05:08:52.129860 np0000005525 devstack@placement-api.service[89976]: INFO placement.requestlog [req-5a5909d3-386d-49ea-87d2-fbdec08ee6c0 req-961ae523-28ce-432c-a71a-7888ebdec36c service nova] 10.4.3.96 "GET /placement/allocations/35ee8a2a-8785-42d9-8d32-383c647fcc83" status: 200 len: 244 microversion: 1.28
Jul 21 05:08:52.130546 np0000005525 devstack@placement-api.service[89976]: [pid: 89976|app: 0|req: 189/573] 10.4.3.96 () {68 vars in 1492 bytes} [Tue Jul 21 05:08:52 2026] GET /placement/allocations/35ee8a2a-8785-42d9-8d32-383c647fcc83 => generated 244 bytes in 16 msecs (HTTP/1.1 200) 8 headers in 296 bytes (1 switches on core 0)
Jul 21 05:08:52.174829 np0000005525 devstack@placement-api.service[89974]: DEBUG placement.requestlog [req-5a5909d3-386d-49ea-87d2-fbdec08ee6c0 req-eb32a1f6-2740-45b9-b953-21a177a70a3f None None] Starting request: 10.4.3.96 "GET /placement/allocations/e36ed2d3-1c6e-445a-8992-b6c74b8eb550" {{(pid=89974) __call__ /opt/stack/placement/placement/requestlog.py:55}}
Jul 21 05:08:52.184176 np0000005525 devstack@placement-api.service[89974]: INFO placement.requestlog [req-5a5909d3-386d-49ea-87d2-fbdec08ee6c0 req-eb32a1f6-2740-45b9-b953-21a177a70a3f service nova] 10.4.3.96 "GET /placement/allocations/e36ed2d3-1c6e-445a-8992-b6c74b8eb550" status: 200 len: 258 microversion: 1.28
Jul 21 05:08:52.184456 np0000005525 devstack@placement-api.service[89974]: [pid: 89974|app: 0|req: 191/574] 10.4.3.96 () {68 vars in 1492 bytes} [Tue Jul 21 05:08:52 2026] GET /placement/allocations/e36ed2d3-1c6e-445a-8992-b6c74b8eb550 => generated 258 bytes in 10 msecs (HTTP/1.1 200) 8 headers in 296 bytes (1 switches on core 0)
Jul 21 05:08:52.234557 np0000005525 devstack@placement-api.service[89975]: DEBUG placement.requestlog [req-5a5909d3-386d-49ea-87d2-fbdec08ee6c0 req-d34e9cdf-c371-4627-920a-a3df549f76ac None None] Starting request: 10.4.3.96 "GET /placement/allocations/45cc4c7c-f279-4002-a316-53bae8735264" {{(pid=89975) __call__ /opt/stack/placement/placement/requestlog.py:55}}
Jul 21 05:08:52.246510 np0000005525 devstack@placement-api.service[89975]: INFO placement.requestlog [req-5a5909d3-386d-49ea-87d2-fbdec08ee6c0 req-d34e9cdf-c371-4627-920a-a3df549f76ac service nova] 10.4.3.96 "GET /placement/allocations/45cc4c7c-f279-4002-a316-53bae8735264" status: 200 len: 258 microversion: 1.28
Jul 21 05:08:52.247314 np0000005525 devstack@placement-api.service[89975]: [pid: 89975|app: 0|req: 195/575] 10.4.3.96 () {68 vars in 1492 bytes} [Tue Jul 21 05:08:52 2026] GET /placement/allocations/45cc4c7c-f279-4002-a316-53bae8735264 => generated 258 bytes in 12 msecs (HTTP/1.1 200) 8 headers in 296 bytes (1 switches on core 0)
Jul 21 05:08:52.279558 np0000005525 devstack@placement-api.service[89976]: DEBUG placement.requestlog [req-5a5909d3-386d-49ea-87d2-fbdec08ee6c0 req-564e8363-f54c-4624-a65d-ce97edc60201 None None] Starting request: 10.4.3.96 "GET /placement/allocations/1be57373-0f44-4fd5-b04e-d7471520bd7d" {{(pid=89976) __call__ /opt/stack/placement/placement/requestlog.py:55}}
Jul 21 05:08:52.295023 np0000005525 devstack@placement-api.service[89976]: INFO placement.requestlog [req-5a5909d3-386d-49ea-87d2-fbdec08ee6c0 req-564e8363-f54c-4624-a65d-ce97edc60201 service nova] 10.4.3.96 "GET /placement/allocations/1be57373-0f44-4fd5-b04e-d7471520bd7d" status: 200 len: 244 microversion: 1.28
Jul 21 05:08:52.295732 np0000005525 devstack@placement-api.service[89976]: [pid: 89976|app: 0|req: 190/576] 10.4.3.96 () {68 vars in 1492 bytes} [Tue Jul 21 05:08:52 2026] GET /placement/allocations/1be57373-0f44-4fd5-b04e-d7471520bd7d => generated 244 bytes in 18 msecs (HTTP/1.1 200) 8 headers in 296 bytes (1 switches on core 0)
Jul 21 05:08:52.805628 np0000005525 devstack@placement-api.service[89974]: DEBUG placement.requestlog [req-bed00030-4bbc-4d44-a889-ebd61156cffb req-ba833c85-2bd8-48c6-964e-d8b26a5eb0bd None None] Starting request: 10.4.3.96 "GET /placement/resource_providers/35f4c6f6-d8a9-41cd-bec9-950ee3a8f6e5/allocations" {{(pid=89974) __call__ /opt/stack/placement/placement/requestlog.py:55}}
Jul 21 05:08:52.821353 np0000005525 devstack@placement-api.service[89974]: INFO placement.requestlog [req-bed00030-4bbc-4d44-a889-ebd61156cffb req-ba833c85-2bd8-48c6-964e-d8b26a5eb0bd service nova] 10.4.3.96 "GET /placement/resource_providers/35f4c6f6-d8a9-41cd-bec9-950ee3a8f6e5/allocations" status: 200 len: 625 microversion: 1.0
Jul 21 05:08:52.822057 np0000005525 devstack@placement-api.service[89974]: [pid: 89974|app: 0|req: 192/577] 10.4.3.96 () {66 vars in 1505 bytes} [Tue Jul 21 05:08:52 2026] GET /placement/resource_providers/35f4c6f6-d8a9-41cd-bec9-950ee3a8f6e5/allocations => generated 625 bytes in 16 msecs (HTTP/1.1 200) 6 headers in 224 bytes (1 switches on core 0)
Jul 21 05:08:52.869865 np0000005525 devstack@placement-api.service[89975]: DEBUG placement.requestlog [req-bed00030-4bbc-4d44-a889-ebd61156cffb req-3caf703c-a386-4374-b398-e4ad62123982 None None] Starting request: 10.4.3.96 "GET /placement/allocations/37af0985-5f76-4844-9593-25a15ab62d11" {{(pid=89975) __call__ /opt/stack/placement/placement/requestlog.py:55}}
Jul 21 05:08:52.884700 np0000005525 devstack@placement-api.service[89975]: INFO placement.requestlog [req-bed00030-4bbc-4d44-a889-ebd61156cffb req-3caf703c-a386-4374-b398-e4ad62123982 service nova] 10.4.3.96 "GET /placement/allocations/37af0985-5f76-4844-9593-25a15ab62d11" status: 200 len: 258 microversion: 1.28
Jul 21 05:08:52.885837 np0000005525 devstack@placement-api.service[89975]: [pid: 89975|app: 0|req: 196/578] 10.4.3.96 () {68 vars in 1492 bytes} [Tue Jul 21 05:08:52 2026] GET /placement/allocations/37af0985-5f76-4844-9593-25a15ab62d11 => generated 258 bytes in 16 msecs (HTTP/1.1 200) 8 headers in 296 bytes (1 switches on core 0)
Jul 21 05:08:52.943620 np0000005525 devstack@placement-api.service[89976]: DEBUG placement.requestlog [req-bed00030-4bbc-4d44-a889-ebd61156cffb req-c2a7d684-113d-473f-90a3-22f6b30bbe24 None None] Starting request: 10.4.3.96 "GET /placement/allocations/96d9d338-58f0-420f-9450-ea454db3daa4" {{(pid=89976) __call__ /opt/stack/placement/placement/requestlog.py:55}}
Jul 21 05:08:52.954912 np0000005525 devstack@placement-api.service[89976]: INFO placement.requestlog [req-bed00030-4bbc-4d44-a889-ebd61156cffb req-c2a7d684-113d-473f-90a3-22f6b30bbe24 service nova] 10.4.3.96 "GET /placement/allocations/96d9d338-58f0-420f-9450-ea454db3daa4" status: 200 len: 258 microversion: 1.28
Jul 21 05:08:52.955320 np0000005525 devstack@placement-api.service[89976]: [pid: 89976|app: 0|req: 191/579] 10.4.3.96 () {68 vars in 1492 bytes} [Tue Jul 21 05:08:52 2026] GET /placement/allocations/96d9d338-58f0-420f-9450-ea454db3daa4 => generated 258 bytes in 12 msecs (HTTP/1.1 200) 8 headers in 296 bytes (1 switches on core 0)
Jul 21 05:08:53.029726 np0000005525 devstack@placement-api.service[89974]: DEBUG placement.requestlog [req-bed00030-4bbc-4d44-a889-ebd61156cffb req-1ca879b7-ea7c-4a88-910c-ad74241944f6 None None] Starting request: 10.4.3.96 "GET /placement/allocations/35ee8a2a-8785-42d9-8d32-383c647fcc83" {{(pid=89974) __call__ /opt/stack/placement/placement/requestlog.py:55}}
Jul 21 05:08:53.050562 np0000005525 devstack@placement-api.service[89974]: INFO placement.requestlog [req-bed00030-4bbc-4d44-a889-ebd61156cffb req-1ca879b7-ea7c-4a88-910c-ad74241944f6 service nova] 10.4.3.96 "GET /placement/allocations/35ee8a2a-8785-42d9-8d32-383c647fcc83" status: 200 len: 244 microversion: 1.28
Jul 21 05:08:53.051249 np0000005525 devstack@placement-api.service[89974]: [pid: 89974|app: 0|req: 193/580] 10.4.3.96 () {68 vars in 1492 bytes} [Tue Jul 21 05:08:53 2026] GET /placement/allocations/35ee8a2a-8785-42d9-8d32-383c647fcc83 => generated 244 bytes in 22 msecs (HTTP/1.1 200) 8 headers in 296 bytes (1 switches on core 0)
Jul 21 05:08:53.078583 np0000005525 devstack@placement-api.service[89975]: DEBUG placement.requestlog [req-c4050891-2ec2-4689-8f29-aed90f4c462f req-9ac8e310-1989-496f-933a-70a6be7f312e None None] Starting request: 10.4.3.96 "GET /placement/allocation_candidates?limit=1000&resources=DISK_GB%3A1%2CMEMORY_MB%3A192%2CVCPU%3A1&root_required=%21COMPUTE_STATUS_DISABLED" {{(pid=89975) __call__ /opt/stack/placement/placement/requestlog.py:55}}
Jul 21 05:08:53.108927 np0000005525 devstack@placement-api.service[89976]: DEBUG placement.requestlog [None req-b115a1e2-2db3-427d-9d99-291ab615188a None None] Starting request: 10.4.3.96 "GET /placement/resource_providers/e855d38a-c06b-4cfd-88bd-a2baf747bea7/aggregates" {{(pid=89976) __call__ /opt/stack/placement/placement/requestlog.py:55}}
Jul 21 05:08:53.117670 np0000005525 devstack@placement-api.service[89975]: DEBUG placement.objects.research_context [req-c4050891-2ec2-4689-8f29-aed90f4c462f req-9ac8e310-1989-496f-933a-70a6be7f312e service nova] getting providers with 1 DISK_GB {{(pid=89975) __init__ /opt/stack/placement/placement/objects/research_context.py:137}}
Jul 21 05:08:53.122280 np0000005525 devstack@placement-api.service[89976]: INFO placement.requestlog [None req-b115a1e2-2db3-427d-9d99-291ab615188a service placement] 10.4.3.96 "GET /placement/resource_providers/e855d38a-c06b-4cfd-88bd-a2baf747bea7/aggregates" status: 404 len: 235 microversion: 1.1
Jul 21 05:08:53.122626 np0000005525 devstack@placement-api.service[89976]: [pid: 89976|app: 0|req: 192/581] 10.4.3.96 () {66 vars in 1467 bytes} [Tue Jul 21 05:08:53 2026] GET /placement/resource_providers/e855d38a-c06b-4cfd-88bd-a2baf747bea7/aggregates => generated 235 bytes in 14 msecs (HTTP/1.1 404) 5 headers in 202 bytes (1 switches on core 0)
Jul 21 05:08:53.126993 np0000005525 devstack@placement-api.service[89975]: DEBUG placement.objects.research_context [req-c4050891-2ec2-4689-8f29-aed90f4c462f req-9ac8e310-1989-496f-933a-70a6be7f312e service nova] getting providers with 192 MEMORY_MB {{(pid=89975) __init__ /opt/stack/placement/placement/objects/research_context.py:137}}
Jul 21 05:08:53.132226 np0000005525 devstack@placement-api.service[89975]: DEBUG placement.objects.research_context [req-c4050891-2ec2-4689-8f29-aed90f4c462f req-9ac8e310-1989-496f-933a-70a6be7f312e service nova] getting providers with 1 VCPU {{(pid=89975) __init__ /opt/stack/placement/placement/objects/research_context.py:137}}
Jul 21 05:08:53.140232 np0000005525 devstack@placement-api.service[89975]: DEBUG placement.objects.research_context [req-c4050891-2ec2-4689-8f29-aed90f4c462f req-9ac8e310-1989-496f-933a-70a6be7f312e service nova] found 1 providers with available 1 DISK_GB {{(pid=89975) get_provider_ids_matching /opt/stack/placement/placement/objects/research_context.py:563}}
Jul 21 05:08:53.140349 np0000005525 devstack@placement-api.service[89975]: DEBUG placement.objects.research_context [req-c4050891-2ec2-4689-8f29-aed90f4c462f req-9ac8e310-1989-496f-933a-70a6be7f312e service nova] found 1 providers with available 192 MEMORY_MB {{(pid=89975) get_provider_ids_matching /opt/stack/placement/placement/objects/research_context.py:563}}
Jul 21 05:08:53.140454 np0000005525 devstack@placement-api.service[89975]: DEBUG placement.objects.research_context [req-c4050891-2ec2-4689-8f29-aed90f4c462f req-9ac8e310-1989-496f-933a-70a6be7f312e service nova] found 1 providers after filtering by previous result {{(pid=89975) get_provider_ids_matching /opt/stack/placement/placement/objects/research_context.py:594}}
Jul 21 05:08:53.140553 np0000005525 devstack@placement-api.service[89975]: DEBUG placement.objects.research_context [req-c4050891-2ec2-4689-8f29-aed90f4c462f req-9ac8e310-1989-496f-933a-70a6be7f312e service nova] found 1 providers with available 1 VCPU {{(pid=89975) get_provider_ids_matching /opt/stack/placement/placement/objects/research_context.py:563}}
Jul 21 05:08:53.140706 np0000005525 devstack@placement-api.service[89975]: DEBUG placement.objects.research_context [req-c4050891-2ec2-4689-8f29-aed90f4c462f req-9ac8e310-1989-496f-933a-70a6be7f312e service nova] found 1 providers after filtering by previous result {{(pid=89975) get_provider_ids_matching /opt/stack/placement/placement/objects/research_context.py:594}}
Jul 21 05:08:53.141818 np0000005525 devstack@placement-api.service[89974]: DEBUG placement.requestlog [req-bed00030-4bbc-4d44-a889-ebd61156cffb req-99d6f4a5-05e2-44d9-8930-83a93e94912b None None] Starting request: 10.4.3.96 "GET /placement/allocations/e36ed2d3-1c6e-445a-8992-b6c74b8eb550" {{(pid=89974) __call__ /opt/stack/placement/placement/requestlog.py:55}}
Jul 21 05:08:53.153365 np0000005525 devstack@placement-api.service[89975]: DEBUG placement.objects.allocation_candidate [req-c4050891-2ec2-4689-8f29-aed90f4c462f req-9ac8e310-1989-496f-933a-70a6be7f312e service nova] RequestGroup(use_same_provider=False, resources={DISK_GB:1, MEMORY_MB:192, VCPU:1}, traits=(), aggregates=[]) (suffix '') returned 1 matches {{(pid=89975) _get_by_requests /opt/stack/placement/placement/objects/allocation_candidate.py:158}}
Jul 21 05:08:53.153972 np0000005525 devstack@placement-api.service[89975]: DEBUG placement.objects.allocation_candidate [req-c4050891-2ec2-4689-8f29-aed90f4c462f req-9ac8e310-1989-496f-933a-70a6be7f312e service nova] Merging candidates yields 1 allocation requests and 1 provider summaries {{(pid=89975) _merge_candidates /opt/stack/placement/placement/objects/allocation_candidate.py:908}}
Jul 21 05:08:53.156182 np0000005525 devstack@placement-api.service[89975]: INFO placement.requestlog [req-c4050891-2ec2-4689-8f29-aed90f4c462f req-9ac8e310-1989-496f-933a-70a6be7f312e service nova] 10.4.3.96 "GET /placement/allocation_candidates?limit=1000&resources=DISK_GB%3A1%2CMEMORY_MB%3A192%2CVCPU%3A1&root_required=%21COMPUTE_STATUS_DISABLED" status: 200 len: 2493 microversion: 1.36
Jul 21 05:08:53.156502 np0000005525 devstack@placement-api.service[89975]: [pid: 89975|app: 0|req: 197/582] 10.4.3.96 () {68 vars in 1618 bytes} [Tue Jul 21 05:08:53 2026] GET /placement/allocation_candidates?limit=1000&resources=DISK_GB%3A1%2CMEMORY_MB%3A192%2CVCPU%3A1&root_required=%21COMPUTE_STATUS_DISABLED => generated 2493 bytes in 78 msecs (HTTP/1.1 200) 8 headers in 297 bytes (1 switches on core 0)
Jul 21 05:08:53.164171 np0000005525 devstack@placement-api.service[89974]: INFO placement.requestlog [req-bed00030-4bbc-4d44-a889-ebd61156cffb req-99d6f4a5-05e2-44d9-8930-83a93e94912b service nova] 10.4.3.96 "GET /placement/allocations/e36ed2d3-1c6e-445a-8992-b6c74b8eb550" status: 200 len: 258 microversion: 1.28
Jul 21 05:08:53.164469 np0000005525 devstack@placement-api.service[89974]: [pid: 89974|app: 0|req: 194/583] 10.4.3.96 () {68 vars in 1492 bytes} [Tue Jul 21 05:08:53 2026] GET /placement/allocations/e36ed2d3-1c6e-445a-8992-b6c74b8eb550 => generated 258 bytes in 24 msecs (HTTP/1.1 200) 8 headers in 296 bytes (1 switches on core 0)
Jul 21 05:08:53.194820 np0000005525 devstack@placement-api.service[89976]: DEBUG placement.requestlog [None req-0655ba58-8c4a-48a5-8982-778bdf05c871 None None] Starting request: 10.4.3.96 "DELETE /placement/resource_providers/e855d38a-c06b-4cfd-88bd-a2baf747bea7" {{(pid=89976) __call__ /opt/stack/placement/placement/requestlog.py:55}}
Jul 21 05:08:53.208028 np0000005525 devstack@placement-api.service[89976]: DEBUG placement.wsgi_wrapper [None req-0655ba58-8c4a-48a5-8982-778bdf05c871 service placement] Placement API returning an error response: No resource provider with uuid e855d38a-c06b-4cfd-88bd-a2baf747bea7 found for delete {{(pid=89976) call_func /opt/stack/placement/placement/wsgi_wrapper.py:31}}
Jul 21 05:08:53.208651 np0000005525 devstack@placement-api.service[89976]: INFO placement.requestlog [None req-0655ba58-8c4a-48a5-8982-778bdf05c871 service placement] 10.4.3.96 "DELETE /placement/resource_providers/e855d38a-c06b-4cfd-88bd-a2baf747bea7" status: 404 len: 246 microversion: 1.1
Jul 21 05:08:53.209169 np0000005525 devstack@placement-api.service[89976]: [pid: 89976|app: 0|req: 193/584] 10.4.3.96 () {68 vars in 1456 bytes} [Tue Jul 21 05:08:53 2026] DELETE /placement/resource_providers/e855d38a-c06b-4cfd-88bd-a2baf747bea7 => generated 246 bytes in 14 msecs (HTTP/1.1 404) 6 headers in 231 bytes (1 switches on core 0)
Jul 21 05:08:53.226689 np0000005525 devstack@placement-api.service[89975]: DEBUG placement.requestlog [req-bed00030-4bbc-4d44-a889-ebd61156cffb req-bee14b92-1c26-44f0-affe-e0a22ee8eb30 None None] Starting request: 10.4.3.96 "GET /placement/allocations/45cc4c7c-f279-4002-a316-53bae8735264" {{(pid=89975) __call__ /opt/stack/placement/placement/requestlog.py:55}}
Jul 21 05:08:53.239602 np0000005525 devstack@placement-api.service[89975]: INFO placement.requestlog [req-bed00030-4bbc-4d44-a889-ebd61156cffb req-bee14b92-1c26-44f0-affe-e0a22ee8eb30 service nova] 10.4.3.96 "GET /placement/allocations/45cc4c7c-f279-4002-a316-53bae8735264" status: 200 len: 258 microversion: 1.28
Jul 21 05:08:53.239602 np0000005525 devstack@placement-api.service[89975]: [pid: 89975|app: 0|req: 198/585] 10.4.3.96 () {68 vars in 1492 bytes} [Tue Jul 21 05:08:53 2026] GET /placement/allocations/45cc4c7c-f279-4002-a316-53bae8735264 => generated 258 bytes in 13 msecs (HTTP/1.1 200) 8 headers in 296 bytes (1 switches on core 0)
Jul 21 05:08:53.240183 np0000005525 devstack@placement-api.service[89974]: DEBUG placement.requestlog [req-c4050891-2ec2-4689-8f29-aed90f4c462f req-98321517-1b6b-4896-bae6-de10de6c64e2 None None] Starting request: 10.4.3.96 "GET /placement/allocations/37a2939b-6824-43bd-a06a-e325d124bf45" {{(pid=89974) __call__ /opt/stack/placement/placement/requestlog.py:55}}
Jul 21 05:08:53.247358 np0000005525 devstack@placement-api.service[89974]: INFO placement.requestlog [req-c4050891-2ec2-4689-8f29-aed90f4c462f req-98321517-1b6b-4896-bae6-de10de6c64e2 service nova] 10.4.3.96 "GET /placement/allocations/37a2939b-6824-43bd-a06a-e325d124bf45" status: 200 len: 19 microversion: 1.28
Jul 21 05:08:53.247623 np0000005525 devstack@placement-api.service[89974]: [pid: 89974|app: 0|req: 195/586] 10.4.3.96 () {68 vars in 1494 bytes} [Tue Jul 21 05:08:53 2026] GET /placement/allocations/37a2939b-6824-43bd-a06a-e325d124bf45 => generated 19 bytes in 8 msecs (HTTP/1.1 200) 8 headers in 295 bytes (1 switches on core 0)
Jul 21 05:08:53.288558 np0000005525 devstack@placement-api.service[89976]: DEBUG placement.requestlog [req-bed00030-4bbc-4d44-a889-ebd61156cffb req-f15e9eec-9d2f-470b-9a1a-725d1aed1369 None None] Starting request: 10.4.3.96 "GET /placement/allocations/1be57373-0f44-4fd5-b04e-d7471520bd7d" {{(pid=89976) __call__ /opt/stack/placement/placement/requestlog.py:55}}
Jul 21 05:08:53.294841 np0000005525 devstack@placement-api.service[89975]: DEBUG placement.requestlog [req-c4050891-2ec2-4689-8f29-aed90f4c462f req-0931fb83-52f9-43b4-bcc5-2f738c232c6d None None] Starting request: 10.4.3.96 "PUT /placement/allocations/37a2939b-6824-43bd-a06a-e325d124bf45" {{(pid=89975) __call__ /opt/stack/placement/placement/requestlog.py:55}}
Jul 21 05:08:53.301683 np0000005525 devstack@placement-api.service[89976]: INFO placement.requestlog [req-bed00030-4bbc-4d44-a889-ebd61156cffb req-f15e9eec-9d2f-470b-9a1a-725d1aed1369 service nova] 10.4.3.96 "GET /placement/allocations/1be57373-0f44-4fd5-b04e-d7471520bd7d" status: 200 len: 244 microversion: 1.28
Jul 21 05:08:53.302312 np0000005525 devstack@placement-api.service[89976]: [pid: 89976|app: 0|req: 194/587] 10.4.3.96 () {68 vars in 1492 bytes} [Tue Jul 21 05:08:53 2026] GET /placement/allocations/1be57373-0f44-4fd5-b04e-d7471520bd7d => generated 244 bytes in 13 msecs (HTTP/1.1 200) 8 headers in 296 bytes (1 switches on core 0)
Jul 21 05:08:53.407823 np0000005525 devstack@placement-api.service[89975]: DEBUG placement.handlers.allocation [req-c4050891-2ec2-4689-8f29-aed90f4c462f req-0931fb83-52f9-43b4-bcc5-2f738c232c6d service nova] Successfully wrote allocations [, , ] {{(pid=89975) _update_consumers_and_create_allocations /opt/stack/placement/placement/handlers/allocation.py:462}}
Jul 21 05:08:53.412205 np0000005525 devstack@placement-api.service[89975]: INFO placement.requestlog [req-c4050891-2ec2-4689-8f29-aed90f4c462f req-0931fb83-52f9-43b4-bcc5-2f738c232c6d service nova] 10.4.3.96 "PUT /placement/allocations/37a2939b-6824-43bd-a06a-e325d124bf45" status: 204 len: 0 microversion: 1.36
Jul 21 05:08:53.412205 np0000005525 devstack@placement-api.service[89975]: [pid: 89975|app: 0|req: 199/588] 10.4.3.96 () {72 vars in 1547 bytes} [Tue Jul 21 05:08:53 2026] PUT /placement/allocations/37a2939b-6824-43bd-a06a-e325d124bf45 => generated 0 bytes in 118 msecs (HTTP/1.1 204) 5 headers in 199 bytes (1 switches on core 0)
Jul 21 05:08:53.475611 np0000005525 devstack@placement-api.service[89974]: DEBUG placement.requestlog [req-bed00030-4bbc-4d44-a889-ebd61156cffb req-3fd89689-3315-4524-b4d4-2d65e94ead75 None None] Starting request: 10.4.3.96 "DELETE /placement/allocations/96d9d338-58f0-420f-9450-ea454db3daa4" {{(pid=89974) __call__ /opt/stack/placement/placement/requestlog.py:55}}
Jul 21 05:08:53.527280 np0000005525 devstack@placement-api.service[89974]: DEBUG placement.handlers.allocation [req-bed00030-4bbc-4d44-a889-ebd61156cffb req-3fd89689-3315-4524-b4d4-2d65e94ead75 service nova] Successfully deleted allocations [, , ] {{(pid=89974) delete_allocations /opt/stack/placement/placement/handlers/allocation.py:627}}
Jul 21 05:08:53.527280 np0000005525 devstack@placement-api.service[89974]: INFO placement.requestlog [req-bed00030-4bbc-4d44-a889-ebd61156cffb req-3fd89689-3315-4524-b4d4-2d65e94ead75 service nova] 10.4.3.96 "DELETE /placement/allocations/96d9d338-58f0-420f-9450-ea454db3daa4" status: 204 len: 0 microversion: 1.0
Jul 21 05:08:53.527280 np0000005525 devstack@placement-api.service[89974]: [pid: 89974|app: 0|req: 196/589] 10.4.3.96 () {68 vars in 1470 bytes} [Tue Jul 21 05:08:53 2026] DELETE /placement/allocations/96d9d338-58f0-420f-9450-ea454db3daa4 => generated 0 bytes in 52 msecs (HTTP/1.1 204) 5 headers in 198 bytes (1 switches on core 0)
Jul 21 05:08:53.776867 np0000005525 devstack@placement-api.service[89976]: DEBUG placement.requestlog [req-c4050891-2ec2-4689-8f29-aed90f4c462f req-0d8ef000-509b-49ee-a0a5-79f400af9081 None None] Starting request: 10.4.3.96 "GET /placement/allocations/37a2939b-6824-43bd-a06a-e325d124bf45" {{(pid=89976) __call__ /opt/stack/placement/placement/requestlog.py:55}}
Jul 21 05:08:53.787261 np0000005525 devstack@placement-api.service[89976]: INFO placement.requestlog [req-c4050891-2ec2-4689-8f29-aed90f4c462f req-0d8ef000-509b-49ee-a0a5-79f400af9081 service nova] 10.4.3.96 "GET /placement/allocations/37a2939b-6824-43bd-a06a-e325d124bf45" status: 200 len: 258 microversion: 1.28
Jul 21 05:08:53.788427 np0000005525 devstack@placement-api.service[89976]: [pid: 89976|app: 0|req: 195/590] 10.4.3.96 () {68 vars in 1492 bytes} [Tue Jul 21 05:08:53 2026] GET /placement/allocations/37a2939b-6824-43bd-a06a-e325d124bf45 => generated 258 bytes in 11 msecs (HTTP/1.1 200) 8 headers in 296 bytes (1 switches on core 0)
Jul 21 05:08:53.922430 np0000005525 devstack@placement-api.service[89975]: DEBUG placement.requestlog [req-c4050891-2ec2-4689-8f29-aed90f4c462f req-ca82eee9-9617-4a25-8486-f58602d892f4 None None] Starting request: 10.4.3.96 "GET /placement/resource_providers/35f4c6f6-d8a9-41cd-bec9-950ee3a8f6e5/allocations" {{(pid=89975) __call__ /opt/stack/placement/placement/requestlog.py:55}}
Jul 21 05:08:53.936004 np0000005525 devstack@placement-api.service[89975]: INFO placement.requestlog [req-c4050891-2ec2-4689-8f29-aed90f4c462f req-ca82eee9-9617-4a25-8486-f58602d892f4 service nova] 10.4.3.96 "GET /placement/resource_providers/35f4c6f6-d8a9-41cd-bec9-950ee3a8f6e5/allocations" status: 200 len: 625 microversion: 1.0
Jul 21 05:08:53.936004 np0000005525 devstack@placement-api.service[89975]: [pid: 89975|app: 0|req: 200/591] 10.4.3.96 () {66 vars in 1505 bytes} [Tue Jul 21 05:08:53 2026] GET /placement/resource_providers/35f4c6f6-d8a9-41cd-bec9-950ee3a8f6e5/allocations => generated 625 bytes in 14 msecs (HTTP/1.1 200) 6 headers in 224 bytes (1 switches on core 0)
Jul 21 05:08:53.980299 np0000005525 devstack@placement-api.service[89974]: DEBUG placement.requestlog [req-c4050891-2ec2-4689-8f29-aed90f4c462f req-bcd7757d-c4d6-418a-bedb-e46b683beab9 None None] Starting request: 10.4.3.96 "GET /placement/allocations/37a2939b-6824-43bd-a06a-e325d124bf45" {{(pid=89974) __call__ /opt/stack/placement/placement/requestlog.py:55}}
Jul 21 05:08:53.997946 np0000005525 devstack@placement-api.service[89974]: INFO placement.requestlog [req-c4050891-2ec2-4689-8f29-aed90f4c462f req-bcd7757d-c4d6-418a-bedb-e46b683beab9 service nova] 10.4.3.96 "GET /placement/allocations/37a2939b-6824-43bd-a06a-e325d124bf45" status: 200 len: 258 microversion: 1.28
Jul 21 05:08:53.998252 np0000005525 devstack@placement-api.service[89974]: [pid: 89974|app: 0|req: 197/592] 10.4.3.96 () {68 vars in 1492 bytes} [Tue Jul 21 05:08:53 2026] GET /placement/allocations/37a2939b-6824-43bd-a06a-e325d124bf45 => generated 258 bytes in 18 msecs (HTTP/1.1 200) 8 headers in 296 bytes (1 switches on core 0)
Jul 21 05:08:54.001731 np0000005525 devstack@placement-api.service[89976]: DEBUG placement.requestlog [None req-70518477-7a69-440f-9a75-c45bdbbbba49 None None] Starting request: 10.4.3.96 "GET /placement/resource_providers/c5c30983-4ffa-4888-a4a8-9ab0587d7a32/aggregates" {{(pid=89976) __call__ /opt/stack/placement/placement/requestlog.py:55}}
Jul 21 05:08:54.018692 np0000005525 devstack@placement-api.service[89976]: INFO placement.requestlog [None req-70518477-7a69-440f-9a75-c45bdbbbba49 service placement] 10.4.3.96 "GET /placement/resource_providers/c5c30983-4ffa-4888-a4a8-9ab0587d7a32/aggregates" status: 404 len: 235 microversion: 1.1
Jul 21 05:08:54.021016 np0000005525 devstack@placement-api.service[89976]: [pid: 89976|app: 0|req: 196/593] 10.4.3.96 () {66 vars in 1467 bytes} [Tue Jul 21 05:08:54 2026] GET /placement/resource_providers/c5c30983-4ffa-4888-a4a8-9ab0587d7a32/aggregates => generated 235 bytes in 18 msecs (HTTP/1.1 404) 5 headers in 202 bytes (1 switches on core 0)
Jul 21 05:08:54.051763 np0000005525 devstack@placement-api.service[89975]: DEBUG placement.requestlog [req-c4050891-2ec2-4689-8f29-aed90f4c462f req-5b1bb3c3-aa79-4eb3-aa56-fb02871a6e0e None None] Starting request: 10.4.3.96 "GET /placement/allocations/37af0985-5f76-4844-9593-25a15ab62d11" {{(pid=89975) __call__ /opt/stack/placement/placement/requestlog.py:55}}
Jul 21 05:08:54.061060 np0000005525 devstack@placement-api.service[89974]: DEBUG placement.requestlog [None req-b6bcc847-84f1-4bac-96ab-543ac4238cb1 None None] Starting request: 10.4.3.96 "DELETE /placement/resource_providers/c5c30983-4ffa-4888-a4a8-9ab0587d7a32" {{(pid=89974) __call__ /opt/stack/placement/placement/requestlog.py:55}}
Jul 21 05:08:54.064420 np0000005525 devstack@placement-api.service[89975]: INFO placement.requestlog [req-c4050891-2ec2-4689-8f29-aed90f4c462f req-5b1bb3c3-aa79-4eb3-aa56-fb02871a6e0e service nova] 10.4.3.96 "GET /placement/allocations/37af0985-5f76-4844-9593-25a15ab62d11" status: 200 len: 258 microversion: 1.28
Jul 21 05:08:54.064944 np0000005525 devstack@placement-api.service[89975]: [pid: 89975|app: 0|req: 201/594] 10.4.3.96 () {68 vars in 1492 bytes} [Tue Jul 21 05:08:54 2026] GET /placement/allocations/37af0985-5f76-4844-9593-25a15ab62d11 => generated 258 bytes in 13 msecs (HTTP/1.1 200) 8 headers in 296 bytes (1 switches on core 0)
Jul 21 05:08:54.068890 np0000005525 devstack@placement-api.service[89974]: DEBUG placement.wsgi_wrapper [None req-b6bcc847-84f1-4bac-96ab-543ac4238cb1 service placement] Placement API returning an error response: No resource provider with uuid c5c30983-4ffa-4888-a4a8-9ab0587d7a32 found for delete {{(pid=89974) call_func /opt/stack/placement/placement/wsgi_wrapper.py:31}}
Jul 21 05:08:54.069304 np0000005525 devstack@placement-api.service[89974]: INFO placement.requestlog [None req-b6bcc847-84f1-4bac-96ab-543ac4238cb1 service placement] 10.4.3.96 "DELETE /placement/resource_providers/c5c30983-4ffa-4888-a4a8-9ab0587d7a32" status: 404 len: 246 microversion: 1.1
Jul 21 05:08:54.069546 np0000005525 devstack@placement-api.service[89974]: [pid: 89974|app: 0|req: 198/595] 10.4.3.96 () {68 vars in 1456 bytes} [Tue Jul 21 05:08:54 2026] DELETE /placement/resource_providers/c5c30983-4ffa-4888-a4a8-9ab0587d7a32 => generated 246 bytes in 9 msecs (HTTP/1.1 404) 6 headers in 231 bytes (1 switches on core 0)
Jul 21 05:08:54.103729 np0000005525 devstack@placement-api.service[89976]: DEBUG placement.requestlog [req-c4050891-2ec2-4689-8f29-aed90f4c462f req-1252ca21-8654-4cf0-8512-4f9c10cb6980 None None] Starting request: 10.4.3.96 "GET /placement/allocations/35ee8a2a-8785-42d9-8d32-383c647fcc83" {{(pid=89976) __call__ /opt/stack/placement/placement/requestlog.py:55}}
Jul 21 05:08:54.116153 np0000005525 devstack@placement-api.service[89976]: INFO placement.requestlog [req-c4050891-2ec2-4689-8f29-aed90f4c462f req-1252ca21-8654-4cf0-8512-4f9c10cb6980 service nova] 10.4.3.96 "GET /placement/allocations/35ee8a2a-8785-42d9-8d32-383c647fcc83" status: 200 len: 244 microversion: 1.28
Jul 21 05:08:54.116380 np0000005525 devstack@placement-api.service[89976]: [pid: 89976|app: 0|req: 197/596] 10.4.3.96 () {68 vars in 1492 bytes} [Tue Jul 21 05:08:54 2026] GET /placement/allocations/35ee8a2a-8785-42d9-8d32-383c647fcc83 => generated 244 bytes in 13 msecs (HTTP/1.1 200) 8 headers in 296 bytes (1 switches on core 0)
Jul 21 05:08:54.165119 np0000005525 devstack@placement-api.service[89975]: DEBUG placement.requestlog [req-c4050891-2ec2-4689-8f29-aed90f4c462f req-715c2bfb-51f3-4359-ad31-8ffb4951fbda None None] Starting request: 10.4.3.96 "GET /placement/allocations/e36ed2d3-1c6e-445a-8992-b6c74b8eb550" {{(pid=89975) __call__ /opt/stack/placement/placement/requestlog.py:55}}
Jul 21 05:08:54.177201 np0000005525 devstack@placement-api.service[89975]: INFO placement.requestlog [req-c4050891-2ec2-4689-8f29-aed90f4c462f req-715c2bfb-51f3-4359-ad31-8ffb4951fbda service nova] 10.4.3.96 "GET /placement/allocations/e36ed2d3-1c6e-445a-8992-b6c74b8eb550" status: 200 len: 258 microversion: 1.28
Jul 21 05:08:54.177438 np0000005525 devstack@placement-api.service[89975]: [pid: 89975|app: 0|req: 202/597] 10.4.3.96 () {68 vars in 1492 bytes} [Tue Jul 21 05:08:54 2026] GET /placement/allocations/e36ed2d3-1c6e-445a-8992-b6c74b8eb550 => generated 258 bytes in 13 msecs (HTTP/1.1 200) 8 headers in 296 bytes (1 switches on core 0)
Jul 21 05:08:54.219139 np0000005525 devstack@placement-api.service[89974]: DEBUG placement.requestlog [req-c4050891-2ec2-4689-8f29-aed90f4c462f req-2faef60e-fb8a-4b2a-a0bd-7f9c934133dc None None] Starting request: 10.4.3.96 "GET /placement/allocations/45cc4c7c-f279-4002-a316-53bae8735264" {{(pid=89974) __call__ /opt/stack/placement/placement/requestlog.py:55}}
Jul 21 05:08:54.233392 np0000005525 devstack@placement-api.service[89974]: INFO placement.requestlog [req-c4050891-2ec2-4689-8f29-aed90f4c462f req-2faef60e-fb8a-4b2a-a0bd-7f9c934133dc service nova] 10.4.3.96 "GET /placement/allocations/45cc4c7c-f279-4002-a316-53bae8735264" status: 200 len: 258 microversion: 1.28
Jul 21 05:08:54.234059 np0000005525 devstack@placement-api.service[89974]: [pid: 89974|app: 0|req: 199/598] 10.4.3.96 () {68 vars in 1492 bytes} [Tue Jul 21 05:08:54 2026] GET /placement/allocations/45cc4c7c-f279-4002-a316-53bae8735264 => generated 258 bytes in 15 msecs (HTTP/1.1 200) 8 headers in 296 bytes (1 switches on core 0)
Jul 21 05:08:54.299356 np0000005525 devstack@placement-api.service[89976]: DEBUG placement.requestlog [req-c4050891-2ec2-4689-8f29-aed90f4c462f req-db7144d2-028d-4bbb-95f4-fcf22b423b4c None None] Starting request: 10.4.3.96 "GET /placement/allocations/1be57373-0f44-4fd5-b04e-d7471520bd7d" {{(pid=89976) __call__ /opt/stack/placement/placement/requestlog.py:55}}
Jul 21 05:08:54.318120 np0000005525 devstack@placement-api.service[89976]: INFO placement.requestlog [req-c4050891-2ec2-4689-8f29-aed90f4c462f req-db7144d2-028d-4bbb-95f4-fcf22b423b4c service nova] 10.4.3.96 "GET /placement/allocations/1be57373-0f44-4fd5-b04e-d7471520bd7d" status: 200 len: 244 microversion: 1.28
Jul 21 05:08:54.318609 np0000005525 devstack@placement-api.service[89976]: [pid: 89976|app: 0|req: 198/599] 10.4.3.96 () {68 vars in 1492 bytes} [Tue Jul 21 05:08:54 2026] GET /placement/allocations/1be57373-0f44-4fd5-b04e-d7471520bd7d => generated 244 bytes in 19 msecs (HTTP/1.1 200) 8 headers in 296 bytes (1 switches on core 0)
Jul 21 05:08:56.489449 np0000005525 devstack@placement-api.service[89975]: DEBUG placement.requestlog [None req-53cc663d-fae8-438f-913a-fb943ec4f9ef None None] Starting request: 10.4.3.96 "GET /placement/resource_providers/75b0345b-9f51-48c6-8f28-5d30c6c61ff1/aggregates" {{(pid=89975) __call__ /opt/stack/placement/placement/requestlog.py:55}}
Jul 21 05:08:56.508017 np0000005525 devstack@placement-api.service[89975]: INFO placement.requestlog [None req-53cc663d-fae8-438f-913a-fb943ec4f9ef service placement] 10.4.3.96 "GET /placement/resource_providers/75b0345b-9f51-48c6-8f28-5d30c6c61ff1/aggregates" status: 404 len: 235 microversion: 1.1
Jul 21 05:08:56.508368 np0000005525 devstack@placement-api.service[89975]: [pid: 89975|app: 0|req: 203/600] 10.4.3.96 () {66 vars in 1467 bytes} [Tue Jul 21 05:08:56 2026] GET /placement/resource_providers/75b0345b-9f51-48c6-8f28-5d30c6c61ff1/aggregates => generated 235 bytes in 19 msecs (HTTP/1.1 404) 5 headers in 202 bytes (2 switches on core 0)
Jul 21 05:08:56.570694 np0000005525 devstack@placement-api.service[89974]: DEBUG placement.requestlog [None req-15b9d82a-f80d-429f-af65-82eaea9549d2 None None] Starting request: 10.4.3.96 "DELETE /placement/resource_providers/75b0345b-9f51-48c6-8f28-5d30c6c61ff1" {{(pid=89974) __call__ /opt/stack/placement/placement/requestlog.py:55}}
Jul 21 05:08:56.583277 np0000005525 devstack@placement-api.service[89974]: DEBUG placement.wsgi_wrapper [None req-15b9d82a-f80d-429f-af65-82eaea9549d2 service placement] Placement API returning an error response: No resource provider with uuid 75b0345b-9f51-48c6-8f28-5d30c6c61ff1 found for delete {{(pid=89974) call_func /opt/stack/placement/placement/wsgi_wrapper.py:31}}
Jul 21 05:08:56.585539 np0000005525 devstack@placement-api.service[89974]: INFO placement.requestlog [None req-15b9d82a-f80d-429f-af65-82eaea9549d2 service placement] 10.4.3.96 "DELETE /placement/resource_providers/75b0345b-9f51-48c6-8f28-5d30c6c61ff1" status: 404 len: 246 microversion: 1.1
Jul 21 05:08:56.586071 np0000005525 devstack@placement-api.service[89974]: [pid: 89974|app: 0|req: 200/601] 10.4.3.96 () {68 vars in 1456 bytes} [Tue Jul 21 05:08:56 2026] DELETE /placement/resource_providers/75b0345b-9f51-48c6-8f28-5d30c6c61ff1 => generated 246 bytes in 16 msecs (HTTP/1.1 404) 6 headers in 231 bytes (1 switches on core 0)
Jul 21 05:08:59.645758 np0000005525 devstack@placement-api.service[89976]: DEBUG placement.requestlog [req-1fdcb4be-17de-4cb6-8d7b-79ada47f0f99 req-bc075d05-1138-496f-85d7-4c1e011196ce None None] Starting request: 10.4.3.96 "GET /placement/allocations/1be57373-0f44-4fd5-b04e-d7471520bd7d" {{(pid=89976) __call__ /opt/stack/placement/placement/requestlog.py:55}}
Jul 21 05:08:59.658930 np0000005525 devstack@placement-api.service[89976]: INFO placement.requestlog [req-1fdcb4be-17de-4cb6-8d7b-79ada47f0f99 req-bc075d05-1138-496f-85d7-4c1e011196ce service nova] 10.4.3.96 "GET /placement/allocations/1be57373-0f44-4fd5-b04e-d7471520bd7d" status: 200 len: 244 microversion: 1.28
Jul 21 05:08:59.659329 np0000005525 devstack@placement-api.service[89976]: [pid: 89976|app: 0|req: 199/602] 10.4.3.96 () {68 vars in 1492 bytes} [Tue Jul 21 05:08:59 2026] GET /placement/allocations/1be57373-0f44-4fd5-b04e-d7471520bd7d => generated 244 bytes in 14 msecs (HTTP/1.1 200) 8 headers in 296 bytes (1 switches on core 0)
Jul 21 05:09:00.161327 np0000005525 devstack@placement-api.service[89975]: DEBUG placement.requestlog [None req-cf5a6a7c-036f-4d1f-8e52-72853c921381 None None] Starting request: 10.4.3.96 "GET /placement/resource_providers/0249b049-da0c-4a16-a2fb-201c8ea99624/aggregates" {{(pid=89975) __call__ /opt/stack/placement/placement/requestlog.py:55}}
Jul 21 05:09:00.167788 np0000005525 devstack@placement-api.service[89975]: INFO placement.requestlog [None req-cf5a6a7c-036f-4d1f-8e52-72853c921381 service placement] 10.4.3.96 "GET /placement/resource_providers/0249b049-da0c-4a16-a2fb-201c8ea99624/aggregates" status: 404 len: 235 microversion: 1.1
Jul 21 05:09:00.168469 np0000005525 devstack@placement-api.service[89975]: [pid: 89975|app: 0|req: 204/603] 10.4.3.96 () {66 vars in 1467 bytes} [Tue Jul 21 05:09:00 2026] GET /placement/resource_providers/0249b049-da0c-4a16-a2fb-201c8ea99624/aggregates => generated 235 bytes in 7 msecs (HTTP/1.1 404) 5 headers in 202 bytes (1 switches on core 0)
Jul 21 05:09:00.242923 np0000005525 devstack@placement-api.service[89974]: DEBUG placement.requestlog [None req-70d70a69-d1b8-429d-b825-50bfc7a4a5cf None None] Starting request: 10.4.3.96 "DELETE /placement/resource_providers/0249b049-da0c-4a16-a2fb-201c8ea99624" {{(pid=89974) __call__ /opt/stack/placement/placement/requestlog.py:55}}
