Jul 06 18:59:31.714795 np0000004658 devstack@g-api.service[102792]: DEBUG glance.api.middleware.version_negotiation [None req-f2155d71-dd02-472e-a2a3-32265961a4c9 tempest-ServerStableDeviceRescueTest-31929199 tempest-ServerStableDeviceRescueTest-31929199-project-member] Determining version of request: GET /v2/schemas/image Accept: */* {{(pid=102792) process_request /opt/stack/glance/glance/api/middleware/version_negotiation.py:44}}
Jul 06 18:59:31.715285 np0000004658 devstack@g-api.service[102792]: DEBUG glance.api.middleware.version_negotiation [None req-f2155d71-dd02-472e-a2a3-32265961a4c9 tempest-ServerStableDeviceRescueTest-31929199 tempest-ServerStableDeviceRescueTest-31929199-project-member] Using url versioning {{(pid=102792) process_request /opt/stack/glance/glance/api/middleware/version_negotiation.py:57}}
Jul 06 18:59:31.715285 np0000004658 devstack@g-api.service[102792]: DEBUG glance.api.middleware.version_negotiation [None req-f2155d71-dd02-472e-a2a3-32265961a4c9 tempest-ServerStableDeviceRescueTest-31929199 tempest-ServerStableDeviceRescueTest-31929199-project-member] Matched version: v2 {{(pid=102792) process_request /opt/stack/glance/glance/api/middleware/version_negotiation.py:69}}
Jul 06 18:59:31.715285 np0000004658 devstack@g-api.service[102792]: DEBUG glance.api.middleware.version_negotiation [None req-f2155d71-dd02-472e-a2a3-32265961a4c9 tempest-ServerStableDeviceRescueTest-31929199 tempest-ServerStableDeviceRescueTest-31929199-project-member] new path /v2/schemas/image {{(pid=102792) process_request /opt/stack/glance/glance/api/middleware/version_negotiation.py:70}}
Jul 06 18:59:31.719677 np0000004658 devstack@g-api.service[102792]: [pid: 102792|app: 0|req: 86/340] 127.0.0.1 () {44 vars in 1051 bytes} [Mon Jul 6 18:59:31 2026] GET /v2/schemas/image => generated 6083 bytes in 3 msecs (HTTP/1.1 200) 4 headers in 158 bytes (1 switches on core 0)
Jul 06 18:59:31.767871 np0000004658 devstack@g-api.service[102791]: DEBUG glance.api.middleware.version_negotiation [None req-911ec466-25fa-4129-bd68-6b977cc2f2ad tempest-ServerStableDeviceRescueTest-31929199 tempest-ServerStableDeviceRescueTest-31929199-project-member] Determining version of request: GET /v2/schemas/image Accept: */* {{(pid=102791) process_request /opt/stack/glance/glance/api/middleware/version_negotiation.py:44}}
Jul 06 18:59:31.768183 np0000004658 devstack@g-api.service[102791]: DEBUG glance.api.middleware.version_negotiation [None req-911ec466-25fa-4129-bd68-6b977cc2f2ad tempest-ServerStableDeviceRescueTest-31929199 tempest-ServerStableDeviceRescueTest-31929199-project-member] Using url versioning {{(pid=102791) process_request /opt/stack/glance/glance/api/middleware/version_negotiation.py:57}}
Jul 06 18:59:31.768421 np0000004658 devstack@g-api.service[102791]: DEBUG glance.api.middleware.version_negotiation [None req-911ec466-25fa-4129-bd68-6b977cc2f2ad tempest-ServerStableDeviceRescueTest-31929199 tempest-ServerStableDeviceRescueTest-31929199-project-member] Matched version: v2 {{(pid=102791) process_request /opt/stack/glance/glance/api/middleware/version_negotiation.py:69}}
Jul 06 18:59:31.768559 np0000004658 devstack@g-api.service[102791]: DEBUG glance.api.middleware.version_negotiation [None req-911ec466-25fa-4129-bd68-6b977cc2f2ad tempest-ServerStableDeviceRescueTest-31929199 tempest-ServerStableDeviceRescueTest-31929199-project-member] new path /v2/schemas/image {{(pid=102791) process_request /opt/stack/glance/glance/api/middleware/version_negotiation.py:70}}
Jul 06 18:59:31.772954 np0000004658 devstack@g-api.service[102791]: [pid: 102791|app: 0|req: 84/341] 127.0.0.1 () {44 vars in 1051 bytes} [Mon Jul 6 18:59:31 2026] GET /v2/schemas/image => generated 6083 bytes in 5 msecs (HTTP/1.1 200) 4 headers in 158 bytes (1 switches on core 0)
Jul 06 18:59:31.818261 np0000004658 devstack@g-api.service[102790]: DEBUG glance.api.middleware.version_negotiation [None req-911ec466-25fa-4129-bd68-6b977cc2f2ad tempest-ServerStableDeviceRescueTest-31929199 tempest-ServerStableDeviceRescueTest-31929199-project-member] Determining version of request: PATCH /v2/images/90c2cec9-12de-4913-b919-25dbf46f21dc Accept: */* {{(pid=102790) process_request /opt/stack/glance/glance/api/middleware/version_negotiation.py:44}}
Jul 06 18:59:31.818476 np0000004658 devstack@g-api.service[102790]: DEBUG glance.api.middleware.version_negotiation [None req-911ec466-25fa-4129-bd68-6b977cc2f2ad tempest-ServerStableDeviceRescueTest-31929199 tempest-ServerStableDeviceRescueTest-31929199-project-member] Using url versioning {{(pid=102790) process_request /opt/stack/glance/glance/api/middleware/version_negotiation.py:57}}
Jul 06 18:59:31.818705 np0000004658 devstack@g-api.service[102790]: DEBUG glance.api.middleware.version_negotiation [None req-911ec466-25fa-4129-bd68-6b977cc2f2ad tempest-ServerStableDeviceRescueTest-31929199 tempest-ServerStableDeviceRescueTest-31929199-project-member] Matched version: v2 {{(pid=102790) process_request /opt/stack/glance/glance/api/middleware/version_negotiation.py:69}}
Jul 06 18:59:31.818784 np0000004658 devstack@g-api.service[102790]: DEBUG glance.api.middleware.version_negotiation [None req-911ec466-25fa-4129-bd68-6b977cc2f2ad tempest-ServerStableDeviceRescueTest-31929199 tempest-ServerStableDeviceRescueTest-31929199-project-member] new path /v2/images/90c2cec9-12de-4913-b919-25dbf46f21dc {{(pid=102790) process_request /opt/stack/glance/glance/api/middleware/version_negotiation.py:70}}
Jul 06 18:59:32.032188 np0000004658 devstack@g-api.service[102790]: [pid: 102790|app: 0|req: 88/342] 127.0.0.1 () {46 vars in 1154 bytes} [Mon Jul 6 18:59:31 2026] PATCH /v2/images/90c2cec9-12de-4913-b919-25dbf46f21dc => generated 1443 bytes in 214 msecs (HTTP/1.1 200) 4 headers in 158 bytes (1 switches on core 0)
Jul 06 18:59:32.080493 np0000004658 devstack@g-api.service[102793]: DEBUG glance.api.middleware.version_negotiation [None req-6b7c0ea1-2e68-4710-ab34-a6c924c11142 tempest-ServerStableDeviceRescueTest-31929199 tempest-ServerStableDeviceRescueTest-31929199-project-member] Determining version of request: GET /v2/images/90c2cec9-12de-4913-b919-25dbf46f21dc Accept: */* {{(pid=102793) process_request /opt/stack/glance/glance/api/middleware/version_negotiation.py:44}}
Jul 06 18:59:32.080704 np0000004658 devstack@g-api.service[102793]: DEBUG glance.api.middleware.version_negotiation [None req-6b7c0ea1-2e68-4710-ab34-a6c924c11142 tempest-ServerStableDeviceRescueTest-31929199 tempest-ServerStableDeviceRescueTest-31929199-project-member] Using url versioning {{(pid=102793) process_request /opt/stack/glance/glance/api/middleware/version_negotiation.py:57}}
Jul 06 18:59:32.081087 np0000004658 devstack@g-api.service[102793]: DEBUG glance.api.middleware.version_negotiation [None req-6b7c0ea1-2e68-4710-ab34-a6c924c11142 tempest-ServerStableDeviceRescueTest-31929199 tempest-ServerStableDeviceRescueTest-31929199-project-member] Matched version: v2 {{(pid=102793) process_request /opt/stack/glance/glance/api/middleware/version_negotiation.py:69}}
Jul 06 18:59:32.081087 np0000004658 devstack@g-api.service[102793]: DEBUG glance.api.middleware.version_negotiation [None req-6b7c0ea1-2e68-4710-ab34-a6c924c11142 tempest-ServerStableDeviceRescueTest-31929199 tempest-ServerStableDeviceRescueTest-31929199-project-member] new path /v2/images/90c2cec9-12de-4913-b919-25dbf46f21dc {{(pid=102793) process_request /opt/stack/glance/glance/api/middleware/version_negotiation.py:70}}
Jul 06 18:59:32.108731 np0000004658 devstack@g-api.service[102793]: [pid: 102793|app: 0|req: 85/343] 127.0.0.1 () {44 vars in 1111 bytes} [Mon Jul 6 18:59:32 2026] GET /v2/images/90c2cec9-12de-4913-b919-25dbf46f21dc => generated 1443 bytes in 28 msecs (HTTP/1.1 200) 4 headers in 158 bytes (1 switches on core 0)
Jul 06 18:59:32.110558 np0000004658 devstack@g-api.service[102792]: DEBUG glance.api.middleware.version_negotiation [None req-6b7c0ea1-2e68-4710-ab34-a6c924c11142 tempest-ServerStableDeviceRescueTest-31929199 tempest-ServerStableDeviceRescueTest-31929199-project-member] Determining version of request: GET /v2/images/90c2cec9-12de-4913-b919-25dbf46f21dc Accept: */* {{(pid=102792) process_request /opt/stack/glance/glance/api/middleware/version_negotiation.py:44}}
Jul 06 18:59:32.110744 np0000004658 devstack@g-api.service[102792]: DEBUG glance.api.middleware.version_negotiation [None req-6b7c0ea1-2e68-4710-ab34-a6c924c11142 tempest-ServerStableDeviceRescueTest-31929199 tempest-ServerStableDeviceRescueTest-31929199-project-member] Using url versioning {{(pid=102792) process_request /opt/stack/glance/glance/api/middleware/version_negotiation.py:57}}
Jul 06 18:59:32.110975 np0000004658 devstack@g-api.service[102792]: DEBUG glance.api.middleware.version_negotiation [None req-6b7c0ea1-2e68-4710-ab34-a6c924c11142 tempest-ServerStableDeviceRescueTest-31929199 tempest-ServerStableDeviceRescueTest-31929199-project-member] Matched version: v2 {{(pid=102792) process_request /opt/stack/glance/glance/api/middleware/version_negotiation.py:69}}
Jul 06 18:59:32.111111 np0000004658 devstack@g-api.service[102792]: DEBUG glance.api.middleware.version_negotiation [None req-6b7c0ea1-2e68-4710-ab34-a6c924c11142 tempest-ServerStableDeviceRescueTest-31929199 tempest-ServerStableDeviceRescueTest-31929199-project-member] new path /v2/images/90c2cec9-12de-4913-b919-25dbf46f21dc {{(pid=102792) process_request /opt/stack/glance/glance/api/middleware/version_negotiation.py:70}}
Jul 06 18:59:32.127546 np0000004658 devstack@g-api.service[102792]: [pid: 102792|app: 0|req: 87/344] 127.0.0.1 () {44 vars in 1111 bytes} [Mon Jul 6 18:59:32 2026] GET /v2/images/90c2cec9-12de-4913-b919-25dbf46f21dc => generated 1443 bytes in 17 msecs (HTTP/1.1 200) 4 headers in 158 bytes (1 switches on core 0)
Jul 06 18:59:32.165628 np0000004658 devstack@g-api.service[102791]: DEBUG glance.api.middleware.version_negotiation [None req-6b7c0ea1-2e68-4710-ab34-a6c924c11142 tempest-ServerStableDeviceRescueTest-31929199 tempest-ServerStableDeviceRescueTest-31929199-project-member] Determining version of request: PUT /v2/images/90c2cec9-12de-4913-b919-25dbf46f21dc/file Accept: */* {{(pid=102791) process_request /opt/stack/glance/glance/api/middleware/version_negotiation.py:44}}
Jul 06 18:59:32.166141 np0000004658 devstack@g-api.service[102791]: DEBUG glance.api.middleware.version_negotiation [None req-6b7c0ea1-2e68-4710-ab34-a6c924c11142 tempest-ServerStableDeviceRescueTest-31929199 tempest-ServerStableDeviceRescueTest-31929199-project-member] Using url versioning {{(pid=102791) process_request /opt/stack/glance/glance/api/middleware/version_negotiation.py:57}}
Jul 06 18:59:32.166141 np0000004658 devstack@g-api.service[102791]: DEBUG glance.api.middleware.version_negotiation [None req-6b7c0ea1-2e68-4710-ab34-a6c924c11142 tempest-ServerStableDeviceRescueTest-31929199 tempest-ServerStableDeviceRescueTest-31929199-project-member] Matched version: v2 {{(pid=102791) process_request /opt/stack/glance/glance/api/middleware/version_negotiation.py:69}}
Jul 06 18:59:32.166141 np0000004658 devstack@g-api.service[102791]: DEBUG glance.api.middleware.version_negotiation [None req-6b7c0ea1-2e68-4710-ab34-a6c924c11142 tempest-ServerStableDeviceRescueTest-31929199 tempest-ServerStableDeviceRescueTest-31929199-project-member] new path /v2/images/90c2cec9-12de-4913-b919-25dbf46f21dc/file {{(pid=102791) process_request /opt/stack/glance/glance/api/middleware/version_negotiation.py:70}}
Jul 06 18:59:32.182964 np0000004658 devstack@g-api.service[102790]: DEBUG glance.api.middleware.version_negotiation [None req-6b7c0ea1-2e68-4710-ab34-a6c924c11142 tempest-ServerStableDeviceRescueTest-31929199 tempest-ServerStableDeviceRescueTest-31929199-project-member] Determining version of request: GET /v2/schemas/image Accept: */* {{(pid=102790) process_request /opt/stack/glance/glance/api/middleware/version_negotiation.py:44}}
Jul 06 18:59:32.182964 np0000004658 devstack@g-api.service[102790]: DEBUG glance.api.middleware.version_negotiation [None req-6b7c0ea1-2e68-4710-ab34-a6c924c11142 tempest-ServerStableDeviceRescueTest-31929199 tempest-ServerStableDeviceRescueTest-31929199-project-member] Using url versioning {{(pid=102790) process_request /opt/stack/glance/glance/api/middleware/version_negotiation.py:57}}
Jul 06 18:59:32.182964 np0000004658 devstack@g-api.service[102790]: DEBUG glance.api.middleware.version_negotiation [None req-6b7c0ea1-2e68-4710-ab34-a6c924c11142 tempest-ServerStableDeviceRescueTest-31929199 tempest-ServerStableDeviceRescueTest-31929199-project-member] Matched version: v2 {{(pid=102790) process_request /opt/stack/glance/glance/api/middleware/version_negotiation.py:69}}
Jul 06 18:59:32.182964 np0000004658 devstack@g-api.service[102790]: DEBUG glance.api.middleware.version_negotiation [None req-6b7c0ea1-2e68-4710-ab34-a6c924c11142 tempest-ServerStableDeviceRescueTest-31929199 tempest-ServerStableDeviceRescueTest-31929199-project-member] new path /v2/schemas/image {{(pid=102790) process_request /opt/stack/glance/glance/api/middleware/version_negotiation.py:70}}
Jul 06 18:59:32.187157 np0000004658 devstack@g-api.service[102790]: [pid: 102790|app: 0|req: 89/345] 127.0.0.1 () {44 vars in 1051 bytes} [Mon Jul 6 18:59:32 2026] GET /v2/schemas/image => generated 6083 bytes in 5 msecs (HTTP/1.1 200) 4 headers in 158 bytes (1 switches on core 0)
Jul 06 18:59:32.741893 np0000004658 devstack@g-api.service[102791]: INFO glance.api.v2.image_data [None req-6b7c0ea1-2e68-4710-ab34-a6c924c11142 tempest-ServerStableDeviceRescueTest-31929199 tempest-ServerStableDeviceRescueTest-31929199-project-member] Unable to create trust: no such option collect_timing in group [keystone_authtoken] Use the existing user token.
Jul 06 18:59:33.283891 np0000004658 devstack@g-api.service[102793]: DEBUG glance.api.middleware.version_negotiation [None req-6b7c0ea1-2e68-4710-ab34-a6c924c11142 tempest-ServerStableDeviceRescueTest-31929199 tempest-ServerStableDeviceRescueTest-31929199-project-member] Determining version of request: GET /v2/images/90c2cec9-12de-4913-b919-25dbf46f21dc Accept: */* {{(pid=102793) process_request /opt/stack/glance/glance/api/middleware/version_negotiation.py:44}}
Jul 06 18:59:33.284340 np0000004658 devstack@g-api.service[102793]: DEBUG glance.api.middleware.version_negotiation [None req-6b7c0ea1-2e68-4710-ab34-a6c924c11142 tempest-ServerStableDeviceRescueTest-31929199 tempest-ServerStableDeviceRescueTest-31929199-project-member] Using url versioning {{(pid=102793) process_request /opt/stack/glance/glance/api/middleware/version_negotiation.py:57}}
Jul 06 18:59:33.284340 np0000004658 devstack@g-api.service[102793]: DEBUG glance.api.middleware.version_negotiation [None req-6b7c0ea1-2e68-4710-ab34-a6c924c11142 tempest-ServerStableDeviceRescueTest-31929199 tempest-ServerStableDeviceRescueTest-31929199-project-member] Matched version: v2 {{(pid=102793) process_request /opt/stack/glance/glance/api/middleware/version_negotiation.py:69}}
Jul 06 18:59:33.284519 np0000004658 devstack@g-api.service[102793]: DEBUG glance.api.middleware.version_negotiation [None req-6b7c0ea1-2e68-4710-ab34-a6c924c11142 tempest-ServerStableDeviceRescueTest-31929199 tempest-ServerStableDeviceRescueTest-31929199-project-member] new path /v2/images/90c2cec9-12de-4913-b919-25dbf46f21dc {{(pid=102793) process_request /opt/stack/glance/glance/api/middleware/version_negotiation.py:70}}
Jul 06 18:59:33.287333 np0000004658 devstack@g-api.service[102791]: DEBUG glance.location [None req-6b7c0ea1-2e68-4710-ab34-a6c924c11142 tempest-ServerStableDeviceRescueTest-31929199 tempest-ServerStableDeviceRescueTest-31929199-project-member] Enabling in-flight format inspection for qcow2 {{(pid=102791) set_data /opt/stack/glance/glance/location.py:596}}
Jul 06 18:59:33.287333 np0000004658 devstack@g-api.service[102791]: DEBUG glance_store.backend [None req-6b7c0ea1-2e68-4710-ab34-a6c924c11142 tempest-ServerStableDeviceRescueTest-31929199 tempest-ServerStableDeviceRescueTest-31929199-project-member] Attempting to import store swift {{(pid=102791) _load_store /opt/stack/data/venv/lib/python3.12/site-packages/glance_store/backend.py:215}}
Jul 06 18:59:33.289603 np0000004658 devstack@g-api.service[102791]: DEBUG glance_store.capabilities [None req-6b7c0ea1-2e68-4710-ab34-a6c924c11142 tempest-ServerStableDeviceRescueTest-31929199 tempest-ServerStableDeviceRescueTest-31929199-project-member] Store glance_store._drivers.swift.store.SingleTenantStore doesn't support updating dynamic storage capabilities. Please overwrite 'update_capabilities' method of the store to implement updating logics if needed. {{(pid=102791) update_capabilities /opt/stack/data/venv/lib/python3.12/site-packages/glance_store/capabilities.py:91}}
Jul 06 18:59:33.290197 np0000004658 devstack@g-api.service[102791]: DEBUG glance_store.driver [None req-6b7c0ea1-2e68-4710-ab34-a6c924c11142 tempest-ServerStableDeviceRescueTest-31929199 tempest-ServerStableDeviceRescueTest-31929199-project-member] Late loading location class glance_store._drivers.swift.store.StoreLocation {{(pid=102791) get_store_location_class /opt/stack/data/venv/lib/python3.12/site-packages/glance_store/driver.py:134}}
Jul 06 18:59:33.290197 np0000004658 devstack@g-api.service[102791]: DEBUG glance_store.location [None req-6b7c0ea1-2e68-4710-ab34-a6c924c11142 tempest-ServerStableDeviceRescueTest-31929199 tempest-ServerStableDeviceRescueTest-31929199-project-member] Registering scheme swift+https with {'store': , 'location_class': , 'store_entry': 'swift'} {{(pid=102791) register_scheme_map /opt/stack/data/venv/lib/python3.12/site-packages/glance_store/location.py:146}}
Jul 06 18:59:33.290197 np0000004658 devstack@g-api.service[102791]: DEBUG glance_store.location [None req-6b7c0ea1-2e68-4710-ab34-a6c924c11142 tempest-ServerStableDeviceRescueTest-31929199 tempest-ServerStableDeviceRescueTest-31929199-project-member] Registering scheme swift+https with {'store': , 'location_class': , 'store_entry': 'swift'} {{(pid=102791) register_scheme_map /opt/stack/data/venv/lib/python3.12/site-packages/glance_store/location.py:146}}
Jul 06 18:59:33.290197 np0000004658 devstack@g-api.service[102791]: DEBUG glance_store.location [None req-6b7c0ea1-2e68-4710-ab34-a6c924c11142 tempest-ServerStableDeviceRescueTest-31929199 tempest-ServerStableDeviceRescueTest-31929199-project-member] Registering scheme swift with {'store': , 'location_class': , 'store_entry': 'swift'} {{(pid=102791) register_scheme_map /opt/stack/data/venv/lib/python3.12/site-packages/glance_store/location.py:146}}
Jul 06 18:59:33.290615 np0000004658 devstack@g-api.service[102791]: DEBUG glance_store.location [None req-6b7c0ea1-2e68-4710-ab34-a6c924c11142 tempest-ServerStableDeviceRescueTest-31929199 tempest-ServerStableDeviceRescueTest-31929199-project-member] Registering scheme swift+https with {'store': , 'location_class': , 'store_entry': 'swift'} {{(pid=102791) register_scheme_map /opt/stack/data/venv/lib/python3.12/site-packages/glance_store/location.py:146}}
Jul 06 18:59:33.290615 np0000004658 devstack@g-api.service[102791]: DEBUG glance_store.location [None req-6b7c0ea1-2e68-4710-ab34-a6c924c11142 tempest-ServerStableDeviceRescueTest-31929199 tempest-ServerStableDeviceRescueTest-31929199-project-member] Registering scheme swift with {'store': , 'location_class': , 'store_entry': 'swift'} {{(pid=102791) register_scheme_map /opt/stack/data/venv/lib/python3.12/site-packages/glance_store/location.py:146}}
Jul 06 18:59:33.290615 np0000004658 devstack@g-api.service[102791]: DEBUG glance_store.location [None req-6b7c0ea1-2e68-4710-ab34-a6c924c11142 tempest-ServerStableDeviceRescueTest-31929199 tempest-ServerStableDeviceRescueTest-31929199-project-member] Registering scheme swift+http with {'store': , 'location_class': , 'store_entry': 'swift'} {{(pid=102791) register_scheme_map /opt/stack/data/venv/lib/python3.12/site-packages/glance_store/location.py:146}}
Jul 06 18:59:33.290615 np0000004658 devstack@g-api.service[102791]: DEBUG glance_store.location [None req-6b7c0ea1-2e68-4710-ab34-a6c924c11142 tempest-ServerStableDeviceRescueTest-31929199 tempest-ServerStableDeviceRescueTest-31929199-project-member] Registering scheme swift+https with {'store': , 'location_class': , 'store_entry': 'swift'} {{(pid=102791) register_scheme_map /opt/stack/data/venv/lib/python3.12/site-packages/glance_store/location.py:146}}
Jul 06 18:59:33.290861 np0000004658 devstack@g-api.service[102791]: DEBUG glance_store.location [None req-6b7c0ea1-2e68-4710-ab34-a6c924c11142 tempest-ServerStableDeviceRescueTest-31929199 tempest-ServerStableDeviceRescueTest-31929199-project-member] Registering scheme swift with {'store': , 'location_class': , 'store_entry': 'swift'} {{(pid=102791) register_scheme_map /opt/stack/data/venv/lib/python3.12/site-packages/glance_store/location.py:146}}
Jul 06 18:59:33.290861 np0000004658 devstack@g-api.service[102791]: DEBUG glance_store.location [None req-6b7c0ea1-2e68-4710-ab34-a6c924c11142 tempest-ServerStableDeviceRescueTest-31929199 tempest-ServerStableDeviceRescueTest-31929199-project-member] Registering scheme swift+http with {'store': , 'location_class': , 'store_entry': 'swift'} {{(pid=102791) register_scheme_map /opt/stack/data/venv/lib/python3.12/site-packages/glance_store/location.py:146}}
Jul 06 18:59:33.290861 np0000004658 devstack@g-api.service[102791]: DEBUG glance_store.location [None req-6b7c0ea1-2e68-4710-ab34-a6c924c11142 tempest-ServerStableDeviceRescueTest-31929199 tempest-ServerStableDeviceRescueTest-31929199-project-member] Registering scheme swift+config with {'store': , 'location_class': , 'store_entry': 'swift'} {{(pid=102791) register_scheme_map /opt/stack/data/venv/lib/python3.12/site-packages/glance_store/location.py:146}}
Jul 06 18:59:33.311864 np0000004658 devstack@g-api.service[102793]: [pid: 102793|app: 0|req: 86/346] 127.0.0.1 () {44 vars in 1111 bytes} [Mon Jul 6 18:59:33 2026] GET /v2/images/90c2cec9-12de-4913-b919-25dbf46f21dc => generated 1443 bytes in 28 msecs (HTTP/1.1 200) 4 headers in 158 bytes (1 switches on core 0)
Jul 06 18:59:33.350247 np0000004658 devstack@g-api.service[102792]: DEBUG glance.api.middleware.version_negotiation [None req-54c2d95f-1618-41f8-b5a1-35ce252758e5 tempest-ServerStableDeviceRescueTest-31929199 tempest-ServerStableDeviceRescueTest-31929199-project-member] Determining version of request: GET /v2/schemas/image Accept: */* {{(pid=102792) process_request /opt/stack/glance/glance/api/middleware/version_negotiation.py:44}}
Jul 06 18:59:33.350738 np0000004658 devstack@g-api.service[102792]: DEBUG glance.api.middleware.version_negotiation [None req-54c2d95f-1618-41f8-b5a1-35ce252758e5 tempest-ServerStableDeviceRescueTest-31929199 tempest-ServerStableDeviceRescueTest-31929199-project-member] Using url versioning {{(pid=102792) process_request /opt/stack/glance/glance/api/middleware/version_negotiation.py:57}}
Jul 06 18:59:33.350738 np0000004658 devstack@g-api.service[102792]: DEBUG glance.api.middleware.version_negotiation [None req-54c2d95f-1618-41f8-b5a1-35ce252758e5 tempest-ServerStableDeviceRescueTest-31929199 tempest-ServerStableDeviceRescueTest-31929199-project-member] Matched version: v2 {{(pid=102792) process_request /opt/stack/glance/glance/api/middleware/version_negotiation.py:69}}
Jul 06 18:59:33.350738 np0000004658 devstack@g-api.service[102792]: DEBUG glance.api.middleware.version_negotiation [None req-54c2d95f-1618-41f8-b5a1-35ce252758e5 tempest-ServerStableDeviceRescueTest-31929199 tempest-ServerStableDeviceRescueTest-31929199-project-member] new path /v2/schemas/image {{(pid=102792) process_request /opt/stack/glance/glance/api/middleware/version_negotiation.py:70}}
Jul 06 18:59:33.353422 np0000004658 devstack@g-api.service[102792]: [pid: 102792|app: 0|req: 88/347] 127.0.0.1 () {44 vars in 1051 bytes} [Mon Jul 6 18:59:33 2026] GET /v2/schemas/image => generated 6083 bytes in 3 msecs (HTTP/1.1 200) 4 headers in 158 bytes (1 switches on core 0)
Jul 06 18:59:33.645250 np0000004658 devstack@g-api.service[102791]: DEBUG swiftclient [None req-6b7c0ea1-2e68-4710-ab34-a6c924c11142 tempest-ServerStableDeviceRescueTest-31929199 tempest-ServerStableDeviceRescueTest-31929199-project-member] REQ: curl -i https://10.4.3.52:8080/v1/AUTH_03e0cb29bdb34820bdeb6438ec5eefeb/glance -I -H "X-Auth-Token: gAAAAABqS_sVg-Ht..." {{(pid=102791) http_log /opt/stack/data/venv/lib/python3.12/site-packages/swiftclient/client.py:160}}
Jul 06 18:59:33.645448 np0000004658 devstack@g-api.service[102791]: DEBUG swiftclient [None req-6b7c0ea1-2e68-4710-ab34-a6c924c11142 tempest-ServerStableDeviceRescueTest-31929199 tempest-ServerStableDeviceRescueTest-31929199-project-member] RESP STATUS: 204 No Content {{(pid=102791) http_log /opt/stack/data/venv/lib/python3.12/site-packages/swiftclient/client.py:161}}
Jul 06 18:59:33.646011 np0000004658 devstack@g-api.service[102791]: DEBUG swiftclient [None req-6b7c0ea1-2e68-4710-ab34-a6c924c11142 tempest-ServerStableDeviceRescueTest-31929199 tempest-ServerStableDeviceRescueTest-31929199-project-member] RESP HEADERS: {'Date': 'Mon, 06 Jul 2026 18:59:33 GMT', 'Server': 'Apache/2.4.58 (Ubuntu)', 'Content-Type': 'text/plain; charset=utf-8', 'X-Container-Object-Count': '3', 'X-Container-Bytes-Used': '64356352', 'X-Timestamp': '1783363871.27091', 'Last-Modified': 'Mon, 06 Jul 2026 18:51:12 GMT', 'Accept-Ranges': 'bytes', 'X-Storage-Policy': 'Policy-0', 'X-Container-Sharding': 'False', 'Vary': 'Accept', 'X-Trans-Id': 'tx7d441a97c0d14e00b9850-006a4bfb15', 'X-Openstack-Request-Id': 'tx7d441a97c0d14e00b9850-006a4bfb15', 'Connection': 'close'} {{(pid=102791) http_log /opt/stack/data/venv/lib/python3.12/site-packages/swiftclient/client.py:162}}
Jul 06 18:59:33.646237 np0000004658 devstack@g-api.service[102791]: DEBUG glance_store._drivers.swift.store [None req-6b7c0ea1-2e68-4710-ab34-a6c924c11142 tempest-ServerStableDeviceRescueTest-31929199 tempest-ServerStableDeviceRescueTest-31929199-project-member] Adding image object '90c2cec9-12de-4913-b919-25dbf46f21dc' to Swift {{(pid=102791) add /opt/stack/data/venv/lib/python3.12/site-packages/glance_store/_drivers/swift/store.py:970}}
Jul 06 18:59:33.646403 np0000004658 devstack@g-api.service[102791]: DEBUG glance_store._drivers.swift.store [None req-6b7c0ea1-2e68-4710-ab34-a6c924c11142 tempest-ServerStableDeviceRescueTest-31929199 tempest-ServerStableDeviceRescueTest-31929199-project-member] Cannot determine image size because it is either not provided in the request or chunked-transfer encoding is used. Adding image as a segmented object to Swift. {{(pid=102791) add /opt/stack/data/venv/lib/python3.12/site-packages/glance_store/_drivers/swift/store.py:994}}
Jul 06 18:59:33.654541 np0000004658 devstack@g-api.service[102791]: DEBUG oslo_utils.imageutils.format_inspector [None req-6b7c0ea1-2e68-4710-ab34-a6c924c11142 tempest-ServerStableDeviceRescueTest-31929199 tempest-ServerStableDeviceRescueTest-31929199-project-member] Format inspector for vmdk does not match, excluding from consideration (Signature KDMV not found: b'QFI\xfb') {{(pid=102791) _process_chunk /opt/stack/data/venv/lib/python3.12/site-packages/oslo_utils/imageutils/format_inspector.py:1758}}
Jul 06 18:59:33.658710 np0000004658 devstack@g-api.service[102791]: DEBUG oslo_utils.imageutils.format_inspector [None req-6b7c0ea1-2e68-4710-ab34-a6c924c11142 tempest-ServerStableDeviceRescueTest-31929199 tempest-ServerStableDeviceRescueTest-31929199-project-member] Format inspector for vhdx does not match, excluding from consideration (Region signature not found at 30000) {{(pid=102791) _process_chunk /opt/stack/data/venv/lib/python3.12/site-packages/oslo_utils/imageutils/format_inspector.py:1758}}
Jul 06 18:59:34.299784 np0000004658 devstack@g-api.service[102791]: DEBUG swiftclient [None req-6b7c0ea1-2e68-4710-ab34-a6c924c11142 tempest-ServerStableDeviceRescueTest-31929199 tempest-ServerStableDeviceRescueTest-31929199-project-member] REQ: curl -i https://10.4.3.52:8080/v1/AUTH_03e0cb29bdb34820bdeb6438ec5eefeb/glance/90c2cec9-12de-4913-b919-25dbf46f21dc-00001 -X PUT -H "X-Auth-Token: gAAAAABqS_sVg-Ht..." {{(pid=102791) http_log /opt/stack/data/venv/lib/python3.12/site-packages/swiftclient/client.py:160}}
Jul 06 18:59:34.300393 np0000004658 devstack@g-api.service[102791]: DEBUG swiftclient [None req-6b7c0ea1-2e68-4710-ab34-a6c924c11142 tempest-ServerStableDeviceRescueTest-31929199 tempest-ServerStableDeviceRescueTest-31929199-project-member] RESP STATUS: 201 Created {{(pid=102791) http_log /opt/stack/data/venv/lib/python3.12/site-packages/swiftclient/client.py:161}}
Jul 06 18:59:34.300393 np0000004658 devstack@g-api.service[102791]: DEBUG swiftclient [None req-6b7c0ea1-2e68-4710-ab34-a6c924c11142 tempest-ServerStableDeviceRescueTest-31929199 tempest-ServerStableDeviceRescueTest-31929199-project-member] RESP HEADERS: {'Date': 'Mon, 06 Jul 2026 18:59:34 GMT', 'Server': 'Apache/2.4.58 (Ubuntu)', 'Content-Type': 'text/html; charset=UTF-8', 'Content-Length': '0', 'Etag': 'b99c22b6876062bd6d4457cd0b860295', 'Last-Modified': 'Mon, 06 Jul 2026 18:59:34 GMT', 'X-Trans-Id': 'txe0bf8e467b364221bf343-006a4bfb15', 'X-Openstack-Request-Id': 'txe0bf8e467b364221bf343-006a4bfb15', 'Connection': 'close'} {{(pid=102791) http_log /opt/stack/data/venv/lib/python3.12/site-packages/swiftclient/client.py:162}}
Jul 06 18:59:34.300393 np0000004658 devstack@g-api.service[102791]: DEBUG glance_store._drivers.swift.store [None req-6b7c0ea1-2e68-4710-ab34-a6c924c11142 tempest-ServerStableDeviceRescueTest-31929199 tempest-ServerStableDeviceRescueTest-31929199-project-member] Wrote chunk 90c2cec9-12de-4913-b919-25dbf46f21dc-00001 (1/?) of length 54067200 to Swift returning MD5 of content: b99c22b6876062bd6d4457cd0b860295 {{(pid=102791) add /opt/stack/data/venv/lib/python3.12/site-packages/glance_store/_drivers/swift/store.py:1059}}
Jul 06 18:59:34.300845 np0000004658 devstack@g-api.service[102791]: DEBUG glance_store._drivers.swift.store [None req-6b7c0ea1-2e68-4710-ab34-a6c924c11142 tempest-ServerStableDeviceRescueTest-31929199 tempest-ServerStableDeviceRescueTest-31929199-project-member] Not writing zero-length chunk. {{(pid=102791) add /opt/stack/data/venv/lib/python3.12/site-packages/glance_store/_drivers/swift/store.py:1028}}
Jul 06 18:59:34.335624 np0000004658 devstack@g-api.service[102791]: DEBUG swiftclient [None req-6b7c0ea1-2e68-4710-ab34-a6c924c11142 tempest-ServerStableDeviceRescueTest-31929199 tempest-ServerStableDeviceRescueTest-31929199-project-member] REQ: curl -i https://10.4.3.52:8080/v1/AUTH_03e0cb29bdb34820bdeb6438ec5eefeb/glance/90c2cec9-12de-4913-b919-25dbf46f21dc -X PUT -H "X-Object-Manifest: glance/90c2cec9-12de-4913-b919-25dbf46f21dc-" -H "X-Auth-Token: gAAAAABqS_sVg-Ht..." -H "Content-Length: 0" {{(pid=102791) http_log /opt/stack/data/venv/lib/python3.12/site-packages/swiftclient/client.py:160}}
Jul 06 18:59:34.335624 np0000004658 devstack@g-api.service[102791]: DEBUG swiftclient [None req-6b7c0ea1-2e68-4710-ab34-a6c924c11142 tempest-ServerStableDeviceRescueTest-31929199 tempest-ServerStableDeviceRescueTest-31929199-project-member] RESP STATUS: 201 Created {{(pid=102791) http_log /opt/stack/data/venv/lib/python3.12/site-packages/swiftclient/client.py:161}}
Jul 06 18:59:34.336639 np0000004658 devstack@g-api.service[102791]: DEBUG swiftclient [None req-6b7c0ea1-2e68-4710-ab34-a6c924c11142 tempest-ServerStableDeviceRescueTest-31929199 tempest-ServerStableDeviceRescueTest-31929199-project-member] RESP HEADERS: {'Date': 'Mon, 06 Jul 2026 18:59:34 GMT', 'Server': 'Apache/2.4.58 (Ubuntu)', 'Content-Type': 'text/html; charset=UTF-8', 'Content-Length': '0', 'Etag': 'd41d8cd98f00b204e9800998ecf8427e', 'Last-Modified': 'Mon, 06 Jul 2026 18:59:35 GMT', 'X-Trans-Id': 'tx7f0f7f5bc51a43aaa96d7-006a4bfb16', 'X-Openstack-Request-Id': 'tx7f0f7f5bc51a43aaa96d7-006a4bfb16', 'Connection': 'close'} {{(pid=102791) http_log /opt/stack/data/venv/lib/python3.12/site-packages/swiftclient/client.py:162}}
Jul 06 18:59:34.338538 np0000004658 devstack@g-api.service[102791]: INFO glance.location [None req-6b7c0ea1-2e68-4710-ab34-a6c924c11142 tempest-ServerStableDeviceRescueTest-31929199 tempest-ServerStableDeviceRescueTest-31929199-project-member] Image format matched and virtual size computed: 1073741824
Jul 06 18:59:34.379782 np0000004658 devstack@g-api.service[102791]: DEBUG glance_store.backend [None req-6b7c0ea1-2e68-4710-ab34-a6c924c11142 tempest-ServerStableDeviceRescueTest-31929199 tempest-ServerStableDeviceRescueTest-31929199-project-member] Attempting to import store swift {{(pid=102791) _load_store /opt/stack/data/venv/lib/python3.12/site-packages/glance_store/backend.py:215}}
Jul 06 18:59:34.381933 np0000004658 devstack@g-api.service[102791]: DEBUG glance_store.capabilities [None req-6b7c0ea1-2e68-4710-ab34-a6c924c11142 tempest-ServerStableDeviceRescueTest-31929199 tempest-ServerStableDeviceRescueTest-31929199-project-member] Store glance_store._drivers.swift.store.SingleTenantStore doesn't support updating dynamic storage capabilities. Please overwrite 'update_capabilities' method of the store to implement updating logics if needed. {{(pid=102791) update_capabilities /opt/stack/data/venv/lib/python3.12/site-packages/glance_store/capabilities.py:91}}
Jul 06 18:59:34.382439 np0000004658 devstack@g-api.service[102791]: DEBUG glance_store.driver [None req-6b7c0ea1-2e68-4710-ab34-a6c924c11142 tempest-ServerStableDeviceRescueTest-31929199 tempest-ServerStableDeviceRescueTest-31929199-project-member] Late loading location class glance_store._drivers.swift.store.StoreLocation {{(pid=102791) get_store_location_class /opt/stack/data/venv/lib/python3.12/site-packages/glance_store/driver.py:134}}
Jul 06 18:59:34.382689 np0000004658 devstack@g-api.service[102791]: DEBUG glance_store.location [None req-6b7c0ea1-2e68-4710-ab34-a6c924c11142 tempest-ServerStableDeviceRescueTest-31929199 tempest-ServerStableDeviceRescueTest-31929199-project-member] Registering scheme swift+https with {'store': , 'location_class': , 'store_entry': 'swift'} {{(pid=102791) register_scheme_map /opt/stack/data/venv/lib/python3.12/site-packages/glance_store/location.py:146}}
Jul 06 18:59:34.382822 np0000004658 devstack@g-api.service[102791]: DEBUG glance_store.location [None req-6b7c0ea1-2e68-4710-ab34-a6c924c11142 tempest-ServerStableDeviceRescueTest-31929199 tempest-ServerStableDeviceRescueTest-31929199-project-member] Registering scheme swift+https with {'store': , 'location_class': , 'store_entry': 'swift'} {{(pid=102791) register_scheme_map /opt/stack/data/venv/lib/python3.12/site-packages/glance_store/location.py:146}}
Jul 06 18:59:34.382890 np0000004658 devstack@g-api.service[102791]: DEBUG glance_store.location [None req-6b7c0ea1-2e68-4710-ab34-a6c924c11142 tempest-ServerStableDeviceRescueTest-31929199 tempest-ServerStableDeviceRescueTest-31929199-project-member] Registering scheme swift with {'store': , 'location_class': , 'store_entry': 'swift'} {{(pid=102791) register_scheme_map /opt/stack/data/venv/lib/python3.12/site-packages/glance_store/location.py:146}}
Jul 06 18:59:34.382969 np0000004658 devstack@g-api.service[102791]: DEBUG glance_store.location [None req-6b7c0ea1-2e68-4710-ab34-a6c924c11142 tempest-ServerStableDeviceRescueTest-31929199 tempest-ServerStableDeviceRescueTest-31929199-project-member] Registering scheme swift+https with {'store': , 'location_class': , 'store_entry': 'swift'} {{(pid=102791) register_scheme_map /opt/stack/data/venv/lib/python3.12/site-packages/glance_store/location.py:146}}
Jul 06 18:59:34.383124 np0000004658 devstack@g-api.service[102791]: DEBUG glance_store.location [None req-6b7c0ea1-2e68-4710-ab34-a6c924c11142 tempest-ServerStableDeviceRescueTest-31929199 tempest-ServerStableDeviceRescueTest-31929199-project-member] Registering scheme swift with {'store': , 'location_class': , 'store_entry': 'swift'} {{(pid=102791) register_scheme_map /opt/stack/data/venv/lib/python3.12/site-packages/glance_store/location.py:146}}
Jul 06 18:59:34.383249 np0000004658 devstack@g-api.service[102791]: DEBUG glance_store.location [None req-6b7c0ea1-2e68-4710-ab34-a6c924c11142 tempest-ServerStableDeviceRescueTest-31929199 tempest-ServerStableDeviceRescueTest-31929199-project-member] Registering scheme swift+http with {'store': , 'location_class': , 'store_entry': 'swift'} {{(pid=102791) register_scheme_map /opt/stack/data/venv/lib/python3.12/site-packages/glance_store/location.py:146}}
Jul 06 18:59:34.383358 np0000004658 devstack@g-api.service[102791]: DEBUG glance_store.location [None req-6b7c0ea1-2e68-4710-ab34-a6c924c11142 tempest-ServerStableDeviceRescueTest-31929199 tempest-ServerStableDeviceRescueTest-31929199-project-member] Registering scheme swift+https with {'store': , 'location_class': , 'store_entry': 'swift'} {{(pid=102791) register_scheme_map /opt/stack/data/venv/lib/python3.12/site-packages/glance_store/location.py:146}}
Jul 06 18:59:34.384020 np0000004658 devstack@g-api.service[102791]: DEBUG glance_store.location [None req-6b7c0ea1-2e68-4710-ab34-a6c924c11142 tempest-ServerStableDeviceRescueTest-31929199 tempest-ServerStableDeviceRescueTest-31929199-project-member] Registering scheme swift with {'store': , 'location_class': , 'store_entry': 'swift'} {{(pid=102791) register_scheme_map /opt/stack/data/venv/lib/python3.12/site-packages/glance_store/location.py:146}}
Jul 06 18:59:34.384521 np0000004658 devstack@g-api.service[102791]: DEBUG glance_store.location [None req-6b7c0ea1-2e68-4710-ab34-a6c924c11142 tempest-ServerStableDeviceRescueTest-31929199 tempest-ServerStableDeviceRescueTest-31929199-project-member] Registering scheme swift+http with {'store': , 'location_class': , 'store_entry': 'swift'} {{(pid=102791) register_scheme_map /opt/stack/data/venv/lib/python3.12/site-packages/glance_store/location.py:146}}
Jul 06 18:59:34.384712 np0000004658 devstack@g-api.service[102791]: DEBUG glance_store.location [None req-6b7c0ea1-2e68-4710-ab34-a6c924c11142 tempest-ServerStableDeviceRescueTest-31929199 tempest-ServerStableDeviceRescueTest-31929199-project-member] Registering scheme swift+config with {'store': , 'location_class': , 'store_entry': 'swift'} {{(pid=102791) register_scheme_map /opt/stack/data/venv/lib/python3.12/site-packages/glance_store/location.py:146}}
Jul 06 18:59:34.385090 np0000004658 devstack@g-api.service[102791]: DEBUG glance_store.backend [None req-6b7c0ea1-2e68-4710-ab34-a6c924c11142 tempest-ServerStableDeviceRescueTest-31929199 tempest-ServerStableDeviceRescueTest-31929199-project-member] Skipping store.set_acls... not implemented. {{(pid=102791) set_acls /opt/stack/data/venv/lib/python3.12/site-packages/glance_store/backend.py:507}}
Jul 06 18:59:34.387676 np0000004658 devstack@g-api.service[102791]: [pid: 102791|app: 0|req: 85/348] 127.0.0.1 () {46 vars in 1154 bytes} [Mon Jul 6 18:59:32 2026] PUT /v2/images/90c2cec9-12de-4913-b919-25dbf46f21dc/file => generated 0 bytes in 2222 msecs (HTTP/1.1 204) 4 headers in 171 bytes (1 switches on core 0)
Jul 06 18:59:34.454576 np0000004658 devstack@g-api.service[102790]: DEBUG glance.api.middleware.version_negotiation [None req-54c2d95f-1618-41f8-b5a1-35ce252758e5 tempest-ServerStableDeviceRescueTest-31929199 tempest-ServerStableDeviceRescueTest-31929199-project-member] Determining version of request: GET /v2/images/90c2cec9-12de-4913-b919-25dbf46f21dc Accept: */* {{(pid=102790) process_request /opt/stack/glance/glance/api/middleware/version_negotiation.py:44}}
Jul 06 18:59:34.454951 np0000004658 devstack@g-api.service[102790]: DEBUG glance.api.middleware.version_negotiation [None req-54c2d95f-1618-41f8-b5a1-35ce252758e5 tempest-ServerStableDeviceRescueTest-31929199 tempest-ServerStableDeviceRescueTest-31929199-project-member] Using url versioning {{(pid=102790) process_request /opt/stack/glance/glance/api/middleware/version_negotiation.py:57}}
Jul 06 18:59:34.455022 np0000004658 devstack@g-api.service[102793]: DEBUG glance.api.middleware.version_negotiation [None req-6f003890-c151-48ea-bcb3-357a77f1b526 tempest-ServerStableDeviceRescueTest-31929199 tempest-ServerStableDeviceRescueTest-31929199-project-member] Determining version of request: GET /v2/images/90c2cec9-12de-4913-b919-25dbf46f21dc Accept: */* {{(pid=102793) process_request /opt/stack/glance/glance/api/middleware/version_negotiation.py:44}}
Jul 06 18:59:34.455483 np0000004658 devstack@g-api.service[102793]: DEBUG glance.api.middleware.version_negotiation [None req-6f003890-c151-48ea-bcb3-357a77f1b526 tempest-ServerStableDeviceRescueTest-31929199 tempest-ServerStableDeviceRescueTest-31929199-project-member] Using url versioning {{(pid=102793) process_request /opt/stack/glance/glance/api/middleware/version_negotiation.py:57}}
Jul 06 18:59:34.455562 np0000004658 devstack@g-api.service[102790]: DEBUG glance.api.middleware.version_negotiation [None req-54c2d95f-1618-41f8-b5a1-35ce252758e5 tempest-ServerStableDeviceRescueTest-31929199 tempest-ServerStableDeviceRescueTest-31929199-project-member] Matched version: v2 {{(pid=102790) process_request /opt/stack/glance/glance/api/middleware/version_negotiation.py:69}}
Jul 06 18:59:34.455659 np0000004658 devstack@g-api.service[102793]: DEBUG glance.api.middleware.version_negotiation [None req-6f003890-c151-48ea-bcb3-357a77f1b526 tempest-ServerStableDeviceRescueTest-31929199 tempest-ServerStableDeviceRescueTest-31929199-project-member] Matched version: v2 {{(pid=102793) process_request /opt/stack/glance/glance/api/middleware/version_negotiation.py:69}}
Jul 06 18:59:34.455732 np0000004658 devstack@g-api.service[102790]: DEBUG glance.api.middleware.version_negotiation [None req-54c2d95f-1618-41f8-b5a1-35ce252758e5 tempest-ServerStableDeviceRescueTest-31929199 tempest-ServerStableDeviceRescueTest-31929199-project-member] new path /v2/images/90c2cec9-12de-4913-b919-25dbf46f21dc {{(pid=102790) process_request /opt/stack/glance/glance/api/middleware/version_negotiation.py:70}}
Jul 06 18:59:34.455772 np0000004658 devstack@g-api.service[102793]: DEBUG glance.api.middleware.version_negotiation [None req-6f003890-c151-48ea-bcb3-357a77f1b526 tempest-ServerStableDeviceRescueTest-31929199 tempest-ServerStableDeviceRescueTest-31929199-project-member] new path /v2/images/90c2cec9-12de-4913-b919-25dbf46f21dc {{(pid=102793) process_request /opt/stack/glance/glance/api/middleware/version_negotiation.py:70}}
Jul 06 18:59:34.471422 np0000004658 devstack@g-api.service[102793]: [pid: 102793|app: 0|req: 87/349] 127.0.0.1 () {44 vars in 1111 bytes} [Mon Jul 6 18:59:34 2026] GET /v2/images/90c2cec9-12de-4913-b919-25dbf46f21dc => generated 1613 bytes in 17 msecs (HTTP/1.1 200) 4 headers in 158 bytes (1 switches on core 0)
Jul 06 18:59:34.472805 np0000004658 devstack@g-api.service[102790]: [pid: 102790|app: 0|req: 90/350] 127.0.0.1 () {44 vars in 1111 bytes} [Mon Jul 6 18:59:34 2026] GET /v2/images/90c2cec9-12de-4913-b919-25dbf46f21dc => generated 1613 bytes in 18 msecs (HTTP/1.1 200) 4 headers in 158 bytes (1 switches on core 0)
Jul 06 18:59:34.508010 np0000004658 devstack@g-api.service[102792]: DEBUG glance.api.middleware.version_negotiation [None req-6f003890-c151-48ea-bcb3-357a77f1b526 tempest-ServerStableDeviceRescueTest-31929199 tempest-ServerStableDeviceRescueTest-31929199-project-member] Determining version of request: GET /v2/schemas/image Accept: */* {{(pid=102792) process_request /opt/stack/glance/glance/api/middleware/version_negotiation.py:44}}
Jul 06 18:59:34.509098 np0000004658 devstack@g-api.service[102792]: DEBUG glance.api.middleware.version_negotiation [None req-6f003890-c151-48ea-bcb3-357a77f1b526 tempest-ServerStableDeviceRescueTest-31929199 tempest-ServerStableDeviceRescueTest-31929199-project-member] Using url versioning {{(pid=102792) process_request /opt/stack/glance/glance/api/middleware/version_negotiation.py:57}}
Jul 06 18:59:34.510809 np0000004658 devstack@g-api.service[102792]: DEBUG glance.api.middleware.version_negotiation [None req-6f003890-c151-48ea-bcb3-357a77f1b526 tempest-ServerStableDeviceRescueTest-31929199 tempest-ServerStableDeviceRescueTest-31929199-project-member] Matched version: v2 {{(pid=102792) process_request /opt/stack/glance/glance/api/middleware/version_negotiation.py:69}}
Jul 06 18:59:34.510978 np0000004658 devstack@g-api.service[102792]: DEBUG glance.api.middleware.version_negotiation [None req-6f003890-c151-48ea-bcb3-357a77f1b526 tempest-ServerStableDeviceRescueTest-31929199 tempest-ServerStableDeviceRescueTest-31929199-project-member] new path /v2/schemas/image {{(pid=102792) process_request /opt/stack/glance/glance/api/middleware/version_negotiation.py:70}}
Jul 06 18:59:34.513931 np0000004658 devstack@g-api.service[102792]: [pid: 102792|app: 0|req: 89/351] 127.0.0.1 () {44 vars in 1051 bytes} [Mon Jul 6 18:59:34 2026] GET /v2/schemas/image => generated 6083 bytes in 7 msecs (HTTP/1.1 200) 4 headers in 158 bytes (1 switches on core 0)
Jul 06 18:59:34.526740 np0000004658 devstack@g-api.service[102791]: DEBUG glance.api.middleware.version_negotiation [None req-6b7c0ea1-2e68-4710-ab34-a6c924c11142 tempest-ServerStableDeviceRescueTest-31929199 tempest-ServerStableDeviceRescueTest-31929199-project-member] Determining version of request: GET /v2/schemas/image Accept: */* {{(pid=102791) process_request /opt/stack/glance/glance/api/middleware/version_negotiation.py:44}}
Jul 06 18:59:34.527007 np0000004658 devstack@g-api.service[102791]: DEBUG glance.api.middleware.version_negotiation [None req-6b7c0ea1-2e68-4710-ab34-a6c924c11142 tempest-ServerStableDeviceRescueTest-31929199 tempest-ServerStableDeviceRescueTest-31929199-project-member] Using url versioning {{(pid=102791) process_request /opt/stack/glance/glance/api/middleware/version_negotiation.py:57}}
Jul 06 18:59:34.527239 np0000004658 devstack@g-api.service[102791]: DEBUG glance.api.middleware.version_negotiation [None req-6b7c0ea1-2e68-4710-ab34-a6c924c11142 tempest-ServerStableDeviceRescueTest-31929199 tempest-ServerStableDeviceRescueTest-31929199-project-member] Matched version: v2 {{(pid=102791) process_request /opt/stack/glance/glance/api/middleware/version_negotiation.py:69}}
Jul 06 18:59:34.527394 np0000004658 devstack@g-api.service[102791]: DEBUG glance.api.middleware.version_negotiation [None req-6b7c0ea1-2e68-4710-ab34-a6c924c11142 tempest-ServerStableDeviceRescueTest-31929199 tempest-ServerStableDeviceRescueTest-31929199-project-member] new path /v2/schemas/image {{(pid=102791) process_request /opt/stack/glance/glance/api/middleware/version_negotiation.py:70}}
Jul 06 18:59:34.530189 np0000004658 devstack@g-api.service[102791]: [pid: 102791|app: 0|req: 86/352] 127.0.0.1 () {44 vars in 1051 bytes} [Mon Jul 6 18:59:34 2026] GET /v2/schemas/image => generated 6083 bytes in 3 msecs (HTTP/1.1 200) 4 headers in 158 bytes (1 switches on core 0)
Jul 06 18:59:34.614954 np0000004658 devstack@g-api.service[102793]: DEBUG glance.api.middleware.version_negotiation [None req-d67ab878-4bd8-4e59-8bb0-02c64410671e tempest-ServerStableDeviceRescueTest-31929199 tempest-ServerStableDeviceRescueTest-31929199-project-member] Determining version of request: GET /v2/images/90c2cec9-12de-4913-b919-25dbf46f21dc Accept: */* {{(pid=102793) process_request /opt/stack/glance/glance/api/middleware/version_negotiation.py:44}}
Jul 06 18:59:34.615219 np0000004658 devstack@g-api.service[102793]: DEBUG glance.api.middleware.version_negotiation [None req-d67ab878-4bd8-4e59-8bb0-02c64410671e tempest-ServerStableDeviceRescueTest-31929199 tempest-ServerStableDeviceRescueTest-31929199-project-member] Using url versioning {{(pid=102793) process_request /opt/stack/glance/glance/api/middleware/version_negotiation.py:57}}
Jul 06 18:59:34.615428 np0000004658 devstack@g-api.service[102793]: DEBUG glance.api.middleware.version_negotiation [None req-d67ab878-4bd8-4e59-8bb0-02c64410671e tempest-ServerStableDeviceRescueTest-31929199 tempest-ServerStableDeviceRescueTest-31929199-project-member] Matched version: v2 {{(pid=102793) process_request /opt/stack/glance/glance/api/middleware/version_negotiation.py:69}}
Jul 06 18:59:34.615576 np0000004658 devstack@g-api.service[102793]: DEBUG glance.api.middleware.version_negotiation [None req-d67ab878-4bd8-4e59-8bb0-02c64410671e tempest-ServerStableDeviceRescueTest-31929199 tempest-ServerStableDeviceRescueTest-31929199-project-member] new path /v2/images/90c2cec9-12de-4913-b919-25dbf46f21dc {{(pid=102793) process_request /opt/stack/glance/glance/api/middleware/version_negotiation.py:70}}
Jul 06 18:59:34.631422 np0000004658 devstack@g-api.service[102793]: [pid: 102793|app: 0|req: 88/353] 127.0.0.1 () {44 vars in 1111 bytes} [Mon Jul 6 18:59:34 2026] GET /v2/images/90c2cec9-12de-4913-b919-25dbf46f21dc => generated 1613 bytes in 16 msecs (HTTP/1.1 200) 4 headers in 158 bytes (1 switches on core 0)
Jul 06 18:59:34.682839 np0000004658 devstack@g-api.service[102790]: DEBUG glance.api.middleware.version_negotiation [None req-6b7c0ea1-2e68-4710-ab34-a6c924c11142 tempest-ServerStableDeviceRescueTest-31929199 tempest-ServerStableDeviceRescueTest-31929199-project-member] Determining version of request: GET /v2/schemas/image Accept: */* {{(pid=102790) process_request /opt/stack/glance/glance/api/middleware/version_negotiation.py:44}}
Jul 06 18:59:34.683019 np0000004658 devstack@g-api.service[102790]: DEBUG glance.api.middleware.version_negotiation [None req-6b7c0ea1-2e68-4710-ab34-a6c924c11142 tempest-ServerStableDeviceRescueTest-31929199 tempest-ServerStableDeviceRescueTest-31929199-project-member] Using url versioning {{(pid=102790) process_request /opt/stack/glance/glance/api/middleware/version_negotiation.py:57}}
Jul 06 18:59:34.683416 np0000004658 devstack@g-api.service[102790]: DEBUG glance.api.middleware.version_negotiation [None req-6b7c0ea1-2e68-4710-ab34-a6c924c11142 tempest-ServerStableDeviceRescueTest-31929199 tempest-ServerStableDeviceRescueTest-31929199-project-member] Matched version: v2 {{(pid=102790) process_request /opt/stack/glance/glance/api/middleware/version_negotiation.py:69}}
