Jun 11 03:01:57.324102 np0000002555 devstack@g-api.service[101956]: DEBUG glance_store.location [-] Registering scheme swift+config with {'store': , 'location_class': , 'store_entry': 'swift'} {{(pid=101956) register_scheme_map /opt/stack/data/venv/lib/python3.12/site-packages/glance_store/location.py:146}}
Jun 11 03:01:57.324161 np0000002555 devstack@g-api.service[101956]: DEBUG glance_store.backend [-] Attempting to import store http {{(pid=101956) _load_store /opt/stack/data/venv/lib/python3.12/site-packages/glance_store/backend.py:215}}
Jun 11 03:01:57.324422 np0000002555 devstack@g-api.service[101956]: DEBUG glance_store.capabilities [-] Store glance_store._drivers.http.Store doesn't support updating dynamic storage capabilities. Please overwrite 'update_capabilities' method of the store to implement updating logics if needed. {{(pid=101956) update_capabilities /opt/stack/data/venv/lib/python3.12/site-packages/glance_store/capabilities.py:91}}
Jun 11 03:01:57.324505 np0000002555 devstack@g-api.service[101956]: DEBUG glance_store.backend [-] Registering store http with schemes ('http', 'https') {{(pid=101956) create_stores /opt/stack/data/venv/lib/python3.12/site-packages/glance_store/backend.py:261}}
Jun 11 03:01:57.324560 np0000002555 devstack@g-api.service[101956]: DEBUG glance_store.driver [-] Late loading location class glance_store._drivers.http.StoreLocation {{(pid=101956) get_store_location_class /opt/stack/data/venv/lib/python3.12/site-packages/glance_store/driver.py:134}}
Jun 11 03:01:57.324616 np0000002555 devstack@g-api.service[101956]: DEBUG glance_store.location [-] Registering scheme http with {'store': , 'location_class': , 'store_entry': 'http'} {{(pid=101956) register_scheme_map /opt/stack/data/venv/lib/python3.12/site-packages/glance_store/location.py:146}}
Jun 11 03:01:57.324664 np0000002555 devstack@g-api.service[101956]: DEBUG glance_store.location [-] Registering scheme https with {'store': , 'location_class': , 'store_entry': 'http'} {{(pid=101956) register_scheme_map /opt/stack/data/venv/lib/python3.12/site-packages/glance_store/location.py:146}}
Jun 11 03:01:57.324745 np0000002555 devstack@g-api.service[101956]: DEBUG glance_store.backend [-] Attempting to import store file {{(pid=101956) _load_store /opt/stack/data/venv/lib/python3.12/site-packages/glance_store/backend.py:215}}
Jun 11 03:01:57.325210 np0000002555 devstack@g-api.service[101956]: DEBUG glance_store.capabilities [-] Store glance_store._drivers.filesystem.Store doesn't support updating dynamic storage capabilities. Please overwrite 'update_capabilities' method of the store to implement updating logics if needed. {{(pid=101956) update_capabilities /opt/stack/data/venv/lib/python3.12/site-packages/glance_store/capabilities.py:91}}
Jun 11 03:01:57.325256 np0000002555 devstack@g-api.service[101956]: DEBUG glance_store.backend [-] Registering store file with schemes ('file', 'filesystem') {{(pid=101956) create_stores /opt/stack/data/venv/lib/python3.12/site-packages/glance_store/backend.py:261}}
Jun 11 03:01:57.325311 np0000002555 devstack@g-api.service[101956]: DEBUG glance_store.driver [-] Late loading location class glance_store._drivers.filesystem.StoreLocation {{(pid=101956) get_store_location_class /opt/stack/data/venv/lib/python3.12/site-packages/glance_store/driver.py:134}}
Jun 11 03:01:57.325387 np0000002555 devstack@g-api.service[101956]: DEBUG glance_store.location [-] Registering scheme file with {'store': , 'location_class': , 'store_entry': 'file'} {{(pid=101956) register_scheme_map /opt/stack/data/venv/lib/python3.12/site-packages/glance_store/location.py:146}}
Jun 11 03:01:57.325439 np0000002555 devstack@g-api.service[101956]: DEBUG glance_store.location [-] Registering scheme filesystem with {'store': , 'location_class': , 'store_entry': 'file'} {{(pid=101956) register_scheme_map /opt/stack/data/venv/lib/python3.12/site-packages/glance_store/location.py:146}}
Jun 11 03:01:57.325544 np0000002555 devstack@g-api.service[101956]: DEBUG glance_store.backend [-] Attempting to import store swift {{(pid=101956) _load_store /opt/stack/data/venv/lib/python3.12/site-packages/glance_store/backend.py:215}}
Jun 11 03:01:57.326622 np0000002555 devstack@g-api.service[101956]: DEBUG glance_store.capabilities [-] Store glance_store._drivers.swift.store.SingleTenantStore doesn't support updating dynamic storage capabilities. Please overwrite 'update_capabilities' method of the store to implement updating logics if needed. {{(pid=101956) update_capabilities /opt/stack/data/venv/lib/python3.12/site-packages/glance_store/capabilities.py:91}}
Jun 11 03:01:57.326681 np0000002555 devstack@g-api.service[101956]: DEBUG glance_store.driver [-] Late loading location class glance_store._drivers.swift.store.StoreLocation {{(pid=101956) get_store_location_class /opt/stack/data/venv/lib/python3.12/site-packages/glance_store/driver.py:134}}
Jun 11 03:01:57.326713 np0000002555 devstack@g-api.service[101956]: DEBUG glance_store.location [-] Registering scheme swift+https with {'store': , 'location_class': , 'store_entry': 'swift'} {{(pid=101956) register_scheme_map /opt/stack/data/venv/lib/python3.12/site-packages/glance_store/location.py:146}}
Jun 11 03:01:57.326859 np0000002555 devstack@g-api.service[101956]: DEBUG glance_store.location [-] Registering scheme swift+https with {'store': , 'location_class': , 'store_entry': 'swift'} {{(pid=101956) register_scheme_map /opt/stack/data/venv/lib/python3.12/site-packages/glance_store/location.py:146}}
Jun 11 03:01:57.326905 np0000002555 devstack@g-api.service[101956]: DEBUG glance_store.location [-] Registering scheme swift with {'store': , 'location_class': , 'store_entry': 'swift'} {{(pid=101956) register_scheme_map /opt/stack/data/venv/lib/python3.12/site-packages/glance_store/location.py:146}}
Jun 11 03:01:57.326955 np0000002555 devstack@g-api.service[101956]: DEBUG glance_store.location [-] Registering scheme swift+https with {'store': , 'location_class': , 'store_entry': 'swift'} {{(pid=101956) register_scheme_map /opt/stack/data/venv/lib/python3.12/site-packages/glance_store/location.py:146}}
Jun 11 03:01:57.327004 np0000002555 devstack@g-api.service[101956]: DEBUG glance_store.location [-] Registering scheme swift with {'store': , 'location_class': , 'store_entry': 'swift'} {{(pid=101956) register_scheme_map /opt/stack/data/venv/lib/python3.12/site-packages/glance_store/location.py:146}}
Jun 11 03:01:57.327050 np0000002555 devstack@g-api.service[101956]: DEBUG glance_store.location [-] Registering scheme swift+http with {'store': , 'location_class': , 'store_entry': 'swift'} {{(pid=101956) register_scheme_map /opt/stack/data/venv/lib/python3.12/site-packages/glance_store/location.py:146}}
Jun 11 03:01:57.327151 np0000002555 devstack@g-api.service[101956]: DEBUG glance_store.location [-] Registering scheme swift+https with {'store': , 'location_class': , 'store_entry': 'swift'} {{(pid=101956) register_scheme_map /opt/stack/data/venv/lib/python3.12/site-packages/glance_store/location.py:146}}
Jun 11 03:01:57.327213 np0000002555 devstack@g-api.service[101956]: DEBUG glance_store.location [-] Registering scheme swift with {'store': , 'location_class': , 'store_entry': 'swift'} {{(pid=101956) register_scheme_map /opt/stack/data/venv/lib/python3.12/site-packages/glance_store/location.py:146}}
Jun 11 03:01:57.327266 np0000002555 devstack@g-api.service[101956]: DEBUG glance_store.location [-] Registering scheme swift+http with {'store': , 'location_class': , 'store_entry': 'swift'} {{(pid=101956) register_scheme_map /opt/stack/data/venv/lib/python3.12/site-packages/glance_store/location.py:146}}
Jun 11 03:01:57.327315 np0000002555 devstack@g-api.service[101956]: DEBUG glance_store.location [-] Registering scheme swift+config with {'store': , 'location_class': , 'store_entry': 'swift'} {{(pid=101956) register_scheme_map /opt/stack/data/venv/lib/python3.12/site-packages/glance_store/location.py:146}}
Jun 11 03:01:57.327579 np0000002555 devstack@g-api.service[101956]: DEBUG glance.sqlite_migration [-] SQLite caching database not located, skipping migration {{(pid=101956) get_db_path /opt/stack/glance/glance/sqlite_migration.py:68}}
Jun 11 03:01:57.327766 np0000002555 devstack@g-api.service[101956]: WARNING glance.common.wsgi_app [-] Import methods are enabled but staging directory /tmp/staging/ does not exist; Imports will fail!
Jun 11 03:01:57.510041 np0000002555 devstack@g-api.service[101957]: DEBUG glance.common.config [None req-642f9a19-461a-4437-b672-4ac056a3120d None None] Loading glance-api-keystone+cachemanagement from /etc/glance/glance-api-paste.ini {{(pid=101957) load_paste_app /opt/stack/glance/glance/common/config.py:758}}
Jun 11 03:01:57.580514 np0000002555 devstack@g-api.service[101955]: DEBUG glance.common.config [None req-3389b451-6d52-4fba-8163-be30ae155b20 None None] Loading glance-api-keystone+cachemanagement from /etc/glance/glance-api-paste.ini {{(pid=101955) load_paste_app /opt/stack/glance/glance/common/config.py:758}}
Jun 11 03:01:57.586654 np0000002555 devstack@g-api.service[101956]: DEBUG glance.common.config [None req-d4026250-e114-4b3d-97bb-d021682fe8cb None None] Loading glance-api-keystone+cachemanagement from /etc/glance/glance-api-paste.ini {{(pid=101956) load_paste_app /opt/stack/glance/glance/common/config.py:758}}
Jun 11 03:01:58.074375 np0000002555 devstack@g-api.service[101957]: INFO glance.image_cache [None req-642f9a19-461a-4437-b672-4ac056a3120d None None] Image cache loaded driver 'centralized_db'.
Jun 11 03:01:58.086597 np0000002555 devstack@g-api.service[101956]: INFO glance.image_cache [None req-d4026250-e114-4b3d-97bb-d021682fe8cb None None] Image cache loaded driver 'centralized_db'.
Jun 11 03:01:58.091449 np0000002555 devstack@g-api.service[101955]: INFO glance.image_cache [None req-3389b451-6d52-4fba-8163-be30ae155b20 None None] Image cache loaded driver 'centralized_db'.
Jun 11 03:01:58.116979 np0000002555 devstack@g-api.service[101957]: INFO dbcounter [None req-642f9a19-461a-4437-b672-4ac056a3120d None None] Registered counter for database glance
Jun 11 03:01:58.137573 np0000002555 devstack@g-api.service[101955]: INFO dbcounter [None req-3389b451-6d52-4fba-8163-be30ae155b20 None None] Registered counter for database glance
Jun 11 03:01:58.139602 np0000002555 devstack@g-api.service[101956]: INFO dbcounter [None req-d4026250-e114-4b3d-97bb-d021682fe8cb None None] Registered counter for database glance
Jun 11 03:01:58.159262 np0000002555 devstack@g-api.service[101957]: DEBUG oslo_db.sqlalchemy.engines [None req-642f9a19-461a-4437-b672-4ac056a3120d None None] MySQL server mode set to STRICT_TRANS_TABLES,STRICT_ALL_TABLES,NO_ZERO_IN_DATE,NO_ZERO_DATE,ERROR_FOR_DIVISION_BY_ZERO,TRADITIONAL,NO_ENGINE_SUBSTITUTION {{(pid=101957) _check_effective_sql_mode /opt/stack/data/venv/lib/python3.12/site-packages/oslo_db/sqlalchemy/engines.py:325}}
Jun 11 03:01:58.180532 np0000002555 devstack@g-api.service[101955]: DEBUG oslo_db.sqlalchemy.engines [None req-3389b451-6d52-4fba-8163-be30ae155b20 None None] MySQL server mode set to STRICT_TRANS_TABLES,STRICT_ALL_TABLES,NO_ZERO_IN_DATE,NO_ZERO_DATE,ERROR_FOR_DIVISION_BY_ZERO,TRADITIONAL,NO_ENGINE_SUBSTITUTION {{(pid=101955) _check_effective_sql_mode /opt/stack/data/venv/lib/python3.12/site-packages/oslo_db/sqlalchemy/engines.py:325}}
Jun 11 03:01:58.181654 np0000002555 devstack@g-api.service[101957]: DEBUG dbcounter [-] [101957] Writer thread running {{(pid=101957) stat_writer /opt/stack/data/venv/lib/python3.12/site-packages/dbcounter.py:102}}
Jun 11 03:01:58.183798 np0000002555 devstack@g-api.service[101956]: DEBUG oslo_db.sqlalchemy.engines [None req-d4026250-e114-4b3d-97bb-d021682fe8cb None None] MySQL server mode set to STRICT_TRANS_TABLES,STRICT_ALL_TABLES,NO_ZERO_IN_DATE,NO_ZERO_DATE,ERROR_FOR_DIVISION_BY_ZERO,TRADITIONAL,NO_ENGINE_SUBSTITUTION {{(pid=101956) _check_effective_sql_mode /opt/stack/data/venv/lib/python3.12/site-packages/oslo_db/sqlalchemy/engines.py:325}}
Jun 11 03:01:58.192283 np0000002555 devstack@g-api.service[101957]: INFO glance.image_cache [None req-642f9a19-461a-4437-b672-4ac056a3120d None None] Image cache loaded driver 'centralized_db'.
Jun 11 03:01:58.198767 np0000002555 devstack@g-api.service[101957]: DEBUG glance.image_cache.drivers.centralized_db [None req-642f9a19-461a-4437-b672-4ac056a3120d None None] Node reference is already recorded, ignoring it {{(pid=101957) configure /opt/stack/glance/glance/image_cache/drivers/centralized_db.py:71}}
Jun 11 03:01:58.202202 np0000002555 devstack@g-api.service[101955]: DEBUG dbcounter [-] [101955] Writer thread running {{(pid=101955) stat_writer /opt/stack/data/venv/lib/python3.12/site-packages/dbcounter.py:102}}
Jun 11 03:01:58.203404 np0000002555 devstack@g-api.service[101956]: DEBUG dbcounter [-] [101956] Writer thread running {{(pid=101956) stat_writer /opt/stack/data/venv/lib/python3.12/site-packages/dbcounter.py:102}}
Jun 11 03:01:58.204076 np0000002555 devstack@g-api.service[101957]: DEBUG glance.api.v2.cached_images [None req-642f9a19-461a-4437-b672-4ac056a3120d None None] Started cache worker thread {{(pid=101957) __init__ /opt/stack/glance/glance/api/v2/cached_images.py:69}}
Jun 11 03:01:58.204661 np0000002555 devstack@g-api.service[101955]: DEBUG glance.image_cache.drivers.centralized_db [None req-3389b451-6d52-4fba-8163-be30ae155b20 None None] Node reference is already recorded, ignoring it {{(pid=101955) configure /opt/stack/glance/glance/image_cache/drivers/centralized_db.py:71}}
Jun 11 03:01:58.204841 np0000002555 devstack@g-api.service[101957]: INFO glance.image_cache [None req-642f9a19-461a-4437-b672-4ac056a3120d None None] Image cache loaded driver 'centralized_db'.
Jun 11 03:01:58.205654 np0000002555 devstack@g-api.service[101956]: DEBUG glance.image_cache.drivers.centralized_db [None req-d4026250-e114-4b3d-97bb-d021682fe8cb None None] Node reference is already recorded, ignoring it {{(pid=101956) configure /opt/stack/glance/glance/image_cache/drivers/centralized_db.py:71}}
Jun 11 03:01:58.209468 np0000002555 devstack@g-api.service[101955]: INFO glance.image_cache [None req-3389b451-6d52-4fba-8163-be30ae155b20 None None] Image cache loaded driver 'centralized_db'.
Jun 11 03:01:58.210558 np0000002555 devstack@g-api.service[101956]: INFO glance.image_cache [None req-d4026250-e114-4b3d-97bb-d021682fe8cb None None] Image cache loaded driver 'centralized_db'.
Jun 11 03:01:58.211420 np0000002555 devstack@g-api.service[101957]: DEBUG glance.image_cache.drivers.centralized_db [None req-642f9a19-461a-4437-b672-4ac056a3120d None None] Node reference is already recorded, ignoring it {{(pid=101957) configure /opt/stack/glance/glance/image_cache/drivers/centralized_db.py:71}}
Jun 11 03:01:58.215682 np0000002555 devstack@g-api.service[101957]: INFO glance.api.middleware.cache_manage [None req-642f9a19-461a-4437-b672-4ac056a3120d None None] Initialized image cache management middleware
Jun 11 03:01:58.215806 np0000002555 devstack@g-api.service[101957]: INFO glance.image_cache [None req-642f9a19-461a-4437-b672-4ac056a3120d None None] Image cache loaded driver 'centralized_db'.
Jun 11 03:01:58.217048 np0000002555 devstack@g-api.service[101955]: DEBUG glance.image_cache.drivers.centralized_db [None req-3389b451-6d52-4fba-8163-be30ae155b20 None None] Node reference is already recorded, ignoring it {{(pid=101955) configure /opt/stack/glance/glance/image_cache/drivers/centralized_db.py:71}}
Jun 11 03:01:58.217498 np0000002555 devstack@g-api.service[101956]: DEBUG glance.image_cache.drivers.centralized_db [None req-d4026250-e114-4b3d-97bb-d021682fe8cb None None] Node reference is already recorded, ignoring it {{(pid=101956) configure /opt/stack/glance/glance/image_cache/drivers/centralized_db.py:71}}
Jun 11 03:01:58.221335 np0000002555 devstack@g-api.service[101955]: DEBUG glance.api.v2.cached_images [None req-3389b451-6d52-4fba-8163-be30ae155b20 None None] Started cache worker thread {{(pid=101955) __init__ /opt/stack/glance/glance/api/v2/cached_images.py:69}}
Jun 11 03:01:58.221877 np0000002555 devstack@g-api.service[101955]: INFO glance.image_cache [None req-3389b451-6d52-4fba-8163-be30ae155b20 None None] Image cache loaded driver 'centralized_db'.
Jun 11 03:01:58.221995 np0000002555 devstack@g-api.service[101956]: DEBUG glance.api.v2.cached_images [None req-d4026250-e114-4b3d-97bb-d021682fe8cb None None] Started cache worker thread {{(pid=101956) __init__ /opt/stack/glance/glance/api/v2/cached_images.py:69}}
Jun 11 03:01:58.222521 np0000002555 devstack@g-api.service[101956]: INFO glance.image_cache [None req-d4026250-e114-4b3d-97bb-d021682fe8cb None None] Image cache loaded driver 'centralized_db'.
Jun 11 03:01:58.222793 np0000002555 devstack@g-api.service[101957]: DEBUG glance.image_cache.drivers.centralized_db [None req-642f9a19-461a-4437-b672-4ac056a3120d None None] Node reference is already recorded, ignoring it {{(pid=101957) configure /opt/stack/glance/glance/image_cache/drivers/centralized_db.py:71}}
Jun 11 03:01:58.226012 np0000002555 devstack@g-api.service[101957]: INFO glance.api.middleware.cache [None req-642f9a19-461a-4437-b672-4ac056a3120d None None] Initialized image cache middleware
Jun 11 03:01:58.228122 np0000002555 devstack@g-api.service[101955]: DEBUG glance.image_cache.drivers.centralized_db [None req-3389b451-6d52-4fba-8163-be30ae155b20 None None] Node reference is already recorded, ignoring it {{(pid=101955) configure /opt/stack/glance/glance/image_cache/drivers/centralized_db.py:71}}
Jun 11 03:01:58.228645 np0000002555 devstack@g-api.service[101956]: DEBUG glance.image_cache.drivers.centralized_db [None req-d4026250-e114-4b3d-97bb-d021682fe8cb None None] Node reference is already recorded, ignoring it {{(pid=101956) configure /opt/stack/glance/glance/image_cache/drivers/centralized_db.py:71}}
Jun 11 03:01:58.232321 np0000002555 devstack@g-api.service[101955]: INFO glance.api.middleware.cache_manage [None req-3389b451-6d52-4fba-8163-be30ae155b20 None None] Initialized image cache management middleware
Jun 11 03:01:58.232453 np0000002555 devstack@g-api.service[101955]: INFO glance.image_cache [None req-3389b451-6d52-4fba-8163-be30ae155b20 None None] Image cache loaded driver 'centralized_db'.
Jun 11 03:01:58.233352 np0000002555 devstack@g-api.service[101956]: INFO glance.api.middleware.cache_manage [None req-d4026250-e114-4b3d-97bb-d021682fe8cb None None] Initialized image cache management middleware
Jun 11 03:01:58.233490 np0000002555 devstack@g-api.service[101956]: INFO glance.image_cache [None req-d4026250-e114-4b3d-97bb-d021682fe8cb None None] Image cache loaded driver 'centralized_db'.
Jun 11 03:01:58.325860 np0000002555 devstack@g-api.service[101955]: DEBUG glance.image_cache.drivers.centralized_db [None req-3389b451-6d52-4fba-8163-be30ae155b20 None None] Node reference is already recorded, ignoring it {{(pid=101955) configure /opt/stack/glance/glance/image_cache/drivers/centralized_db.py:71}}
Jun 11 03:01:58.328577 np0000002555 devstack@g-api.service[101957]: DEBUG glance.common.config [None req-642f9a19-461a-4437-b672-4ac056a3120d None None] ******************************************************************************** {{(pid=101957) log_opt_values /opt/stack/data/venv/lib/python3.12/site-packages/oslo_config/cfg.py:3229}}
Jun 11 03:01:58.328667 np0000002555 devstack@g-api.service[101957]: DEBUG glance.common.config [None req-642f9a19-461a-4437-b672-4ac056a3120d None None] Configuration options gathered from: {{(pid=101957) log_opt_values /opt/stack/data/venv/lib/python3.12/site-packages/oslo_config/cfg.py:3230}}
Jun 11 03:01:58.328954 np0000002555 devstack@g-api.service[101957]: DEBUG glance.common.config [None req-642f9a19-461a-4437-b672-4ac056a3120d None None] command line args: [] {{(pid=101957) log_opt_values /opt/stack/data/venv/lib/python3.12/site-packages/oslo_config/cfg.py:3231}}
Jun 11 03:01:58.329077 np0000002555 devstack@g-api.service[101957]: DEBUG glance.common.config [None req-642f9a19-461a-4437-b672-4ac056a3120d None None] config files: ['/etc/glance/glance-image-import.conf', '/etc/glance/glance-api.conf'] {{(pid=101957) log_opt_values /opt/stack/data/venv/lib/python3.12/site-packages/oslo_config/cfg.py:3232}}
Jun 11 03:01:58.329133 np0000002555 devstack@g-api.service[101957]: DEBUG glance.common.config [None req-642f9a19-461a-4437-b672-4ac056a3120d None None] ================================================================================ {{(pid=101957) log_opt_values /opt/stack/data/venv/lib/python3.12/site-packages/oslo_config/cfg.py:3237}}
Jun 11 03:01:58.329312 np0000002555 devstack@g-api.service[101957]: DEBUG glance.common.config [None req-642f9a19-461a-4437-b672-4ac056a3120d None None] allow_anonymous_access = False {{(pid=101957) log_opt_values /opt/stack/data/venv/lib/python3.12/site-packages/oslo_config/cfg.py:3245}}
Jun 11 03:01:58.329411 np0000002555 devstack@g-api.service[101957]: DEBUG glance.common.config [None req-642f9a19-461a-4437-b672-4ac056a3120d None None] api_limit_max = 1000 {{(pid=101957) log_opt_values /opt/stack/data/venv/lib/python3.12/site-packages/oslo_config/cfg.py:3245}}
Jun 11 03:01:58.329481 np0000002555 devstack@g-api.service[101955]: INFO glance.api.middleware.cache [None req-3389b451-6d52-4fba-8163-be30ae155b20 None None] Initialized image cache middleware
Jun 11 03:01:58.329530 np0000002555 devstack@g-api.service[101957]: DEBUG glance.common.config [None req-642f9a19-461a-4437-b672-4ac056a3120d None None] backlog = 4096 {{(pid=101957) log_opt_values /opt/stack/data/venv/lib/python3.12/site-packages/oslo_config/cfg.py:3245}}
Jun 11 03:01:58.329623 np0000002555 devstack@g-api.service[101957]: DEBUG glance.common.config [None req-642f9a19-461a-4437-b672-4ac056a3120d None None] bind_host = 0.0.0.0 {{(pid=101957) log_opt_values /opt/stack/data/venv/lib/python3.12/site-packages/oslo_config/cfg.py:3245}}
Jun 11 03:01:58.329735 np0000002555 devstack@g-api.service[101957]: DEBUG glance.common.config [None req-642f9a19-461a-4437-b672-4ac056a3120d None None] bind_port = 19292 {{(pid=101957) log_opt_values /opt/stack/data/venv/lib/python3.12/site-packages/oslo_config/cfg.py:3245}}
Jun 11 03:01:58.329828 np0000002555 devstack@g-api.service[101957]: DEBUG glance.common.config [None req-642f9a19-461a-4437-b672-4ac056a3120d None None] client_socket_timeout = 900 {{(pid=101957) log_opt_values /opt/stack/data/venv/lib/python3.12/site-packages/oslo_config/cfg.py:3245}}
Jun 11 03:01:58.329937 np0000002555 devstack@g-api.service[101957]: DEBUG glance.common.config [None req-642f9a19-461a-4437-b672-4ac056a3120d None None] config_dir = [] {{(pid=101957) log_opt_values /opt/stack/data/venv/lib/python3.12/site-packages/oslo_config/cfg.py:3245}}
Jun 11 03:01:58.330003 np0000002555 devstack@g-api.service[101957]: DEBUG glance.common.config [None req-642f9a19-461a-4437-b672-4ac056a3120d None None] config_file = ['/etc/glance/glance-image-import.conf', '/etc/glance/glance-api.conf'] {{(pid=101957) log_opt_values /opt/stack/data/venv/lib/python3.12/site-packages/oslo_config/cfg.py:3245}}
Jun 11 03:01:58.330097 np0000002555 devstack@g-api.service[101957]: DEBUG glance.common.config [None req-642f9a19-461a-4437-b672-4ac056a3120d None None] config_source = [] {{(pid=101957) log_opt_values /opt/stack/data/venv/lib/python3.12/site-packages/oslo_config/cfg.py:3245}}
Jun 11 03:01:58.330237 np0000002555 devstack@g-api.service[101957]: DEBUG glance.common.config [None req-642f9a19-461a-4437-b672-4ac056a3120d None None] control_exchange = glance {{(pid=101957) log_opt_values /opt/stack/data/venv/lib/python3.12/site-packages/oslo_config/cfg.py:3245}}
Jun 11 03:01:58.330335 np0000002555 devstack@g-api.service[101957]: DEBUG glance.common.config [None req-642f9a19-461a-4437-b672-4ac056a3120d None None] debug = True {{(pid=101957) log_opt_values /opt/stack/data/venv/lib/python3.12/site-packages/oslo_config/cfg.py:3245}}
Jun 11 03:01:58.330495 np0000002555 devstack@g-api.service[101957]: DEBUG glance.common.config [None req-642f9a19-461a-4437-b672-4ac056a3120d None None] default_log_levels = ['amqp=WARN', 'boto=WARN', 'sqlalchemy=WARN', 'suds=INFO', 'oslo.messaging=INFO', 'oslo_messaging=INFO', 'iso8601=WARN', 'requests.packages.urllib3.connectionpool=WARN', 'urllib3.connectionpool=WARN', 'websocket=WARN', 'requests.packages.urllib3.util.retry=WARN', 'urllib3.util.retry=WARN', 'keystonemiddleware=WARN', 'routes.middleware=WARN', 'stevedore=WARN', 'taskflow=WARN', 'keystoneauth=WARN', 'oslo.cache=INFO', 'oslo_policy=INFO', 'dogpile.core.dogpile=INFO'] {{(pid=101957) log_opt_values /opt/stack/data/venv/lib/python3.12/site-packages/oslo_config/cfg.py:3245}}
Jun 11 03:01:58.330593 np0000002555 devstack@g-api.service[101957]: DEBUG glance.common.config [None req-642f9a19-461a-4437-b672-4ac056a3120d None None] default_publisher_id = image.localhost {{(pid=101957) log_opt_values /opt/stack/data/venv/lib/python3.12/site-packages/oslo_config/cfg.py:3245}}
Jun 11 03:01:58.330670 np0000002555 devstack@g-api.service[101957]: DEBUG glance.common.config [None req-642f9a19-461a-4437-b672-4ac056a3120d None None] delayed_delete = False {{(pid=101957) log_opt_values /opt/stack/data/venv/lib/python3.12/site-packages/oslo_config/cfg.py:3245}}
Jun 11 03:01:58.330762 np0000002555 devstack@g-api.service[101957]: DEBUG glance.common.config [None req-642f9a19-461a-4437-b672-4ac056a3120d None None] digest_algorithm = sha256 {{(pid=101957) log_opt_values /opt/stack/data/venv/lib/python3.12/site-packages/oslo_config/cfg.py:3245}}
Jun 11 03:01:58.330869 np0000002555 devstack@g-api.service[101957]: DEBUG glance.common.config [None req-642f9a19-461a-4437-b672-4ac056a3120d None None] disabled_notifications = [] {{(pid=101957) log_opt_values /opt/stack/data/venv/lib/python3.12/site-packages/oslo_config/cfg.py:3245}}
Jun 11 03:01:58.330998 np0000002555 devstack@g-api.service[101957]: DEBUG glance.common.config [None req-642f9a19-461a-4437-b672-4ac056a3120d None None] do_secure_hash = True {{(pid=101957) log_opt_values /opt/stack/data/venv/lib/python3.12/site-packages/oslo_config/cfg.py:3245}}
Jun 11 03:01:58.331085 np0000002555 devstack@g-api.service[101957]: DEBUG glance.common.config [None req-642f9a19-461a-4437-b672-4ac056a3120d None None] enabled_backends = None {{(pid=101957) log_opt_values /opt/stack/data/venv/lib/python3.12/site-packages/oslo_config/cfg.py:3245}}
Jun 11 03:01:58.331212 np0000002555 devstack@g-api.service[101957]: DEBUG glance.common.config [None req-642f9a19-461a-4437-b672-4ac056a3120d None None] enabled_import_methods = ['glance-direct', 'web-download', 'copy-image'] {{(pid=101957) log_opt_values /opt/stack/data/venv/lib/python3.12/site-packages/oslo_config/cfg.py:3245}}
Jun 11 03:01:58.331300 np0000002555 devstack@g-api.service[101957]: DEBUG glance.common.config [None req-642f9a19-461a-4437-b672-4ac056a3120d None None] fatal_deprecations = False {{(pid=101957) log_opt_values /opt/stack/data/venv/lib/python3.12/site-packages/oslo_config/cfg.py:3245}}
Jun 11 03:01:58.331390 np0000002555 devstack@g-api.service[101957]: DEBUG glance.common.config [None req-642f9a19-461a-4437-b672-4ac056a3120d None None] hashing_algorithm = sha512 {{(pid=101957) log_opt_values /opt/stack/data/venv/lib/python3.12/site-packages/oslo_config/cfg.py:3245}}
Jun 11 03:01:58.331477 np0000002555 devstack@g-api.service[101957]: DEBUG glance.common.config [None req-642f9a19-461a-4437-b672-4ac056a3120d None None] http_keepalive = True {{(pid=101957) log_opt_values /opt/stack/data/venv/lib/python3.12/site-packages/oslo_config/cfg.py:3245}}
Jun 11 03:01:58.331559 np0000002555 devstack@g-api.service[101957]: DEBUG glance.common.config [None req-642f9a19-461a-4437-b672-4ac056a3120d None None] http_retries = 3 {{(pid=101957) log_opt_values /opt/stack/data/venv/lib/python3.12/site-packages/oslo_config/cfg.py:3245}}
Jun 11 03:01:58.331647 np0000002555 devstack@g-api.service[101957]: DEBUG glance.common.config [None req-642f9a19-461a-4437-b672-4ac056a3120d None None] image_cache_dir = /opt/stack/data/glance/cache/ {{(pid=101957) log_opt_values /opt/stack/data/venv/lib/python3.12/site-packages/oslo_config/cfg.py:3245}}
Jun 11 03:01:58.331740 np0000002555 devstack@g-api.service[101957]: DEBUG glance.common.config [None req-642f9a19-461a-4437-b672-4ac056a3120d None None] image_cache_driver = centralized_db {{(pid=101957) log_opt_values /opt/stack/data/venv/lib/python3.12/site-packages/oslo_config/cfg.py:3245}}
Jun 11 03:01:58.331827 np0000002555 devstack@g-api.service[101957]: DEBUG glance.common.config [None req-642f9a19-461a-4437-b672-4ac056a3120d None None] image_cache_max_size = 10737418240 {{(pid=101957) log_opt_values /opt/stack/data/venv/lib/python3.12/site-packages/oslo_config/cfg.py:3245}}
Jun 11 03:01:58.331937 np0000002555 devstack@g-api.service[101957]: DEBUG glance.common.config [None req-642f9a19-461a-4437-b672-4ac056a3120d None None] image_cache_sqlite_db = cache.db {{(pid=101957) log_opt_values /opt/stack/data/venv/lib/python3.12/site-packages/oslo_config/cfg.py:3245}}
Jun 11 03:01:58.331979 np0000002555 devstack@g-api.service[101956]: DEBUG glance.image_cache.drivers.centralized_db [None req-d4026250-e114-4b3d-97bb-d021682fe8cb None None] Node reference is already recorded, ignoring it {{(pid=101956) configure /opt/stack/glance/glance/image_cache/drivers/centralized_db.py:71}}
Jun 11 03:01:58.332024 np0000002555 devstack@g-api.service[101957]: DEBUG glance.common.config [None req-642f9a19-461a-4437-b672-4ac056a3120d None None] image_cache_stall_time = 86400 {{(pid=101957) log_opt_values /opt/stack/data/venv/lib/python3.12/site-packages/oslo_config/cfg.py:3245}}
Jun 11 03:01:58.332105 np0000002555 devstack@g-api.service[101957]: DEBUG glance.common.config [None req-642f9a19-461a-4437-b672-4ac056a3120d None None] image_location_quota = 10 {{(pid=101957) log_opt_values /opt/stack/data/venv/lib/python3.12/site-packages/oslo_config/cfg.py:3245}}
Jun 11 03:01:58.332208 np0000002555 devstack@g-api.service[101957]: DEBUG glance.common.config [None req-642f9a19-461a-4437-b672-4ac056a3120d None None] image_member_quota = 128 {{(pid=101957) log_opt_values /opt/stack/data/venv/lib/python3.12/site-packages/oslo_config/cfg.py:3245}}
Jun 11 03:01:58.332295 np0000002555 devstack@g-api.service[101957]: DEBUG glance.common.config [None req-642f9a19-461a-4437-b672-4ac056a3120d None None] image_property_quota = 128 {{(pid=101957) log_opt_values /opt/stack/data/venv/lib/python3.12/site-packages/oslo_config/cfg.py:3245}}
Jun 11 03:01:58.332380 np0000002555 devstack@g-api.service[101957]: DEBUG glance.common.config [None req-642f9a19-461a-4437-b672-4ac056a3120d None None] image_size_cap = 1099511627776 {{(pid=101957) log_opt_values /opt/stack/data/venv/lib/python3.12/site-packages/oslo_config/cfg.py:3245}}
Jun 11 03:01:58.332462 np0000002555 devstack@g-api.service[101957]: DEBUG glance.common.config [None req-642f9a19-461a-4437-b672-4ac056a3120d None None] image_tag_quota = 128 {{(pid=101957) log_opt_values /opt/stack/data/venv/lib/python3.12/site-packages/oslo_config/cfg.py:3245}}
Jun 11 03:01:58.332551 np0000002555 devstack@g-api.service[101957]: DEBUG glance.common.config [None req-642f9a19-461a-4437-b672-4ac056a3120d None None] instance_format = [instance: %(uuid)s] {{(pid=101957) log_opt_values /opt/stack/data/venv/lib/python3.12/site-packages/oslo_config/cfg.py:3245}}
Jun 11 03:01:58.332641 np0000002555 devstack@g-api.service[101957]: DEBUG glance.common.config [None req-642f9a19-461a-4437-b672-4ac056a3120d None None] instance_uuid_format = [instance: %(uuid)s] {{(pid=101957) log_opt_values /opt/stack/data/venv/lib/python3.12/site-packages/oslo_config/cfg.py:3245}}
Jun 11 03:01:58.332728 np0000002555 devstack@g-api.service[101957]: DEBUG glance.common.config [None req-642f9a19-461a-4437-b672-4ac056a3120d None None] limit_param_default = 25 {{(pid=101957) log_opt_values /opt/stack/data/venv/lib/python3.12/site-packages/oslo_config/cfg.py:3245}}
Jun 11 03:01:58.332821 np0000002555 devstack@g-api.service[101957]: DEBUG glance.common.config [None req-642f9a19-461a-4437-b672-4ac056a3120d None None] log_color = False {{(pid=101957) log_opt_values /opt/stack/data/venv/lib/python3.12/site-packages/oslo_config/cfg.py:3245}}
Jun 11 03:01:58.332925 np0000002555 devstack@g-api.service[101957]: DEBUG glance.common.config [None req-642f9a19-461a-4437-b672-4ac056a3120d None None] log_config_append = None {{(pid=101957) log_opt_values /opt/stack/data/venv/lib/python3.12/site-packages/oslo_config/cfg.py:3245}}
Jun 11 03:01:58.333083 np0000002555 devstack@g-api.service[101957]: DEBUG glance.common.config [None req-642f9a19-461a-4437-b672-4ac056a3120d None None] log_date_format = %Y-%m-%d %H:%M:%S {{(pid=101957) log_opt_values /opt/stack/data/venv/lib/python3.12/site-packages/oslo_config/cfg.py:3245}}
Jun 11 03:01:58.333253 np0000002555 devstack@g-api.service[101957]: DEBUG glance.common.config [None req-642f9a19-461a-4437-b672-4ac056a3120d None None] log_dir = None {{(pid=101957) log_opt_values /opt/stack/data/venv/lib/python3.12/site-packages/oslo_config/cfg.py:3245}}
Jun 11 03:01:58.333352 np0000002555 devstack@g-api.service[101957]: DEBUG glance.common.config [None req-642f9a19-461a-4437-b672-4ac056a3120d None None] log_file = None {{(pid=101957) log_opt_values /opt/stack/data/venv/lib/python3.12/site-packages/oslo_config/cfg.py:3245}}
Jun 11 03:01:58.333441 np0000002555 devstack@g-api.service[101957]: DEBUG glance.common.config [None req-642f9a19-461a-4437-b672-4ac056a3120d None None] log_rotate_interval = 1 {{(pid=101957) log_opt_values /opt/stack/data/venv/lib/python3.12/site-packages/oslo_config/cfg.py:3245}}
Jun 11 03:01:58.333573 np0000002555 devstack@g-api.service[101957]: DEBUG glance.common.config [None req-642f9a19-461a-4437-b672-4ac056a3120d None None] log_rotate_interval_type = days {{(pid=101957) log_opt_values /opt/stack/data/venv/lib/python3.12/site-packages/oslo_config/cfg.py:3245}}
Jun 11 03:01:58.333624 np0000002555 devstack@g-api.service[101957]: DEBUG glance.common.config [None req-642f9a19-461a-4437-b672-4ac056a3120d None None] log_rotation_type = none {{(pid=101957) log_opt_values /opt/stack/data/venv/lib/python3.12/site-packages/oslo_config/cfg.py:3245}}
Jun 11 03:01:58.333684 np0000002555 devstack@g-api.service[101957]: DEBUG glance.common.config [None req-642f9a19-461a-4437-b672-4ac056a3120d None None] logging_context_format_string = %(color)s%(levelname)s %(name)s [%(global_request_id)s %(request_id)s %(project_name)s %(user_name)s%(color)s] %(instance)s%(color)s%(message)s {{(pid=101957) log_opt_values /opt/stack/data/venv/lib/python3.12/site-packages/oslo_config/cfg.py:3245}}
Jun 11 03:01:58.333752 np0000002555 devstack@g-api.service[101957]: DEBUG glance.common.config [None req-642f9a19-461a-4437-b672-4ac056a3120d None None] logging_debug_format_suffix = {{(pid=%(process)d) %(funcName)s %(pathname)s:%(lineno)d}} {{(pid=101957) log_opt_values /opt/stack/data/venv/lib/python3.12/site-packages/oslo_config/cfg.py:3245}}
Jun 11 03:01:58.333930 np0000002555 devstack@g-api.service[101957]: DEBUG glance.common.config [None req-642f9a19-461a-4437-b672-4ac056a3120d None None] logging_default_format_string = %(color)s%(levelname)s %(name)s [-%(color)s] %(instance)s%(color)s%(message)s {{(pid=101957) log_opt_values /opt/stack/data/venv/lib/python3.12/site-packages/oslo_config/cfg.py:3245}}
Jun 11 03:01:58.333983 np0000002555 devstack@g-api.service[101957]: DEBUG glance.common.config [None req-642f9a19-461a-4437-b672-4ac056a3120d None None] logging_exception_prefix = ERROR %(name)s %(instance)s {{(pid=101957) log_opt_values /opt/stack/data/venv/lib/python3.12/site-packages/oslo_config/cfg.py:3245}}
Jun 11 03:01:58.334028 np0000002555 devstack@g-api.service[101957]: DEBUG glance.common.config [None req-642f9a19-461a-4437-b672-4ac056a3120d None None] logging_user_identity_format = %(user)s %(project)s %(domain)s %(system_scope)s %(user_domain)s %(project_domain)s {{(pid=101957) log_opt_values /opt/stack/data/venv/lib/python3.12/site-packages/oslo_config/cfg.py:3245}}
Jun 11 03:01:58.334100 np0000002555 devstack@g-api.service[101957]: DEBUG glance.common.config [None req-642f9a19-461a-4437-b672-4ac056a3120d None None] max_header_line = 16384 {{(pid=101957) log_opt_values /opt/stack/data/venv/lib/python3.12/site-packages/oslo_config/cfg.py:3245}}
Jun 11 03:01:58.334202 np0000002555 devstack@g-api.service[101957]: DEBUG glance.common.config [None req-642f9a19-461a-4437-b672-4ac056a3120d None None] max_logfile_count = 30 {{(pid=101957) log_opt_values /opt/stack/data/venv/lib/python3.12/site-packages/oslo_config/cfg.py:3245}}
Jun 11 03:01:58.334289 np0000002555 devstack@g-api.service[101957]: DEBUG glance.common.config [None req-642f9a19-461a-4437-b672-4ac056a3120d None None] max_logfile_size_mb = 200 {{(pid=101957) log_opt_values /opt/stack/data/venv/lib/python3.12/site-packages/oslo_config/cfg.py:3245}}
Jun 11 03:01:58.334372 np0000002555 devstack@g-api.service[101957]: DEBUG glance.common.config [None req-642f9a19-461a-4437-b672-4ac056a3120d None None] max_request_id_length = 64 {{(pid=101957) log_opt_values /opt/stack/data/venv/lib/python3.12/site-packages/oslo_config/cfg.py:3245}}
Jun 11 03:01:58.334457 np0000002555 devstack@g-api.service[101957]: DEBUG glance.common.config [None req-642f9a19-461a-4437-b672-4ac056a3120d None None] metadata_encryption_key = **** {{(pid=101957) log_opt_values /opt/stack/data/venv/lib/python3.12/site-packages/oslo_config/cfg.py:3245}}
Jun 11 03:01:58.334572 np0000002555 devstack@g-api.service[101957]: DEBUG glance.common.config [None req-642f9a19-461a-4437-b672-4ac056a3120d None None] node_staging_uri = file:///tmp/staging/ {{(pid=101957) log_opt_values /opt/stack/data/venv/lib/python3.12/site-packages/oslo_config/cfg.py:3245}}
Jun 11 03:01:58.334620 np0000002555 devstack@g-api.service[101957]: DEBUG glance.common.config [None req-642f9a19-461a-4437-b672-4ac056a3120d None None] property_protection_file = None {{(pid=101957) log_opt_values /opt/stack/data/venv/lib/python3.12/site-packages/oslo_config/cfg.py:3245}}
Jun 11 03:01:58.334711 np0000002555 devstack@g-api.service[101957]: DEBUG glance.common.config [None req-642f9a19-461a-4437-b672-4ac056a3120d None None] property_protection_rule_format = roles {{(pid=101957) log_opt_values /opt/stack/data/venv/lib/python3.12/site-packages/oslo_config/cfg.py:3245}}
Jun 11 03:01:58.334823 np0000002555 devstack@g-api.service[101957]: DEBUG glance.common.config [None req-642f9a19-461a-4437-b672-4ac056a3120d None None] public_endpoint = https://10.4.3.113/image {{(pid=101957) log_opt_values /opt/stack/data/venv/lib/python3.12/site-packages/oslo_config/cfg.py:3245}}
Jun 11 03:01:58.334927 np0000002555 devstack@g-api.service[101957]: DEBUG glance.common.config [None req-642f9a19-461a-4437-b672-4ac056a3120d None None] publish_errors = False {{(pid=101957) log_opt_values /opt/stack/data/venv/lib/python3.12/site-packages/oslo_config/cfg.py:3245}}
Jun 11 03:01:58.335012 np0000002555 devstack@g-api.service[101957]: DEBUG glance.common.config [None req-642f9a19-461a-4437-b672-4ac056a3120d None None] pydev_worker_debug_host = None {{(pid=101957) log_opt_values /opt/stack/data/venv/lib/python3.12/site-packages/oslo_config/cfg.py:3245}}
Jun 11 03:01:58.335098 np0000002555 devstack@g-api.service[101957]: DEBUG glance.common.config [None req-642f9a19-461a-4437-b672-4ac056a3120d None None] pydev_worker_debug_port = 5678 {{(pid=101957) log_opt_values /opt/stack/data/venv/lib/python3.12/site-packages/oslo_config/cfg.py:3245}}
Jun 11 03:01:58.335201 np0000002555 devstack@g-api.service[101957]: DEBUG glance.common.config [None req-642f9a19-461a-4437-b672-4ac056a3120d None None] rate_limit_burst = 0 {{(pid=101957) log_opt_values /opt/stack/data/venv/lib/python3.12/site-packages/oslo_config/cfg.py:3245}}
Jun 11 03:01:58.335293 np0000002555 devstack@g-api.service[101957]: DEBUG glance.common.config [None req-642f9a19-461a-4437-b672-4ac056a3120d None None] rate_limit_except_level = CRITICAL {{(pid=101957) log_opt_values /opt/stack/data/venv/lib/python3.12/site-packages/oslo_config/cfg.py:3245}}
Jun 11 03:01:58.335375 np0000002555 devstack@g-api.service[101957]: DEBUG glance.common.config [None req-642f9a19-461a-4437-b672-4ac056a3120d None None] rate_limit_interval = 0 {{(pid=101957) log_opt_values /opt/stack/data/venv/lib/python3.12/site-packages/oslo_config/cfg.py:3245}}
Jun 11 03:01:58.335455 np0000002555 devstack@g-api.service[101957]: DEBUG glance.common.config [None req-642f9a19-461a-4437-b672-4ac056a3120d None None] scrub_pool_size = 1 {{(pid=101957) log_opt_values /opt/stack/data/venv/lib/python3.12/site-packages/oslo_config/cfg.py:3245}}
Jun 11 03:01:58.335536 np0000002555 devstack@g-api.service[101956]: INFO glance.api.middleware.cache [None req-d4026250-e114-4b3d-97bb-d021682fe8cb None None] Initialized image cache middleware
Jun 11 03:01:58.335578 np0000002555 devstack@g-api.service[101957]: DEBUG glance.common.config [None req-642f9a19-461a-4437-b672-4ac056a3120d None None] scrub_time = 0 {{(pid=101957) log_opt_values /opt/stack/data/venv/lib/python3.12/site-packages/oslo_config/cfg.py:3245}}
Jun 11 03:01:58.335617 np0000002555 devstack@g-api.service[101957]: DEBUG glance.common.config [None req-642f9a19-461a-4437-b672-4ac056a3120d None None] shell_completion = None {{(pid=101957) log_opt_values /opt/stack/data/venv/lib/python3.12/site-packages/oslo_config/cfg.py:3245}}
Jun 11 03:01:58.335700 np0000002555 devstack@g-api.service[101957]: DEBUG glance.common.config [None req-642f9a19-461a-4437-b672-4ac056a3120d None None] show_image_direct_url = False {{(pid=101957) log_opt_values /opt/stack/data/venv/lib/python3.12/site-packages/oslo_config/cfg.py:3245}}
Jun 11 03:01:58.335945 np0000002555 devstack@g-api.service[101957]: WARNING oslo_config.cfg [None req-642f9a19-461a-4437-b672-4ac056a3120d None None] Deprecated: Option "show_multiple_locations" from group "DEFAULT" is deprecated for removal (Use of this option, deprecated since Newton, is a security risk and will be removed once we figure out a way to satisfy those use cases that currently require it. An earlier announcement that the same functionality can be achieved with greater granularity by using policies is incorrect. You cannot work around this option via policy configuration at the present time, though that is the direction we believe the fix will take. Please keep an eye on the Glance release notes to stay up to date on progress in addressing this issue.). Its value may be silently ignored in the future.
Jun 11 03:01:58.336072 np0000002555 devstack@g-api.service[101957]: DEBUG glance.common.config [None req-642f9a19-461a-4437-b672-4ac056a3120d None None] show_multiple_locations = False {{(pid=101957) log_opt_values /opt/stack/data/venv/lib/python3.12/site-packages/oslo_config/cfg.py:3245}}
Jun 11 03:01:58.336186 np0000002555 devstack@g-api.service[101957]: DEBUG glance.common.config [None req-642f9a19-461a-4437-b672-4ac056a3120d None None] syslog_log_facility = LOG_USER {{(pid=101957) log_opt_values /opt/stack/data/venv/lib/python3.12/site-packages/oslo_config/cfg.py:3245}}
Jun 11 03:01:58.336279 np0000002555 devstack@g-api.service[101957]: DEBUG glance.common.config [None req-642f9a19-461a-4437-b672-4ac056a3120d None None] tcp_keepidle = 600 {{(pid=101957) log_opt_values /opt/stack/data/venv/lib/python3.12/site-packages/oslo_config/cfg.py:3245}}
Jun 11 03:01:58.336372 np0000002555 devstack@g-api.service[101957]: DEBUG glance.common.config [None req-642f9a19-461a-4437-b672-4ac056a3120d None None] transport_url = **** {{(pid=101957) log_opt_values /opt/stack/data/venv/lib/python3.12/site-packages/oslo_config/cfg.py:3245}}
Jun 11 03:01:58.336458 np0000002555 devstack@g-api.service[101957]: DEBUG glance.common.config [None req-642f9a19-461a-4437-b672-4ac056a3120d None None] use_journal = False {{(pid=101957) log_opt_values /opt/stack/data/venv/lib/python3.12/site-packages/oslo_config/cfg.py:3245}}
Jun 11 03:01:58.336542 np0000002555 devstack@g-api.service[101957]: DEBUG glance.common.config [None req-642f9a19-461a-4437-b672-4ac056a3120d None None] use_json = False {{(pid=101957) log_opt_values /opt/stack/data/venv/lib/python3.12/site-packages/oslo_config/cfg.py:3245}}
Jun 11 03:01:58.336634 np0000002555 devstack@g-api.service[101957]: DEBUG glance.common.config [None req-642f9a19-461a-4437-b672-4ac056a3120d None None] use_keystone_limits = True {{(pid=101957) log_opt_values /opt/stack/data/venv/lib/python3.12/site-packages/oslo_config/cfg.py:3245}}
Jun 11 03:01:58.336717 np0000002555 devstack@g-api.service[101957]: DEBUG glance.common.config [None req-642f9a19-461a-4437-b672-4ac056a3120d None None] use_stderr = False {{(pid=101957) log_opt_values /opt/stack/data/venv/lib/python3.12/site-packages/oslo_config/cfg.py:3245}}
Jun 11 03:01:58.336827 np0000002555 devstack@g-api.service[101957]: DEBUG glance.common.config [None req-642f9a19-461a-4437-b672-4ac056a3120d None None] use_syslog = False {{(pid=101957) log_opt_values /opt/stack/data/venv/lib/python3.12/site-packages/oslo_config/cfg.py:3245}}
Jun 11 03:01:58.336937 np0000002555 devstack@g-api.service[101957]: DEBUG glance.common.config [None req-642f9a19-461a-4437-b672-4ac056a3120d None None] user_storage_quota = 0 {{(pid=101957) log_opt_values /opt/stack/data/venv/lib/python3.12/site-packages/oslo_config/cfg.py:3245}}
Jun 11 03:01:58.337060 np0000002555 devstack@g-api.service[101957]: DEBUG glance.common.config [None req-642f9a19-461a-4437-b672-4ac056a3120d None None] worker_self_reference_url = http://127.0.0.1:60999 {{(pid=101957) log_opt_values /opt/stack/data/venv/lib/python3.12/site-packages/oslo_config/cfg.py:3245}}
Jun 11 03:01:58.337152 np0000002555 devstack@g-api.service[101957]: DEBUG glance.common.config [None req-642f9a19-461a-4437-b672-4ac056a3120d None None] workers = None {{(pid=101957) log_opt_values /opt/stack/data/venv/lib/python3.12/site-packages/oslo_config/cfg.py:3245}}
Jun 11 03:01:58.337308 np0000002555 devstack@g-api.service[101957]: DEBUG glance.common.config [None req-642f9a19-461a-4437-b672-4ac056a3120d None None] oslo_concurrency.disable_process_locking = False {{(pid=101957) log_opt_values /opt/stack/data/venv/lib/python3.12/site-packages/oslo_config/cfg.py:3256}}
Jun 11 03:01:58.337414 np0000002555 devstack@g-api.service[101957]: DEBUG glance.common.config [None req-642f9a19-461a-4437-b672-4ac056a3120d None None] oslo_concurrency.lock_path = /opt/stack/data/glance/locks {{(pid=101957) log_opt_values /opt/stack/data/venv/lib/python3.12/site-packages/oslo_config/cfg.py:3256}}
Jun 11 03:01:58.337513 np0000002555 devstack@g-api.service[101957]: DEBUG glance.common.config [None req-642f9a19-461a-4437-b672-4ac056a3120d None None] oslo_middleware.enable_proxy_headers_parsing = False {{(pid=101957) log_opt_values /opt/stack/data/venv/lib/python3.12/site-packages/oslo_config/cfg.py:3256}}
Jun 11 03:01:58.337607 np0000002555 devstack@g-api.service[101957]: DEBUG glance.common.config [None req-642f9a19-461a-4437-b672-4ac056a3120d None None] oslo_middleware.http_basic_auth_user_file = /etc/htpasswd {{(pid=101957) log_opt_values /opt/stack/data/venv/lib/python3.12/site-packages/oslo_config/cfg.py:3256}}
Jun 11 03:01:58.337698 np0000002555 devstack@g-api.service[101957]: DEBUG glance.common.config [None req-642f9a19-461a-4437-b672-4ac056a3120d None None] paste_deploy.config_file = None {{(pid=101957) log_opt_values /opt/stack/data/venv/lib/python3.12/site-packages/oslo_config/cfg.py:3256}}
Jun 11 03:01:58.337807 np0000002555 devstack@g-api.service[101957]: DEBUG glance.common.config [None req-642f9a19-461a-4437-b672-4ac056a3120d None None] paste_deploy.flavor = keystone+cachemanagement {{(pid=101957) log_opt_values /opt/stack/data/venv/lib/python3.12/site-packages/oslo_config/cfg.py:3256}}
Jun 11 03:01:58.337965 np0000002555 devstack@g-api.service[101957]: DEBUG glance.common.config [None req-642f9a19-461a-4437-b672-4ac056a3120d None None] image_format.container_formats = ['ami', 'ari', 'aki', 'bare', 'ovf', 'ova', 'docker', 'compressed'] {{(pid=101957) log_opt_values /opt/stack/data/venv/lib/python3.12/site-packages/oslo_config/cfg.py:3256}}
Jun 11 03:01:58.338171 np0000002555 devstack@g-api.service[101957]: DEBUG glance.common.config [None req-642f9a19-461a-4437-b672-4ac056a3120d None None] image_format.disk_formats = ['ami', 'ari', 'aki', 'vhd', 'vhdx', 'vmdk', 'raw', 'qcow2', 'vdi', 'iso', 'ploop'] {{(pid=101957) log_opt_values /opt/stack/data/venv/lib/python3.12/site-packages/oslo_config/cfg.py:3256}}
Jun 11 03:01:58.338272 np0000002555 devstack@g-api.service[101957]: DEBUG glance.common.config [None req-642f9a19-461a-4437-b672-4ac056a3120d None None] image_format.gpt_safety_checks_nonfatal = [] {{(pid=101957) log_opt_values /opt/stack/data/venv/lib/python3.12/site-packages/oslo_config/cfg.py:3256}}
Jun 11 03:01:58.338382 np0000002555 devstack@g-api.service[101957]: DEBUG glance.common.config [None req-642f9a19-461a-4437-b672-4ac056a3120d None None] image_format.require_image_format_match = True {{(pid=101957) log_opt_values /opt/stack/data/venv/lib/python3.12/site-packages/oslo_config/cfg.py:3256}}
Jun 11 03:01:58.338484 np0000002555 devstack@g-api.service[101957]: DEBUG glance.common.config [None req-642f9a19-461a-4437-b672-4ac056a3120d None None] image_format.vmdk_allowed_types = ['streamOptimized', 'monolithicSparse'] {{(pid=101957) log_opt_values /opt/stack/data/venv/lib/python3.12/site-packages/oslo_config/cfg.py:3256}}
Jun 11 03:01:58.338582 np0000002555 devstack@g-api.service[101957]: DEBUG glance.common.config [None req-642f9a19-461a-4437-b672-4ac056a3120d None None] task.task_executor = taskflow {{(pid=101957) log_opt_values /opt/stack/data/venv/lib/python3.12/site-packages/oslo_config/cfg.py:3256}}
