Jun 11 03:07:27.540214 np0000002555 devstack@g-api.service[101956]: DEBUG glance.api.middleware.version_negotiation [None req-c6018f04-0042-487e-b35a-395de829692f tempest-VolumesActionsTest-308418701 tempest-VolumesActionsTest-308418701-project-member] Using url versioning {{(pid=101956) process_request /opt/stack/glance/glance/api/middleware/version_negotiation.py:57}}
Jun 11 03:07:27.540214 np0000002555 devstack@g-api.service[101956]: DEBUG glance.api.middleware.version_negotiation [None req-c6018f04-0042-487e-b35a-395de829692f tempest-VolumesActionsTest-308418701 tempest-VolumesActionsTest-308418701-project-member] Matched version: v2 {{(pid=101956) process_request /opt/stack/glance/glance/api/middleware/version_negotiation.py:69}}
Jun 11 03:07:27.540214 np0000002555 devstack@g-api.service[101956]: DEBUG glance.api.middleware.version_negotiation [None req-c6018f04-0042-487e-b35a-395de829692f tempest-VolumesActionsTest-308418701 tempest-VolumesActionsTest-308418701-project-member] new path /v2/images/63e4b99d-880a-4b98-a21a-fcf0af4debbc {{(pid=101956) process_request /opt/stack/glance/glance/api/middleware/version_negotiation.py:70}}
Jun 11 03:07:27.541012 np0000002555 devstack@g-api.service[101955]: [pid: 101955|app: 0|req: 94/274] 127.0.0.1 () {44 vars in 1115 bytes} [Thu Jun 11 03:07:27 2026] GET /v2/images/b9af049c-1564-47f0-a8a5-3f6e744fb0a2 => generated 1044 bytes in 24 msecs (HTTP/1.1 200) 4 headers in 158 bytes (1 switches on core 0)
Jun 11 03:07:27.552221 np0000002555 devstack@g-api.service[101956]: [pid: 101956|app: 0|req: 90/275] 127.0.0.1 () {40 vars in 838 bytes} [Thu Jun 11 03:07:27 2026] GET /v2/images/63e4b99d-880a-4b98-a21a-fcf0af4debbc => generated 649 bytes in 13 msecs (HTTP/1.1 200) 4 headers in 157 bytes (1 switches on core 0)
Jun 11 03:07:27.589587 np0000002555 devstack@g-api.service[101955]: DEBUG glance.api.middleware.version_negotiation [None req-171b1b14-506c-424b-9eb1-43609824483d tempest-ServerActionsTestOtherA-1489702245 tempest-ServerActionsTestOtherA-1489702245-project-member] Determining version of request: GET /v2/schemas/image Accept: */* {{(pid=101955) process_request /opt/stack/glance/glance/api/middleware/version_negotiation.py:44}}
Jun 11 03:07:27.589747 np0000002555 devstack@g-api.service[101955]: DEBUG glance.api.middleware.version_negotiation [None req-171b1b14-506c-424b-9eb1-43609824483d tempest-ServerActionsTestOtherA-1489702245 tempest-ServerActionsTestOtherA-1489702245-project-member] Using url versioning {{(pid=101955) process_request /opt/stack/glance/glance/api/middleware/version_negotiation.py:57}}
Jun 11 03:07:27.589858 np0000002555 devstack@g-api.service[101955]: DEBUG glance.api.middleware.version_negotiation [None req-171b1b14-506c-424b-9eb1-43609824483d tempest-ServerActionsTestOtherA-1489702245 tempest-ServerActionsTestOtherA-1489702245-project-member] Matched version: v2 {{(pid=101955) process_request /opt/stack/glance/glance/api/middleware/version_negotiation.py:69}}
Jun 11 03:07:27.589980 np0000002555 devstack@g-api.service[101955]: DEBUG glance.api.middleware.version_negotiation [None req-171b1b14-506c-424b-9eb1-43609824483d tempest-ServerActionsTestOtherA-1489702245 tempest-ServerActionsTestOtherA-1489702245-project-member] new path /v2/schemas/image {{(pid=101955) process_request /opt/stack/glance/glance/api/middleware/version_negotiation.py:70}}
Jun 11 03:07:27.595370 np0000002555 devstack@g-api.service[101955]: [pid: 101955|app: 0|req: 95/276] 127.0.0.1 () {44 vars in 1055 bytes} [Thu Jun 11 03:07:27 2026] GET /v2/schemas/image => generated 6083 bytes in 6 msecs (HTTP/1.1 200) 4 headers in 158 bytes (1 switches on core 0)
Jun 11 03:07:28.578991 np0000002555 devstack@g-api.service[101956]: DEBUG glance.api.middleware.version_negotiation [None req-7e2475de-5f12-4c0a-9f1a-aaf76fd949e7 tempest-VolumesActionsTest-308418701 tempest-VolumesActionsTest-308418701-project-member] Determining version of request: GET /v2/images/63e4b99d-880a-4b98-a21a-fcf0af4debbc Accept: application/json {{(pid=101956) process_request /opt/stack/glance/glance/api/middleware/version_negotiation.py:44}}
Jun 11 03:07:28.580192 np0000002555 devstack@g-api.service[101956]: DEBUG glance.api.middleware.version_negotiation [None req-7e2475de-5f12-4c0a-9f1a-aaf76fd949e7 tempest-VolumesActionsTest-308418701 tempest-VolumesActionsTest-308418701-project-member] Using url versioning {{(pid=101956) process_request /opt/stack/glance/glance/api/middleware/version_negotiation.py:57}}
Jun 11 03:07:28.580192 np0000002555 devstack@g-api.service[101956]: DEBUG glance.api.middleware.version_negotiation [None req-7e2475de-5f12-4c0a-9f1a-aaf76fd949e7 tempest-VolumesActionsTest-308418701 tempest-VolumesActionsTest-308418701-project-member] Matched version: v2 {{(pid=101956) process_request /opt/stack/glance/glance/api/middleware/version_negotiation.py:69}}
Jun 11 03:07:28.580192 np0000002555 devstack@g-api.service[101956]: DEBUG glance.api.middleware.version_negotiation [None req-7e2475de-5f12-4c0a-9f1a-aaf76fd949e7 tempest-VolumesActionsTest-308418701 tempest-VolumesActionsTest-308418701-project-member] new path /v2/images/63e4b99d-880a-4b98-a21a-fcf0af4debbc {{(pid=101956) process_request /opt/stack/glance/glance/api/middleware/version_negotiation.py:70}}
Jun 11 03:07:28.612044 np0000002555 devstack@g-api.service[101956]: [pid: 101956|app: 0|req: 91/277] 127.0.0.1 () {40 vars in 838 bytes} [Thu Jun 11 03:07:28 2026] GET /v2/images/63e4b99d-880a-4b98-a21a-fcf0af4debbc => generated 649 bytes in 37 msecs (HTTP/1.1 200) 4 headers in 157 bytes (1 switches on core 0)
Jun 11 03:07:29.490938 np0000002555 devstack@g-api.service[101957]: DEBUG swiftclient [None req-3ee357c6-51b6-4a03-a96f-22740f3e6a9f tempest-VolumesActionsTest-308418701 tempest-VolumesActionsTest-308418701-project-member] REQ: curl -i https://10.4.3.113:8080/v1/AUTH_0a5474d28d774f6aa1cf8482e6317562/glance/63e4b99d-880a-4b98-a21a-fcf0af4debbc-00001 -X PUT -H "X-Auth-Token: gAAAAABqKiZuJOOY..." {{(pid=101957) http_log /opt/stack/data/venv/lib/python3.12/site-packages/swiftclient/client.py:160}}
Jun 11 03:07:29.491299 np0000002555 devstack@g-api.service[101957]: DEBUG swiftclient [None req-3ee357c6-51b6-4a03-a96f-22740f3e6a9f tempest-VolumesActionsTest-308418701 tempest-VolumesActionsTest-308418701-project-member] RESP STATUS: 201 Created {{(pid=101957) http_log /opt/stack/data/venv/lib/python3.12/site-packages/swiftclient/client.py:161}}
Jun 11 03:07:29.491299 np0000002555 devstack@g-api.service[101957]: DEBUG swiftclient [None req-3ee357c6-51b6-4a03-a96f-22740f3e6a9f tempest-VolumesActionsTest-308418701 tempest-VolumesActionsTest-308418701-project-member] RESP HEADERS: {'Date': 'Thu, 11 Jun 2026 03:07:29 GMT', 'Server': 'Apache/2.4.58 (Ubuntu)', 'Content-Type': 'text/html; charset=UTF-8', 'Content-Length': '0', 'Etag': 'eda9a9889837ac4bc81d6387d92c1bec', 'Last-Modified': 'Thu, 11 Jun 2026 03:07:27 GMT', 'X-Trans-Id': 'tx69cc6ba53d5549b0923df-006a2a266e', 'X-Openstack-Request-Id': 'tx69cc6ba53d5549b0923df-006a2a266e', 'Connection': 'close'} {{(pid=101957) http_log /opt/stack/data/venv/lib/python3.12/site-packages/swiftclient/client.py:162}}
Jun 11 03:07:29.491468 np0000002555 devstack@g-api.service[101957]: DEBUG glance_store._drivers.swift.store [None req-3ee357c6-51b6-4a03-a96f-22740f3e6a9f tempest-VolumesActionsTest-308418701 tempest-VolumesActionsTest-308418701-project-member] Wrote chunk 63e4b99d-880a-4b98-a21a-fcf0af4debbc-00001 (1/?) of length 204800000 to Swift returning MD5 of content: eda9a9889837ac4bc81d6387d92c1bec {{(pid=101957) add /opt/stack/data/venv/lib/python3.12/site-packages/glance_store/_drivers/swift/store.py:1059}}
Jun 11 03:07:29.629122 np0000002555 devstack@g-api.service[101955]: DEBUG glance.api.middleware.version_negotiation [None req-171b1b14-506c-424b-9eb1-43609824483d tempest-ServerActionsTestOtherA-1489702245 tempest-ServerActionsTestOtherA-1489702245-project-member] Determining version of request: GET /v2/images/63e4b99d-880a-4b98-a21a-fcf0af4debbc Accept: application/json {{(pid=101955) process_request /opt/stack/glance/glance/api/middleware/version_negotiation.py:44}}
Jun 11 03:07:29.629122 np0000002555 devstack@g-api.service[101955]: DEBUG glance.api.middleware.version_negotiation [None req-171b1b14-506c-424b-9eb1-43609824483d tempest-ServerActionsTestOtherA-1489702245 tempest-ServerActionsTestOtherA-1489702245-project-member] Using url versioning {{(pid=101955) process_request /opt/stack/glance/glance/api/middleware/version_negotiation.py:57}}
Jun 11 03:07:29.629122 np0000002555 devstack@g-api.service[101955]: DEBUG glance.api.middleware.version_negotiation [None req-171b1b14-506c-424b-9eb1-43609824483d tempest-ServerActionsTestOtherA-1489702245 tempest-ServerActionsTestOtherA-1489702245-project-member] Matched version: v2 {{(pid=101955) process_request /opt/stack/glance/glance/api/middleware/version_negotiation.py:69}}
Jun 11 03:07:29.629122 np0000002555 devstack@g-api.service[101955]: DEBUG glance.api.middleware.version_negotiation [None req-171b1b14-506c-424b-9eb1-43609824483d tempest-ServerActionsTestOtherA-1489702245 tempest-ServerActionsTestOtherA-1489702245-project-member] new path /v2/images/63e4b99d-880a-4b98-a21a-fcf0af4debbc {{(pid=101955) process_request /opt/stack/glance/glance/api/middleware/version_negotiation.py:70}}
Jun 11 03:07:29.641864 np0000002555 devstack@g-api.service[101955]: [pid: 101955|app: 0|req: 96/278] 127.0.0.1 () {40 vars in 838 bytes} [Thu Jun 11 03:07:29 2026] GET /v2/images/63e4b99d-880a-4b98-a21a-fcf0af4debbc => generated 649 bytes in 14 msecs (HTTP/1.1 200) 4 headers in 157 bytes (1 switches on core 0)
Jun 11 03:07:30.656185 np0000002555 devstack@g-api.service[101956]: DEBUG glance.api.middleware.version_negotiation [None req-82d44ace-bbba-4754-ae33-08dc643bbd3f tempest-VolumesActionsTest-308418701 tempest-VolumesActionsTest-308418701-project-member] Determining version of request: GET /v2/images/63e4b99d-880a-4b98-a21a-fcf0af4debbc Accept: application/json {{(pid=101956) process_request /opt/stack/glance/glance/api/middleware/version_negotiation.py:44}}
Jun 11 03:07:30.656185 np0000002555 devstack@g-api.service[101956]: DEBUG glance.api.middleware.version_negotiation [None req-82d44ace-bbba-4754-ae33-08dc643bbd3f tempest-VolumesActionsTest-308418701 tempest-VolumesActionsTest-308418701-project-member] Using url versioning {{(pid=101956) process_request /opt/stack/glance/glance/api/middleware/version_negotiation.py:57}}
Jun 11 03:07:30.656581 np0000002555 devstack@g-api.service[101956]: DEBUG glance.api.middleware.version_negotiation [None req-82d44ace-bbba-4754-ae33-08dc643bbd3f tempest-VolumesActionsTest-308418701 tempest-VolumesActionsTest-308418701-project-member] Matched version: v2 {{(pid=101956) process_request /opt/stack/glance/glance/api/middleware/version_negotiation.py:69}}
Jun 11 03:07:30.656581 np0000002555 devstack@g-api.service[101956]: DEBUG glance.api.middleware.version_negotiation [None req-82d44ace-bbba-4754-ae33-08dc643bbd3f tempest-VolumesActionsTest-308418701 tempest-VolumesActionsTest-308418701-project-member] new path /v2/images/63e4b99d-880a-4b98-a21a-fcf0af4debbc {{(pid=101956) process_request /opt/stack/glance/glance/api/middleware/version_negotiation.py:70}}
Jun 11 03:07:30.677905 np0000002555 devstack@g-api.service[101956]: [pid: 101956|app: 0|req: 92/279] 127.0.0.1 () {40 vars in 838 bytes} [Thu Jun 11 03:07:30 2026] GET /v2/images/63e4b99d-880a-4b98-a21a-fcf0af4debbc => generated 649 bytes in 22 msecs (HTTP/1.1 200) 4 headers in 157 bytes (1 switches on core 0)
Jun 11 03:07:31.694936 np0000002555 devstack@g-api.service[101955]: DEBUG glance.api.middleware.version_negotiation [None req-63bf3731-be40-4129-8df4-6c9ea8697ad3 tempest-VolumesActionsTest-308418701 tempest-VolumesActionsTest-308418701-project-member] Determining version of request: GET /v2/images/63e4b99d-880a-4b98-a21a-fcf0af4debbc Accept: application/json {{(pid=101955) process_request /opt/stack/glance/glance/api/middleware/version_negotiation.py:44}}
Jun 11 03:07:31.694936 np0000002555 devstack@g-api.service[101955]: DEBUG glance.api.middleware.version_negotiation [None req-63bf3731-be40-4129-8df4-6c9ea8697ad3 tempest-VolumesActionsTest-308418701 tempest-VolumesActionsTest-308418701-project-member] Using url versioning {{(pid=101955) process_request /opt/stack/glance/glance/api/middleware/version_negotiation.py:57}}
Jun 11 03:07:31.694936 np0000002555 devstack@g-api.service[101955]: DEBUG glance.api.middleware.version_negotiation [None req-63bf3731-be40-4129-8df4-6c9ea8697ad3 tempest-VolumesActionsTest-308418701 tempest-VolumesActionsTest-308418701-project-member] Matched version: v2 {{(pid=101955) process_request /opt/stack/glance/glance/api/middleware/version_negotiation.py:69}}
Jun 11 03:07:31.694936 np0000002555 devstack@g-api.service[101955]: DEBUG glance.api.middleware.version_negotiation [None req-63bf3731-be40-4129-8df4-6c9ea8697ad3 tempest-VolumesActionsTest-308418701 tempest-VolumesActionsTest-308418701-project-member] new path /v2/images/63e4b99d-880a-4b98-a21a-fcf0af4debbc {{(pid=101955) process_request /opt/stack/glance/glance/api/middleware/version_negotiation.py:70}}
Jun 11 03:07:31.716785 np0000002555 devstack@g-api.service[101955]: [pid: 101955|app: 0|req: 97/280] 127.0.0.1 () {40 vars in 838 bytes} [Thu Jun 11 03:07:31 2026] GET /v2/images/63e4b99d-880a-4b98-a21a-fcf0af4debbc => generated 649 bytes in 23 msecs (HTTP/1.1 200) 4 headers in 157 bytes (1 switches on core 0)
Jun 11 03:07:31.916092 np0000002555 devstack@g-api.service[101957]: DEBUG swiftclient [None req-3ee357c6-51b6-4a03-a96f-22740f3e6a9f tempest-VolumesActionsTest-308418701 tempest-VolumesActionsTest-308418701-project-member] REQ: curl -i https://10.4.3.113:8080/v1/AUTH_0a5474d28d774f6aa1cf8482e6317562/glance/63e4b99d-880a-4b98-a21a-fcf0af4debbc-00002 -X PUT -H "X-Auth-Token: gAAAAABqKiZuJOOY..." {{(pid=101957) http_log /opt/stack/data/venv/lib/python3.12/site-packages/swiftclient/client.py:160}}
Jun 11 03:07:31.916525 np0000002555 devstack@g-api.service[101957]: DEBUG swiftclient [None req-3ee357c6-51b6-4a03-a96f-22740f3e6a9f tempest-VolumesActionsTest-308418701 tempest-VolumesActionsTest-308418701-project-member] RESP STATUS: 201 Created {{(pid=101957) http_log /opt/stack/data/venv/lib/python3.12/site-packages/swiftclient/client.py:161}}
Jun 11 03:07:31.916525 np0000002555 devstack@g-api.service[101957]: DEBUG swiftclient [None req-3ee357c6-51b6-4a03-a96f-22740f3e6a9f tempest-VolumesActionsTest-308418701 tempest-VolumesActionsTest-308418701-project-member] RESP HEADERS: {'Date': 'Thu, 11 Jun 2026 03:07:31 GMT', 'Server': 'Apache/2.4.58 (Ubuntu)', 'Content-Type': 'text/html; charset=UTF-8', 'Content-Length': '0', 'Etag': 'eda9a9889837ac4bc81d6387d92c1bec', 'Last-Modified': 'Thu, 11 Jun 2026 03:07:30 GMT', 'X-Trans-Id': 'tx54a5d14c84b64b19892ef-006a2a2671', 'X-Openstack-Request-Id': 'tx54a5d14c84b64b19892ef-006a2a2671', 'Connection': 'close'} {{(pid=101957) http_log /opt/stack/data/venv/lib/python3.12/site-packages/swiftclient/client.py:162}}
Jun 11 03:07:31.916824 np0000002555 devstack@g-api.service[101957]: DEBUG glance_store._drivers.swift.store [None req-3ee357c6-51b6-4a03-a96f-22740f3e6a9f tempest-VolumesActionsTest-308418701 tempest-VolumesActionsTest-308418701-project-member] Wrote chunk 63e4b99d-880a-4b98-a21a-fcf0af4debbc-00002 (2/?) of length 204800000 to Swift returning MD5 of content: eda9a9889837ac4bc81d6387d92c1bec {{(pid=101957) add /opt/stack/data/venv/lib/python3.12/site-packages/glance_store/_drivers/swift/store.py:1059}}
Jun 11 03:07:32.740851 np0000002555 devstack@g-api.service[101956]: DEBUG glance.api.middleware.version_negotiation [None req-d1502506-d466-4587-a509-1582ff772047 tempest-VolumesActionsTest-308418701 tempest-VolumesActionsTest-308418701-project-member] Determining version of request: GET /v2/images/63e4b99d-880a-4b98-a21a-fcf0af4debbc Accept: application/json {{(pid=101956) process_request /opt/stack/glance/glance/api/middleware/version_negotiation.py:44}}
Jun 11 03:07:32.741189 np0000002555 devstack@g-api.service[101956]: DEBUG glance.api.middleware.version_negotiation [None req-d1502506-d466-4587-a509-1582ff772047 tempest-VolumesActionsTest-308418701 tempest-VolumesActionsTest-308418701-project-member] Using url versioning {{(pid=101956) process_request /opt/stack/glance/glance/api/middleware/version_negotiation.py:57}}
Jun 11 03:07:32.741295 np0000002555 devstack@g-api.service[101956]: DEBUG glance.api.middleware.version_negotiation [None req-d1502506-d466-4587-a509-1582ff772047 tempest-VolumesActionsTest-308418701 tempest-VolumesActionsTest-308418701-project-member] Matched version: v2 {{(pid=101956) process_request /opt/stack/glance/glance/api/middleware/version_negotiation.py:69}}
Jun 11 03:07:32.741438 np0000002555 devstack@g-api.service[101956]: DEBUG glance.api.middleware.version_negotiation [None req-d1502506-d466-4587-a509-1582ff772047 tempest-VolumesActionsTest-308418701 tempest-VolumesActionsTest-308418701-project-member] new path /v2/images/63e4b99d-880a-4b98-a21a-fcf0af4debbc {{(pid=101956) process_request /opt/stack/glance/glance/api/middleware/version_negotiation.py:70}}
Jun 11 03:07:32.749908 np0000002555 devstack@g-api.service[101956]: DEBUG dbcounter [-] [101956] Writing DB stats glance:SELECT=84,glance:UPDATE=6,glance:INSERT=6 {{(pid=101956) stat_writer /opt/stack/data/venv/lib/python3.12/site-packages/dbcounter.py:115}}
Jun 11 03:07:32.762755 np0000002555 devstack@g-api.service[101956]: [pid: 101956|app: 0|req: 93/281] 127.0.0.1 () {40 vars in 838 bytes} [Thu Jun 11 03:07:32 2026] GET /v2/images/63e4b99d-880a-4b98-a21a-fcf0af4debbc => generated 649 bytes in 22 msecs (HTTP/1.1 200) 4 headers in 157 bytes (1 switches on core 0)
Jun 11 03:07:33.773836 np0000002555 devstack@g-api.service[101955]: DEBUG glance.api.middleware.version_negotiation [None req-75a76c63-f599-45bf-bc6a-86e350cb1992 tempest-VolumesActionsTest-308418701 tempest-VolumesActionsTest-308418701-project-member] Determining version of request: GET /v2/images/63e4b99d-880a-4b98-a21a-fcf0af4debbc Accept: application/json {{(pid=101955) process_request /opt/stack/glance/glance/api/middleware/version_negotiation.py:44}}
Jun 11 03:07:33.773836 np0000002555 devstack@g-api.service[101955]: DEBUG glance.api.middleware.version_negotiation [None req-75a76c63-f599-45bf-bc6a-86e350cb1992 tempest-VolumesActionsTest-308418701 tempest-VolumesActionsTest-308418701-project-member] Using url versioning {{(pid=101955) process_request /opt/stack/glance/glance/api/middleware/version_negotiation.py:57}}
Jun 11 03:07:33.773836 np0000002555 devstack@g-api.service[101955]: DEBUG glance.api.middleware.version_negotiation [None req-75a76c63-f599-45bf-bc6a-86e350cb1992 tempest-VolumesActionsTest-308418701 tempest-VolumesActionsTest-308418701-project-member] Matched version: v2 {{(pid=101955) process_request /opt/stack/glance/glance/api/middleware/version_negotiation.py:69}}
Jun 11 03:07:33.773836 np0000002555 devstack@g-api.service[101955]: DEBUG glance.api.middleware.version_negotiation [None req-75a76c63-f599-45bf-bc6a-86e350cb1992 tempest-VolumesActionsTest-308418701 tempest-VolumesActionsTest-308418701-project-member] new path /v2/images/63e4b99d-880a-4b98-a21a-fcf0af4debbc {{(pid=101955) process_request /opt/stack/glance/glance/api/middleware/version_negotiation.py:70}}
Jun 11 03:07:33.792409 np0000002555 devstack@g-api.service[101955]: [pid: 101955|app: 0|req: 98/282] 127.0.0.1 () {40 vars in 838 bytes} [Thu Jun 11 03:07:33 2026] GET /v2/images/63e4b99d-880a-4b98-a21a-fcf0af4debbc => generated 649 bytes in 20 msecs (HTTP/1.1 200) 4 headers in 157 bytes (1 switches on core 0)
Jun 11 03:07:34.647607 np0000002555 devstack@g-api.service[101957]: DEBUG swiftclient [None req-3ee357c6-51b6-4a03-a96f-22740f3e6a9f tempest-VolumesActionsTest-308418701 tempest-VolumesActionsTest-308418701-project-member] REQ: curl -i https://10.4.3.113:8080/v1/AUTH_0a5474d28d774f6aa1cf8482e6317562/glance/63e4b99d-880a-4b98-a21a-fcf0af4debbc-00003 -X PUT -H "X-Auth-Token: gAAAAABqKiZuJOOY..." {{(pid=101957) http_log /opt/stack/data/venv/lib/python3.12/site-packages/swiftclient/client.py:160}}
Jun 11 03:07:34.647928 np0000002555 devstack@g-api.service[101957]: DEBUG swiftclient [None req-3ee357c6-51b6-4a03-a96f-22740f3e6a9f tempest-VolumesActionsTest-308418701 tempest-VolumesActionsTest-308418701-project-member] RESP STATUS: 201 Created {{(pid=101957) http_log /opt/stack/data/venv/lib/python3.12/site-packages/swiftclient/client.py:161}}
Jun 11 03:07:34.647968 np0000002555 devstack@g-api.service[101957]: DEBUG swiftclient [None req-3ee357c6-51b6-4a03-a96f-22740f3e6a9f tempest-VolumesActionsTest-308418701 tempest-VolumesActionsTest-308418701-project-member] RESP HEADERS: {'Date': 'Thu, 11 Jun 2026 03:07:34 GMT', 'Server': 'Apache/2.4.58 (Ubuntu)', 'Content-Type': 'text/html; charset=UTF-8', 'Content-Length': '0', 'Etag': 'eda9a9889837ac4bc81d6387d92c1bec', 'Last-Modified': 'Thu, 11 Jun 2026 03:07:32 GMT', 'X-Trans-Id': 'txcc0123835dcc4b618c142-006a2a2673', 'X-Openstack-Request-Id': 'txcc0123835dcc4b618c142-006a2a2673', 'Connection': 'close'} {{(pid=101957) http_log /opt/stack/data/venv/lib/python3.12/site-packages/swiftclient/client.py:162}}
Jun 11 03:07:34.648098 np0000002555 devstack@g-api.service[101957]: DEBUG glance_store._drivers.swift.store [None req-3ee357c6-51b6-4a03-a96f-22740f3e6a9f tempest-VolumesActionsTest-308418701 tempest-VolumesActionsTest-308418701-project-member] Wrote chunk 63e4b99d-880a-4b98-a21a-fcf0af4debbc-00003 (3/?) of length 204800000 to Swift returning MD5 of content: eda9a9889837ac4bc81d6387d92c1bec {{(pid=101957) add /opt/stack/data/venv/lib/python3.12/site-packages/glance_store/_drivers/swift/store.py:1059}}
Jun 11 03:07:34.805473 np0000002555 devstack@g-api.service[101956]: DEBUG glance.api.middleware.version_negotiation [None req-1b398b9b-ce84-450c-8b04-999aef55b301 tempest-VolumesActionsTest-308418701 tempest-VolumesActionsTest-308418701-project-member] Determining version of request: GET /v2/images/63e4b99d-880a-4b98-a21a-fcf0af4debbc Accept: application/json {{(pid=101956) process_request /opt/stack/glance/glance/api/middleware/version_negotiation.py:44}}
Jun 11 03:07:34.805928 np0000002555 devstack@g-api.service[101956]: DEBUG glance.api.middleware.version_negotiation [None req-1b398b9b-ce84-450c-8b04-999aef55b301 tempest-VolumesActionsTest-308418701 tempest-VolumesActionsTest-308418701-project-member] Using url versioning {{(pid=101956) process_request /opt/stack/glance/glance/api/middleware/version_negotiation.py:57}}
Jun 11 03:07:34.805977 np0000002555 devstack@g-api.service[101956]: DEBUG glance.api.middleware.version_negotiation [None req-1b398b9b-ce84-450c-8b04-999aef55b301 tempest-VolumesActionsTest-308418701 tempest-VolumesActionsTest-308418701-project-member] Matched version: v2 {{(pid=101956) process_request /opt/stack/glance/glance/api/middleware/version_negotiation.py:69}}
Jun 11 03:07:34.806424 np0000002555 devstack@g-api.service[101956]: DEBUG glance.api.middleware.version_negotiation [None req-1b398b9b-ce84-450c-8b04-999aef55b301 tempest-VolumesActionsTest-308418701 tempest-VolumesActionsTest-308418701-project-member] new path /v2/images/63e4b99d-880a-4b98-a21a-fcf0af4debbc {{(pid=101956) process_request /opt/stack/glance/glance/api/middleware/version_negotiation.py:70}}
Jun 11 03:07:34.824095 np0000002555 devstack@g-api.service[101956]: [pid: 101956|app: 0|req: 94/283] 127.0.0.1 () {40 vars in 838 bytes} [Thu Jun 11 03:07:34 2026] GET /v2/images/63e4b99d-880a-4b98-a21a-fcf0af4debbc => generated 649 bytes in 19 msecs (HTTP/1.1 200) 4 headers in 157 bytes (1 switches on core 0)
Jun 11 03:07:35.839525 np0000002555 devstack@g-api.service[101955]: DEBUG glance.api.middleware.version_negotiation [None req-2fbd7146-55f5-4b73-a810-ecea793f82d3 tempest-VolumesActionsTest-308418701 tempest-VolumesActionsTest-308418701-project-member] Determining version of request: GET /v2/images/63e4b99d-880a-4b98-a21a-fcf0af4debbc Accept: application/json {{(pid=101955) process_request /opt/stack/glance/glance/api/middleware/version_negotiation.py:44}}
Jun 11 03:07:35.840093 np0000002555 devstack@g-api.service[101955]: DEBUG glance.api.middleware.version_negotiation [None req-2fbd7146-55f5-4b73-a810-ecea793f82d3 tempest-VolumesActionsTest-308418701 tempest-VolumesActionsTest-308418701-project-member] Using url versioning {{(pid=101955) process_request /opt/stack/glance/glance/api/middleware/version_negotiation.py:57}}
Jun 11 03:07:35.840093 np0000002555 devstack@g-api.service[101955]: DEBUG glance.api.middleware.version_negotiation [None req-2fbd7146-55f5-4b73-a810-ecea793f82d3 tempest-VolumesActionsTest-308418701 tempest-VolumesActionsTest-308418701-project-member] Matched version: v2 {{(pid=101955) process_request /opt/stack/glance/glance/api/middleware/version_negotiation.py:69}}
Jun 11 03:07:35.840093 np0000002555 devstack@g-api.service[101955]: DEBUG glance.api.middleware.version_negotiation [None req-2fbd7146-55f5-4b73-a810-ecea793f82d3 tempest-VolumesActionsTest-308418701 tempest-VolumesActionsTest-308418701-project-member] new path /v2/images/63e4b99d-880a-4b98-a21a-fcf0af4debbc {{(pid=101955) process_request /opt/stack/glance/glance/api/middleware/version_negotiation.py:70}}
Jun 11 03:07:35.856428 np0000002555 devstack@g-api.service[101955]: [pid: 101955|app: 0|req: 99/284] 127.0.0.1 () {40 vars in 838 bytes} [Thu Jun 11 03:07:35 2026] GET /v2/images/63e4b99d-880a-4b98-a21a-fcf0af4debbc => generated 649 bytes in 17 msecs (HTTP/1.1 200) 4 headers in 157 bytes (1 switches on core 0)
Jun 11 03:07:36.575824 np0000002555 devstack@g-api.service[101957]: DEBUG dbcounter [-] [101957] Writing DB stats glance:SELECT=1 {{(pid=101957) stat_writer /opt/stack/data/venv/lib/python3.12/site-packages/dbcounter.py:115}}
Jun 11 03:07:36.866970 np0000002555 devstack@g-api.service[101956]: DEBUG glance.api.middleware.version_negotiation [None req-92e8a99d-7d82-4213-9a16-30ecff376368 tempest-VolumesActionsTest-308418701 tempest-VolumesActionsTest-308418701-project-member] Determining version of request: GET /v2/images/63e4b99d-880a-4b98-a21a-fcf0af4debbc Accept: application/json {{(pid=101956) process_request /opt/stack/glance/glance/api/middleware/version_negotiation.py:44}}
Jun 11 03:07:36.868011 np0000002555 devstack@g-api.service[101956]: DEBUG glance.api.middleware.version_negotiation [None req-92e8a99d-7d82-4213-9a16-30ecff376368 tempest-VolumesActionsTest-308418701 tempest-VolumesActionsTest-308418701-project-member] Using url versioning {{(pid=101956) process_request /opt/stack/glance/glance/api/middleware/version_negotiation.py:57}}
Jun 11 03:07:36.868011 np0000002555 devstack@g-api.service[101956]: DEBUG glance.api.middleware.version_negotiation [None req-92e8a99d-7d82-4213-9a16-30ecff376368 tempest-VolumesActionsTest-308418701 tempest-VolumesActionsTest-308418701-project-member] Matched version: v2 {{(pid=101956) process_request /opt/stack/glance/glance/api/middleware/version_negotiation.py:69}}
Jun 11 03:07:36.868011 np0000002555 devstack@g-api.service[101956]: DEBUG glance.api.middleware.version_negotiation [None req-92e8a99d-7d82-4213-9a16-30ecff376368 tempest-VolumesActionsTest-308418701 tempest-VolumesActionsTest-308418701-project-member] new path /v2/images/63e4b99d-880a-4b98-a21a-fcf0af4debbc {{(pid=101956) process_request /opt/stack/glance/glance/api/middleware/version_negotiation.py:70}}
Jun 11 03:07:36.881254 np0000002555 devstack@g-api.service[101956]: [pid: 101956|app: 0|req: 95/285] 127.0.0.1 () {40 vars in 838 bytes} [Thu Jun 11 03:07:36 2026] GET /v2/images/63e4b99d-880a-4b98-a21a-fcf0af4debbc => generated 649 bytes in 14 msecs (HTTP/1.1 200) 4 headers in 157 bytes (1 switches on core 0)
Jun 11 03:07:37.038653 np0000002555 devstack@g-api.service[101957]: DEBUG swiftclient [None req-3ee357c6-51b6-4a03-a96f-22740f3e6a9f tempest-VolumesActionsTest-308418701 tempest-VolumesActionsTest-308418701-project-member] REQ: curl -i https://10.4.3.113:8080/v1/AUTH_0a5474d28d774f6aa1cf8482e6317562/glance/63e4b99d-880a-4b98-a21a-fcf0af4debbc-00004 -X PUT -H "X-Auth-Token: gAAAAABqKiZuJOOY..." {{(pid=101957) http_log /opt/stack/data/venv/lib/python3.12/site-packages/swiftclient/client.py:160}}
Jun 11 03:07:37.038903 np0000002555 devstack@g-api.service[101957]: DEBUG swiftclient [None req-3ee357c6-51b6-4a03-a96f-22740f3e6a9f tempest-VolumesActionsTest-308418701 tempest-VolumesActionsTest-308418701-project-member] RESP STATUS: 201 Created {{(pid=101957) http_log /opt/stack/data/venv/lib/python3.12/site-packages/swiftclient/client.py:161}}
Jun 11 03:07:37.039120 np0000002555 devstack@g-api.service[101957]: DEBUG swiftclient [None req-3ee357c6-51b6-4a03-a96f-22740f3e6a9f tempest-VolumesActionsTest-308418701 tempest-VolumesActionsTest-308418701-project-member] RESP HEADERS: {'Date': 'Thu, 11 Jun 2026 03:07:37 GMT', 'Server': 'Apache/2.4.58 (Ubuntu)', 'Content-Type': 'text/html; charset=UTF-8', 'Content-Length': '0', 'Etag': 'eda9a9889837ac4bc81d6387d92c1bec', 'Last-Modified': 'Thu, 11 Jun 2026 03:07:35 GMT', 'X-Trans-Id': 'tx528d7b582666440c87508-006a2a2676', 'X-Openstack-Request-Id': 'tx528d7b582666440c87508-006a2a2676', 'Connection': 'close'} {{(pid=101957) http_log /opt/stack/data/venv/lib/python3.12/site-packages/swiftclient/client.py:162}}
Jun 11 03:07:37.039297 np0000002555 devstack@g-api.service[101957]: DEBUG glance_store._drivers.swift.store [None req-3ee357c6-51b6-4a03-a96f-22740f3e6a9f tempest-VolumesActionsTest-308418701 tempest-VolumesActionsTest-308418701-project-member] Wrote chunk 63e4b99d-880a-4b98-a21a-fcf0af4debbc-00004 (4/?) of length 204800000 to Swift returning MD5 of content: eda9a9889837ac4bc81d6387d92c1bec {{(pid=101957) add /opt/stack/data/venv/lib/python3.12/site-packages/glance_store/_drivers/swift/store.py:1059}}
Jun 11 03:07:37.892675 np0000002555 devstack@g-api.service[101955]: DEBUG glance.api.middleware.version_negotiation [None req-9ce789b9-4b45-4886-80bf-569cbe857c99 tempest-VolumesActionsTest-308418701 tempest-VolumesActionsTest-308418701-project-member] Determining version of request: GET /v2/images/63e4b99d-880a-4b98-a21a-fcf0af4debbc Accept: application/json {{(pid=101955) process_request /opt/stack/glance/glance/api/middleware/version_negotiation.py:44}}
Jun 11 03:07:37.892675 np0000002555 devstack@g-api.service[101955]: DEBUG glance.api.middleware.version_negotiation [None req-9ce789b9-4b45-4886-80bf-569cbe857c99 tempest-VolumesActionsTest-308418701 tempest-VolumesActionsTest-308418701-project-member] Using url versioning {{(pid=101955) process_request /opt/stack/glance/glance/api/middleware/version_negotiation.py:57}}
Jun 11 03:07:37.892675 np0000002555 devstack@g-api.service[101955]: DEBUG glance.api.middleware.version_negotiation [None req-9ce789b9-4b45-4886-80bf-569cbe857c99 tempest-VolumesActionsTest-308418701 tempest-VolumesActionsTest-308418701-project-member] Matched version: v2 {{(pid=101955) process_request /opt/stack/glance/glance/api/middleware/version_negotiation.py:69}}
Jun 11 03:07:37.892675 np0000002555 devstack@g-api.service[101955]: DEBUG glance.api.middleware.version_negotiation [None req-9ce789b9-4b45-4886-80bf-569cbe857c99 tempest-VolumesActionsTest-308418701 tempest-VolumesActionsTest-308418701-project-member] new path /v2/images/63e4b99d-880a-4b98-a21a-fcf0af4debbc {{(pid=101955) process_request /opt/stack/glance/glance/api/middleware/version_negotiation.py:70}}
Jun 11 03:07:37.907995 np0000002555 devstack@g-api.service[101955]: [pid: 101955|app: 0|req: 100/286] 127.0.0.1 () {40 vars in 838 bytes} [Thu Jun 11 03:07:37 2026] GET /v2/images/63e4b99d-880a-4b98-a21a-fcf0af4debbc => generated 649 bytes in 17 msecs (HTTP/1.1 200) 4 headers in 157 bytes (1 switches on core 0)
Jun 11 03:07:38.919066 np0000002555 devstack@g-api.service[101956]: DEBUG glance.api.middleware.version_negotiation [None req-b750fb18-5a4e-4cf2-be8e-845595d005ab tempest-VolumesActionsTest-308418701 tempest-VolumesActionsTest-308418701-project-member] Determining version of request: GET /v2/images/63e4b99d-880a-4b98-a21a-fcf0af4debbc Accept: application/json {{(pid=101956) process_request /opt/stack/glance/glance/api/middleware/version_negotiation.py:44}}
Jun 11 03:07:38.919476 np0000002555 devstack@g-api.service[101956]: DEBUG glance.api.middleware.version_negotiation [None req-b750fb18-5a4e-4cf2-be8e-845595d005ab tempest-VolumesActionsTest-308418701 tempest-VolumesActionsTest-308418701-project-member] Using url versioning {{(pid=101956) process_request /opt/stack/glance/glance/api/middleware/version_negotiation.py:57}}
Jun 11 03:07:38.919476 np0000002555 devstack@g-api.service[101956]: DEBUG glance.api.middleware.version_negotiation [None req-b750fb18-5a4e-4cf2-be8e-845595d005ab tempest-VolumesActionsTest-308418701 tempest-VolumesActionsTest-308418701-project-member] Matched version: v2 {{(pid=101956) process_request /opt/stack/glance/glance/api/middleware/version_negotiation.py:69}}
Jun 11 03:07:38.919598 np0000002555 devstack@g-api.service[101956]: DEBUG glance.api.middleware.version_negotiation [None req-b750fb18-5a4e-4cf2-be8e-845595d005ab tempest-VolumesActionsTest-308418701 tempest-VolumesActionsTest-308418701-project-member] new path /v2/images/63e4b99d-880a-4b98-a21a-fcf0af4debbc {{(pid=101956) process_request /opt/stack/glance/glance/api/middleware/version_negotiation.py:70}}
Jun 11 03:07:38.932403 np0000002555 devstack@g-api.service[101956]: [pid: 101956|app: 0|req: 96/287] 127.0.0.1 () {40 vars in 838 bytes} [Thu Jun 11 03:07:38 2026] GET /v2/images/63e4b99d-880a-4b98-a21a-fcf0af4debbc => generated 649 bytes in 13 msecs (HTTP/1.1 200) 4 headers in 157 bytes (1 switches on core 0)
Jun 11 03:07:39.219197 np0000002555 devstack@g-api.service[101957]: DEBUG swiftclient [None req-3ee357c6-51b6-4a03-a96f-22740f3e6a9f tempest-VolumesActionsTest-308418701 tempest-VolumesActionsTest-308418701-project-member] REQ: curl -i https://10.4.3.113:8080/v1/AUTH_0a5474d28d774f6aa1cf8482e6317562/glance/63e4b99d-880a-4b98-a21a-fcf0af4debbc-00005 -X PUT -H "X-Auth-Token: gAAAAABqKiZuJOOY..." {{(pid=101957) http_log /opt/stack/data/venv/lib/python3.12/site-packages/swiftclient/client.py:160}}
Jun 11 03:07:39.219563 np0000002555 devstack@g-api.service[101957]: DEBUG swiftclient [None req-3ee357c6-51b6-4a03-a96f-22740f3e6a9f tempest-VolumesActionsTest-308418701 tempest-VolumesActionsTest-308418701-project-member] RESP STATUS: 201 Created {{(pid=101957) http_log /opt/stack/data/venv/lib/python3.12/site-packages/swiftclient/client.py:161}}
Jun 11 03:07:39.219563 np0000002555 devstack@g-api.service[101957]: DEBUG swiftclient [None req-3ee357c6-51b6-4a03-a96f-22740f3e6a9f tempest-VolumesActionsTest-308418701 tempest-VolumesActionsTest-308418701-project-member] RESP HEADERS: {'Date': 'Thu, 11 Jun 2026 03:07:39 GMT', 'Server': 'Apache/2.4.58 (Ubuntu)', 'Content-Type': 'text/html; charset=UTF-8', 'Content-Length': '0', 'Etag': 'eda9a9889837ac4bc81d6387d92c1bec', 'Last-Modified': 'Thu, 11 Jun 2026 03:07:38 GMT', 'X-Trans-Id': 'tx946ff29a81ae44719c64a-006a2a2679', 'X-Openstack-Request-Id': 'tx946ff29a81ae44719c64a-006a2a2679', 'Connection': 'close'} {{(pid=101957) http_log /opt/stack/data/venv/lib/python3.12/site-packages/swiftclient/client.py:162}}
Jun 11 03:07:39.219563 np0000002555 devstack@g-api.service[101957]: DEBUG glance_store._drivers.swift.store [None req-3ee357c6-51b6-4a03-a96f-22740f3e6a9f tempest-VolumesActionsTest-308418701 tempest-VolumesActionsTest-308418701-project-member] Wrote chunk 63e4b99d-880a-4b98-a21a-fcf0af4debbc-00005 (5/?) of length 204800000 to Swift returning MD5 of content: eda9a9889837ac4bc81d6387d92c1bec {{(pid=101957) add /opt/stack/data/venv/lib/python3.12/site-packages/glance_store/_drivers/swift/store.py:1059}}
Jun 11 03:07:39.735417 np0000002555 devstack@g-api.service[101957]: DEBUG swiftclient [None req-3ee357c6-51b6-4a03-a96f-22740f3e6a9f tempest-VolumesActionsTest-308418701 tempest-VolumesActionsTest-308418701-project-member] REQ: curl -i https://10.4.3.113:8080/v1/AUTH_0a5474d28d774f6aa1cf8482e6317562/glance/63e4b99d-880a-4b98-a21a-fcf0af4debbc-00006 -X PUT -H "X-Auth-Token: gAAAAABqKiZuJOOY..." {{(pid=101957) http_log /opt/stack/data/venv/lib/python3.12/site-packages/swiftclient/client.py:160}}
Jun 11 03:07:39.735617 np0000002555 devstack@g-api.service[101957]: DEBUG swiftclient [None req-3ee357c6-51b6-4a03-a96f-22740f3e6a9f tempest-VolumesActionsTest-308418701 tempest-VolumesActionsTest-308418701-project-member] RESP STATUS: 201 Created {{(pid=101957) http_log /opt/stack/data/venv/lib/python3.12/site-packages/swiftclient/client.py:161}}
Jun 11 03:07:39.735813 np0000002555 devstack@g-api.service[101957]: DEBUG swiftclient [None req-3ee357c6-51b6-4a03-a96f-22740f3e6a9f tempest-VolumesActionsTest-308418701 tempest-VolumesActionsTest-308418701-project-member] RESP HEADERS: {'Date': 'Thu, 11 Jun 2026 03:07:39 GMT', 'Server': 'Apache/2.4.58 (Ubuntu)', 'Content-Type': 'text/html; charset=UTF-8', 'Content-Length': '0', 'Etag': '708761f3b8777ec77058e63da08eeeb6', 'Last-Modified': 'Thu, 11 Jun 2026 03:07:40 GMT', 'X-Trans-Id': 'tx7af9382076fc4ebbbe9d8-006a2a267b', 'X-Openstack-Request-Id': 'tx7af9382076fc4ebbbe9d8-006a2a267b', 'Connection': 'close'} {{(pid=101957) http_log /opt/stack/data/venv/lib/python3.12/site-packages/swiftclient/client.py:162}}
Jun 11 03:07:39.735969 np0000002555 devstack@g-api.service[101957]: DEBUG glance_store._drivers.swift.store [None req-3ee357c6-51b6-4a03-a96f-22740f3e6a9f tempest-VolumesActionsTest-308418701 tempest-VolumesActionsTest-308418701-project-member] Wrote chunk 63e4b99d-880a-4b98-a21a-fcf0af4debbc-00006 (6/?) of length 49741824 to Swift returning MD5 of content: 708761f3b8777ec77058e63da08eeeb6 {{(pid=101957) add /opt/stack/data/venv/lib/python3.12/site-packages/glance_store/_drivers/swift/store.py:1059}}
Jun 11 03:07:39.736367 np0000002555 devstack@g-api.service[101957]: DEBUG glance_store._drivers.swift.store [None req-3ee357c6-51b6-4a03-a96f-22740f3e6a9f tempest-VolumesActionsTest-308418701 tempest-VolumesActionsTest-308418701-project-member] Not writing zero-length chunk. {{(pid=101957) add /opt/stack/data/venv/lib/python3.12/site-packages/glance_store/_drivers/swift/store.py:1028}}
Jun 11 03:07:39.765084 np0000002555 devstack@g-api.service[101957]: DEBUG swiftclient [None req-3ee357c6-51b6-4a03-a96f-22740f3e6a9f tempest-VolumesActionsTest-308418701 tempest-VolumesActionsTest-308418701-project-member] REQ: curl -i https://10.4.3.113:8080/v1/AUTH_0a5474d28d774f6aa1cf8482e6317562/glance/63e4b99d-880a-4b98-a21a-fcf0af4debbc -X PUT -H "X-Object-Manifest: glance/63e4b99d-880a-4b98-a21a-fcf0af4debbc-" -H "X-Auth-Token: gAAAAABqKiZuJOOY..." -H "Content-Length: 0" {{(pid=101957) http_log /opt/stack/data/venv/lib/python3.12/site-packages/swiftclient/client.py:160}}
Jun 11 03:07:39.765529 np0000002555 devstack@g-api.service[101957]: DEBUG swiftclient [None req-3ee357c6-51b6-4a03-a96f-22740f3e6a9f tempest-VolumesActionsTest-308418701 tempest-VolumesActionsTest-308418701-project-member] RESP STATUS: 201 Created {{(pid=101957) http_log /opt/stack/data/venv/lib/python3.12/site-packages/swiftclient/client.py:161}}
Jun 11 03:07:39.765529 np0000002555 devstack@g-api.service[101957]: DEBUG swiftclient [None req-3ee357c6-51b6-4a03-a96f-22740f3e6a9f tempest-VolumesActionsTest-308418701 tempest-VolumesActionsTest-308418701-project-member] RESP HEADERS: {'Date': 'Thu, 11 Jun 2026 03:07:39 GMT', 'Server': 'Apache/2.4.58 (Ubuntu)', 'Content-Type': 'text/html; charset=UTF-8', 'Content-Length': '0', 'Etag': 'd41d8cd98f00b204e9800998ecf8427e', 'Last-Modified': 'Thu, 11 Jun 2026 03:07:40 GMT', 'X-Trans-Id': 'txc4c095441d394098802b5-006a2a267b', 'X-Openstack-Request-Id': 'txc4c095441d394098802b5-006a2a267b', 'Connection': 'close'} {{(pid=101957) http_log /opt/stack/data/venv/lib/python3.12/site-packages/swiftclient/client.py:162}}
Jun 11 03:07:39.765852 np0000002555 devstack@g-api.service[101957]: INFO glance.location [None req-3ee357c6-51b6-4a03-a96f-22740f3e6a9f tempest-VolumesActionsTest-308418701 tempest-VolumesActionsTest-308418701-project-member] Image format matched and virtual size computed: 1073741824
Jun 11 03:07:39.801668 np0000002555 devstack@g-api.service[101957]: DEBUG glance_store.backend [None req-3ee357c6-51b6-4a03-a96f-22740f3e6a9f tempest-VolumesActionsTest-308418701 tempest-VolumesActionsTest-308418701-project-member] Attempting to import store swift {{(pid=101957) _load_store /opt/stack/data/venv/lib/python3.12/site-packages/glance_store/backend.py:215}}
Jun 11 03:07:39.803241 np0000002555 devstack@g-api.service[101957]: DEBUG glance_store.capabilities [None req-3ee357c6-51b6-4a03-a96f-22740f3e6a9f tempest-VolumesActionsTest-308418701 tempest-VolumesActionsTest-308418701-project-member] Store glance_store._drivers.swift.store.SingleTenantStore doesn't support updating dynamic storage capabilities. Please overwrite 'update_capabilities' method of the store to implement updating logics if needed. {{(pid=101957) update_capabilities /opt/stack/data/venv/lib/python3.12/site-packages/glance_store/capabilities.py:91}}
Jun 11 03:07:39.803348 np0000002555 devstack@g-api.service[101957]: DEBUG glance_store.driver [None req-3ee357c6-51b6-4a03-a96f-22740f3e6a9f tempest-VolumesActionsTest-308418701 tempest-VolumesActionsTest-308418701-project-member] Late loading location class glance_store._drivers.swift.store.StoreLocation {{(pid=101957) get_store_location_class /opt/stack/data/venv/lib/python3.12/site-packages/glance_store/driver.py:134}}
Jun 11 03:07:39.803439 np0000002555 devstack@g-api.service[101957]: DEBUG glance_store.location [None req-3ee357c6-51b6-4a03-a96f-22740f3e6a9f tempest-VolumesActionsTest-308418701 tempest-VolumesActionsTest-308418701-project-member] Registering scheme swift+https with {'store': , 'location_class': , 'store_entry': 'swift'} {{(pid=101957) register_scheme_map /opt/stack/data/venv/lib/python3.12/site-packages/glance_store/location.py:146}}
Jun 11 03:07:39.803561 np0000002555 devstack@g-api.service[101957]: DEBUG glance_store.location [None req-3ee357c6-51b6-4a03-a96f-22740f3e6a9f tempest-VolumesActionsTest-308418701 tempest-VolumesActionsTest-308418701-project-member] Registering scheme swift+https with {'store': , 'location_class': , 'store_entry': 'swift'} {{(pid=101957) register_scheme_map /opt/stack/data/venv/lib/python3.12/site-packages/glance_store/location.py:146}}
Jun 11 03:07:39.803609 np0000002555 devstack@g-api.service[101957]: DEBUG glance_store.location [None req-3ee357c6-51b6-4a03-a96f-22740f3e6a9f tempest-VolumesActionsTest-308418701 tempest-VolumesActionsTest-308418701-project-member] Registering scheme swift with {'store': , 'location_class': , 'store_entry': 'swift'} {{(pid=101957) register_scheme_map /opt/stack/data/venv/lib/python3.12/site-packages/glance_store/location.py:146}}
Jun 11 03:07:39.803659 np0000002555 devstack@g-api.service[101957]: DEBUG glance_store.location [None req-3ee357c6-51b6-4a03-a96f-22740f3e6a9f tempest-VolumesActionsTest-308418701 tempest-VolumesActionsTest-308418701-project-member] Registering scheme swift+https with {'store': , 'location_class': , 'store_entry': 'swift'} {{(pid=101957) register_scheme_map /opt/stack/data/venv/lib/python3.12/site-packages/glance_store/location.py:146}}
Jun 11 03:07:39.803838 np0000002555 devstack@g-api.service[101957]: DEBUG glance_store.location [None req-3ee357c6-51b6-4a03-a96f-22740f3e6a9f tempest-VolumesActionsTest-308418701 tempest-VolumesActionsTest-308418701-project-member] Registering scheme swift with {'store': , 'location_class': , 'store_entry': 'swift'} {{(pid=101957) register_scheme_map /opt/stack/data/venv/lib/python3.12/site-packages/glance_store/location.py:146}}
Jun 11 03:07:39.803901 np0000002555 devstack@g-api.service[101957]: DEBUG glance_store.location [None req-3ee357c6-51b6-4a03-a96f-22740f3e6a9f tempest-VolumesActionsTest-308418701 tempest-VolumesActionsTest-308418701-project-member] Registering scheme swift+http with {'store': , 'location_class': , 'store_entry': 'swift'} {{(pid=101957) register_scheme_map /opt/stack/data/venv/lib/python3.12/site-packages/glance_store/location.py:146}}
Jun 11 03:07:39.804045 np0000002555 devstack@g-api.service[101957]: DEBUG glance_store.location [None req-3ee357c6-51b6-4a03-a96f-22740f3e6a9f tempest-VolumesActionsTest-308418701 tempest-VolumesActionsTest-308418701-project-member] Registering scheme swift+https with {'store': , 'location_class': , 'store_entry': 'swift'} {{(pid=101957) register_scheme_map /opt/stack/data/venv/lib/python3.12/site-packages/glance_store/location.py:146}}
Jun 11 03:07:39.804093 np0000002555 devstack@g-api.service[101957]: DEBUG glance_store.location [None req-3ee357c6-51b6-4a03-a96f-22740f3e6a9f tempest-VolumesActionsTest-308418701 tempest-VolumesActionsTest-308418701-project-member] Registering scheme swift with {'store': , 'location_class': , 'store_entry': 'swift'} {{(pid=101957) register_scheme_map /opt/stack/data/venv/lib/python3.12/site-packages/glance_store/location.py:146}}
Jun 11 03:07:39.804231 np0000002555 devstack@g-api.service[101957]: DEBUG glance_store.location [None req-3ee357c6-51b6-4a03-a96f-22740f3e6a9f tempest-VolumesActionsTest-308418701 tempest-VolumesActionsTest-308418701-project-member] Registering scheme swift+http with {'store': , 'location_class': , 'store_entry': 'swift'} {{(pid=101957) register_scheme_map /opt/stack/data/venv/lib/python3.12/site-packages/glance_store/location.py:146}}
Jun 11 03:07:39.804231 np0000002555 devstack@g-api.service[101957]: DEBUG glance_store.location [None req-3ee357c6-51b6-4a03-a96f-22740f3e6a9f tempest-VolumesActionsTest-308418701 tempest-VolumesActionsTest-308418701-project-member] Registering scheme swift+config with {'store': , 'location_class': , 'store_entry': 'swift'} {{(pid=101957) register_scheme_map /opt/stack/data/venv/lib/python3.12/site-packages/glance_store/location.py:146}}
Jun 11 03:07:39.804348 np0000002555 devstack@g-api.service[101957]: DEBUG glance_store.backend [None req-3ee357c6-51b6-4a03-a96f-22740f3e6a9f tempest-VolumesActionsTest-308418701 tempest-VolumesActionsTest-308418701-project-member] Skipping store.set_acls... not implemented. {{(pid=101957) set_acls /opt/stack/data/venv/lib/python3.12/site-packages/glance_store/backend.py:507}}
Jun 11 03:07:39.811510 np0000002555 devstack@g-api.service[101957]: [pid: 101957|app: 0|req: 92/288] 127.0.0.1 () {46 vars in 1158 bytes} [Thu Jun 11 03:07:25 2026] PUT /v2/images/63e4b99d-880a-4b98-a21a-fcf0af4debbc/file => generated 0 bytes in 14704 msecs (HTTP/1.1 204) 4 headers in 171 bytes (1 switches on core 0)
Jun 11 03:07:39.825381 np0000002555 devstack@g-api.service[101955]: DEBUG glance.api.middleware.version_negotiation [None req-4a975126-4671-413a-ada4-62571b204ad6 tempest-VolumesActionsTest-308418701 tempest-VolumesActionsTest-308418701-project-member] Determining version of request: GET /v2/images/63e4b99d-880a-4b98-a21a-fcf0af4debbc Accept: */* {{(pid=101955) process_request /opt/stack/glance/glance/api/middleware/version_negotiation.py:44}}
Jun 11 03:07:39.825743 np0000002555 devstack@g-api.service[101955]: DEBUG glance.api.middleware.version_negotiation [None req-4a975126-4671-413a-ada4-62571b204ad6 tempest-VolumesActionsTest-308418701 tempest-VolumesActionsTest-308418701-project-member] Using url versioning {{(pid=101955) process_request /opt/stack/glance/glance/api/middleware/version_negotiation.py:57}}
Jun 11 03:07:39.825743 np0000002555 devstack@g-api.service[101955]: DEBUG glance.api.middleware.version_negotiation [None req-4a975126-4671-413a-ada4-62571b204ad6 tempest-VolumesActionsTest-308418701 tempest-VolumesActionsTest-308418701-project-member] Matched version: v2 {{(pid=101955) process_request /opt/stack/glance/glance/api/middleware/version_negotiation.py:69}}
Jun 11 03:07:39.825743 np0000002555 devstack@g-api.service[101955]: DEBUG glance.api.middleware.version_negotiation [None req-4a975126-4671-413a-ada4-62571b204ad6 tempest-VolumesActionsTest-308418701 tempest-VolumesActionsTest-308418701-project-member] new path /v2/images/63e4b99d-880a-4b98-a21a-fcf0af4debbc {{(pid=101955) process_request /opt/stack/glance/glance/api/middleware/version_negotiation.py:70}}
Jun 11 03:07:39.834804 np0000002555 devstack@g-api.service[101955]: [pid: 101955|app: 0|req: 101/289] 127.0.0.1 () {44 vars in 1115 bytes} [Thu Jun 11 03:07:39 2026] GET /v2/images/63e4b99d-880a-4b98-a21a-fcf0af4debbc => generated 821 bytes in 9 msecs (HTTP/1.1 200) 4 headers in 157 bytes (1 switches on core 0)
Jun 11 03:07:39.848221 np0000002555 devstack@g-api.service[101956]: DEBUG glance.api.middleware.version_negotiation [None req-78589afe-afd6-4e67-aa86-e1b65b1b12fb tempest-VolumesActionsTest-308418701 tempest-VolumesActionsTest-308418701-project-member] Determining version of request: GET /v2/schemas/image Accept: */* {{(pid=101956) process_request /opt/stack/glance/glance/api/middleware/version_negotiation.py:44}}
Jun 11 03:07:39.848221 np0000002555 devstack@g-api.service[101956]: DEBUG glance.api.middleware.version_negotiation [None req-78589afe-afd6-4e67-aa86-e1b65b1b12fb tempest-VolumesActionsTest-308418701 tempest-VolumesActionsTest-308418701-project-member] Using url versioning {{(pid=101956) process_request /opt/stack/glance/glance/api/middleware/version_negotiation.py:57}}
Jun 11 03:07:39.848221 np0000002555 devstack@g-api.service[101956]: DEBUG glance.api.middleware.version_negotiation [None req-78589afe-afd6-4e67-aa86-e1b65b1b12fb tempest-VolumesActionsTest-308418701 tempest-VolumesActionsTest-308418701-project-member] Matched version: v2 {{(pid=101956) process_request /opt/stack/glance/glance/api/middleware/version_negotiation.py:69}}
