Jun 11 03:01:35.652461 np0000002555 nova-scheduler[95711]: DEBUG cotyledon.oslo_config_glue [-] oslo_limit.certfile = None {{(pid=95711) log_opt_values /opt/stack/data/venv/lib/python3.12/site-packages/oslo_config/cfg.py:3256}}
Jun 11 03:01:35.652528 np0000002555 nova-scheduler[95711]: DEBUG cotyledon.oslo_config_glue [-] oslo_limit.collect_timing = False {{(pid=95711) log_opt_values /opt/stack/data/venv/lib/python3.12/site-packages/oslo_config/cfg.py:3256}}
Jun 11 03:01:35.652593 np0000002555 nova-scheduler[95711]: DEBUG cotyledon.oslo_config_glue [-] oslo_limit.connect_retries = None {{(pid=95711) log_opt_values /opt/stack/data/venv/lib/python3.12/site-packages/oslo_config/cfg.py:3256}}
Jun 11 03:01:35.652659 np0000002555 nova-scheduler[95711]: DEBUG cotyledon.oslo_config_glue [-] oslo_limit.connect_retry_delay = None {{(pid=95711) log_opt_values /opt/stack/data/venv/lib/python3.12/site-packages/oslo_config/cfg.py:3256}}
Jun 11 03:01:35.652726 np0000002555 nova-scheduler[95711]: DEBUG cotyledon.oslo_config_glue [-] oslo_limit.endpoint_id = None {{(pid=95711) log_opt_values /opt/stack/data/venv/lib/python3.12/site-packages/oslo_config/cfg.py:3256}}
Jun 11 03:01:35.652787 np0000002555 nova-scheduler[95711]: DEBUG cotyledon.oslo_config_glue [-] oslo_limit.endpoint_interface = public {{(pid=95711) log_opt_values /opt/stack/data/venv/lib/python3.12/site-packages/oslo_config/cfg.py:3256}}
Jun 11 03:01:35.652869 np0000002555 nova-scheduler[95711]: DEBUG cotyledon.oslo_config_glue [-] oslo_limit.endpoint_override = None {{(pid=95711) log_opt_values /opt/stack/data/venv/lib/python3.12/site-packages/oslo_config/cfg.py:3256}}
Jun 11 03:01:35.652899 np0000002555 nova-scheduler[95711]: DEBUG cotyledon.oslo_config_glue [-] oslo_limit.endpoint_region_name = None {{(pid=95711) log_opt_values /opt/stack/data/venv/lib/python3.12/site-packages/oslo_config/cfg.py:3256}}
Jun 11 03:01:35.652965 np0000002555 nova-scheduler[95711]: DEBUG cotyledon.oslo_config_glue [-] oslo_limit.endpoint_service_name = None {{(pid=95711) log_opt_values /opt/stack/data/venv/lib/python3.12/site-packages/oslo_config/cfg.py:3256}}
Jun 11 03:01:35.653028 np0000002555 nova-scheduler[95711]: DEBUG cotyledon.oslo_config_glue [-] oslo_limit.endpoint_service_type = None {{(pid=95711) log_opt_values /opt/stack/data/venv/lib/python3.12/site-packages/oslo_config/cfg.py:3256}}
Jun 11 03:01:35.653079 np0000002555 nova-scheduler[95711]: DEBUG cotyledon.oslo_config_glue [-] oslo_limit.insecure = False {{(pid=95711) log_opt_values /opt/stack/data/venv/lib/python3.12/site-packages/oslo_config/cfg.py:3256}}
Jun 11 03:01:35.653139 np0000002555 nova-scheduler[95711]: DEBUG cotyledon.oslo_config_glue [-] oslo_limit.keyfile = None {{(pid=95711) log_opt_values /opt/stack/data/venv/lib/python3.12/site-packages/oslo_config/cfg.py:3256}}
Jun 11 03:01:35.653227 np0000002555 nova-scheduler[95711]: DEBUG cotyledon.oslo_config_glue [-] oslo_limit.max_version = None {{(pid=95711) log_opt_values /opt/stack/data/venv/lib/python3.12/site-packages/oslo_config/cfg.py:3256}}
Jun 11 03:01:35.653289 np0000002555 nova-scheduler[95711]: DEBUG cotyledon.oslo_config_glue [-] oslo_limit.min_version = None {{(pid=95711) log_opt_values /opt/stack/data/venv/lib/python3.12/site-packages/oslo_config/cfg.py:3256}}
Jun 11 03:01:35.653352 np0000002555 nova-scheduler[95711]: DEBUG cotyledon.oslo_config_glue [-] oslo_limit.region_name = None {{(pid=95711) log_opt_values /opt/stack/data/venv/lib/python3.12/site-packages/oslo_config/cfg.py:3256}}
Jun 11 03:01:35.653409 np0000002555 nova-scheduler[95711]: DEBUG cotyledon.oslo_config_glue [-] oslo_limit.retriable_status_codes = None {{(pid=95711) log_opt_values /opt/stack/data/venv/lib/python3.12/site-packages/oslo_config/cfg.py:3256}}
Jun 11 03:01:35.653481 np0000002555 nova-scheduler[95711]: DEBUG cotyledon.oslo_config_glue [-] oslo_limit.service_name = None {{(pid=95711) log_opt_values /opt/stack/data/venv/lib/python3.12/site-packages/oslo_config/cfg.py:3256}}
Jun 11 03:01:35.653557 np0000002555 nova-scheduler[95711]: DEBUG cotyledon.oslo_config_glue [-] oslo_limit.service_type = None {{(pid=95711) log_opt_values /opt/stack/data/venv/lib/python3.12/site-packages/oslo_config/cfg.py:3256}}
Jun 11 03:01:35.653620 np0000002555 nova-scheduler[95711]: DEBUG cotyledon.oslo_config_glue [-] oslo_limit.split_loggers = False {{(pid=95711) log_opt_values /opt/stack/data/venv/lib/python3.12/site-packages/oslo_config/cfg.py:3256}}
Jun 11 03:01:35.653675 np0000002555 nova-scheduler[95711]: DEBUG cotyledon.oslo_config_glue [-] oslo_limit.status_code_retries = None {{(pid=95711) log_opt_values /opt/stack/data/venv/lib/python3.12/site-packages/oslo_config/cfg.py:3256}}
Jun 11 03:01:35.653729 np0000002555 nova-scheduler[95711]: DEBUG cotyledon.oslo_config_glue [-] oslo_limit.status_code_retry_delay = None {{(pid=95711) log_opt_values /opt/stack/data/venv/lib/python3.12/site-packages/oslo_config/cfg.py:3256}}
Jun 11 03:01:35.653788 np0000002555 nova-scheduler[95711]: DEBUG cotyledon.oslo_config_glue [-] oslo_limit.timeout = None {{(pid=95711) log_opt_values /opt/stack/data/venv/lib/python3.12/site-packages/oslo_config/cfg.py:3256}}
Jun 11 03:01:35.653838 np0000002555 nova-scheduler[95711]: DEBUG cotyledon.oslo_config_glue [-] oslo_limit.valid_interfaces = None {{(pid=95711) log_opt_values /opt/stack/data/venv/lib/python3.12/site-packages/oslo_config/cfg.py:3256}}
Jun 11 03:01:35.653901 np0000002555 nova-scheduler[95711]: DEBUG cotyledon.oslo_config_glue [-] oslo_limit.version = None {{(pid=95711) log_opt_values /opt/stack/data/venv/lib/python3.12/site-packages/oslo_config/cfg.py:3256}}
Jun 11 03:01:35.653978 np0000002555 nova-scheduler[95711]: DEBUG cotyledon.oslo_config_glue [-] oslo_reports.file_event_handler = None {{(pid=95711) log_opt_values /opt/stack/data/venv/lib/python3.12/site-packages/oslo_config/cfg.py:3256}}
Jun 11 03:01:35.654066 np0000002555 nova-scheduler[95711]: DEBUG cotyledon.oslo_config_glue [-] oslo_reports.file_event_handler_interval = 1 {{(pid=95711) log_opt_values /opt/stack/data/venv/lib/python3.12/site-packages/oslo_config/cfg.py:3256}}
Jun 11 03:01:35.654135 np0000002555 nova-scheduler[95711]: DEBUG cotyledon.oslo_config_glue [-] oslo_reports.log_dir = None {{(pid=95711) log_opt_values /opt/stack/data/venv/lib/python3.12/site-packages/oslo_config/cfg.py:3256}}
Jun 11 03:01:35.654196 np0000002555 nova-scheduler[95711]: DEBUG cotyledon.oslo_config_glue [-] ******************************************************************************** {{(pid=95711) log_opt_values /opt/stack/data/venv/lib/python3.12/site-packages/oslo_config/cfg.py:3263}}
Jun 11 03:01:35.654372 np0000002555 nova-scheduler[95711]: DEBUG cotyledon._service_worker [-] Run service ServiceWrapper(2) [95711] {{(pid=95711) wait_forever /opt/stack/data/venv/lib/python3.12/site-packages/cotyledon/_service_worker.py:218}}
Jun 11 03:01:35.655965 np0000002555 nova-scheduler[95711]: INFO nova.service [-] Starting scheduler node (version 33.1.0)
Jun 11 03:01:35.661806 np0000002555 nova-scheduler[95711]: INFO dbcounter [None req-1af6d407-fb03-4d7b-b865-40c7b0ee450d None None] Registered counter for database nova_cell0
Jun 11 03:01:35.665666 np0000002555 nova-scheduler[95707]: DEBUG nova.service [None req-ecf7dffc-2782-4144-bc16-37cd7cec5dda None None] Creating RPC server for service: nova-scheduler on topic: scheduler {{(pid=95707) start /opt/stack/nova/nova/service.py:196}}
Jun 11 03:01:35.682039 np0000002555 nova-scheduler[95709]: DEBUG oslo_db.sqlalchemy.engines [None req-97f056c4-9b99-4e4c-817b-14896cddb0e3 None None] MySQL server mode set to STRICT_TRANS_TABLES,STRICT_ALL_TABLES,NO_ZERO_IN_DATE,NO_ZERO_DATE,ERROR_FOR_DIVISION_BY_ZERO,TRADITIONAL,NO_ENGINE_SUBSTITUTION {{(pid=95709) _check_effective_sql_mode /opt/stack/data/venv/lib/python3.12/site-packages/oslo_db/sqlalchemy/engines.py:325}}
Jun 11 03:01:35.687901 np0000002555 nova-scheduler[95707]: DEBUG nova.service [None req-ecf7dffc-2782-4144-bc16-37cd7cec5dda None None] Join ServiceGroup membership for this service scheduler {{(pid=95707) start /opt/stack/nova/nova/service.py:222}}
Jun 11 03:01:35.688083 np0000002555 nova-scheduler[95707]: DEBUG nova.servicegroup.drivers.db [None req-ecf7dffc-2782-4144-bc16-37cd7cec5dda None None] DB_Driver: join new ServiceGroup member np0000002555 to the scheduler group, service = {{(pid=95707) join /opt/stack/nova/nova/servicegroup/drivers/db.py:44}}
Jun 11 03:01:35.693675 np0000002555 nova-scheduler[95709]: DEBUG dbcounter [-] [95709] Writer thread running {{(pid=95709) stat_writer /opt/stack/data/venv/lib/python3.12/site-packages/dbcounter.py:102}}
Jun 11 03:01:35.696916 np0000002555 nova-scheduler[95709]: DEBUG nova.service [None req-97f056c4-9b99-4e4c-817b-14896cddb0e3 None None] Creating RPC server for service: nova-scheduler on topic: scheduler {{(pid=95709) start /opt/stack/nova/nova/service.py:196}}
Jun 11 03:01:35.701332 np0000002555 nova-scheduler[95711]: DEBUG oslo_db.sqlalchemy.engines [None req-1af6d407-fb03-4d7b-b865-40c7b0ee450d None None] MySQL server mode set to STRICT_TRANS_TABLES,STRICT_ALL_TABLES,NO_ZERO_IN_DATE,NO_ZERO_DATE,ERROR_FOR_DIVISION_BY_ZERO,TRADITIONAL,NO_ENGINE_SUBSTITUTION {{(pid=95711) _check_effective_sql_mode /opt/stack/data/venv/lib/python3.12/site-packages/oslo_db/sqlalchemy/engines.py:325}}
Jun 11 03:01:35.710713 np0000002555 nova-scheduler[95711]: DEBUG dbcounter [-] [95711] Writer thread running {{(pid=95711) stat_writer /opt/stack/data/venv/lib/python3.12/site-packages/dbcounter.py:102}}
Jun 11 03:01:35.713487 np0000002555 nova-scheduler[95711]: DEBUG nova.service [None req-1af6d407-fb03-4d7b-b865-40c7b0ee450d None None] Creating RPC server for service: nova-scheduler on topic: scheduler {{(pid=95711) start /opt/stack/nova/nova/service.py:196}}
Jun 11 03:01:35.716559 np0000002555 nova-scheduler[95709]: DEBUG nova.service [None req-97f056c4-9b99-4e4c-817b-14896cddb0e3 None None] Join ServiceGroup membership for this service scheduler {{(pid=95709) start /opt/stack/nova/nova/service.py:222}}
Jun 11 03:01:35.716750 np0000002555 nova-scheduler[95709]: DEBUG nova.servicegroup.drivers.db [None req-97f056c4-9b99-4e4c-817b-14896cddb0e3 None None] DB_Driver: join new ServiceGroup member np0000002555 to the scheduler group, service = {{(pid=95709) join /opt/stack/nova/nova/servicegroup/drivers/db.py:44}}
Jun 11 03:01:35.732503 np0000002555 nova-scheduler[95711]: DEBUG nova.service [None req-1af6d407-fb03-4d7b-b865-40c7b0ee450d None None] Join ServiceGroup membership for this service scheduler {{(pid=95711) start /opt/stack/nova/nova/service.py:222}}
Jun 11 03:01:35.732713 np0000002555 nova-scheduler[95711]: DEBUG nova.servicegroup.drivers.db [None req-1af6d407-fb03-4d7b-b865-40c7b0ee450d None None] DB_Driver: join new ServiceGroup member np0000002555 to the scheduler group, service = {{(pid=95711) join /opt/stack/nova/nova/servicegroup/drivers/db.py:44}}
Jun 11 03:01:40.703056 np0000002555 nova-scheduler[95707]: DEBUG oslo.service.backend._threading.loopingcall [-] Fixed interval looping call 'nova.servicegroup.drivers.db.DbDriver._report_state' sleeping for 119.99 seconds {{(pid=95707) _run_loop /opt/stack/data/venv/lib/python3.12/site-packages/oslo_service/backend/_threading/loopingcall.py:125}}
Jun 11 03:01:40.726786 np0000002555 nova-scheduler[95709]: DEBUG oslo.service.backend._threading.loopingcall [-] Fixed interval looping call 'nova.servicegroup.drivers.db.DbDriver._report_state' sleeping for 119.99 seconds {{(pid=95709) _run_loop /opt/stack/data/venv/lib/python3.12/site-packages/oslo_service/backend/_threading/loopingcall.py:125}}
Jun 11 03:01:40.748199 np0000002555 nova-scheduler[95711]: DEBUG oslo.service.backend._threading.loopingcall [-] Fixed interval looping call 'nova.servicegroup.drivers.db.DbDriver._report_state' sleeping for 119.99 seconds {{(pid=95711) _run_loop /opt/stack/data/venv/lib/python3.12/site-packages/oslo_service/backend/_threading/loopingcall.py:125}}
Jun 11 03:01:44.224110 np0000002555 nova-scheduler[94442]: DEBUG dbcounter [-] [94442] Writing DB stats nova_api:SELECT=3 {{(pid=94442) stat_writer /opt/stack/data/venv/lib/python3.12/site-packages/dbcounter.py:115}}
Jun 11 03:01:44.359921 np0000002555 nova-scheduler[94442]: DEBUG dbcounter [-] [94442] Writing DB stats nova_cell0:SELECT=1 {{(pid=94442) stat_writer /opt/stack/data/venv/lib/python3.12/site-packages/dbcounter.py:115}}
Jun 11 03:01:44.368286 np0000002555 nova-scheduler[94442]: DEBUG dbcounter [-] [94442] Writing DB stats nova_cell1:SELECT=1 {{(pid=94442) stat_writer /opt/stack/data/venv/lib/python3.12/site-packages/dbcounter.py:115}}
Jun 11 03:01:50.698298 np0000002555 nova-scheduler[95707]: DEBUG dbcounter [-] [95707] Writing DB stats nova_cell0:SELECT=4,nova_cell0:INSERT=1,nova_cell0:UPDATE=1 {{(pid=95707) stat_writer /opt/stack/data/venv/lib/python3.12/site-packages/dbcounter.py:115}}
Jun 11 03:01:50.724643 np0000002555 nova-scheduler[95709]: DEBUG dbcounter [-] [95709] Writing DB stats nova_cell0:SELECT=3 {{(pid=95709) stat_writer /opt/stack/data/venv/lib/python3.12/site-packages/dbcounter.py:115}}
Jun 11 03:01:50.745438 np0000002555 nova-scheduler[95711]: DEBUG dbcounter [-] [95711] Writing DB stats nova_cell0:SELECT=3 {{(pid=95711) stat_writer /opt/stack/data/venv/lib/python3.12/site-packages/dbcounter.py:115}}
Jun 11 03:01:55.690085 np0000002555 nova-scheduler[95707]: DEBUG oslo.service.backend._threading.loopingcall [None req-a94c99d2-3224-488e-b614-42214f0d80f4 None None] Dynamic interval looping call 'nova.service.Service.periodic_tasks' sleeping for 60.00 seconds {{(pid=95707) _run_loop /opt/stack/data/venv/lib/python3.12/site-packages/oslo_service/backend/_threading/loopingcall.py:125}}
Jun 11 03:02:19.718725 np0000002555 nova-scheduler[95709]: DEBUG oslo.service.backend._threading.loopingcall [None req-f88c6523-d527-473b-b32e-18e1f1c69019 None None] Dynamic interval looping call 'nova.service.Service.periodic_tasks' sleeping for 60.00 seconds {{(pid=95709) _run_loop /opt/stack/data/venv/lib/python3.12/site-packages/oslo_service/backend/_threading/loopingcall.py:125}}
Jun 11 03:02:20.734621 np0000002555 nova-scheduler[95711]: DEBUG oslo.service.backend._threading.loopingcall [None req-52ce47fd-7877-47bb-a44e-9a39faac8f1e None None] Dynamic interval looping call 'nova.service.Service.periodic_tasks' sleeping for 60.00 seconds {{(pid=95711) _run_loop /opt/stack/data/venv/lib/python3.12/site-packages/oslo_service/backend/_threading/loopingcall.py:125}}
Jun 11 03:02:55.690609 np0000002555 nova-scheduler[95707]: DEBUG oslo.service.backend._threading.loopingcall [None req-a94c99d2-3224-488e-b614-42214f0d80f4 None None] Dynamic interval looping call 'nova.service.Service.periodic_tasks' sleeping for 60.00 seconds {{(pid=95707) _run_loop /opt/stack/data/venv/lib/python3.12/site-packages/oslo_service/backend/_threading/loopingcall.py:125}}
Jun 11 03:03:19.719210 np0000002555 nova-scheduler[95709]: DEBUG oslo.service.backend._threading.loopingcall [None req-f88c6523-d527-473b-b32e-18e1f1c69019 None None] Dynamic interval looping call 'nova.service.Service.periodic_tasks' sleeping for 60.00 seconds {{(pid=95709) _run_loop /opt/stack/data/venv/lib/python3.12/site-packages/oslo_service/backend/_threading/loopingcall.py:125}}
Jun 11 03:03:20.735154 np0000002555 nova-scheduler[95711]: DEBUG oslo.service.backend._threading.loopingcall [None req-52ce47fd-7877-47bb-a44e-9a39faac8f1e None None] Dynamic interval looping call 'nova.service.Service.periodic_tasks' sleeping for 60.00 seconds {{(pid=95711) _run_loop /opt/stack/data/venv/lib/python3.12/site-packages/oslo_service/backend/_threading/loopingcall.py:125}}
Jun 11 03:03:40.701514 np0000002555 nova-scheduler[95707]: DEBUG oslo.service.backend._threading.loopingcall [-] Fixed interval looping call 'nova.servicegroup.drivers.db.DbDriver._report_state' sleeping for 119.99 seconds {{(pid=95707) _run_loop /opt/stack/data/venv/lib/python3.12/site-packages/oslo_service/backend/_threading/loopingcall.py:125}}
Jun 11 03:03:40.721537 np0000002555 nova-scheduler[95709]: DEBUG oslo.service.backend._threading.loopingcall [-] Fixed interval looping call 'nova.servicegroup.drivers.db.DbDriver._report_state' sleeping for 120.00 seconds {{(pid=95709) _run_loop /opt/stack/data/venv/lib/python3.12/site-packages/oslo_service/backend/_threading/loopingcall.py:125}}
Jun 11 03:03:40.743132 np0000002555 nova-scheduler[95711]: DEBUG oslo.service.backend._threading.loopingcall [-] Fixed interval looping call 'nova.servicegroup.drivers.db.DbDriver._report_state' sleeping for 120.00 seconds {{(pid=95711) _run_loop /opt/stack/data/venv/lib/python3.12/site-packages/oslo_service/backend/_threading/loopingcall.py:125}}
Jun 11 03:03:50.697614 np0000002555 nova-scheduler[95707]: DEBUG dbcounter [-] [95707] Writing DB stats nova_cell0:SELECT=1,nova_cell0:UPDATE=1 {{(pid=95707) stat_writer /opt/stack/data/venv/lib/python3.12/site-packages/dbcounter.py:115}}
Jun 11 03:03:50.719404 np0000002555 nova-scheduler[95709]: DEBUG dbcounter [-] [95709] Writing DB stats nova_cell0:SELECT=1 {{(pid=95709) stat_writer /opt/stack/data/venv/lib/python3.12/site-packages/dbcounter.py:115}}
Jun 11 03:03:50.741032 np0000002555 nova-scheduler[95711]: DEBUG dbcounter [-] [95711] Writing DB stats nova_cell0:SELECT=1 {{(pid=95711) stat_writer /opt/stack/data/venv/lib/python3.12/site-packages/dbcounter.py:115}}
Jun 11 03:03:55.691021 np0000002555 nova-scheduler[95707]: DEBUG oslo.service.backend._threading.loopingcall [None req-a94c99d2-3224-488e-b614-42214f0d80f4 None None] Dynamic interval looping call 'nova.service.Service.periodic_tasks' sleeping for 60.00 seconds {{(pid=95707) _run_loop /opt/stack/data/venv/lib/python3.12/site-packages/oslo_service/backend/_threading/loopingcall.py:125}}
Jun 11 03:04:19.719724 np0000002555 nova-scheduler[95709]: DEBUG oslo.service.backend._threading.loopingcall [None req-f88c6523-d527-473b-b32e-18e1f1c69019 None None] Dynamic interval looping call 'nova.service.Service.periodic_tasks' sleeping for 60.00 seconds {{(pid=95709) _run_loop /opt/stack/data/venv/lib/python3.12/site-packages/oslo_service/backend/_threading/loopingcall.py:125}}
Jun 11 03:04:20.735727 np0000002555 nova-scheduler[95711]: DEBUG oslo.service.backend._threading.loopingcall [None req-52ce47fd-7877-47bb-a44e-9a39faac8f1e None None] Dynamic interval looping call 'nova.service.Service.periodic_tasks' sleeping for 60.00 seconds {{(pid=95711) _run_loop /opt/stack/data/venv/lib/python3.12/site-packages/oslo_service/backend/_threading/loopingcall.py:125}}
Jun 11 03:04:21.103247 np0000002555 nova-scheduler[95707]: DEBUG nova.scheduler.manager [None req-f0e4413f-7243-4696-b54c-5af5ade29925 tempest-DeleteServersTestJSON-742122044 tempest-DeleteServersTestJSON-742122044-project-member] Starting to schedule for instances: ['1d4b9bbb-036d-4166-899a-e0e6e57f7841'] {{(pid=95707) select_destinations /opt/stack/nova/nova/scheduler/manager.py:210}}
Jun 11 03:04:21.104223 np0000002555 nova-scheduler[95707]: DEBUG nova.scheduler.request_filter [None req-f0e4413f-7243-4696-b54c-5af5ade29925 tempest-DeleteServersTestJSON-742122044 tempest-DeleteServersTestJSON-742122044-project-member] compute_status_filter request filter added forbidden trait COMPUTE_STATUS_DISABLED {{(pid=95707) compute_status_filter /opt/stack/nova/nova/scheduler/request_filter.py:253}}
Jun 11 03:04:21.104380 np0000002555 nova-scheduler[95707]: DEBUG nova.scheduler.request_filter [None req-f0e4413f-7243-4696-b54c-5af5ade29925 tempest-DeleteServersTestJSON-742122044 tempest-DeleteServersTestJSON-742122044-project-member] Request filter 'compute_status_filter' took 0.0 seconds {{(pid=95707) wrapper /opt/stack/nova/nova/scheduler/request_filter.py:46}}
Jun 11 03:04:21.104666 np0000002555 nova-scheduler[95707]: DEBUG nova.scheduler.request_filter [None req-f0e4413f-7243-4696-b54c-5af5ade29925 tempest-DeleteServersTestJSON-742122044 tempest-DeleteServersTestJSON-742122044-project-member] Request filter 'accelerators_filter' took 0.0 seconds {{(pid=95707) wrapper /opt/stack/nova/nova/scheduler/request_filter.py:46}}
Jun 11 03:04:21.104871 np0000002555 nova-scheduler[95707]: DEBUG nova.scheduler.request_filter [None req-f0e4413f-7243-4696-b54c-5af5ade29925 tempest-DeleteServersTestJSON-742122044 tempest-DeleteServersTestJSON-742122044-project-member] Request filter 'packed_virtqueue_filter' took 0.0 seconds {{(pid=95707) wrapper /opt/stack/nova/nova/scheduler/request_filter.py:46}}
Jun 11 03:04:21.105209 np0000002555 nova-scheduler[95707]: DEBUG nova.scheduler.request_filter [None req-f0e4413f-7243-4696-b54c-5af5ade29925 tempest-DeleteServersTestJSON-742122044 tempest-DeleteServersTestJSON-742122044-project-member] Request filter 'remote_managed_ports_filter' took 0.0 seconds {{(pid=95707) wrapper /opt/stack/nova/nova/scheduler/request_filter.py:46}}
Jun 11 03:04:21.105435 np0000002555 nova-scheduler[95707]: DEBUG nova.scheduler.request_filter [None req-f0e4413f-7243-4696-b54c-5af5ade29925 tempest-DeleteServersTestJSON-742122044 tempest-DeleteServersTestJSON-742122044-project-member] ephemeral_encryption_filter skipped {{(pid=95707) ephemeral_encryption_filter /opt/stack/nova/nova/scheduler/request_filter.py:426}}
Jun 11 03:04:21.105924 np0000002555 nova-scheduler[95707]: DEBUG nova.scheduler.request_filter [None req-f0e4413f-7243-4696-b54c-5af5ade29925 tempest-DeleteServersTestJSON-742122044 tempest-DeleteServersTestJSON-742122044-project-member] virtio_sound_filter skipped {{(pid=95707) virtio_sound_filter /opt/stack/nova/nova/scheduler/request_filter.py:460}}
Jun 11 03:04:21.106118 np0000002555 nova-scheduler[95707]: DEBUG nova.scheduler.request_filter [None req-f0e4413f-7243-4696-b54c-5af5ade29925 tempest-DeleteServersTestJSON-742122044 tempest-DeleteServersTestJSON-742122044-project-member] tpm_secret_security_filter skipped {{(pid=95707) tpm_secret_security_filter /opt/stack/nova/nova/scheduler/request_filter.py:477}}
Jun 11 03:04:21.693344 np0000002555 nova-scheduler[95707]: INFO nova.utils [None req-f0e4413f-7243-4696-b54c-5af5ade29925 tempest-DeleteServersTestJSON-742122044 tempest-DeleteServersTestJSON-742122044-project-member] The cell worker thread pool ForkProcess-1.cell_worker is initialized
Jun 11 03:04:21.693893 np0000002555 nova-scheduler[95707]: DEBUG oslo_concurrency.lockutils [None req-f0e4413f-7243-4696-b54c-5af5ade29925 tempest-DeleteServersTestJSON-742122044 tempest-DeleteServersTestJSON-742122044-project-member] Acquiring lock "cc1189d9-ed16-4ada-b02d-a725c1f0cd21" by "nova.context.set_target_cell..get_or_set_cached_cell_and_set_connections" {{(pid=95707) inner /opt/stack/data/venv/lib/python3.12/site-packages/oslo_concurrency/lockutils.py:511}}
Jun 11 03:04:21.694223 np0000002555 nova-scheduler[95707]: DEBUG oslo_concurrency.lockutils [None req-f0e4413f-7243-4696-b54c-5af5ade29925 tempest-DeleteServersTestJSON-742122044 tempest-DeleteServersTestJSON-742122044-project-member] Lock "cc1189d9-ed16-4ada-b02d-a725c1f0cd21" acquired by "nova.context.set_target_cell..get_or_set_cached_cell_and_set_connections" :: waited 0.000s {{(pid=95707) inner /opt/stack/data/venv/lib/python3.12/site-packages/oslo_concurrency/lockutils.py:524}}
Jun 11 03:04:21.701041 np0000002555 nova-scheduler[95707]: DEBUG oslo_concurrency.lockutils [None req-f0e4413f-7243-4696-b54c-5af5ade29925 tempest-DeleteServersTestJSON-742122044 tempest-DeleteServersTestJSON-742122044-project-member] Lock "cc1189d9-ed16-4ada-b02d-a725c1f0cd21" "released" by "nova.context.set_target_cell..get_or_set_cached_cell_and_set_connections" :: held 0.004s {{(pid=95707) inner /opt/stack/data/venv/lib/python3.12/site-packages/oslo_concurrency/lockutils.py:543}}
Jun 11 03:04:21.701041 np0000002555 nova-scheduler[95707]: INFO dbcounter [None req-f0e4413f-7243-4696-b54c-5af5ade29925 tempest-DeleteServersTestJSON-742122044 tempest-DeleteServersTestJSON-742122044-project-member] Registered counter for database nova_cell1
Jun 11 03:04:21.754207 np0000002555 nova-scheduler[95707]: DEBUG oslo_db.sqlalchemy.engines [None req-f0e4413f-7243-4696-b54c-5af5ade29925 tempest-DeleteServersTestJSON-742122044 tempest-DeleteServersTestJSON-742122044-project-member] MySQL server mode set to STRICT_TRANS_TABLES,STRICT_ALL_TABLES,NO_ZERO_IN_DATE,NO_ZERO_DATE,ERROR_FOR_DIVISION_BY_ZERO,TRADITIONAL,NO_ENGINE_SUBSTITUTION {{(pid=95707) _check_effective_sql_mode /opt/stack/data/venv/lib/python3.12/site-packages/oslo_db/sqlalchemy/engines.py:325}}
Jun 11 03:04:21.760109 np0000002555 nova-scheduler[95707]: DEBUG dbcounter [-] [95707] Writer thread running {{(pid=95707) stat_writer /opt/stack/data/venv/lib/python3.12/site-packages/dbcounter.py:102}}
Jun 11 03:04:21.774597 np0000002555 nova-scheduler[95707]: DEBUG oslo_db.sqlalchemy.engines [None req-f0e4413f-7243-4696-b54c-5af5ade29925 tempest-DeleteServersTestJSON-742122044 tempest-DeleteServersTestJSON-742122044-project-member] Parent process 94442 forked (95707) with an open database connection, which is being discarded and recreated. {{(pid=95707) checkout /opt/stack/data/venv/lib/python3.12/site-packages/oslo_db/sqlalchemy/engines.py:402}}
Jun 11 03:04:21.811994 np0000002555 nova-scheduler[95707]: DEBUG dbcounter [-] [95707] Writer thread running {{(pid=95707) stat_writer /opt/stack/data/venv/lib/python3.12/site-packages/dbcounter.py:102}}
Jun 11 03:04:21.814810 np0000002555 nova-scheduler[95707]: DEBUG oslo_concurrency.lockutils [None req-f0e4413f-7243-4696-b54c-5af5ade29925 tempest-DeleteServersTestJSON-742122044 tempest-DeleteServersTestJSON-742122044-project-member] Acquiring lock "cc1189d9-ed16-4ada-b02d-a725c1f0cd21" by "nova.context.set_target_cell..get_or_set_cached_cell_and_set_connections" {{(pid=95707) inner /opt/stack/data/venv/lib/python3.12/site-packages/oslo_concurrency/lockutils.py:511}}
Jun 11 03:04:21.814810 np0000002555 nova-scheduler[95707]: DEBUG oslo_concurrency.lockutils [None req-f0e4413f-7243-4696-b54c-5af5ade29925 tempest-DeleteServersTestJSON-742122044 tempest-DeleteServersTestJSON-742122044-project-member] Lock "cc1189d9-ed16-4ada-b02d-a725c1f0cd21" acquired by "nova.context.set_target_cell..get_or_set_cached_cell_and_set_connections" :: waited 0.000s {{(pid=95707) inner /opt/stack/data/venv/lib/python3.12/site-packages/oslo_concurrency/lockutils.py:524}}
Jun 11 03:04:21.814810 np0000002555 nova-scheduler[95707]: DEBUG oslo_concurrency.lockutils [None req-f0e4413f-7243-4696-b54c-5af5ade29925 tempest-DeleteServersTestJSON-742122044 tempest-DeleteServersTestJSON-742122044-project-member] Lock "cc1189d9-ed16-4ada-b02d-a725c1f0cd21" "released" by "nova.context.set_target_cell..get_or_set_cached_cell_and_set_connections" :: held 0.000s {{(pid=95707) inner /opt/stack/data/venv/lib/python3.12/site-packages/oslo_concurrency/lockutils.py:543}}
Jun 11 03:04:21.823488 np0000002555 nova-scheduler[95707]: DEBUG oslo_concurrency.lockutils [None req-f0e4413f-7243-4696-b54c-5af5ade29925 tempest-DeleteServersTestJSON-742122044 tempest-DeleteServersTestJSON-742122044-project-member] Acquiring lock "('np0000002555', 'np0000002555')" by "nova.scheduler.host_manager.HostState.update.._locked_update" {{(pid=95707) inner /opt/stack/data/venv/lib/python3.12/site-packages/oslo_concurrency/lockutils.py:511}}
Jun 11 03:04:21.823710 np0000002555 nova-scheduler[95707]: DEBUG oslo_concurrency.lockutils [None req-f0e4413f-7243-4696-b54c-5af5ade29925 tempest-DeleteServersTestJSON-742122044 tempest-DeleteServersTestJSON-742122044-project-member] Lock "('np0000002555', 'np0000002555')" acquired by "nova.scheduler.host_manager.HostState.update.._locked_update" :: waited 0.000s {{(pid=95707) inner /opt/stack/data/venv/lib/python3.12/site-packages/oslo_concurrency/lockutils.py:524}}
Jun 11 03:04:21.824656 np0000002555 nova-scheduler[95707]: DEBUG nova.scheduler.host_manager [None req-f0e4413f-7243-4696-b54c-5af5ade29925 tempest-DeleteServersTestJSON-742122044 tempest-DeleteServersTestJSON-742122044-project-member] Update host state from compute node: ComputeNode(cpu_allocation_ratio=4.0,cpu_info='{"arch": "x86_64", "model": "EPYC-Milan", "vendor": "AMD", "topology": {"cells": 1, "sockets": 12, "cores": 1, "threads": 1}, "maxphysaddr": {"mode": "emulate", "bits": 40}, "features": ["apic", "sse", "mce", "nrip-save", "pae", "rdtscp", "fma", "lbrv", "mca", "f16c", "rdctl-no", "xsavec", "clflushopt", "rdpid", "lahf_lm", "mtrr", "xsaves", "pclmuldq", "fxsr_opt", "v-vmsave-vmload", "ssse3", "npt", "clflush", "sse2", "vmcb-clean", "skip-l1dfl-vmentry", "vpclmulqdq", "nx", "ssbd", "pat", "fxsr", "cmp_legacy", "smap", "mds-no", "arat", "avx2", "amd-psfd", "vme", "vgif", "clzero", "tsc-scale", "lm", "osvw", "hypervisor", "sse4.1", "rdrand", "pni", "misalignsse", "erms", "mmxext", "wbnoinvd", "stibp-always-on", "bmi2", "amd-stibp", "amd-ssbd", "xgetbv1", "adx", "bmi1", "fsrm", "stibp", "pdpe1gb", "ibrs", "rdseed", "topoext", "cx8", "invpcid", "fpu", "pschange-mc-no", "pcid", "pfthreshold", "fsgsbase", "svme-addr-chk", "pku", "pause-filter", "aes", "xsaveerptr", "sha-ni", "x2apic", "lfence-always-serializing", "mmx", "movbe", "null-sel-clr-base", "ibpb", "pse36", "pse", "3dnowprefetch", "no-nested-data-bp", "vaes", "sse4a", "xsaveopt", "cmov", "popcnt", "avx", "umip", "virt-ssbd", "abm", "svm", "cx16", "de", "pge", "tsc_adjust", "tsc-deadline", "arch-capabilities", "perfctr_core", "flushbyasid", "msr", "tsc", "xsave", "smep", "syscall", "cr8legacy", "clwb", "gds-no", "sep", "spec-ctrl", "sse4.2"]}',created_at=2026-06-11T03:02:00Z,current_workload=0,deleted=False,deleted_at=None,disk_allocation_ratio=1.0,disk_available_least=74,free_disk_gb=95,free_ram_mb=23518,host='np0000002555',host_ip=10.4.3.113,hypervisor_hostname='np0000002555',hypervisor_type='QEMU',hypervisor_version=8002002,id=1,local_gb=95,local_gb_used=0,mapped=1,memory_mb=24030,memory_mb_used=512,metrics='[]',numa_topology='{"nova_object.name": "NUMATopology", "nova_object.namespace": "nova", "nova_object.version": "1.2", "nova_object.data": {"cells": [{"nova_object.name": "NUMACell", "nova_object.namespace": "nova", "nova_object.version": "1.5", "nova_object.data": {"id": 0, "cpuset": [0, 1, 2, 3, 4, 5, 6, 7, 8, 9, 10, 11], "pcpuset": [0, 1, 2, 3, 4, 5, 6, 7, 8, 9, 10, 11], "memory": 24030, "cpu_usage": 0, "memory_usage": 0, "pinned_cpus": [], "siblings": [[6], [2], [5], [11], [8], [4], [1], [7], [10], [0], [3], [9]], "mempages": [{"nova_object.name": "NUMAPagesTopology", "nova_object.namespace": "nova", "nova_object.version": "1.1", "nova_object.data": {"size_kb": 4, "total": 6151798, "used": 0, "reserved": 0}, "nova_object.changes": ["total", "reserved", "used", "size_kb"]}, {"nova_object.name": "NUMAPagesTopology", "nova_object.namespace": "nova", "nova_object.version": "1.1", "nova_object.data": {"size_kb": 2048, "total": 0, "used": 0, "reserved": 0}, "nova_object.changes": ["total", "reserved", "used", "size_kb"]}, {"nova_object.name": "NUMAPagesTopology", "nova_object.namespace": "nova", "nova_object.version": "1.1", "nova_object.data": {"size_kb": 1048576, "total": 0, "used": 0, "reserved": 0}, "nova_object.changes": ["total", "reserved", "used", "size_kb"]}], "network_metadata": {"nova_object.name": "NetworkMetadata", "nova_object.namespace": "nova", "nova_object.version": "1.0", "nova_object.data": {"physnets": [], "tunneled": false}, "nova_object.changes": ["physnets", "tunneled"]}, "socket": null}, "nova_object.changes": ["memory", "siblings", "mempages", "network_metadata", "pcpuset", "socket", "cpuset", "id", "cpu_usage", "pinned_cpus", "memory_usage"]}]}, "nova_object.changes": ["cells"]}',pci_device_pools=PciDevicePoolList,ram_allocation_ratio=1.0,running_vms=0,service_id=2,stats={failed_builds='0',uptime=' 03:03:46 up 25 min, 2 users, load average: 1.02, 1.29, 0.76
Jun 11 03:04:21.824656 np0000002555 nova-scheduler[95707]: '},supported_hv_specs=[HVSpec,HVSpec,HVSpec,HVSpec,HVSpec,HVSpec,HVSpec,HVSpec,HVSpec,HVSpec,HVSpec,HVSpec,HVSpec,HVSpec,HVSpec,HVSpec,HVSpec,HVSpec,HVSpec,HVSpec,HVSpec,HVSpec,HVSpec,HVSpec,HVSpec],updated_at=2026-06-11T03:03:49Z,uuid=991d0552-c914-4a0c-919b-2b5750dd9cd5,vcpus=12,vcpus_used=0) {{(pid=95707) _locked_update /opt/stack/nova/nova/scheduler/host_manager.py:168}}
Jun 11 03:04:21.825490 np0000002555 nova-scheduler[95707]: DEBUG nova.scheduler.host_manager [None req-f0e4413f-7243-4696-b54c-5af5ade29925 tempest-DeleteServersTestJSON-742122044 tempest-DeleteServersTestJSON-742122044-project-member] Update host state with aggregates: [] {{(pid=95707) _locked_update /opt/stack/nova/nova/scheduler/host_manager.py:171}}
Jun 11 03:04:21.825644 np0000002555 nova-scheduler[95707]: DEBUG nova.scheduler.host_manager [None req-f0e4413f-7243-4696-b54c-5af5ade29925 tempest-DeleteServersTestJSON-742122044 tempest-DeleteServersTestJSON-742122044-project-member] Update host state with service dict: {'id': 2, 'uuid': 'c07859fa-993b-49ca-a89c-27754ec5e1c7', 'host': 'np0000002555', 'binary': 'nova-compute', 'topic': 'compute', 'report_count': 2, 'disabled': False, 'disabled_reason': None, 'last_seen_up': datetime.datetime(2026, 6, 11, 3, 4, 9, tzinfo=datetime.timezone.utc), 'forced_down': False, 'version': 72, 'created_at': datetime.datetime(2026, 6, 11, 3, 1, 59, tzinfo=datetime.timezone.utc), 'updated_at': datetime.datetime(2026, 6, 11, 3, 4, 9, tzinfo=datetime.timezone.utc), 'deleted_at': None, 'deleted': False} {{(pid=95707) _locked_update /opt/stack/nova/nova/scheduler/host_manager.py:174}}
Jun 11 03:04:21.825750 np0000002555 nova-scheduler[95707]: DEBUG nova.scheduler.host_manager [None req-f0e4413f-7243-4696-b54c-5af5ade29925 tempest-DeleteServersTestJSON-742122044 tempest-DeleteServersTestJSON-742122044-project-member] Update host state with instances: [] {{(pid=95707) _locked_update /opt/stack/nova/nova/scheduler/host_manager.py:177}}
Jun 11 03:04:21.825891 np0000002555 nova-scheduler[95707]: DEBUG oslo_concurrency.lockutils [None req-f0e4413f-7243-4696-b54c-5af5ade29925 tempest-DeleteServersTestJSON-742122044 tempest-DeleteServersTestJSON-742122044-project-member] Lock "('np0000002555', 'np0000002555')" "released" by "nova.scheduler.host_manager.HostState.update.._locked_update" :: held 0.002s {{(pid=95707) inner /opt/stack/data/venv/lib/python3.12/site-packages/oslo_concurrency/lockutils.py:543}}
Jun 11 03:04:21.827096 np0000002555 nova-scheduler[95707]: DEBUG nova.filters [None req-f0e4413f-7243-4696-b54c-5af5ade29925 tempest-DeleteServersTestJSON-742122044 tempest-DeleteServersTestJSON-742122044-project-member] Starting with 1 host(s) {{(pid=95707) get_filtered_objects /opt/stack/nova/nova/filters.py:70}}
Jun 11 03:04:21.827843 np0000002555 nova-scheduler[95707]: DEBUG nova.filters [None req-f0e4413f-7243-4696-b54c-5af5ade29925 tempest-DeleteServersTestJSON-742122044 tempest-DeleteServersTestJSON-742122044-project-member] Filter ComputeFilter returned 1 host(s) {{(pid=95707) get_filtered_objects /opt/stack/nova/nova/filters.py:102}}
Jun 11 03:04:21.827843 np0000002555 nova-scheduler[95707]: DEBUG nova.filters [None req-f0e4413f-7243-4696-b54c-5af5ade29925 tempest-DeleteServersTestJSON-742122044 tempest-DeleteServersTestJSON-742122044-project-member] Filter ComputeCapabilitiesFilter returned 1 host(s) {{(pid=95707) get_filtered_objects /opt/stack/nova/nova/filters.py:102}}
Jun 11 03:04:21.827843 np0000002555 nova-scheduler[95707]: DEBUG nova.filters [None req-f0e4413f-7243-4696-b54c-5af5ade29925 tempest-DeleteServersTestJSON-742122044 tempest-DeleteServersTestJSON-742122044-project-member] Filter ImagePropertiesFilter returned 1 host(s) {{(pid=95707) get_filtered_objects /opt/stack/nova/nova/filters.py:102}}
Jun 11 03:04:21.827843 np0000002555 nova-scheduler[95707]: DEBUG nova.filters [None req-f0e4413f-7243-4696-b54c-5af5ade29925 tempest-DeleteServersTestJSON-742122044 tempest-DeleteServersTestJSON-742122044-project-member] Filter ServerGroupAntiAffinityFilter returned 1 host(s) {{(pid=95707) get_filtered_objects /opt/stack/nova/nova/filters.py:102}}
Jun 11 03:04:21.828017 np0000002555 nova-scheduler[95707]: DEBUG nova.filters [None req-f0e4413f-7243-4696-b54c-5af5ade29925 tempest-DeleteServersTestJSON-742122044 tempest-DeleteServersTestJSON-742122044-project-member] Filter ServerGroupAffinityFilter returned 1 host(s) {{(pid=95707) get_filtered_objects /opt/stack/nova/nova/filters.py:102}}
Jun 11 03:04:21.828169 np0000002555 nova-scheduler[95707]: DEBUG nova.filters [None req-f0e4413f-7243-4696-b54c-5af5ade29925 tempest-DeleteServersTestJSON-742122044 tempest-DeleteServersTestJSON-742122044-project-member] Filter SameHostFilter returned 1 host(s) {{(pid=95707) get_filtered_objects /opt/stack/nova/nova/filters.py:102}}
Jun 11 03:04:21.828310 np0000002555 nova-scheduler[95707]: DEBUG nova.filters [None req-f0e4413f-7243-4696-b54c-5af5ade29925 tempest-DeleteServersTestJSON-742122044 tempest-DeleteServersTestJSON-742122044-project-member] Filter DifferentHostFilter returned 1 host(s) {{(pid=95707) get_filtered_objects /opt/stack/nova/nova/filters.py:102}}
Jun 11 03:04:21.828488 np0000002555 nova-scheduler[95707]: DEBUG nova.scheduler.manager [None req-f0e4413f-7243-4696-b54c-5af5ade29925 tempest-DeleteServersTestJSON-742122044 tempest-DeleteServersTestJSON-742122044-project-member] Filtered [(np0000002555, np0000002555) ram: 23518MB disk: 75776MB io_ops: 0 instances: 0, allocation_candidates: 1] {{(pid=95707) _get_sorted_hosts /opt/stack/nova/nova/scheduler/manager.py:743}}
Jun 11 03:04:21.829034 np0000002555 nova-scheduler[95707]: DEBUG nova.scheduler.manager [None req-f0e4413f-7243-4696-b54c-5af5ade29925 tempest-DeleteServersTestJSON-742122044 tempest-DeleteServersTestJSON-742122044-project-member] Weighed [WeighedHost [host: (np0000002555, np0000002555) ram: 23518MB disk: 75776MB io_ops: 0 instances: 0, allocation_candidates: 1, weight: 0.0]] {{(pid=95707) _get_sorted_hosts /opt/stack/nova/nova/scheduler/manager.py:765}}
Jun 11 03:04:21.829277 np0000002555 nova-scheduler[95707]: DEBUG nova.scheduler.utils [None req-f0e4413f-7243-4696-b54c-5af5ade29925 tempest-DeleteServersTestJSON-742122044 tempest-DeleteServersTestJSON-742122044-project-member] Attempting to claim resources in the placement API for instance 1d4b9bbb-036d-4166-899a-e0e6e57f7841 {{(pid=95707) claim_resources /opt/stack/nova/nova/scheduler/utils.py:1345}}
Jun 11 03:04:21.991877 np0000002555 nova-scheduler[95707]: DEBUG nova.scheduler.manager [None req-f0e4413f-7243-4696-b54c-5af5ade29925 tempest-DeleteServersTestJSON-742122044 tempest-DeleteServersTestJSON-742122044-project-member] [instance: 1d4b9bbb-036d-4166-899a-e0e6e57f7841] Selected host: (np0000002555, np0000002555) ram: 23518MB disk: 75776MB io_ops: 0 instances: 0, allocation_candidates: 1 {{(pid=95707) _consume_selected_host /opt/stack/nova/nova/scheduler/manager.py:625}}
Jun 11 03:04:21.992243 np0000002555 nova-scheduler[95707]: DEBUG oslo_concurrency.lockutils [None req-f0e4413f-7243-4696-b54c-5af5ade29925 tempest-DeleteServersTestJSON-742122044 tempest-DeleteServersTestJSON-742122044-project-member] Acquiring lock "('np0000002555', 'np0000002555')" by "nova.scheduler.host_manager.HostState.consume_from_request.._locked" {{(pid=95707) inner /opt/stack/data/venv/lib/python3.12/site-packages/oslo_concurrency/lockutils.py:511}}
Jun 11 03:04:21.992489 np0000002555 nova-scheduler[95707]: DEBUG oslo_concurrency.lockutils [None req-f0e4413f-7243-4696-b54c-5af5ade29925 tempest-DeleteServersTestJSON-742122044 tempest-DeleteServersTestJSON-742122044-project-member] Lock "('np0000002555', 'np0000002555')" acquired by "nova.scheduler.host_manager.HostState.consume_from_request.._locked" :: waited 0.000s {{(pid=95707) inner /opt/stack/data/venv/lib/python3.12/site-packages/oslo_concurrency/lockutils.py:524}}
Jun 11 03:04:21.992703 np0000002555 nova-scheduler[95707]: DEBUG oslo_concurrency.lockutils [None req-f0e4413f-7243-4696-b54c-5af5ade29925 tempest-DeleteServersTestJSON-742122044 tempest-DeleteServersTestJSON-742122044-project-member] Lock "('np0000002555', 'np0000002555')" "released" by "nova.scheduler.host_manager.HostState.consume_from_request.._locked" :: held 0.000s {{(pid=95707) inner /opt/stack/data/venv/lib/python3.12/site-packages/oslo_concurrency/lockutils.py:543}}
Jun 11 03:04:22.598959 np0000002555 nova-scheduler[95709]: DEBUG nova.scheduler.manager [None req-88237b6d-dfc9-4a3a-9126-a8cb38f7f607 tempest-ServerActionsTestOtherB-1503553137 tempest-ServerActionsTestOtherB-1503553137-project-member] Starting to schedule for instances: ['e3c8204a-ecca-4e9c-9f73-4b67d78d1b22'] {{(pid=95709) select_destinations /opt/stack/nova/nova/scheduler/manager.py:210}}
Jun 11 03:04:22.600184 np0000002555 nova-scheduler[95709]: DEBUG nova.scheduler.request_filter [None req-88237b6d-dfc9-4a3a-9126-a8cb38f7f607 tempest-ServerActionsTestOtherB-1503553137 tempest-ServerActionsTestOtherB-1503553137-project-member] compute_status_filter request filter added forbidden trait COMPUTE_STATUS_DISABLED {{(pid=95709) compute_status_filter /opt/stack/nova/nova/scheduler/request_filter.py:253}}
Jun 11 03:04:22.600414 np0000002555 nova-scheduler[95709]: DEBUG nova.scheduler.request_filter [None req-88237b6d-dfc9-4a3a-9126-a8cb38f7f607 tempest-ServerActionsTestOtherB-1503553137 tempest-ServerActionsTestOtherB-1503553137-project-member] Request filter 'compute_status_filter' took 0.0 seconds {{(pid=95709) wrapper /opt/stack/nova/nova/scheduler/request_filter.py:46}}
Jun 11 03:04:22.600680 np0000002555 nova-scheduler[95709]: DEBUG nova.scheduler.request_filter [None req-88237b6d-dfc9-4a3a-9126-a8cb38f7f607 tempest-ServerActionsTestOtherB-1503553137 tempest-ServerActionsTestOtherB-1503553137-project-member] Request filter 'accelerators_filter' took 0.0 seconds {{(pid=95709) wrapper /opt/stack/nova/nova/scheduler/request_filter.py:46}}
Jun 11 03:04:22.600980 np0000002555 nova-scheduler[95709]: DEBUG nova.scheduler.request_filter [None req-88237b6d-dfc9-4a3a-9126-a8cb38f7f607 tempest-ServerActionsTestOtherB-1503553137 tempest-ServerActionsTestOtherB-1503553137-project-member] Request filter 'packed_virtqueue_filter' took 0.0 seconds {{(pid=95709) wrapper /opt/stack/nova/nova/scheduler/request_filter.py:46}}
Jun 11 03:04:22.601362 np0000002555 nova-scheduler[95709]: DEBUG nova.scheduler.request_filter [None req-88237b6d-dfc9-4a3a-9126-a8cb38f7f607 tempest-ServerActionsTestOtherB-1503553137 tempest-ServerActionsTestOtherB-1503553137-project-member] Request filter 'remote_managed_ports_filter' took 0.0 seconds {{(pid=95709) wrapper /opt/stack/nova/nova/scheduler/request_filter.py:46}}
Jun 11 03:04:22.601592 np0000002555 nova-scheduler[95709]: DEBUG nova.scheduler.request_filter [None req-88237b6d-dfc9-4a3a-9126-a8cb38f7f607 tempest-ServerActionsTestOtherB-1503553137 tempest-ServerActionsTestOtherB-1503553137-project-member] ephemeral_encryption_filter skipped {{(pid=95709) ephemeral_encryption_filter /opt/stack/nova/nova/scheduler/request_filter.py:426}}
Jun 11 03:04:22.601777 np0000002555 nova-scheduler[95709]: DEBUG nova.scheduler.request_filter [None req-88237b6d-dfc9-4a3a-9126-a8cb38f7f607 tempest-ServerActionsTestOtherB-1503553137 tempest-ServerActionsTestOtherB-1503553137-project-member] virtio_sound_filter skipped {{(pid=95709) virtio_sound_filter /opt/stack/nova/nova/scheduler/request_filter.py:460}}
Jun 11 03:04:22.601982 np0000002555 nova-scheduler[95709]: DEBUG nova.scheduler.request_filter [None req-88237b6d-dfc9-4a3a-9126-a8cb38f7f607 tempest-ServerActionsTestOtherB-1503553137 tempest-ServerActionsTestOtherB-1503553137-project-member] tpm_secret_security_filter skipped {{(pid=95709) tpm_secret_security_filter /opt/stack/nova/nova/scheduler/request_filter.py:477}}
Jun 11 03:04:22.733467 np0000002555 nova-scheduler[95709]: INFO nova.utils [None req-88237b6d-dfc9-4a3a-9126-a8cb38f7f607 tempest-ServerActionsTestOtherB-1503553137 tempest-ServerActionsTestOtherB-1503553137-project-member] The cell worker thread pool ForkProcess-2.cell_worker is initialized
Jun 11 03:04:22.739856 np0000002555 nova-scheduler[95709]: DEBUG oslo_concurrency.lockutils [None req-88237b6d-dfc9-4a3a-9126-a8cb38f7f607 tempest-ServerActionsTestOtherB-1503553137 tempest-ServerActionsTestOtherB-1503553137-project-member] Acquiring lock "cc1189d9-ed16-4ada-b02d-a725c1f0cd21" by "nova.context.set_target_cell..get_or_set_cached_cell_and_set_connections" {{(pid=95709) inner /opt/stack/data/venv/lib/python3.12/site-packages/oslo_concurrency/lockutils.py:511}}
Jun 11 03:04:22.739856 np0000002555 nova-scheduler[95709]: DEBUG oslo_concurrency.lockutils [None req-88237b6d-dfc9-4a3a-9126-a8cb38f7f607 tempest-ServerActionsTestOtherB-1503553137 tempest-ServerActionsTestOtherB-1503553137-project-member] Lock "cc1189d9-ed16-4ada-b02d-a725c1f0cd21" acquired by "nova.context.set_target_cell..get_or_set_cached_cell_and_set_connections" :: waited 0.000s {{(pid=95709) inner /opt/stack/data/venv/lib/python3.12/site-packages/oslo_concurrency/lockutils.py:524}}
Jun 11 03:04:22.739856 np0000002555 nova-scheduler[95709]: DEBUG oslo_concurrency.lockutils [None req-88237b6d-dfc9-4a3a-9126-a8cb38f7f607 tempest-ServerActionsTestOtherB-1503553137 tempest-ServerActionsTestOtherB-1503553137-project-member] Lock "cc1189d9-ed16-4ada-b02d-a725c1f0cd21" "released" by "nova.context.set_target_cell..get_or_set_cached_cell_and_set_connections" :: held 0.002s {{(pid=95709) inner /opt/stack/data/venv/lib/python3.12/site-packages/oslo_concurrency/lockutils.py:543}}
Jun 11 03:04:22.739856 np0000002555 nova-scheduler[95709]: INFO dbcounter [None req-88237b6d-dfc9-4a3a-9126-a8cb38f7f607 tempest-ServerActionsTestOtherB-1503553137 tempest-ServerActionsTestOtherB-1503553137-project-member] Registered counter for database nova_cell1
Jun 11 03:04:22.787070 np0000002555 nova-scheduler[95709]: DEBUG oslo_db.sqlalchemy.engines [None req-88237b6d-dfc9-4a3a-9126-a8cb38f7f607 tempest-ServerActionsTestOtherB-1503553137 tempest-ServerActionsTestOtherB-1503553137-project-member] MySQL server mode set to STRICT_TRANS_TABLES,STRICT_ALL_TABLES,NO_ZERO_IN_DATE,NO_ZERO_DATE,ERROR_FOR_DIVISION_BY_ZERO,TRADITIONAL,NO_ENGINE_SUBSTITUTION {{(pid=95709) _check_effective_sql_mode /opt/stack/data/venv/lib/python3.12/site-packages/oslo_db/sqlalchemy/engines.py:325}}
Jun 11 03:04:22.793570 np0000002555 nova-scheduler[95709]: DEBUG dbcounter [-] [95709] Writer thread running {{(pid=95709) stat_writer /opt/stack/data/venv/lib/python3.12/site-packages/dbcounter.py:102}}
Jun 11 03:04:22.871320 np0000002555 nova-scheduler[95709]: DEBUG dbcounter [-] [95709] Writer thread running {{(pid=95709) stat_writer /opt/stack/data/venv/lib/python3.12/site-packages/dbcounter.py:102}}
Jun 11 03:04:22.874330 np0000002555 nova-scheduler[95709]: DEBUG oslo_concurrency.lockutils [None req-88237b6d-dfc9-4a3a-9126-a8cb38f7f607 tempest-ServerActionsTestOtherB-1503553137 tempest-ServerActionsTestOtherB-1503553137-project-member] Acquiring lock "cc1189d9-ed16-4ada-b02d-a725c1f0cd21" by "nova.context.set_target_cell..get_or_set_cached_cell_and_set_connections" {{(pid=95709) inner /opt/stack/data/venv/lib/python3.12/site-packages/oslo_concurrency/lockutils.py:511}}
Jun 11 03:04:22.874492 np0000002555 nova-scheduler[95709]: DEBUG oslo_concurrency.lockutils [None req-88237b6d-dfc9-4a3a-9126-a8cb38f7f607 tempest-ServerActionsTestOtherB-1503553137 tempest-ServerActionsTestOtherB-1503553137-project-member] Lock "cc1189d9-ed16-4ada-b02d-a725c1f0cd21" acquired by "nova.context.set_target_cell..get_or_set_cached_cell_and_set_connections" :: waited 0.000s {{(pid=95709) inner /opt/stack/data/venv/lib/python3.12/site-packages/oslo_concurrency/lockutils.py:524}}
Jun 11 03:04:22.874687 np0000002555 nova-scheduler[95709]: DEBUG oslo_concurrency.lockutils [None req-88237b6d-dfc9-4a3a-9126-a8cb38f7f607 tempest-ServerActionsTestOtherB-1503553137 tempest-ServerActionsTestOtherB-1503553137-project-member] Lock "cc1189d9-ed16-4ada-b02d-a725c1f0cd21" "released" by "nova.context.set_target_cell..get_or_set_cached_cell_and_set_connections" :: held 0.000s {{(pid=95709) inner /opt/stack/data/venv/lib/python3.12/site-packages/oslo_concurrency/lockutils.py:543}}
Jun 11 03:04:22.880616 np0000002555 nova-scheduler[95709]: DEBUG oslo_concurrency.lockutils [None req-88237b6d-dfc9-4a3a-9126-a8cb38f7f607 tempest-ServerActionsTestOtherB-1503553137 tempest-ServerActionsTestOtherB-1503553137-project-member] Acquiring lock "('np0000002555', 'np0000002555')" by "nova.scheduler.host_manager.HostState.update.._locked_update" {{(pid=95709) inner /opt/stack/data/venv/lib/python3.12/site-packages/oslo_concurrency/lockutils.py:511}}
Jun 11 03:04:22.880616 np0000002555 nova-scheduler[95709]: DEBUG oslo_concurrency.lockutils [None req-88237b6d-dfc9-4a3a-9126-a8cb38f7f607 tempest-ServerActionsTestOtherB-1503553137 tempest-ServerActionsTestOtherB-1503553137-project-member] Lock "('np0000002555', 'np0000002555')" acquired by "nova.scheduler.host_manager.HostState.update.._locked_update" :: waited 0.001s {{(pid=95709) inner /opt/stack/data/venv/lib/python3.12/site-packages/oslo_concurrency/lockutils.py:524}}
