Aug 14 05:19:12.218354 np0000007322 devstack@c-api.service[97139]: DEBUG cinder.volume.api [None req-0febcea6-a947-46d3-9a5f-a49e80231e41 tempest-TaggedBootDevicesTest_v242-2113191500 tempest-TaggedBootDevicesTest_v242-2113191500-project-member] Flow 'volume_create_api' (da7ce6a9-9719-40e0-8753-c4875dfa6aef) transitioned into state 'SUCCESS' from state 'RUNNING' {{(pid=97139) _flow_receiver /opt/stack/data/venv/lib/python3.12/site-packages/taskflow/listeners/logging.py:160}}
Aug 14 05:19:12.218763 np0000007322 devstack@c-api.service[97139]: INFO cinder.volume.api [None req-0febcea6-a947-46d3-9a5f-a49e80231e41 tempest-TaggedBootDevicesTest_v242-2113191500 tempest-TaggedBootDevicesTest_v242-2113191500-project-member] Create volume request issued successfully.
Aug 14 05:19:12.219406 np0000007322 devstack@c-api.service[97139]: INFO cinder.api.openstack.wsgi [None req-0febcea6-a947-46d3-9a5f-a49e80231e41 tempest-TaggedBootDevicesTest_v242-2113191500 tempest-TaggedBootDevicesTest_v242-2113191500-project-member] https://10.4.3.8/volume/v3/volumes returned with HTTP 202
Aug 14 05:19:12.219822 np0000007322 devstack@c-api.service[97139]: [pid: 97139|app: 0|req: 145/432] 10.4.3.8 () {68 vars in 1244 bytes} [Fri Aug 14 05:19:12 2026] POST /volume/v3/volumes => generated 753 bytes in 185 msecs (HTTP/1.1 202) 7 headers in 291 bytes (1 switches on core 0)
Aug 14 05:19:12.230624 np0000007322 devstack@c-api.service[97138]: INFO cinder.api.openstack.wsgi [None req-1940044b-0fe7-47d0-995c-1968e338e368 tempest-GroupSnapshotsTest-1136562049 tempest-GroupSnapshotsTest-1136562049-project-admin] https://10.4.3.8/volume/v3/types returned with HTTP 200
Aug 14 05:19:12.231144 np0000007322 devstack@c-api.service[97138]: [pid: 97138|app: 0|req: 146/433] 10.4.3.8 () {68 vars in 1238 bytes} [Fri Aug 14 05:19:12 2026] POST /volume/v3/types => generated 223 bytes in 20 msecs (HTTP/1.1 200) 7 headers in 285 bytes (1 switches on core 0)
Aug 14 05:19:12.235420 np0000007322 devstack@c-api.service[97137]: DEBUG cinder.api.middleware.request_id [None req-3a691241-8f41-4089-80a8-7630921c64c4 None None] RequestId filter calling following filter/app {{(pid=97137) _context_setter /opt/stack/cinder/cinder/api/middleware/request_id.py:62}}
Aug 14 05:19:12.237351 np0000007322 devstack@c-api.service[97137]: INFO cinder.api.openstack.wsgi [None req-3a691241-8f41-4089-80a8-7630921c64c4 tempest-TaggedBootDevicesTest_v242-2113191500 tempest-TaggedBootDevicesTest_v242-2113191500-project-member] GET https://10.4.3.8/volume/v3/volumes/378054f6-5f44-4172-b84a-a53f28d7e8b7
Aug 14 05:19:12.237570 np0000007322 devstack@c-api.service[97137]: DEBUG cinder.api.openstack.wsgi [None req-3a691241-8f41-4089-80a8-7630921c64c4 tempest-TaggedBootDevicesTest_v242-2113191500 tempest-TaggedBootDevicesTest_v242-2113191500-project-member] Empty body provided in request {{(pid=97137) get_body /opt/stack/cinder/cinder/api/openstack/wsgi.py:725}}
Aug 14 05:19:12.237820 np0000007322 devstack@c-api.service[97137]: DEBUG cinder.api.openstack.wsgi [None req-3a691241-8f41-4089-80a8-7630921c64c4 tempest-TaggedBootDevicesTest_v242-2113191500 tempest-TaggedBootDevicesTest_v242-2113191500-project-member] Calling method 'show' {{(pid=97137) _process_stack /opt/stack/cinder/cinder/api/openstack/wsgi.py:878}}
Aug 14 05:19:12.241644 np0000007322 devstack@c-api.service[97139]: DEBUG cinder.api.middleware.request_id [None req-e0b69fea-96a1-4a5d-aa93-b69d78bbc616 None None] RequestId filter calling following filter/app {{(pid=97139) _context_setter /opt/stack/cinder/cinder/api/middleware/request_id.py:62}}
Aug 14 05:19:12.247110 np0000007322 devstack@c-api.service[97139]: INFO cinder.api.openstack.wsgi [None req-e0b69fea-96a1-4a5d-aa93-b69d78bbc616 tempest-GroupSnapshotsTest-1136562049 tempest-GroupSnapshotsTest-1136562049-project-admin] POST https://10.4.3.8/volume/v3/group_types
Aug 14 05:19:12.247642 np0000007322 devstack@c-api.service[97139]: DEBUG cinder.api.openstack.wsgi [None req-e0b69fea-96a1-4a5d-aa93-b69d78bbc616 tempest-GroupSnapshotsTest-1136562049 tempest-GroupSnapshotsTest-1136562049-project-admin] Action: 'create', calling method: version_select, body: {"group_type": {"name": "tempest-GroupSnapshotsTest-group-type-638118500"}} {{(pid=97139) _process_stack /opt/stack/cinder/cinder/api/openstack/wsgi.py:876}}
Aug 14 05:19:12.250109 np0000007322 devstack@c-api.service[97139]: /opt/stack/data/venv/lib/python3.12/site-packages/oslo_context/context.py:102: DeprecationWarning: Policy enforcement is depending on the value of is_admin. This key is deprecated. Please update your policy file to use the standard policy values.
Aug 14 05:19:12.250109 np0000007322 devstack@c-api.service[97139]: warnings.warn(
Aug 14 05:19:12.250491 np0000007322 devstack@c-api.service[97137]: /opt/stack/data/venv/lib/python3.12/site-packages/oslo_context/context.py:102: DeprecationWarning: Policy enforcement is depending on the value of is_admin. This key is deprecated. Please update your policy file to use the standard policy values.
Aug 14 05:19:12.250491 np0000007322 devstack@c-api.service[97137]: warnings.warn(
Aug 14 05:19:12.255782 np0000007322 devstack@c-api.service[97137]: INFO cinder.volume.api [None req-3a691241-8f41-4089-80a8-7630921c64c4 tempest-TaggedBootDevicesTest_v242-2113191500 tempest-TaggedBootDevicesTest_v242-2113191500-project-member] Volume info retrieved successfully.
Aug 14 05:19:12.262532 np0000007322 devstack@c-api.service[97137]: INFO cinder.api.openstack.wsgi [None req-3a691241-8f41-4089-80a8-7630921c64c4 tempest-TaggedBootDevicesTest_v242-2113191500 tempest-TaggedBootDevicesTest_v242-2113191500-project-member] https://10.4.3.8/volume/v3/volumes/378054f6-5f44-4172-b84a-a53f28d7e8b7 returned with HTTP 200
Aug 14 05:19:12.263037 np0000007322 devstack@c-api.service[97137]: [pid: 97137|app: 0|req: 143/434] 10.4.3.8 () {66 vars in 1334 bytes} [Fri Aug 14 05:19:12 2026] GET /volume/v3/volumes/378054f6-5f44-4172-b84a-a53f28d7e8b7 => generated 821 bytes in 28 msecs (HTTP/1.1 200) 7 headers in 285 bytes (1 switches on core 0)
Aug 14 05:19:12.264426 np0000007322 devstack@c-api.service[97139]: INFO cinder.api.openstack.wsgi [None req-e0b69fea-96a1-4a5d-aa93-b69d78bbc616 tempest-GroupSnapshotsTest-1136562049 tempest-GroupSnapshotsTest-1136562049-project-admin] https://10.4.3.8/volume/v3/group_types returned with HTTP 202
Aug 14 05:19:12.266749 np0000007322 devstack@c-api.service[97139]: [pid: 97139|app: 0|req: 146/435] 10.4.3.8 () {70 vars in 1297 bytes} [Fri Aug 14 05:19:12 2026] POST /volume/v3/group_types => generated 180 bytes in 24 msecs (HTTP/1.1 202) 7 headers in 292 bytes (1 switches on core 0)
Aug 14 05:19:12.275035 np0000007322 devstack@c-api.service[97138]: DEBUG cinder.api.middleware.request_id [None req-aaf69abb-aea7-439e-81ea-47d8560dc4ca None None] RequestId filter calling following filter/app {{(pid=97138) _context_setter /opt/stack/cinder/cinder/api/middleware/request_id.py:62}}
Aug 14 05:19:12.277107 np0000007322 devstack@c-api.service[97138]: INFO cinder.api.openstack.wsgi [None req-aaf69abb-aea7-439e-81ea-47d8560dc4ca tempest-GroupSnapshotsTest-402351237 tempest-GroupSnapshotsTest-402351237-project-member] POST https://10.4.3.8/volume/v3/groups
Aug 14 05:19:12.277577 np0000007322 devstack@c-api.service[97138]: DEBUG cinder.api.openstack.wsgi [None req-aaf69abb-aea7-439e-81ea-47d8560dc4ca tempest-GroupSnapshotsTest-402351237 tempest-GroupSnapshotsTest-402351237-project-member] Action: 'create', calling method: version_select, body: {"group": {"group_type": "2fb72536-3902-4776-afcc-83d43c6234d7", "volume_types": ["8dc523e5-76b3-45e8-969a-2eaf83f33b76"], "name": "tempest-GroupSnapshotsTest-Group-536610666"}} {{(pid=97138) _process_stack /opt/stack/cinder/cinder/api/openstack/wsgi.py:876}}
Aug 14 05:19:12.279631 np0000007322 devstack@c-api.service[97138]: DEBUG cinder.api.v3.groups [None req-aaf69abb-aea7-439e-81ea-47d8560dc4ca tempest-GroupSnapshotsTest-402351237 tempest-GroupSnapshotsTest-402351237-project-member] Creating new group {'group': {'group_type': '2fb72536-3902-4776-afcc-83d43c6234d7', 'volume_types': ['8dc523e5-76b3-45e8-969a-2eaf83f33b76'], 'name': 'tempest-GroupSnapshotsTest-Group-536610666'}} {{(pid=97138) create /opt/stack/cinder/cinder/api/v3/groups.py:190}}
Aug 14 05:19:12.283397 np0000007322 devstack@c-api.service[97138]: INFO cinder.api.v3.groups [None req-aaf69abb-aea7-439e-81ea-47d8560dc4ca tempest-GroupSnapshotsTest-402351237 tempest-GroupSnapshotsTest-402351237-project-member] Creating group tempest-GroupSnapshotsTest-Group-536610666.
Aug 14 05:19:12.300716 np0000007322 devstack@c-api.service[97138]: DEBUG cinder.volume.api [None req-aaf69abb-aea7-439e-81ea-47d8560dc4ca tempest-GroupSnapshotsTest-402351237 tempest-GroupSnapshotsTest-402351237-project-member] Availability zone cache updated, next update will occur around 2026-08-14 06:19:12.300044. {{(pid=97138) list_availability_zones /opt/stack/cinder/cinder/volume/api.py:155}}
Aug 14 05:19:12.300716 np0000007322 devstack@c-api.service[97138]: INFO cinder.volume.api [None req-aaf69abb-aea7-439e-81ea-47d8560dc4ca tempest-GroupSnapshotsTest-402351237 tempest-GroupSnapshotsTest-402351237-project-member] Availability Zones retrieved successfully.
Aug 14 05:19:12.316059 np0000007322 devstack@c-api.service[97138]: DEBUG cinder.quota [None req-aaf69abb-aea7-439e-81ea-47d8560dc4ca tempest-GroupSnapshotsTest-402351237 tempest-GroupSnapshotsTest-402351237-project-member] Created reservations ['3e059cbe-fbcb-424b-a0c7-51dd2897ffd2'] {{(pid=97138) reserve /opt/stack/cinder/cinder/quota.py:752}}
Aug 14 05:19:12.344438 np0000007322 devstack@c-api.service[97138]: INFO cinder.api.openstack.wsgi [None req-aaf69abb-aea7-439e-81ea-47d8560dc4ca tempest-GroupSnapshotsTest-402351237 tempest-GroupSnapshotsTest-402351237-project-member] https://10.4.3.8/volume/v3/groups returned with HTTP 202
Aug 14 05:19:12.344841 np0000007322 devstack@c-api.service[97138]: [pid: 97138|app: 0|req: 147/436] 10.4.3.8 () {70 vars in 1283 bytes} [Fri Aug 14 05:19:12 2026] POST /volume/v3/groups => generated 111 bytes in 70 msecs (HTTP/1.1 202) 7 headers in 292 bytes (1 switches on core 0)
Aug 14 05:19:12.357590 np0000007322 devstack@c-api.service[97137]: DEBUG cinder.api.middleware.request_id [None req-373f7f12-5616-46d9-94a2-0f214db26939 None None] RequestId filter calling following filter/app {{(pid=97137) _context_setter /opt/stack/cinder/cinder/api/middleware/request_id.py:62}}
Aug 14 05:19:12.359360 np0000007322 devstack@c-api.service[97137]: INFO cinder.api.openstack.wsgi [None req-373f7f12-5616-46d9-94a2-0f214db26939 tempest-GroupSnapshotsTest-402351237 tempest-GroupSnapshotsTest-402351237-project-member] GET https://10.4.3.8/volume/v3/groups/c02eb270-5b00-422e-aa84-522132b3c9d6
Aug 14 05:19:12.359585 np0000007322 devstack@c-api.service[97137]: DEBUG cinder.api.openstack.wsgi [None req-373f7f12-5616-46d9-94a2-0f214db26939 tempest-GroupSnapshotsTest-402351237 tempest-GroupSnapshotsTest-402351237-project-member] Empty body provided in request {{(pid=97137) get_body /opt/stack/cinder/cinder/api/openstack/wsgi.py:725}}
Aug 14 05:19:12.360584 np0000007322 devstack@c-api.service[97137]: DEBUG cinder.api.openstack.wsgi [None req-373f7f12-5616-46d9-94a2-0f214db26939 tempest-GroupSnapshotsTest-402351237 tempest-GroupSnapshotsTest-402351237-project-member] Calling method 'version_select' {{(pid=97137) _process_stack /opt/stack/cinder/cinder/api/openstack/wsgi.py:878}}
Aug 14 05:19:12.360742 np0000007322 devstack@c-api.service[97137]: DEBUG cinder.api.v3.groups [None req-373f7f12-5616-46d9-94a2-0f214db26939 tempest-GroupSnapshotsTest-402351237 tempest-GroupSnapshotsTest-402351237-project-member] show called for member c02eb270-5b00-422e-aa84-522132b3c9d6 {{(pid=97137) show /opt/stack/cinder/cinder/api/v3/groups.py:58}}
Aug 14 05:19:12.365483 np0000007322 devstack@c-api.service[97137]: /opt/stack/data/venv/lib/python3.12/site-packages/oslo_context/context.py:102: DeprecationWarning: Policy enforcement is depending on the value of is_admin. This key is deprecated. Please update your policy file to use the standard policy values.
Aug 14 05:19:12.365483 np0000007322 devstack@c-api.service[97137]: warnings.warn(
Aug 14 05:19:12.374352 np0000007322 devstack@c-api.service[97137]: INFO cinder.api.openstack.wsgi [None req-373f7f12-5616-46d9-94a2-0f214db26939 tempest-GroupSnapshotsTest-402351237 tempest-GroupSnapshotsTest-402351237-project-member] https://10.4.3.8/volume/v3/groups/c02eb270-5b00-422e-aa84-522132b3c9d6 returned with HTTP 200
Aug 14 05:19:12.374835 np0000007322 devstack@c-api.service[97137]: [pid: 97137|app: 0|req: 144/437] 10.4.3.8 () {68 vars in 1372 bytes} [Fri Aug 14 05:19:12 2026] GET /volume/v3/groups/c02eb270-5b00-422e-aa84-522132b3c9d6 => generated 391 bytes in 19 msecs (HTTP/1.1 200) 7 headers in 286 bytes (1 switches on core 0)
Aug 14 05:19:13.176876 np0000007322 devstack@c-api.service[97139]: DEBUG cinder.api.middleware.request_id [None req-729c3a6d-963f-4235-8fda-3f31fc827d10 None None] RequestId filter calling following filter/app {{(pid=97139) _context_setter /opt/stack/cinder/cinder/api/middleware/request_id.py:62}}
Aug 14 05:19:13.178819 np0000007322 devstack@c-api.service[97139]: INFO cinder.api.openstack.wsgi [None req-729c3a6d-963f-4235-8fda-3f31fc827d10 tempest-ServerRescueNegativeTestJSON-1669020886 tempest-ServerRescueNegativeTestJSON-1669020886-project-member] DELETE https://10.4.3.8/volume/v3/volumes/41276db3-3004-4837-9902-647dc0b63c69
Aug 14 05:19:13.179043 np0000007322 devstack@c-api.service[97139]: DEBUG cinder.api.openstack.wsgi [None req-729c3a6d-963f-4235-8fda-3f31fc827d10 tempest-ServerRescueNegativeTestJSON-1669020886 tempest-ServerRescueNegativeTestJSON-1669020886-project-member] Empty body provided in request {{(pid=97139) get_body /opt/stack/cinder/cinder/api/openstack/wsgi.py:725}}
Aug 14 05:19:13.179246 np0000007322 devstack@c-api.service[97139]: DEBUG cinder.api.openstack.wsgi [None req-729c3a6d-963f-4235-8fda-3f31fc827d10 tempest-ServerRescueNegativeTestJSON-1669020886 tempest-ServerRescueNegativeTestJSON-1669020886-project-member] Calling method 'delete' {{(pid=97139) _process_stack /opt/stack/cinder/cinder/api/openstack/wsgi.py:878}}
Aug 14 05:19:13.179418 np0000007322 devstack@c-api.service[97139]: INFO cinder.api.v3.volumes [None req-729c3a6d-963f-4235-8fda-3f31fc827d10 tempest-ServerRescueNegativeTestJSON-1669020886 tempest-ServerRescueNegativeTestJSON-1669020886-project-member] Delete volume with id: 41276db3-3004-4837-9902-647dc0b63c69
Aug 14 05:19:13.188435 np0000007322 devstack@c-api.service[97139]: /opt/stack/data/venv/lib/python3.12/site-packages/oslo_context/context.py:102: DeprecationWarning: Policy enforcement is depending on the value of is_admin. This key is deprecated. Please update your policy file to use the standard policy values.
Aug 14 05:19:13.188435 np0000007322 devstack@c-api.service[97139]: warnings.warn(
Aug 14 05:19:13.188949 np0000007322 devstack@c-api.service[97139]: INFO cinder.volume.api [None req-729c3a6d-963f-4235-8fda-3f31fc827d10 tempest-ServerRescueNegativeTestJSON-1669020886 tempest-ServerRescueNegativeTestJSON-1669020886-project-member] Volume info retrieved successfully.
Aug 14 05:19:13.207816 np0000007322 devstack@c-api.service[97139]: INFO cinder.volume.api [None req-729c3a6d-963f-4235-8fda-3f31fc827d10 tempest-ServerRescueNegativeTestJSON-1669020886 tempest-ServerRescueNegativeTestJSON-1669020886-project-member] Delete volume request issued successfully.
Aug 14 05:19:13.208084 np0000007322 devstack@c-api.service[97139]: INFO cinder.api.openstack.wsgi [None req-729c3a6d-963f-4235-8fda-3f31fc827d10 tempest-ServerRescueNegativeTestJSON-1669020886 tempest-ServerRescueNegativeTestJSON-1669020886-project-member] https://10.4.3.8/volume/v3/volumes/41276db3-3004-4837-9902-647dc0b63c69 returned with HTTP 202
Aug 14 05:19:13.208566 np0000007322 devstack@c-api.service[97139]: [pid: 97139|app: 0|req: 147/438] 10.4.3.8 () {66 vars in 1337 bytes} [Fri Aug 14 05:19:13 2026] DELETE /volume/v3/volumes/41276db3-3004-4837-9902-647dc0b63c69 => generated 0 bytes in 32 msecs (HTTP/1.1 202) 6 headers in 233 bytes (1 switches on core 0)
Aug 14 05:19:13.216319 np0000007322 devstack@c-api.service[97138]: DEBUG cinder.api.middleware.request_id [None req-1a8837bf-1c92-45dd-9be9-294fc0757e70 None None] RequestId filter calling following filter/app {{(pid=97138) _context_setter /opt/stack/cinder/cinder/api/middleware/request_id.py:62}}
Aug 14 05:19:13.218228 np0000007322 devstack@c-api.service[97138]: INFO cinder.api.openstack.wsgi [None req-1a8837bf-1c92-45dd-9be9-294fc0757e70 tempest-ServerRescueNegativeTestJSON-1669020886 tempest-ServerRescueNegativeTestJSON-1669020886-project-member] GET https://10.4.3.8/volume/v3/volumes/41276db3-3004-4837-9902-647dc0b63c69
Aug 14 05:19:13.218569 np0000007322 devstack@c-api.service[97138]: DEBUG cinder.api.openstack.wsgi [None req-1a8837bf-1c92-45dd-9be9-294fc0757e70 tempest-ServerRescueNegativeTestJSON-1669020886 tempest-ServerRescueNegativeTestJSON-1669020886-project-member] Empty body provided in request {{(pid=97138) get_body /opt/stack/cinder/cinder/api/openstack/wsgi.py:725}}
Aug 14 05:19:13.218847 np0000007322 devstack@c-api.service[97138]: DEBUG cinder.api.openstack.wsgi [None req-1a8837bf-1c92-45dd-9be9-294fc0757e70 tempest-ServerRescueNegativeTestJSON-1669020886 tempest-ServerRescueNegativeTestJSON-1669020886-project-member] Calling method 'show' {{(pid=97138) _process_stack /opt/stack/cinder/cinder/api/openstack/wsgi.py:878}}
Aug 14 05:19:13.226032 np0000007322 devstack@c-api.service[97138]: /opt/stack/data/venv/lib/python3.12/site-packages/oslo_context/context.py:102: DeprecationWarning: Policy enforcement is depending on the value of is_admin. This key is deprecated. Please update your policy file to use the standard policy values.
Aug 14 05:19:13.226032 np0000007322 devstack@c-api.service[97138]: warnings.warn(
Aug 14 05:19:13.230466 np0000007322 devstack@c-api.service[97138]: INFO cinder.volume.api [None req-1a8837bf-1c92-45dd-9be9-294fc0757e70 tempest-ServerRescueNegativeTestJSON-1669020886 tempest-ServerRescueNegativeTestJSON-1669020886-project-member] Volume info retrieved successfully.
Aug 14 05:19:13.234750 np0000007322 devstack@c-api.service[97138]: INFO cinder.api.openstack.wsgi [None req-1a8837bf-1c92-45dd-9be9-294fc0757e70 tempest-ServerRescueNegativeTestJSON-1669020886 tempest-ServerRescueNegativeTestJSON-1669020886-project-member] https://10.4.3.8/volume/v3/volumes/41276db3-3004-4837-9902-647dc0b63c69 returned with HTTP 200
Aug 14 05:19:13.235678 np0000007322 devstack@c-api.service[97138]: [pid: 97138|app: 0|req: 148/439] 10.4.3.8 () {66 vars in 1334 bytes} [Fri Aug 14 05:19:13 2026] GET /volume/v3/volumes/41276db3-3004-4837-9902-647dc0b63c69 => generated 847 bytes in 19 msecs (HTTP/1.1 200) 7 headers in 285 bytes (1 switches on core 0)
Aug 14 05:19:13.278294 np0000007322 devstack@c-api.service[97137]: DEBUG cinder.api.middleware.request_id [None req-954ac4ce-a721-4314-9ae3-24c35686a2cd None None] RequestId filter calling following filter/app {{(pid=97137) _context_setter /opt/stack/cinder/cinder/api/middleware/request_id.py:62}}
Aug 14 05:19:13.281162 np0000007322 devstack@c-api.service[97137]: INFO cinder.api.openstack.wsgi [None req-954ac4ce-a721-4314-9ae3-24c35686a2cd tempest-TaggedBootDevicesTest_v242-2113191500 tempest-TaggedBootDevicesTest_v242-2113191500-project-member] GET https://10.4.3.8/volume/v3/volumes/378054f6-5f44-4172-b84a-a53f28d7e8b7
Aug 14 05:19:13.281162 np0000007322 devstack@c-api.service[97137]: DEBUG cinder.api.openstack.wsgi [None req-954ac4ce-a721-4314-9ae3-24c35686a2cd tempest-TaggedBootDevicesTest_v242-2113191500 tempest-TaggedBootDevicesTest_v242-2113191500-project-member] Empty body provided in request {{(pid=97137) get_body /opt/stack/cinder/cinder/api/openstack/wsgi.py:725}}
Aug 14 05:19:13.281461 np0000007322 devstack@c-api.service[97137]: DEBUG cinder.api.openstack.wsgi [None req-954ac4ce-a721-4314-9ae3-24c35686a2cd tempest-TaggedBootDevicesTest_v242-2113191500 tempest-TaggedBootDevicesTest_v242-2113191500-project-member] Calling method 'show' {{(pid=97137) _process_stack /opt/stack/cinder/cinder/api/openstack/wsgi.py:878}}
Aug 14 05:19:13.290147 np0000007322 devstack@c-api.service[97137]: /opt/stack/data/venv/lib/python3.12/site-packages/oslo_context/context.py:102: DeprecationWarning: Policy enforcement is depending on the value of is_admin. This key is deprecated. Please update your policy file to use the standard policy values.
Aug 14 05:19:13.290147 np0000007322 devstack@c-api.service[97137]: warnings.warn(
Aug 14 05:19:13.296438 np0000007322 devstack@c-api.service[97137]: INFO cinder.volume.api [None req-954ac4ce-a721-4314-9ae3-24c35686a2cd tempest-TaggedBootDevicesTest_v242-2113191500 tempest-TaggedBootDevicesTest_v242-2113191500-project-member] Volume info retrieved successfully.
Aug 14 05:19:13.302337 np0000007322 devstack@c-api.service[97137]: INFO cinder.api.openstack.wsgi [None req-954ac4ce-a721-4314-9ae3-24c35686a2cd tempest-TaggedBootDevicesTest_v242-2113191500 tempest-TaggedBootDevicesTest_v242-2113191500-project-member] https://10.4.3.8/volume/v3/volumes/378054f6-5f44-4172-b84a-a53f28d7e8b7 returned with HTTP 200
Aug 14 05:19:13.302337 np0000007322 devstack@c-api.service[97137]: [pid: 97137|app: 0|req: 145/440] 10.4.3.8 () {66 vars in 1334 bytes} [Fri Aug 14 05:19:13 2026] GET /volume/v3/volumes/378054f6-5f44-4172-b84a-a53f28d7e8b7 => generated 846 bytes in 25 msecs (HTTP/1.1 200) 7 headers in 285 bytes (1 switches on core 0)
Aug 14 05:19:13.318975 np0000007322 devstack@c-api.service[97139]: DEBUG cinder.api.middleware.request_id [None req-b5e99432-f46f-47c9-b182-b87435129f74 None None] RequestId filter calling following filter/app {{(pid=97139) _context_setter /opt/stack/cinder/cinder/api/middleware/request_id.py:62}}
Aug 14 05:19:13.321161 np0000007322 devstack@c-api.service[97139]: INFO cinder.api.openstack.wsgi [None req-b5e99432-f46f-47c9-b182-b87435129f74 tempest-TaggedBootDevicesTest_v242-2113191500 tempest-TaggedBootDevicesTest_v242-2113191500-project-member] POST https://10.4.3.8/volume/v3/volumes
Aug 14 05:19:13.321601 np0000007322 devstack@c-api.service[97139]: DEBUG cinder.api.openstack.wsgi [None req-b5e99432-f46f-47c9-b182-b87435129f74 tempest-TaggedBootDevicesTest_v242-2113191500 tempest-TaggedBootDevicesTest_v242-2113191500-project-member] Action: 'create', calling method: create, body: {"volume": {"size": 1, "display_name": "tempest-TaggedBootDevicesTest_v242-volume-987048978"}} {{(pid=97139) _process_stack /opt/stack/cinder/cinder/api/openstack/wsgi.py:876}}
Aug 14 05:19:13.323392 np0000007322 devstack@c-api.service[97139]: DEBUG cinder.api.v3.volumes [None req-b5e99432-f46f-47c9-b182-b87435129f74 tempest-TaggedBootDevicesTest_v242-2113191500 tempest-TaggedBootDevicesTest_v242-2113191500-project-member] Create volume request body: {'volume': {'size': 1, 'display_name': 'tempest-TaggedBootDevicesTest_v242-volume-987048978'}} {{(pid=97139) create /opt/stack/cinder/cinder/api/v3/volumes.py:368}}
Aug 14 05:19:13.323543 np0000007322 devstack@c-api.service[97139]: INFO cinder.api.v3.volumes [None req-b5e99432-f46f-47c9-b182-b87435129f74 tempest-TaggedBootDevicesTest_v242-2113191500 tempest-TaggedBootDevicesTest_v242-2113191500-project-member] Create volume of 1 GB
Aug 14 05:19:13.328067 np0000007322 devstack@c-api.service[97139]: INFO cinder.volume.api [None req-b5e99432-f46f-47c9-b182-b87435129f74 tempest-TaggedBootDevicesTest_v242-2113191500 tempest-TaggedBootDevicesTest_v242-2113191500-project-member] Availability Zones retrieved successfully.
Aug 14 05:19:13.339265 np0000007322 devstack@c-api.service[97139]: DEBUG cinder.volume.api [None req-b5e99432-f46f-47c9-b182-b87435129f74 tempest-TaggedBootDevicesTest_v242-2113191500 tempest-TaggedBootDevicesTest_v242-2113191500-project-member] Flow 'volume_create_api' (84c24d93-1d42-4201-a091-c481bbcfe093) transitioned into state 'RUNNING' from state 'PENDING' {{(pid=97139) _flow_receiver /opt/stack/data/venv/lib/python3.12/site-packages/taskflow/listeners/logging.py:160}}
Aug 14 05:19:13.340776 np0000007322 devstack@c-api.service[97139]: DEBUG cinder.volume.api [None req-b5e99432-f46f-47c9-b182-b87435129f74 tempest-TaggedBootDevicesTest_v242-2113191500 tempest-TaggedBootDevicesTest_v242-2113191500-project-member] Task 'cinder.volume.flows.api.create_volume.ExtractVolumeRequestTask;volume:create' (25cb177f-a425-4998-96bd-a5a69198ef6a) transitioned into state 'RUNNING' from state 'PENDING' {{(pid=97139) _task_receiver /opt/stack/data/venv/lib/python3.12/site-packages/taskflow/listeners/logging.py:242}}
Aug 14 05:19:13.342238 np0000007322 devstack@c-api.service[97139]: DEBUG cinder.volume.flows.api.create_volume [None req-b5e99432-f46f-47c9-b182-b87435129f74 tempest-TaggedBootDevicesTest_v242-2113191500 tempest-TaggedBootDevicesTest_v242-2113191500-project-member] Validating volume size '1' using validate_int {{(pid=97139) _extract_size /opt/stack/cinder/cinder/volume/flows/api/create_volume.py:226}}
Aug 14 05:19:13.373524 np0000007322 devstack@c-api.service[97139]: DEBUG cinder.volume.api [None req-b5e99432-f46f-47c9-b182-b87435129f74 tempest-TaggedBootDevicesTest_v242-2113191500 tempest-TaggedBootDevicesTest_v242-2113191500-project-member] Task 'cinder.volume.flows.api.create_volume.ExtractVolumeRequestTask;volume:create' (25cb177f-a425-4998-96bd-a5a69198ef6a) transitioned into state 'SUCCESS' from state 'RUNNING' with result '{'size': 1, 'snapshot_id': None, 'source_volid': None, 'volume_type': VolumeType(created_at=2026-08-14T05:14:52Z,deleted=False,deleted_at=None,description=None,extra_specs={volume_backend_name='storpool'},id=11129f2e-65e2-49bc-98c5-82e2d024bbba,is_public=True,name='storpool',projects=[],qos_specs=,qos_specs_id=None,updated_at=None), 'volume_type_id': '11129f2e-65e2-49bc-98c5-82e2d024bbba', 'encryption_key_id': None, 'qos_specs': None, 'consistencygroup_id': None, 'cgsnapshot_id': None, 'group_id': None, 'replication_status': 'disabled', 'refresh_az': False, 'backup_id': None, 'multiattach': False, 'availability_zones': ['nova']}' {{(pid=97139) _task_receiver /opt/stack/data/venv/lib/python3.12/site-packages/taskflow/listeners/logging.py:218}}
Aug 14 05:19:13.375468 np0000007322 devstack@c-api.service[97139]: DEBUG cinder.volume.api [None req-b5e99432-f46f-47c9-b182-b87435129f74 tempest-TaggedBootDevicesTest_v242-2113191500 tempest-TaggedBootDevicesTest_v242-2113191500-project-member] Task 'cinder.volume.flows.api.create_volume.QuotaReserveTask;volume:create' (44fceaad-6099-43b1-8149-3795725d9643) transitioned into state 'RUNNING' from state 'PENDING' {{(pid=97139) _task_receiver /opt/stack/data/venv/lib/python3.12/site-packages/taskflow/listeners/logging.py:242}}
Aug 14 05:19:13.385302 np0000007322 devstack@c-api.service[97138]: DEBUG cinder.api.middleware.request_id [None req-e02f8ad6-5b9d-44cc-a227-c582cfcb9256 None None] RequestId filter calling following filter/app {{(pid=97138) _context_setter /opt/stack/cinder/cinder/api/middleware/request_id.py:62}}
Aug 14 05:19:13.387087 np0000007322 devstack@c-api.service[97138]: INFO cinder.api.openstack.wsgi [None req-e02f8ad6-5b9d-44cc-a227-c582cfcb9256 tempest-GroupSnapshotsTest-402351237 tempest-GroupSnapshotsTest-402351237-project-member] GET https://10.4.3.8/volume/v3/groups/c02eb270-5b00-422e-aa84-522132b3c9d6
Aug 14 05:19:13.387308 np0000007322 devstack@c-api.service[97138]: DEBUG cinder.api.openstack.wsgi [None req-e02f8ad6-5b9d-44cc-a227-c582cfcb9256 tempest-GroupSnapshotsTest-402351237 tempest-GroupSnapshotsTest-402351237-project-member] Empty body provided in request {{(pid=97138) get_body /opt/stack/cinder/cinder/api/openstack/wsgi.py:725}}
Aug 14 05:19:13.387531 np0000007322 devstack@c-api.service[97138]: DEBUG cinder.api.openstack.wsgi [None req-e02f8ad6-5b9d-44cc-a227-c582cfcb9256 tempest-GroupSnapshotsTest-402351237 tempest-GroupSnapshotsTest-402351237-project-member] Calling method 'version_select' {{(pid=97138) _process_stack /opt/stack/cinder/cinder/api/openstack/wsgi.py:878}}
Aug 14 05:19:13.387656 np0000007322 devstack@c-api.service[97138]: DEBUG cinder.api.v3.groups [None req-e02f8ad6-5b9d-44cc-a227-c582cfcb9256 tempest-GroupSnapshotsTest-402351237 tempest-GroupSnapshotsTest-402351237-project-member] show called for member c02eb270-5b00-422e-aa84-522132b3c9d6 {{(pid=97138) show /opt/stack/cinder/cinder/api/v3/groups.py:58}}
Aug 14 05:19:13.391058 np0000007322 devstack@c-api.service[97138]: /opt/stack/data/venv/lib/python3.12/site-packages/oslo_context/context.py:102: DeprecationWarning: Policy enforcement is depending on the value of is_admin. This key is deprecated. Please update your policy file to use the standard policy values.
Aug 14 05:19:13.391058 np0000007322 devstack@c-api.service[97138]: warnings.warn(
Aug 14 05:19:13.398856 np0000007322 devstack@c-api.service[97138]: INFO cinder.api.openstack.wsgi [None req-e02f8ad6-5b9d-44cc-a227-c582cfcb9256 tempest-GroupSnapshotsTest-402351237 tempest-GroupSnapshotsTest-402351237-project-member] https://10.4.3.8/volume/v3/groups/c02eb270-5b00-422e-aa84-522132b3c9d6 returned with HTTP 200
Aug 14 05:19:13.399207 np0000007322 devstack@c-api.service[97138]: [pid: 97138|app: 0|req: 149/441] 10.4.3.8 () {68 vars in 1372 bytes} [Fri Aug 14 05:19:13 2026] GET /volume/v3/groups/c02eb270-5b00-422e-aa84-522132b3c9d6 => generated 392 bytes in 14 msecs (HTTP/1.1 200) 7 headers in 286 bytes (1 switches on core 0)
Aug 14 05:19:13.409194 np0000007322 devstack@c-api.service[97137]: DEBUG cinder.api.middleware.request_id [None req-b3866902-a2a9-41a5-8dc2-b9cd6e18b9d0 None None] RequestId filter calling following filter/app {{(pid=97137) _context_setter /opt/stack/cinder/cinder/api/middleware/request_id.py:62}}
Aug 14 05:19:13.411658 np0000007322 devstack@c-api.service[97137]: INFO cinder.api.openstack.wsgi [None req-b3866902-a2a9-41a5-8dc2-b9cd6e18b9d0 tempest-GroupSnapshotsTest-402351237 tempest-GroupSnapshotsTest-402351237-project-member] POST https://10.4.3.8/volume/v3/volumes
Aug 14 05:19:13.412276 np0000007322 devstack@c-api.service[97137]: DEBUG cinder.api.openstack.wsgi [None req-b3866902-a2a9-41a5-8dc2-b9cd6e18b9d0 tempest-GroupSnapshotsTest-402351237 tempest-GroupSnapshotsTest-402351237-project-member] Action: 'create', calling method: create, body: {"volume": {"name": "tempest-volume-846777302", "volume_type": "8dc523e5-76b3-45e8-969a-2eaf83f33b76", "group_id": "c02eb270-5b00-422e-aa84-522132b3c9d6", "size": 1}} {{(pid=97137) _process_stack /opt/stack/cinder/cinder/api/openstack/wsgi.py:876}}
Aug 14 05:19:13.414673 np0000007322 devstack@c-api.service[97137]: DEBUG cinder.api.v3.volumes [None req-b3866902-a2a9-41a5-8dc2-b9cd6e18b9d0 tempest-GroupSnapshotsTest-402351237 tempest-GroupSnapshotsTest-402351237-project-member] Create volume request body: {'volume': {'name': 'tempest-volume-846777302', 'volume_type': '8dc523e5-76b3-45e8-969a-2eaf83f33b76', 'group_id': 'c02eb270-5b00-422e-aa84-522132b3c9d6', 'size': 1}} {{(pid=97137) create /opt/stack/cinder/cinder/api/v3/volumes.py:368}}
Aug 14 05:19:13.424780 np0000007322 devstack@c-api.service[97137]: /opt/stack/data/venv/lib/python3.12/site-packages/oslo_context/context.py:102: DeprecationWarning: Policy enforcement is depending on the value of is_admin. This key is deprecated. Please update your policy file to use the standard policy values.
Aug 14 05:19:13.424780 np0000007322 devstack@c-api.service[97137]: warnings.warn(
Aug 14 05:19:13.425578 np0000007322 devstack@c-api.service[97137]: INFO cinder.api.v3.volumes [None req-b3866902-a2a9-41a5-8dc2-b9cd6e18b9d0 tempest-GroupSnapshotsTest-402351237 tempest-GroupSnapshotsTest-402351237-project-member] Create volume of 1 GB
Aug 14 05:19:13.432147 np0000007322 devstack@c-api.service[97139]: DEBUG cinder.quota [None req-b5e99432-f46f-47c9-b182-b87435129f74 tempest-TaggedBootDevicesTest_v242-2113191500 tempest-TaggedBootDevicesTest_v242-2113191500-project-member] Created reservations ['97d66477-0987-4a85-8886-422f8622201c', 'aec4872f-343c-44bc-b96c-d93086256b77', '4e0a0329-9f0c-4689-86f6-59c959e49727', '50ea9294-52ea-4582-aee7-886af5fd0564'] {{(pid=97139) reserve /opt/stack/cinder/cinder/quota.py:752}}
Aug 14 05:19:13.433173 np0000007322 devstack@c-api.service[97139]: DEBUG cinder.volume.api [None req-b5e99432-f46f-47c9-b182-b87435129f74 tempest-TaggedBootDevicesTest_v242-2113191500 tempest-TaggedBootDevicesTest_v242-2113191500-project-member] Task 'cinder.volume.flows.api.create_volume.QuotaReserveTask;volume:create' (44fceaad-6099-43b1-8149-3795725d9643) transitioned into state 'SUCCESS' from state 'RUNNING' with result '{'reservations': ['97d66477-0987-4a85-8886-422f8622201c', 'aec4872f-343c-44bc-b96c-d93086256b77', '4e0a0329-9f0c-4689-86f6-59c959e49727', '50ea9294-52ea-4582-aee7-886af5fd0564']}' {{(pid=97139) _task_receiver /opt/stack/data/venv/lib/python3.12/site-packages/taskflow/listeners/logging.py:218}}
Aug 14 05:19:13.434160 np0000007322 devstack@c-api.service[97139]: DEBUG cinder.volume.api [None req-b5e99432-f46f-47c9-b182-b87435129f74 tempest-TaggedBootDevicesTest_v242-2113191500 tempest-TaggedBootDevicesTest_v242-2113191500-project-member] Task 'cinder.volume.flows.api.create_volume.EntryCreateTask;volume:create' (17701d29-49c7-4dad-a2e1-2590946d9936) transitioned into state 'RUNNING' from state 'PENDING' {{(pid=97139) _task_receiver /opt/stack/data/venv/lib/python3.12/site-packages/taskflow/listeners/logging.py:242}}
Aug 14 05:19:13.436092 np0000007322 devstack@c-api.service[97137]: INFO cinder.volume.api [None req-b3866902-a2a9-41a5-8dc2-b9cd6e18b9d0 tempest-GroupSnapshotsTest-402351237 tempest-GroupSnapshotsTest-402351237-project-member] Availability Zones retrieved successfully.
Aug 14 05:19:13.445382 np0000007322 devstack@c-api.service[97137]: DEBUG cinder.volume.api [None req-b3866902-a2a9-41a5-8dc2-b9cd6e18b9d0 tempest-GroupSnapshotsTest-402351237 tempest-GroupSnapshotsTest-402351237-project-member] Flow 'volume_create_api' (1faf7b5b-edfe-44a5-8a01-b57199e3954d) transitioned into state 'RUNNING' from state 'PENDING' {{(pid=97137) _flow_receiver /opt/stack/data/venv/lib/python3.12/site-packages/taskflow/listeners/logging.py:160}}
Aug 14 05:19:13.447634 np0000007322 devstack@c-api.service[97137]: DEBUG cinder.volume.api [None req-b3866902-a2a9-41a5-8dc2-b9cd6e18b9d0 tempest-GroupSnapshotsTest-402351237 tempest-GroupSnapshotsTest-402351237-project-member] Task 'cinder.volume.flows.api.create_volume.ExtractVolumeRequestTask;volume:create' (efb505cf-f0df-46b3-8228-ea1e895ef58d) transitioned into state 'RUNNING' from state 'PENDING' {{(pid=97137) _task_receiver /opt/stack/data/venv/lib/python3.12/site-packages/taskflow/listeners/logging.py:242}}
Aug 14 05:19:13.448758 np0000007322 devstack@c-api.service[97137]: /opt/stack/data/venv/lib/python3.12/site-packages/oslo_context/context.py:102: DeprecationWarning: Policy enforcement is depending on the value of is_admin. This key is deprecated. Please update your policy file to use the standard policy values.
Aug 14 05:19:13.448758 np0000007322 devstack@c-api.service[97137]: warnings.warn(
Aug 14 05:19:13.449511 np0000007322 devstack@c-api.service[97137]: DEBUG cinder.volume.flows.api.create_volume [None req-b3866902-a2a9-41a5-8dc2-b9cd6e18b9d0 tempest-GroupSnapshotsTest-402351237 tempest-GroupSnapshotsTest-402351237-project-member] Validating volume size '1' using validate_int {{(pid=97137) _extract_size /opt/stack/cinder/cinder/volume/flows/api/create_volume.py:226}}
Aug 14 05:19:13.464366 np0000007322 devstack@c-api.service[97139]: DEBUG cinder.volume.api [None req-b5e99432-f46f-47c9-b182-b87435129f74 tempest-TaggedBootDevicesTest_v242-2113191500 tempest-TaggedBootDevicesTest_v242-2113191500-project-member] Task 'cinder.volume.flows.api.create_volume.EntryCreateTask;volume:create' (17701d29-49c7-4dad-a2e1-2590946d9936) transitioned into state 'SUCCESS' from state 'RUNNING' with result '{'volume_id': '51c4441a-bcec-4b3d-b5cd-c2a8b3d9611a', 'volume_properties': VolumeProperties(attach_status='detached',availability_zone='nova',cgsnapshot_id=None,consistencygroup_id=None,display_description=None,display_name='tempest-TaggedBootDevicesTest_v242-volume-987048978',encryption_key_id=None,group_id=None,group_type_id=,metadata={},multiattach=False,project_id='773a9dc4231643d18971bb5d405e19b9',qos_specs=None,replication_status=,reservations=['97d66477-0987-4a85-8886-422f8622201c','aec4872f-343c-44bc-b96c-d93086256b77','4e0a0329-9f0c-4689-86f6-59c959e49727','50ea9294-52ea-4582-aee7-886af5fd0564'],size=1,snapshot_id=None,source_replicaid=,source_volid=None,status='creating',user_id='d8f095eeaa034c9995f2c7581b9b3c94',volume_type_id=11129f2e-65e2-49bc-98c5-82e2d024bbba), 'volume': Volume(_name_id=None,admin_metadata=,attach_status='detached',availability_zone='nova',bootable=False,cluster=,cluster_name=None,consistencygroup=,consistencygroup_id=None,created_at=2026-08-14T05:19:13Z,deleted=False,deleted_at=None,display_description=None,display_name='tempest-TaggedBootDevicesTest_v242-volume-987048978',ec2_id=None,encryption_key_id=None,glance_metadata=,group=,group_id=None,host=None,id=51c4441a-bcec-4b3d-b5cd-c2a8b3d9611a,launched_at=None,metadata={},migration_status=None,multiattach=False,previous_status=None,project_id='773a9dc4231643d18971bb5d405e19b9',provider_auth=None,provider_geometry=None,provider_id=None,provider_location=None,replication_driver_data=None,replication_extended_status=None,replication_status=None,scheduled_at=None,service_uuid=None,shared_targets=True,size=1,snapshot_id=None,snapshots=,source_volid=None,status='creating',terminated_at=None,updated_at=None,use_quota=True,user_id='d8f095eeaa034c9995f2c7581b9b3c94',volume_attachment=VolumeAttachmentList,volume_type=VolumeType(11129f2e-65e2-49bc-98c5-82e2d024bbba),volume_type_id=11129f2e-65e2-49bc-98c5-82e2d024bbba)}' {{(pid=97139) _task_receiver /opt/stack/data/venv/lib/python3.12/site-packages/taskflow/listeners/logging.py:218}}
Aug 14 05:19:13.465272 np0000007322 devstack@c-api.service[97139]: DEBUG cinder.volume.api [None req-b5e99432-f46f-47c9-b182-b87435129f74 tempest-TaggedBootDevicesTest_v242-2113191500 tempest-TaggedBootDevicesTest_v242-2113191500-project-member] Task 'cinder.volume.flows.api.create_volume.QuotaCommitTask;volume:create' (b5376f4e-637d-4aa7-bfc2-280a269c6a28) transitioned into state 'RUNNING' from state 'PENDING' {{(pid=97139) _task_receiver /opt/stack/data/venv/lib/python3.12/site-packages/taskflow/listeners/logging.py:242}}
Aug 14 05:19:13.475741 np0000007322 devstack@c-api.service[97137]: DEBUG cinder.volume.api [None req-b3866902-a2a9-41a5-8dc2-b9cd6e18b9d0 tempest-GroupSnapshotsTest-402351237 tempest-GroupSnapshotsTest-402351237-project-member] Task 'cinder.volume.flows.api.create_volume.ExtractVolumeRequestTask;volume:create' (efb505cf-f0df-46b3-8228-ea1e895ef58d) transitioned into state 'SUCCESS' from state 'RUNNING' with result '{'size': 1, 'snapshot_id': None, 'source_volid': None, 'volume_type': VolumeType(created_at=2026-08-14T05:19:12Z,deleted=False,deleted_at=None,description=None,extra_specs={},id=8dc523e5-76b3-45e8-969a-2eaf83f33b76,is_public=True,name='tempest-GroupSnapshotsTest-volume-type-447309263',projects=[],qos_specs=,qos_specs_id=None,updated_at=None), 'volume_type_id': '8dc523e5-76b3-45e8-969a-2eaf83f33b76', 'encryption_key_id': None, 'qos_specs': None, 'consistencygroup_id': None, 'cgsnapshot_id': None, 'group_id': 'c02eb270-5b00-422e-aa84-522132b3c9d6', 'replication_status': 'disabled', 'refresh_az': False, 'backup_id': None, 'multiattach': False, 'availability_zones': ['nova']}' {{(pid=97137) _task_receiver /opt/stack/data/venv/lib/python3.12/site-packages/taskflow/listeners/logging.py:218}}
Aug 14 05:19:13.476707 np0000007322 devstack@c-api.service[97137]: DEBUG cinder.volume.api [None req-b3866902-a2a9-41a5-8dc2-b9cd6e18b9d0 tempest-GroupSnapshotsTest-402351237 tempest-GroupSnapshotsTest-402351237-project-member] Task 'cinder.volume.flows.api.create_volume.QuotaReserveTask;volume:create' (c6469552-2031-4204-bf30-f190f51f3912) transitioned into state 'RUNNING' from state 'PENDING' {{(pid=97137) _task_receiver /opt/stack/data/venv/lib/python3.12/site-packages/taskflow/listeners/logging.py:242}}
Aug 14 05:19:13.488872 np0000007322 devstack@c-api.service[97139]: DEBUG cinder.volume.api [None req-b5e99432-f46f-47c9-b182-b87435129f74 tempest-TaggedBootDevicesTest_v242-2113191500 tempest-TaggedBootDevicesTest_v242-2113191500-project-member] Task 'cinder.volume.flows.api.create_volume.QuotaCommitTask;volume:create' (b5376f4e-637d-4aa7-bfc2-280a269c6a28) transitioned into state 'SUCCESS' from state 'RUNNING' with result '{'volume_properties': VolumeProperties(attach_status='detached',availability_zone='nova',cgsnapshot_id=None,consistencygroup_id=None,display_description=None,display_name='tempest-TaggedBootDevicesTest_v242-volume-987048978',encryption_key_id=None,group_id=None,group_type_id=,metadata={},multiattach=False,project_id='773a9dc4231643d18971bb5d405e19b9',qos_specs=None,replication_status=,reservations=['97d66477-0987-4a85-8886-422f8622201c','aec4872f-343c-44bc-b96c-d93086256b77','4e0a0329-9f0c-4689-86f6-59c959e49727','50ea9294-52ea-4582-aee7-886af5fd0564'],size=1,snapshot_id=None,source_replicaid=,source_volid=None,status='creating',user_id='d8f095eeaa034c9995f2c7581b9b3c94',volume_type_id=11129f2e-65e2-49bc-98c5-82e2d024bbba)}' {{(pid=97139) _task_receiver /opt/stack/data/venv/lib/python3.12/site-packages/taskflow/listeners/logging.py:218}}
Aug 14 05:19:13.489882 np0000007322 devstack@c-api.service[97139]: DEBUG cinder.volume.api [None req-b5e99432-f46f-47c9-b182-b87435129f74 tempest-TaggedBootDevicesTest_v242-2113191500 tempest-TaggedBootDevicesTest_v242-2113191500-project-member] Task 'cinder.volume.flows.api.create_volume.VolumeCastTask;volume:create' (39dfcbc4-7e76-4f5a-b3bf-6868c00fdc42) transitioned into state 'RUNNING' from state 'PENDING' {{(pid=97139) _task_receiver /opt/stack/data/venv/lib/python3.12/site-packages/taskflow/listeners/logging.py:242}}
Aug 14 05:19:13.501361 np0000007322 devstack@c-api.service[97139]: DEBUG cinder.volume.api [None req-b5e99432-f46f-47c9-b182-b87435129f74 tempest-TaggedBootDevicesTest_v242-2113191500 tempest-TaggedBootDevicesTest_v242-2113191500-project-member] Task 'cinder.volume.flows.api.create_volume.VolumeCastTask;volume:create' (39dfcbc4-7e76-4f5a-b3bf-6868c00fdc42) transitioned into state 'SUCCESS' from state 'RUNNING' with result 'None' {{(pid=97139) _task_receiver /opt/stack/data/venv/lib/python3.12/site-packages/taskflow/listeners/logging.py:218}}
Aug 14 05:19:13.502543 np0000007322 devstack@c-api.service[97139]: DEBUG cinder.volume.api [None req-b5e99432-f46f-47c9-b182-b87435129f74 tempest-TaggedBootDevicesTest_v242-2113191500 tempest-TaggedBootDevicesTest_v242-2113191500-project-member] Flow 'volume_create_api' (84c24d93-1d42-4201-a091-c481bbcfe093) transitioned into state 'SUCCESS' from state 'RUNNING' {{(pid=97139) _flow_receiver /opt/stack/data/venv/lib/python3.12/site-packages/taskflow/listeners/logging.py:160}}
Aug 14 05:19:13.502945 np0000007322 devstack@c-api.service[97139]: INFO cinder.volume.api [None req-b5e99432-f46f-47c9-b182-b87435129f74 tempest-TaggedBootDevicesTest_v242-2113191500 tempest-TaggedBootDevicesTest_v242-2113191500-project-member] Create volume request issued successfully.
Aug 14 05:19:13.503641 np0000007322 devstack@c-api.service[97139]: INFO cinder.api.openstack.wsgi [None req-b5e99432-f46f-47c9-b182-b87435129f74 tempest-TaggedBootDevicesTest_v242-2113191500 tempest-TaggedBootDevicesTest_v242-2113191500-project-member] https://10.4.3.8/volume/v3/volumes returned with HTTP 202
Aug 14 05:19:13.504279 np0000007322 devstack@c-api.service[97139]: [pid: 97139|app: 0|req: 148/442] 10.4.3.8 () {68 vars in 1244 bytes} [Fri Aug 14 05:19:13 2026] POST /volume/v3/volumes => generated 752 bytes in 186 msecs (HTTP/1.1 202) 7 headers in 291 bytes (1 switches on core 0)
Aug 14 05:19:13.506312 np0000007322 devstack@c-api.service[97137]: WARNING cinder.quota [None req-b3866902-a2a9-41a5-8dc2-b9cd6e18b9d0 tempest-GroupSnapshotsTest-402351237 tempest-GroupSnapshotsTest-402351237-project-member] Deprecated: Default quota for resource: volumes_tempest-GroupSnapshotsTest-volume-type-447309263 is set by the default quota flag: quota_volumes_tempest-GroupSnapshotsTest-volume-type-447309263, it is now deprecated. Please use the default quota class for default quota.
Aug 14 05:19:13.506733 np0000007322 devstack@c-api.service[97137]: WARNING cinder.quota [None req-b3866902-a2a9-41a5-8dc2-b9cd6e18b9d0 tempest-GroupSnapshotsTest-402351237 tempest-GroupSnapshotsTest-402351237-project-member] Deprecated: Default quota for resource: gigabytes_tempest-GroupSnapshotsTest-volume-type-447309263 is set by the default quota flag: quota_gigabytes_tempest-GroupSnapshotsTest-volume-type-447309263, it is now deprecated. Please use the default quota class for default quota.
Aug 14 05:19:13.520592 np0000007322 devstack@c-api.service[97138]: DEBUG cinder.api.middleware.request_id [None req-17d964e6-9fac-4ef0-b3a3-071da1e4e2e2 None None] RequestId filter calling following filter/app {{(pid=97138) _context_setter /opt/stack/cinder/cinder/api/middleware/request_id.py:62}}
Aug 14 05:19:13.522989 np0000007322 devstack@c-api.service[97138]: INFO cinder.api.openstack.wsgi [None req-17d964e6-9fac-4ef0-b3a3-071da1e4e2e2 tempest-TaggedBootDevicesTest_v242-2113191500 tempest-TaggedBootDevicesTest_v242-2113191500-project-member] GET https://10.4.3.8/volume/v3/volumes/51c4441a-bcec-4b3d-b5cd-c2a8b3d9611a
Aug 14 05:19:13.523287 np0000007322 devstack@c-api.service[97138]: DEBUG cinder.api.openstack.wsgi [None req-17d964e6-9fac-4ef0-b3a3-071da1e4e2e2 tempest-TaggedBootDevicesTest_v242-2113191500 tempest-TaggedBootDevicesTest_v242-2113191500-project-member] Empty body provided in request {{(pid=97138) get_body /opt/stack/cinder/cinder/api/openstack/wsgi.py:725}}
Aug 14 05:19:13.523587 np0000007322 devstack@c-api.service[97138]: DEBUG cinder.api.openstack.wsgi [None req-17d964e6-9fac-4ef0-b3a3-071da1e4e2e2 tempest-TaggedBootDevicesTest_v242-2113191500 tempest-TaggedBootDevicesTest_v242-2113191500-project-member] Calling method 'show' {{(pid=97138) _process_stack /opt/stack/cinder/cinder/api/openstack/wsgi.py:878}}
Aug 14 05:19:13.533195 np0000007322 devstack@c-api.service[97138]: /opt/stack/data/venv/lib/python3.12/site-packages/oslo_context/context.py:102: DeprecationWarning: Policy enforcement is depending on the value of is_admin. This key is deprecated. Please update your policy file to use the standard policy values.
Aug 14 05:19:13.533195 np0000007322 devstack@c-api.service[97138]: warnings.warn(
Aug 14 05:19:13.534008 np0000007322 devstack@c-api.service[97137]: DEBUG cinder.quota [None req-b3866902-a2a9-41a5-8dc2-b9cd6e18b9d0 tempest-GroupSnapshotsTest-402351237 tempest-GroupSnapshotsTest-402351237-project-member] Created reservations ['8562063d-72c4-4a66-88dc-4bb20913fd55', '9b08b1ed-ca61-45f8-abe4-510cccffdc52', 'a6ae3acd-1895-490c-b49f-7a066b3b054b', '27bd2bc7-fb7e-4a81-a7bf-a68233a418a1'] {{(pid=97137) reserve /opt/stack/cinder/cinder/quota.py:752}}
Aug 14 05:19:13.534789 np0000007322 devstack@c-api.service[97137]: DEBUG cinder.volume.api [None req-b3866902-a2a9-41a5-8dc2-b9cd6e18b9d0 tempest-GroupSnapshotsTest-402351237 tempest-GroupSnapshotsTest-402351237-project-member] Task 'cinder.volume.flows.api.create_volume.QuotaReserveTask;volume:create' (c6469552-2031-4204-bf30-f190f51f3912) transitioned into state 'SUCCESS' from state 'RUNNING' with result '{'reservations': ['8562063d-72c4-4a66-88dc-4bb20913fd55', '9b08b1ed-ca61-45f8-abe4-510cccffdc52', 'a6ae3acd-1895-490c-b49f-7a066b3b054b', '27bd2bc7-fb7e-4a81-a7bf-a68233a418a1']}' {{(pid=97137) _task_receiver /opt/stack/data/venv/lib/python3.12/site-packages/taskflow/listeners/logging.py:218}}
Aug 14 05:19:13.535625 np0000007322 devstack@c-api.service[97137]: DEBUG cinder.volume.api [None req-b3866902-a2a9-41a5-8dc2-b9cd6e18b9d0 tempest-GroupSnapshotsTest-402351237 tempest-GroupSnapshotsTest-402351237-project-member] Task 'cinder.volume.flows.api.create_volume.EntryCreateTask;volume:create' (2838341c-d282-48c6-9314-9bb49653afbb) transitioned into state 'RUNNING' from state 'PENDING' {{(pid=97137) _task_receiver /opt/stack/data/venv/lib/python3.12/site-packages/taskflow/listeners/logging.py:242}}
Aug 14 05:19:13.538440 np0000007322 devstack@c-api.service[97138]: INFO cinder.volume.api [None req-17d964e6-9fac-4ef0-b3a3-071da1e4e2e2 tempest-TaggedBootDevicesTest_v242-2113191500 tempest-TaggedBootDevicesTest_v242-2113191500-project-member] Volume info retrieved successfully.
Aug 14 05:19:13.545285 np0000007322 devstack@c-api.service[97138]: INFO cinder.api.openstack.wsgi [None req-17d964e6-9fac-4ef0-b3a3-071da1e4e2e2 tempest-TaggedBootDevicesTest_v242-2113191500 tempest-TaggedBootDevicesTest_v242-2113191500-project-member] https://10.4.3.8/volume/v3/volumes/51c4441a-bcec-4b3d-b5cd-c2a8b3d9611a returned with HTTP 200
Aug 14 05:19:13.545815 np0000007322 devstack@c-api.service[97138]: [pid: 97138|app: 0|req: 150/443] 10.4.3.8 () {66 vars in 1334 bytes} [Fri Aug 14 05:19:13 2026] GET /volume/v3/volumes/51c4441a-bcec-4b3d-b5cd-c2a8b3d9611a => generated 820 bytes in 26 msecs (HTTP/1.1 200) 7 headers in 285 bytes (1 switches on core 0)
