Aug 14 05:23:09.749377 np0000007322 devstack@g-api.service[99895]: DEBUG glance.api.middleware.version_negotiation [None req-ab6ea4a6-eea5-44df-a9fa-9a7e07c1e19b tempest-VolumesActionsTest-1458957561 tempest-VolumesActionsTest-1458957561-project-member] Determining version of request: GET /v2/images/a549eabd-d205-4b92-b7ce-15e672ea674a Accept: */* {{(pid=99895) process_request /opt/stack/glance/glance/api/middleware/version_negotiation.py:44}}
Aug 14 05:23:09.749867 np0000007322 devstack@g-api.service[99895]: DEBUG glance.api.middleware.version_negotiation [None req-ab6ea4a6-eea5-44df-a9fa-9a7e07c1e19b tempest-VolumesActionsTest-1458957561 tempest-VolumesActionsTest-1458957561-project-member] Using url versioning {{(pid=99895) process_request /opt/stack/glance/glance/api/middleware/version_negotiation.py:57}}
Aug 14 05:23:09.749867 np0000007322 devstack@g-api.service[99895]: DEBUG glance.api.middleware.version_negotiation [None req-ab6ea4a6-eea5-44df-a9fa-9a7e07c1e19b tempest-VolumesActionsTest-1458957561 tempest-VolumesActionsTest-1458957561-project-member] Matched version: v2 {{(pid=99895) process_request /opt/stack/glance/glance/api/middleware/version_negotiation.py:69}}
Aug 14 05:23:09.750016 np0000007322 devstack@g-api.service[99895]: DEBUG glance.api.middleware.version_negotiation [None req-ab6ea4a6-eea5-44df-a9fa-9a7e07c1e19b tempest-VolumesActionsTest-1458957561 tempest-VolumesActionsTest-1458957561-project-member] new path /v2/images/a549eabd-d205-4b92-b7ce-15e672ea674a {{(pid=99895) process_request /opt/stack/glance/glance/api/middleware/version_negotiation.py:70}}
Aug 14 05:23:09.770614 np0000007322 devstack@g-api.service[99895]: [pid: 99895|app: 0|req: 128/390] 127.0.0.1 () {44 vars in 1107 bytes} [Fri Aug 14 05:23:09 2026] GET /v2/images/a549eabd-d205-4b92-b7ce-15e672ea674a => generated 1044 bytes in 21 msecs (HTTP/1.1 200) 4 headers in 158 bytes (1 switches on core 0)
Aug 14 05:23:09.794743 np0000007322 devstack@g-api.service[99896]: DEBUG glance.api.middleware.version_negotiation [None req-ab6ea4a6-eea5-44df-a9fa-9a7e07c1e19b tempest-VolumesActionsTest-1458957561 tempest-VolumesActionsTest-1458957561-project-member] Determining version of request: PUT /v2/images/e4becdb9-a80b-4128-b92a-e3ab38492ada/file Accept: */* {{(pid=99896) process_request /opt/stack/glance/glance/api/middleware/version_negotiation.py:44}}
Aug 14 05:23:09.795225 np0000007322 devstack@g-api.service[99896]: DEBUG glance.api.middleware.version_negotiation [None req-ab6ea4a6-eea5-44df-a9fa-9a7e07c1e19b tempest-VolumesActionsTest-1458957561 tempest-VolumesActionsTest-1458957561-project-member] Using url versioning {{(pid=99896) process_request /opt/stack/glance/glance/api/middleware/version_negotiation.py:57}}
Aug 14 05:23:09.795225 np0000007322 devstack@g-api.service[99896]: DEBUG glance.api.middleware.version_negotiation [None req-ab6ea4a6-eea5-44df-a9fa-9a7e07c1e19b tempest-VolumesActionsTest-1458957561 tempest-VolumesActionsTest-1458957561-project-member] Matched version: v2 {{(pid=99896) process_request /opt/stack/glance/glance/api/middleware/version_negotiation.py:69}}
Aug 14 05:23:09.795394 np0000007322 devstack@g-api.service[99896]: DEBUG glance.api.middleware.version_negotiation [None req-ab6ea4a6-eea5-44df-a9fa-9a7e07c1e19b tempest-VolumesActionsTest-1458957561 tempest-VolumesActionsTest-1458957561-project-member] new path /v2/images/e4becdb9-a80b-4128-b92a-e3ab38492ada/file {{(pid=99896) process_request /opt/stack/glance/glance/api/middleware/version_negotiation.py:70}}
Aug 14 05:23:09.854775 np0000007322 devstack@g-api.service[99894]: DEBUG glance.api.middleware.version_negotiation [None req-19bd07ea-7860-4132-bdf5-f50453449bc9 tempest-VolumesActionsTest-1458957561 tempest-VolumesActionsTest-1458957561-project-member] Determining version of request: GET /v2/schemas/image Accept: */* {{(pid=99894) process_request /opt/stack/glance/glance/api/middleware/version_negotiation.py:44}}
Aug 14 05:23:09.854775 np0000007322 devstack@g-api.service[99894]: DEBUG glance.api.middleware.version_negotiation [None req-19bd07ea-7860-4132-bdf5-f50453449bc9 tempest-VolumesActionsTest-1458957561 tempest-VolumesActionsTest-1458957561-project-member] Using url versioning {{(pid=99894) process_request /opt/stack/glance/glance/api/middleware/version_negotiation.py:57}}
Aug 14 05:23:09.854775 np0000007322 devstack@g-api.service[99894]: DEBUG glance.api.middleware.version_negotiation [None req-19bd07ea-7860-4132-bdf5-f50453449bc9 tempest-VolumesActionsTest-1458957561 tempest-VolumesActionsTest-1458957561-project-member] Matched version: v2 {{(pid=99894) process_request /opt/stack/glance/glance/api/middleware/version_negotiation.py:69}}
Aug 14 05:23:09.854775 np0000007322 devstack@g-api.service[99894]: DEBUG glance.api.middleware.version_negotiation [None req-19bd07ea-7860-4132-bdf5-f50453449bc9 tempest-VolumesActionsTest-1458957561 tempest-VolumesActionsTest-1458957561-project-member] new path /v2/schemas/image {{(pid=99894) process_request /opt/stack/glance/glance/api/middleware/version_negotiation.py:70}}
Aug 14 05:23:09.858943 np0000007322 devstack@g-api.service[99894]: [pid: 99894|app: 0|req: 145/391] 127.0.0.1 () {44 vars in 1047 bytes} [Fri Aug 14 05:23:09 2026] GET /v2/schemas/image => generated 6083 bytes in 5 msecs (HTTP/1.1 200) 4 headers in 158 bytes (1 switches on core 0)
Aug 14 05:23:10.425421 np0000007322 devstack@g-api.service[99895]: DEBUG glance.api.middleware.version_negotiation [None req-3eb7444a-1eff-4a83-9fd0-c7eb7cbf8288 tempest-VolumesSnapshotTestJSON-1000675855 tempest-VolumesSnapshotTestJSON-1000675855-project-member] Determining version of request: GET /v2/images/e4becdb9-a80b-4128-b92a-e3ab38492ada Accept: application/json {{(pid=99895) process_request /opt/stack/glance/glance/api/middleware/version_negotiation.py:44}}
Aug 14 05:23:10.425596 np0000007322 devstack@g-api.service[99895]: DEBUG glance.api.middleware.version_negotiation [None req-3eb7444a-1eff-4a83-9fd0-c7eb7cbf8288 tempest-VolumesSnapshotTestJSON-1000675855 tempest-VolumesSnapshotTestJSON-1000675855-project-member] Using url versioning {{(pid=99895) process_request /opt/stack/glance/glance/api/middleware/version_negotiation.py:57}}
Aug 14 05:23:10.425752 np0000007322 devstack@g-api.service[99895]: DEBUG glance.api.middleware.version_negotiation [None req-3eb7444a-1eff-4a83-9fd0-c7eb7cbf8288 tempest-VolumesSnapshotTestJSON-1000675855 tempest-VolumesSnapshotTestJSON-1000675855-project-member] Matched version: v2 {{(pid=99895) process_request /opt/stack/glance/glance/api/middleware/version_negotiation.py:69}}
Aug 14 05:23:10.426234 np0000007322 devstack@g-api.service[99895]: DEBUG glance.api.middleware.version_negotiation [None req-3eb7444a-1eff-4a83-9fd0-c7eb7cbf8288 tempest-VolumesSnapshotTestJSON-1000675855 tempest-VolumesSnapshotTestJSON-1000675855-project-member] new path /v2/images/e4becdb9-a80b-4128-b92a-e3ab38492ada {{(pid=99895) process_request /opt/stack/glance/glance/api/middleware/version_negotiation.py:70}}
Aug 14 05:23:10.441734 np0000007322 devstack@g-api.service[99895]: [pid: 99895|app: 0|req: 129/392] 127.0.0.1 () {40 vars in 830 bytes} [Fri Aug 14 05:23:10 2026] GET /v2/images/e4becdb9-a80b-4128-b92a-e3ab38492ada => generated 649 bytes in 16 msecs (HTTP/1.1 200) 4 headers in 157 bytes (1 switches on core 0)
Aug 14 05:23:10.515036 np0000007322 devstack@g-api.service[99896]: INFO glance.api.v2.image_data [None req-ab6ea4a6-eea5-44df-a9fa-9a7e07c1e19b tempest-VolumesActionsTest-1458957561 tempest-VolumesActionsTest-1458957561-project-member] Unable to create trust: no such option collect_timing in group [keystone_authtoken] Use the existing user token.
Aug 14 05:23:11.363802 np0000007322 devstack@g-api.service[99896]: DEBUG glance.location [None req-ab6ea4a6-eea5-44df-a9fa-9a7e07c1e19b tempest-VolumesActionsTest-1458957561 tempest-VolumesActionsTest-1458957561-project-member] Enabling in-flight format inspection for raw {{(pid=99896) set_data /opt/stack/glance/glance/location.py:596}}
Aug 14 05:23:11.364449 np0000007322 devstack@g-api.service[99896]: DEBUG glance_store.backend [None req-ab6ea4a6-eea5-44df-a9fa-9a7e07c1e19b tempest-VolumesActionsTest-1458957561 tempest-VolumesActionsTest-1458957561-project-member] Attempting to import store swift {{(pid=99896) _load_store /opt/stack/data/venv/lib/python3.12/site-packages/glance_store/backend.py:215}}
Aug 14 05:23:11.366182 np0000007322 devstack@g-api.service[99896]: DEBUG glance_store.capabilities [None req-ab6ea4a6-eea5-44df-a9fa-9a7e07c1e19b tempest-VolumesActionsTest-1458957561 tempest-VolumesActionsTest-1458957561-project-member] Store glance_store._drivers.swift.store.SingleTenantStore doesn't support updating dynamic storage capabilities. Please overwrite 'update_capabilities' method of the store to implement updating logics if needed. {{(pid=99896) update_capabilities /opt/stack/data/venv/lib/python3.12/site-packages/glance_store/capabilities.py:91}}
Aug 14 05:23:11.366310 np0000007322 devstack@g-api.service[99896]: DEBUG glance_store.driver [None req-ab6ea4a6-eea5-44df-a9fa-9a7e07c1e19b tempest-VolumesActionsTest-1458957561 tempest-VolumesActionsTest-1458957561-project-member] Late loading location class glance_store._drivers.swift.store.StoreLocation {{(pid=99896) get_store_location_class /opt/stack/data/venv/lib/python3.12/site-packages/glance_store/driver.py:134}}
Aug 14 05:23:11.366483 np0000007322 devstack@g-api.service[99896]: DEBUG glance_store.location [None req-ab6ea4a6-eea5-44df-a9fa-9a7e07c1e19b tempest-VolumesActionsTest-1458957561 tempest-VolumesActionsTest-1458957561-project-member] Registering scheme swift+https with {'store': , 'location_class': , 'store_entry': 'swift'} {{(pid=99896) register_scheme_map /opt/stack/data/venv/lib/python3.12/site-packages/glance_store/location.py:146}}
Aug 14 05:23:11.366593 np0000007322 devstack@g-api.service[99896]: DEBUG glance_store.location [None req-ab6ea4a6-eea5-44df-a9fa-9a7e07c1e19b tempest-VolumesActionsTest-1458957561 tempest-VolumesActionsTest-1458957561-project-member] Registering scheme swift+https with {'store': , 'location_class': , 'store_entry': 'swift'} {{(pid=99896) register_scheme_map /opt/stack/data/venv/lib/python3.12/site-packages/glance_store/location.py:146}}
Aug 14 05:23:11.366712 np0000007322 devstack@g-api.service[99896]: DEBUG glance_store.location [None req-ab6ea4a6-eea5-44df-a9fa-9a7e07c1e19b tempest-VolumesActionsTest-1458957561 tempest-VolumesActionsTest-1458957561-project-member] Registering scheme swift with {'store': , 'location_class': , 'store_entry': 'swift'} {{(pid=99896) register_scheme_map /opt/stack/data/venv/lib/python3.12/site-packages/glance_store/location.py:146}}
Aug 14 05:23:11.366944 np0000007322 devstack@g-api.service[99896]: DEBUG glance_store.location [None req-ab6ea4a6-eea5-44df-a9fa-9a7e07c1e19b tempest-VolumesActionsTest-1458957561 tempest-VolumesActionsTest-1458957561-project-member] Registering scheme swift+https with {'store': , 'location_class': , 'store_entry': 'swift'} {{(pid=99896) register_scheme_map /opt/stack/data/venv/lib/python3.12/site-packages/glance_store/location.py:146}}
Aug 14 05:23:11.367121 np0000007322 devstack@g-api.service[99896]: DEBUG glance_store.location [None req-ab6ea4a6-eea5-44df-a9fa-9a7e07c1e19b tempest-VolumesActionsTest-1458957561 tempest-VolumesActionsTest-1458957561-project-member] Registering scheme swift with {'store': , 'location_class': , 'store_entry': 'swift'} {{(pid=99896) register_scheme_map /opt/stack/data/venv/lib/python3.12/site-packages/glance_store/location.py:146}}
Aug 14 05:23:11.367294 np0000007322 devstack@g-api.service[99896]: DEBUG glance_store.location [None req-ab6ea4a6-eea5-44df-a9fa-9a7e07c1e19b tempest-VolumesActionsTest-1458957561 tempest-VolumesActionsTest-1458957561-project-member] Registering scheme swift+http with {'store': , 'location_class': , 'store_entry': 'swift'} {{(pid=99896) register_scheme_map /opt/stack/data/venv/lib/python3.12/site-packages/glance_store/location.py:146}}
Aug 14 05:23:11.367445 np0000007322 devstack@g-api.service[99896]: DEBUG glance_store.location [None req-ab6ea4a6-eea5-44df-a9fa-9a7e07c1e19b tempest-VolumesActionsTest-1458957561 tempest-VolumesActionsTest-1458957561-project-member] Registering scheme swift+https with {'store': , 'location_class': , 'store_entry': 'swift'} {{(pid=99896) register_scheme_map /opt/stack/data/venv/lib/python3.12/site-packages/glance_store/location.py:146}}
Aug 14 05:23:11.367675 np0000007322 devstack@g-api.service[99896]: DEBUG glance_store.location [None req-ab6ea4a6-eea5-44df-a9fa-9a7e07c1e19b tempest-VolumesActionsTest-1458957561 tempest-VolumesActionsTest-1458957561-project-member] Registering scheme swift with {'store': , 'location_class': , 'store_entry': 'swift'} {{(pid=99896) register_scheme_map /opt/stack/data/venv/lib/python3.12/site-packages/glance_store/location.py:146}}
Aug 14 05:23:11.367956 np0000007322 devstack@g-api.service[99896]: DEBUG glance_store.location [None req-ab6ea4a6-eea5-44df-a9fa-9a7e07c1e19b tempest-VolumesActionsTest-1458957561 tempest-VolumesActionsTest-1458957561-project-member] Registering scheme swift+http with {'store': , 'location_class': , 'store_entry': 'swift'} {{(pid=99896) register_scheme_map /opt/stack/data/venv/lib/python3.12/site-packages/glance_store/location.py:146}}
Aug 14 05:23:11.368207 np0000007322 devstack@g-api.service[99896]: DEBUG glance_store.location [None req-ab6ea4a6-eea5-44df-a9fa-9a7e07c1e19b tempest-VolumesActionsTest-1458957561 tempest-VolumesActionsTest-1458957561-project-member] Registering scheme swift+config with {'store': , 'location_class': , 'store_entry': 'swift'} {{(pid=99896) register_scheme_map /opt/stack/data/venv/lib/python3.12/site-packages/glance_store/location.py:146}}
Aug 14 05:23:11.456485 np0000007322 devstack@g-api.service[99894]: DEBUG glance.api.middleware.version_negotiation [None req-3eb7444a-1eff-4a83-9fd0-c7eb7cbf8288 tempest-VolumesSnapshotTestJSON-1000675855 tempest-VolumesSnapshotTestJSON-1000675855-project-member] Determining version of request: GET /v2/images/e4becdb9-a80b-4128-b92a-e3ab38492ada Accept: application/json {{(pid=99894) process_request /opt/stack/glance/glance/api/middleware/version_negotiation.py:44}}
Aug 14 05:23:11.456959 np0000007322 devstack@g-api.service[99894]: DEBUG glance.api.middleware.version_negotiation [None req-3eb7444a-1eff-4a83-9fd0-c7eb7cbf8288 tempest-VolumesSnapshotTestJSON-1000675855 tempest-VolumesSnapshotTestJSON-1000675855-project-member] Using url versioning {{(pid=99894) process_request /opt/stack/glance/glance/api/middleware/version_negotiation.py:57}}
Aug 14 05:23:11.456959 np0000007322 devstack@g-api.service[99894]: DEBUG glance.api.middleware.version_negotiation [None req-3eb7444a-1eff-4a83-9fd0-c7eb7cbf8288 tempest-VolumesSnapshotTestJSON-1000675855 tempest-VolumesSnapshotTestJSON-1000675855-project-member] Matched version: v2 {{(pid=99894) process_request /opt/stack/glance/glance/api/middleware/version_negotiation.py:69}}
Aug 14 05:23:11.457140 np0000007322 devstack@g-api.service[99894]: DEBUG glance.api.middleware.version_negotiation [None req-3eb7444a-1eff-4a83-9fd0-c7eb7cbf8288 tempest-VolumesSnapshotTestJSON-1000675855 tempest-VolumesSnapshotTestJSON-1000675855-project-member] new path /v2/images/e4becdb9-a80b-4128-b92a-e3ab38492ada {{(pid=99894) process_request /opt/stack/glance/glance/api/middleware/version_negotiation.py:70}}
Aug 14 05:23:11.480750 np0000007322 devstack@g-api.service[99894]: [pid: 99894|app: 0|req: 146/393] 127.0.0.1 () {40 vars in 830 bytes} [Fri Aug 14 05:23:11 2026] GET /v2/images/e4becdb9-a80b-4128-b92a-e3ab38492ada => generated 649 bytes in 24 msecs (HTTP/1.1 200) 4 headers in 157 bytes (1 switches on core 0)
Aug 14 05:23:11.704957 np0000007322 devstack@g-api.service[99896]: DEBUG swiftclient [None req-ab6ea4a6-eea5-44df-a9fa-9a7e07c1e19b tempest-VolumesActionsTest-1458957561 tempest-VolumesActionsTest-1458957561-project-member] REQ: curl -i https://10.4.3.8:8080/v1/AUTH_b90713e4e2df4366993cd1736d4622a8/glance -I -H "X-Auth-Token: gAAAAABqfqY_O8nq..." {{(pid=99896) http_log /opt/stack/data/venv/lib/python3.12/site-packages/swiftclient/client.py:160}}
Aug 14 05:23:11.704957 np0000007322 devstack@g-api.service[99896]: DEBUG swiftclient [None req-ab6ea4a6-eea5-44df-a9fa-9a7e07c1e19b tempest-VolumesActionsTest-1458957561 tempest-VolumesActionsTest-1458957561-project-member] RESP STATUS: 204 No Content {{(pid=99896) http_log /opt/stack/data/venv/lib/python3.12/site-packages/swiftclient/client.py:161}}
Aug 14 05:23:11.705249 np0000007322 devstack@g-api.service[99896]: DEBUG swiftclient [None req-ab6ea4a6-eea5-44df-a9fa-9a7e07c1e19b tempest-VolumesActionsTest-1458957561 tempest-VolumesActionsTest-1458957561-project-member] RESP HEADERS: {'Date': 'Fri, 14 Aug 2026 05:23:11 GMT', 'Server': 'Apache/2.4.58 (Ubuntu)', 'Content-Type': 'text/plain; charset=utf-8', 'X-Container-Object-Count': '3', 'X-Container-Bytes-Used': '64356352', 'X-Timestamp': '1786684502.78682', 'Last-Modified': 'Fri, 14 Aug 2026 05:15:03 GMT', 'Accept-Ranges': 'bytes', 'X-Storage-Policy': 'Policy-0', 'X-Container-Sharding': 'False', 'Vary': 'Accept', 'X-Trans-Id': 'tx7506f25f8df247d6aff04-006a7ea63f', 'X-Openstack-Request-Id': 'tx7506f25f8df247d6aff04-006a7ea63f', 'Connection': 'close'} {{(pid=99896) http_log /opt/stack/data/venv/lib/python3.12/site-packages/swiftclient/client.py:162}}
Aug 14 05:23:11.705589 np0000007322 devstack@g-api.service[99896]: DEBUG glance_store._drivers.swift.store [None req-ab6ea4a6-eea5-44df-a9fa-9a7e07c1e19b tempest-VolumesActionsTest-1458957561 tempest-VolumesActionsTest-1458957561-project-member] Adding image object 'e4becdb9-a80b-4128-b92a-e3ab38492ada' to Swift {{(pid=99896) add /opt/stack/data/venv/lib/python3.12/site-packages/glance_store/_drivers/swift/store.py:970}}
Aug 14 05:23:11.705886 np0000007322 devstack@g-api.service[99896]: DEBUG glance_store._drivers.swift.store [None req-ab6ea4a6-eea5-44df-a9fa-9a7e07c1e19b tempest-VolumesActionsTest-1458957561 tempest-VolumesActionsTest-1458957561-project-member] Cannot determine image size because it is either not provided in the request or chunked-transfer encoding is used. Adding image as a segmented object to Swift. {{(pid=99896) add /opt/stack/data/venv/lib/python3.12/site-packages/glance_store/_drivers/swift/store.py:994}}
Aug 14 05:23:11.715964 np0000007322 devstack@g-api.service[99896]: DEBUG oslo_utils.imageutils.format_inspector [None req-ab6ea4a6-eea5-44df-a9fa-9a7e07c1e19b tempest-VolumesActionsTest-1458957561 tempest-VolumesActionsTest-1458957561-project-member] Format inspector for vmdk does not match, excluding from consideration (Signature KDMV not found: b'\x00\x00\x00\x00') {{(pid=99896) _process_chunk /opt/stack/data/venv/lib/python3.12/site-packages/oslo_utils/imageutils/format_inspector.py:1758}}
Aug 14 05:23:11.720450 np0000007322 devstack@g-api.service[99896]: DEBUG oslo_utils.imageutils.format_inspector [None req-ab6ea4a6-eea5-44df-a9fa-9a7e07c1e19b tempest-VolumesActionsTest-1458957561 tempest-VolumesActionsTest-1458957561-project-member] Format inspector for vhdx does not match, excluding from consideration (Region signature not found at 30000) {{(pid=99896) _process_chunk /opt/stack/data/venv/lib/python3.12/site-packages/oslo_utils/imageutils/format_inspector.py:1758}}
Aug 14 05:23:12.492480 np0000007322 devstack@g-api.service[99895]: DEBUG glance.api.middleware.version_negotiation [None req-3cfc9ab4-8274-4bb0-8c43-ef6d8d93f2ad tempest-VolumesActionsTest-1458957561 tempest-VolumesActionsTest-1458957561-project-member] Determining version of request: GET /v2/images/e4becdb9-a80b-4128-b92a-e3ab38492ada Accept: application/json {{(pid=99895) process_request /opt/stack/glance/glance/api/middleware/version_negotiation.py:44}}
Aug 14 05:23:12.492969 np0000007322 devstack@g-api.service[99895]: DEBUG glance.api.middleware.version_negotiation [None req-3cfc9ab4-8274-4bb0-8c43-ef6d8d93f2ad tempest-VolumesActionsTest-1458957561 tempest-VolumesActionsTest-1458957561-project-member] Using url versioning {{(pid=99895) process_request /opt/stack/glance/glance/api/middleware/version_negotiation.py:57}}
Aug 14 05:23:12.492969 np0000007322 devstack@g-api.service[99895]: DEBUG glance.api.middleware.version_negotiation [None req-3cfc9ab4-8274-4bb0-8c43-ef6d8d93f2ad tempest-VolumesActionsTest-1458957561 tempest-VolumesActionsTest-1458957561-project-member] Matched version: v2 {{(pid=99895) process_request /opt/stack/glance/glance/api/middleware/version_negotiation.py:69}}
Aug 14 05:23:12.493074 np0000007322 devstack@g-api.service[99895]: DEBUG glance.api.middleware.version_negotiation [None req-3cfc9ab4-8274-4bb0-8c43-ef6d8d93f2ad tempest-VolumesActionsTest-1458957561 tempest-VolumesActionsTest-1458957561-project-member] new path /v2/images/e4becdb9-a80b-4128-b92a-e3ab38492ada {{(pid=99895) process_request /opt/stack/glance/glance/api/middleware/version_negotiation.py:70}}
Aug 14 05:23:12.513771 np0000007322 devstack@g-api.service[99895]: [pid: 99895|app: 0|req: 130/394] 127.0.0.1 () {40 vars in 830 bytes} [Fri Aug 14 05:23:12 2026] GET /v2/images/e4becdb9-a80b-4128-b92a-e3ab38492ada => generated 649 bytes in 21 msecs (HTTP/1.1 200) 4 headers in 157 bytes (1 switches on core 0)
Aug 14 05:23:13.530684 np0000007322 devstack@g-api.service[99894]: DEBUG glance.api.middleware.version_negotiation [None req-1a6bdc91-9d7b-4048-a920-9a64b2c5ae83 tempest-VolumesActionsTest-1458957561 tempest-VolumesActionsTest-1458957561-project-member] Determining version of request: GET /v2/images/e4becdb9-a80b-4128-b92a-e3ab38492ada Accept: application/json {{(pid=99894) process_request /opt/stack/glance/glance/api/middleware/version_negotiation.py:44}}
Aug 14 05:23:13.531128 np0000007322 devstack@g-api.service[99894]: DEBUG glance.api.middleware.version_negotiation [None req-1a6bdc91-9d7b-4048-a920-9a64b2c5ae83 tempest-VolumesActionsTest-1458957561 tempest-VolumesActionsTest-1458957561-project-member] Using url versioning {{(pid=99894) process_request /opt/stack/glance/glance/api/middleware/version_negotiation.py:57}}
Aug 14 05:23:13.531392 np0000007322 devstack@g-api.service[99894]: DEBUG glance.api.middleware.version_negotiation [None req-1a6bdc91-9d7b-4048-a920-9a64b2c5ae83 tempest-VolumesActionsTest-1458957561 tempest-VolumesActionsTest-1458957561-project-member] Matched version: v2 {{(pid=99894) process_request /opt/stack/glance/glance/api/middleware/version_negotiation.py:69}}
Aug 14 05:23:13.531564 np0000007322 devstack@g-api.service[99894]: DEBUG glance.api.middleware.version_negotiation [None req-1a6bdc91-9d7b-4048-a920-9a64b2c5ae83 tempest-VolumesActionsTest-1458957561 tempest-VolumesActionsTest-1458957561-project-member] new path /v2/images/e4becdb9-a80b-4128-b92a-e3ab38492ada {{(pid=99894) process_request /opt/stack/glance/glance/api/middleware/version_negotiation.py:70}}
Aug 14 05:23:13.556027 np0000007322 devstack@g-api.service[99894]: [pid: 99894|app: 0|req: 147/395] 127.0.0.1 () {40 vars in 830 bytes} [Fri Aug 14 05:23:13 2026] GET /v2/images/e4becdb9-a80b-4128-b92a-e3ab38492ada => generated 649 bytes in 25 msecs (HTTP/1.1 200) 4 headers in 157 bytes (1 switches on core 0)
Aug 14 05:23:14.566651 np0000007322 devstack@g-api.service[99895]: DEBUG glance.api.middleware.version_negotiation [None req-4c3cfd83-db6b-49f5-8e7a-6db247ab17d4 tempest-VolumesActionsTest-1458957561 tempest-VolumesActionsTest-1458957561-project-member] Determining version of request: GET /v2/images/e4becdb9-a80b-4128-b92a-e3ab38492ada Accept: application/json {{(pid=99895) process_request /opt/stack/glance/glance/api/middleware/version_negotiation.py:44}}
Aug 14 05:23:14.567142 np0000007322 devstack@g-api.service[99895]: DEBUG glance.api.middleware.version_negotiation [None req-4c3cfd83-db6b-49f5-8e7a-6db247ab17d4 tempest-VolumesActionsTest-1458957561 tempest-VolumesActionsTest-1458957561-project-member] Using url versioning {{(pid=99895) process_request /opt/stack/glance/glance/api/middleware/version_negotiation.py:57}}
Aug 14 05:23:14.567142 np0000007322 devstack@g-api.service[99895]: DEBUG glance.api.middleware.version_negotiation [None req-4c3cfd83-db6b-49f5-8e7a-6db247ab17d4 tempest-VolumesActionsTest-1458957561 tempest-VolumesActionsTest-1458957561-project-member] Matched version: v2 {{(pid=99895) process_request /opt/stack/glance/glance/api/middleware/version_negotiation.py:69}}
Aug 14 05:23:14.567142 np0000007322 devstack@g-api.service[99895]: DEBUG glance.api.middleware.version_negotiation [None req-4c3cfd83-db6b-49f5-8e7a-6db247ab17d4 tempest-VolumesActionsTest-1458957561 tempest-VolumesActionsTest-1458957561-project-member] new path /v2/images/e4becdb9-a80b-4128-b92a-e3ab38492ada {{(pid=99895) process_request /opt/stack/glance/glance/api/middleware/version_negotiation.py:70}}
Aug 14 05:23:14.580329 np0000007322 devstack@g-api.service[99895]: [pid: 99895|app: 0|req: 131/396] 127.0.0.1 () {40 vars in 830 bytes} [Fri Aug 14 05:23:14 2026] GET /v2/images/e4becdb9-a80b-4128-b92a-e3ab38492ada => generated 649 bytes in 14 msecs (HTTP/1.1 200) 4 headers in 157 bytes (1 switches on core 0)
Aug 14 05:23:15.161366 np0000007322 devstack@g-api.service[99896]: DEBUG swiftclient [None req-ab6ea4a6-eea5-44df-a9fa-9a7e07c1e19b tempest-VolumesActionsTest-1458957561 tempest-VolumesActionsTest-1458957561-project-member] REQ: curl -i https://10.4.3.8:8080/v1/AUTH_b90713e4e2df4366993cd1736d4622a8/glance/e4becdb9-a80b-4128-b92a-e3ab38492ada-00001 -X PUT -H "X-Auth-Token: gAAAAABqfqY_O8nq..." {{(pid=99896) http_log /opt/stack/data/venv/lib/python3.12/site-packages/swiftclient/client.py:160}}
Aug 14 05:23:15.161870 np0000007322 devstack@g-api.service[99896]: DEBUG swiftclient [None req-ab6ea4a6-eea5-44df-a9fa-9a7e07c1e19b tempest-VolumesActionsTest-1458957561 tempest-VolumesActionsTest-1458957561-project-member] RESP STATUS: 201 Created {{(pid=99896) http_log /opt/stack/data/venv/lib/python3.12/site-packages/swiftclient/client.py:161}}
Aug 14 05:23:15.161870 np0000007322 devstack@g-api.service[99896]: DEBUG swiftclient [None req-ab6ea4a6-eea5-44df-a9fa-9a7e07c1e19b tempest-VolumesActionsTest-1458957561 tempest-VolumesActionsTest-1458957561-project-member] RESP HEADERS: {'Date': 'Fri, 14 Aug 2026 05:23:15 GMT', 'Server': 'Apache/2.4.58 (Ubuntu)', 'Content-Type': 'text/html; charset=UTF-8', 'Content-Length': '0', 'Etag': 'eda9a9889837ac4bc81d6387d92c1bec', 'Last-Modified': 'Fri, 14 Aug 2026 05:23:12 GMT', 'X-Trans-Id': 'tx280fbfbf30c74d75a824e-006a7ea63f', 'X-Openstack-Request-Id': 'tx280fbfbf30c74d75a824e-006a7ea63f', 'Connection': 'close'} {{(pid=99896) http_log /opt/stack/data/venv/lib/python3.12/site-packages/swiftclient/client.py:162}}
Aug 14 05:23:15.162003 np0000007322 devstack@g-api.service[99896]: DEBUG glance_store._drivers.swift.store [None req-ab6ea4a6-eea5-44df-a9fa-9a7e07c1e19b tempest-VolumesActionsTest-1458957561 tempest-VolumesActionsTest-1458957561-project-member] Wrote chunk e4becdb9-a80b-4128-b92a-e3ab38492ada-00001 (1/?) of length 204800000 to Swift returning MD5 of content: eda9a9889837ac4bc81d6387d92c1bec {{(pid=99896) add /opt/stack/data/venv/lib/python3.12/site-packages/glance_store/_drivers/swift/store.py:1059}}
Aug 14 05:23:15.594766 np0000007322 devstack@g-api.service[99894]: DEBUG glance.api.middleware.version_negotiation [None req-a63d54cb-6c27-4fd2-a45a-cc75cf3bb834 tempest-VolumesActionsTest-1458957561 tempest-VolumesActionsTest-1458957561-project-member] Determining version of request: GET /v2/images/e4becdb9-a80b-4128-b92a-e3ab38492ada Accept: application/json {{(pid=99894) process_request /opt/stack/glance/glance/api/middleware/version_negotiation.py:44}}
Aug 14 05:23:15.594766 np0000007322 devstack@g-api.service[99894]: DEBUG glance.api.middleware.version_negotiation [None req-a63d54cb-6c27-4fd2-a45a-cc75cf3bb834 tempest-VolumesActionsTest-1458957561 tempest-VolumesActionsTest-1458957561-project-member] Using url versioning {{(pid=99894) process_request /opt/stack/glance/glance/api/middleware/version_negotiation.py:57}}
Aug 14 05:23:15.595295 np0000007322 devstack@g-api.service[99894]: DEBUG glance.api.middleware.version_negotiation [None req-a63d54cb-6c27-4fd2-a45a-cc75cf3bb834 tempest-VolumesActionsTest-1458957561 tempest-VolumesActionsTest-1458957561-project-member] Matched version: v2 {{(pid=99894) process_request /opt/stack/glance/glance/api/middleware/version_negotiation.py:69}}
Aug 14 05:23:15.595295 np0000007322 devstack@g-api.service[99894]: DEBUG glance.api.middleware.version_negotiation [None req-a63d54cb-6c27-4fd2-a45a-cc75cf3bb834 tempest-VolumesActionsTest-1458957561 tempest-VolumesActionsTest-1458957561-project-member] new path /v2/images/e4becdb9-a80b-4128-b92a-e3ab38492ada {{(pid=99894) process_request /opt/stack/glance/glance/api/middleware/version_negotiation.py:70}}
Aug 14 05:23:15.619612 np0000007322 devstack@g-api.service[99894]: [pid: 99894|app: 0|req: 148/397] 127.0.0.1 () {40 vars in 830 bytes} [Fri Aug 14 05:23:15 2026] GET /v2/images/e4becdb9-a80b-4128-b92a-e3ab38492ada => generated 649 bytes in 25 msecs (HTTP/1.1 200) 4 headers in 157 bytes (1 switches on core 0)
Aug 14 05:23:16.637085 np0000007322 devstack@g-api.service[99895]: DEBUG glance.api.middleware.version_negotiation [None req-1dce0820-4976-42c8-8fc1-74550d158bc3 tempest-VolumesActionsTest-1458957561 tempest-VolumesActionsTest-1458957561-project-member] Determining version of request: GET /v2/images/e4becdb9-a80b-4128-b92a-e3ab38492ada Accept: application/json {{(pid=99895) process_request /opt/stack/glance/glance/api/middleware/version_negotiation.py:44}}
Aug 14 05:23:16.637085 np0000007322 devstack@g-api.service[99895]: DEBUG glance.api.middleware.version_negotiation [None req-1dce0820-4976-42c8-8fc1-74550d158bc3 tempest-VolumesActionsTest-1458957561 tempest-VolumesActionsTest-1458957561-project-member] Using url versioning {{(pid=99895) process_request /opt/stack/glance/glance/api/middleware/version_negotiation.py:57}}
Aug 14 05:23:16.637085 np0000007322 devstack@g-api.service[99895]: DEBUG glance.api.middleware.version_negotiation [None req-1dce0820-4976-42c8-8fc1-74550d158bc3 tempest-VolumesActionsTest-1458957561 tempest-VolumesActionsTest-1458957561-project-member] Matched version: v2 {{(pid=99895) process_request /opt/stack/glance/glance/api/middleware/version_negotiation.py:69}}
Aug 14 05:23:16.637085 np0000007322 devstack@g-api.service[99895]: DEBUG glance.api.middleware.version_negotiation [None req-1dce0820-4976-42c8-8fc1-74550d158bc3 tempest-VolumesActionsTest-1458957561 tempest-VolumesActionsTest-1458957561-project-member] new path /v2/images/e4becdb9-a80b-4128-b92a-e3ab38492ada {{(pid=99895) process_request /opt/stack/glance/glance/api/middleware/version_negotiation.py:70}}
Aug 14 05:23:16.655119 np0000007322 devstack@g-api.service[99895]: [pid: 99895|app: 0|req: 132/398] 127.0.0.1 () {40 vars in 830 bytes} [Fri Aug 14 05:23:16 2026] GET /v2/images/e4becdb9-a80b-4128-b92a-e3ab38492ada => generated 649 bytes in 19 msecs (HTTP/1.1 200) 4 headers in 157 bytes (1 switches on core 0)
Aug 14 05:23:17.669899 np0000007322 devstack@g-api.service[99894]: DEBUG glance.api.middleware.version_negotiation [None req-67e37048-4278-4afa-9f39-3e3787ec3ae6 tempest-VolumesActionsTest-1458957561 tempest-VolumesActionsTest-1458957561-project-member] Determining version of request: GET /v2/images/e4becdb9-a80b-4128-b92a-e3ab38492ada Accept: application/json {{(pid=99894) process_request /opt/stack/glance/glance/api/middleware/version_negotiation.py:44}}
Aug 14 05:23:17.670358 np0000007322 devstack@g-api.service[99894]: DEBUG glance.api.middleware.version_negotiation [None req-67e37048-4278-4afa-9f39-3e3787ec3ae6 tempest-VolumesActionsTest-1458957561 tempest-VolumesActionsTest-1458957561-project-member] Using url versioning {{(pid=99894) process_request /opt/stack/glance/glance/api/middleware/version_negotiation.py:57}}
Aug 14 05:23:17.670358 np0000007322 devstack@g-api.service[99894]: DEBUG glance.api.middleware.version_negotiation [None req-67e37048-4278-4afa-9f39-3e3787ec3ae6 tempest-VolumesActionsTest-1458957561 tempest-VolumesActionsTest-1458957561-project-member] Matched version: v2 {{(pid=99894) process_request /opt/stack/glance/glance/api/middleware/version_negotiation.py:69}}
Aug 14 05:23:17.670437 np0000007322 devstack@g-api.service[99894]: DEBUG glance.api.middleware.version_negotiation [None req-67e37048-4278-4afa-9f39-3e3787ec3ae6 tempest-VolumesActionsTest-1458957561 tempest-VolumesActionsTest-1458957561-project-member] new path /v2/images/e4becdb9-a80b-4128-b92a-e3ab38492ada {{(pid=99894) process_request /opt/stack/glance/glance/api/middleware/version_negotiation.py:70}}
Aug 14 05:23:17.688854 np0000007322 devstack@g-api.service[99894]: [pid: 99894|app: 0|req: 149/399] 127.0.0.1 () {40 vars in 830 bytes} [Fri Aug 14 05:23:17 2026] GET /v2/images/e4becdb9-a80b-4128-b92a-e3ab38492ada => generated 649 bytes in 17 msecs (HTTP/1.1 200) 4 headers in 157 bytes (1 switches on core 0)
Aug 14 05:23:18.237032 np0000007322 devstack@g-api.service[99896]: DEBUG swiftclient [None req-ab6ea4a6-eea5-44df-a9fa-9a7e07c1e19b tempest-VolumesActionsTest-1458957561 tempest-VolumesActionsTest-1458957561-project-member] REQ: curl -i https://10.4.3.8:8080/v1/AUTH_b90713e4e2df4366993cd1736d4622a8/glance/e4becdb9-a80b-4128-b92a-e3ab38492ada-00002 -X PUT -H "X-Auth-Token: gAAAAABqfqY_O8nq..." {{(pid=99896) http_log /opt/stack/data/venv/lib/python3.12/site-packages/swiftclient/client.py:160}}
Aug 14 05:23:18.237618 np0000007322 devstack@g-api.service[99896]: DEBUG swiftclient [None req-ab6ea4a6-eea5-44df-a9fa-9a7e07c1e19b tempest-VolumesActionsTest-1458957561 tempest-VolumesActionsTest-1458957561-project-member] RESP STATUS: 201 Created {{(pid=99896) http_log /opt/stack/data/venv/lib/python3.12/site-packages/swiftclient/client.py:161}}
Aug 14 05:23:18.237674 np0000007322 devstack@g-api.service[99896]: DEBUG swiftclient [None req-ab6ea4a6-eea5-44df-a9fa-9a7e07c1e19b tempest-VolumesActionsTest-1458957561 tempest-VolumesActionsTest-1458957561-project-member] RESP HEADERS: {'Date': 'Fri, 14 Aug 2026 05:23:18 GMT', 'Server': 'Apache/2.4.58 (Ubuntu)', 'Content-Type': 'text/html; charset=UTF-8', 'Content-Length': '0', 'Etag': 'eda9a9889837ac4bc81d6387d92c1bec', 'Last-Modified': 'Fri, 14 Aug 2026 05:23:16 GMT', 'X-Trans-Id': 'txaf3e258d0d2c41789b2ba-006a7ea643', 'X-Openstack-Request-Id': 'txaf3e258d0d2c41789b2ba-006a7ea643', 'Connection': 'close'} {{(pid=99896) http_log /opt/stack/data/venv/lib/python3.12/site-packages/swiftclient/client.py:162}}
Aug 14 05:23:18.237974 np0000007322 devstack@g-api.service[99896]: DEBUG glance_store._drivers.swift.store [None req-ab6ea4a6-eea5-44df-a9fa-9a7e07c1e19b tempest-VolumesActionsTest-1458957561 tempest-VolumesActionsTest-1458957561-project-member] Wrote chunk e4becdb9-a80b-4128-b92a-e3ab38492ada-00002 (2/?) of length 204800000 to Swift returning MD5 of content: eda9a9889837ac4bc81d6387d92c1bec {{(pid=99896) add /opt/stack/data/venv/lib/python3.12/site-packages/glance_store/_drivers/swift/store.py:1059}}
Aug 14 05:23:18.700891 np0000007322 devstack@g-api.service[99895]: DEBUG glance.api.middleware.version_negotiation [None req-67ed9a52-5e1e-4e35-b586-90544130506f tempest-VolumesActionsTest-1458957561 tempest-VolumesActionsTest-1458957561-project-member] Determining version of request: GET /v2/images/e4becdb9-a80b-4128-b92a-e3ab38492ada Accept: application/json {{(pid=99895) process_request /opt/stack/glance/glance/api/middleware/version_negotiation.py:44}}
Aug 14 05:23:18.701439 np0000007322 devstack@g-api.service[99895]: DEBUG glance.api.middleware.version_negotiation [None req-67ed9a52-5e1e-4e35-b586-90544130506f tempest-VolumesActionsTest-1458957561 tempest-VolumesActionsTest-1458957561-project-member] Using url versioning {{(pid=99895) process_request /opt/stack/glance/glance/api/middleware/version_negotiation.py:57}}
Aug 14 05:23:18.701439 np0000007322 devstack@g-api.service[99895]: DEBUG glance.api.middleware.version_negotiation [None req-67ed9a52-5e1e-4e35-b586-90544130506f tempest-VolumesActionsTest-1458957561 tempest-VolumesActionsTest-1458957561-project-member] Matched version: v2 {{(pid=99895) process_request /opt/stack/glance/glance/api/middleware/version_negotiation.py:69}}
Aug 14 05:23:18.701621 np0000007322 devstack@g-api.service[99895]: DEBUG glance.api.middleware.version_negotiation [None req-67ed9a52-5e1e-4e35-b586-90544130506f tempest-VolumesActionsTest-1458957561 tempest-VolumesActionsTest-1458957561-project-member] new path /v2/images/e4becdb9-a80b-4128-b92a-e3ab38492ada {{(pid=99895) process_request /opt/stack/glance/glance/api/middleware/version_negotiation.py:70}}
Aug 14 05:23:18.724969 np0000007322 devstack@g-api.service[99895]: [pid: 99895|app: 0|req: 133/400] 127.0.0.1 () {40 vars in 830 bytes} [Fri Aug 14 05:23:18 2026] GET /v2/images/e4becdb9-a80b-4128-b92a-e3ab38492ada => generated 649 bytes in 24 msecs (HTTP/1.1 200) 4 headers in 157 bytes (1 switches on core 0)
Aug 14 05:23:19.741480 np0000007322 devstack@g-api.service[99894]: DEBUG glance.api.middleware.version_negotiation [None req-cc499450-dd7d-4bc9-bed8-c0b518cba3dd tempest-VolumesActionsTest-1458957561 tempest-VolumesActionsTest-1458957561-project-member] Determining version of request: GET /v2/images/e4becdb9-a80b-4128-b92a-e3ab38492ada Accept: application/json {{(pid=99894) process_request /opt/stack/glance/glance/api/middleware/version_negotiation.py:44}}
Aug 14 05:23:19.741480 np0000007322 devstack@g-api.service[99894]: DEBUG glance.api.middleware.version_negotiation [None req-cc499450-dd7d-4bc9-bed8-c0b518cba3dd tempest-VolumesActionsTest-1458957561 tempest-VolumesActionsTest-1458957561-project-member] Using url versioning {{(pid=99894) process_request /opt/stack/glance/glance/api/middleware/version_negotiation.py:57}}
Aug 14 05:23:19.741480 np0000007322 devstack@g-api.service[99894]: DEBUG glance.api.middleware.version_negotiation [None req-cc499450-dd7d-4bc9-bed8-c0b518cba3dd tempest-VolumesActionsTest-1458957561 tempest-VolumesActionsTest-1458957561-project-member] Matched version: v2 {{(pid=99894) process_request /opt/stack/glance/glance/api/middleware/version_negotiation.py:69}}
Aug 14 05:23:19.741480 np0000007322 devstack@g-api.service[99894]: DEBUG glance.api.middleware.version_negotiation [None req-cc499450-dd7d-4bc9-bed8-c0b518cba3dd tempest-VolumesActionsTest-1458957561 tempest-VolumesActionsTest-1458957561-project-member] new path /v2/images/e4becdb9-a80b-4128-b92a-e3ab38492ada {{(pid=99894) process_request /opt/stack/glance/glance/api/middleware/version_negotiation.py:70}}
Aug 14 05:23:19.759349 np0000007322 devstack@g-api.service[99894]: [pid: 99894|app: 0|req: 150/401] 127.0.0.1 () {40 vars in 830 bytes} [Fri Aug 14 05:23:19 2026] GET /v2/images/e4becdb9-a80b-4128-b92a-e3ab38492ada => generated 649 bytes in 19 msecs (HTTP/1.1 200) 4 headers in 157 bytes (1 switches on core 0)
Aug 14 05:23:20.774235 np0000007322 devstack@g-api.service[99895]: DEBUG glance.api.middleware.version_negotiation [None req-e1001f0c-a9d2-4cce-85be-94c9b16fb14b tempest-VolumesActionsTest-1458957561 tempest-VolumesActionsTest-1458957561-project-member] Determining version of request: GET /v2/images/e4becdb9-a80b-4128-b92a-e3ab38492ada Accept: application/json {{(pid=99895) process_request /opt/stack/glance/glance/api/middleware/version_negotiation.py:44}}
Aug 14 05:23:20.774912 np0000007322 devstack@g-api.service[99895]: DEBUG glance.api.middleware.version_negotiation [None req-e1001f0c-a9d2-4cce-85be-94c9b16fb14b tempest-VolumesActionsTest-1458957561 tempest-VolumesActionsTest-1458957561-project-member] Using url versioning {{(pid=99895) process_request /opt/stack/glance/glance/api/middleware/version_negotiation.py:57}}
Aug 14 05:23:20.774912 np0000007322 devstack@g-api.service[99895]: DEBUG glance.api.middleware.version_negotiation [None req-e1001f0c-a9d2-4cce-85be-94c9b16fb14b tempest-VolumesActionsTest-1458957561 tempest-VolumesActionsTest-1458957561-project-member] Matched version: v2 {{(pid=99895) process_request /opt/stack/glance/glance/api/middleware/version_negotiation.py:69}}
Aug 14 05:23:20.774912 np0000007322 devstack@g-api.service[99895]: DEBUG glance.api.middleware.version_negotiation [None req-e1001f0c-a9d2-4cce-85be-94c9b16fb14b tempest-VolumesActionsTest-1458957561 tempest-VolumesActionsTest-1458957561-project-member] new path /v2/images/e4becdb9-a80b-4128-b92a-e3ab38492ada {{(pid=99895) process_request /opt/stack/glance/glance/api/middleware/version_negotiation.py:70}}
Aug 14 05:23:20.795773 np0000007322 devstack@g-api.service[99895]: [pid: 99895|app: 0|req: 134/402] 127.0.0.1 () {40 vars in 830 bytes} [Fri Aug 14 05:23:20 2026] GET /v2/images/e4becdb9-a80b-4128-b92a-e3ab38492ada => generated 649 bytes in 22 msecs (HTTP/1.1 200) 4 headers in 157 bytes (1 switches on core 0)
Aug 14 05:23:21.315644 np0000007322 devstack@g-api.service[99896]: DEBUG swiftclient [None req-ab6ea4a6-eea5-44df-a9fa-9a7e07c1e19b tempest-VolumesActionsTest-1458957561 tempest-VolumesActionsTest-1458957561-project-member] REQ: curl -i https://10.4.3.8:8080/v1/AUTH_b90713e4e2df4366993cd1736d4622a8/glance/e4becdb9-a80b-4128-b92a-e3ab38492ada-00003 -X PUT -H "X-Auth-Token: gAAAAABqfqY_O8nq..." {{(pid=99896) http_log /opt/stack/data/venv/lib/python3.12/site-packages/swiftclient/client.py:160}}
Aug 14 05:23:21.316140 np0000007322 devstack@g-api.service[99896]: DEBUG swiftclient [None req-ab6ea4a6-eea5-44df-a9fa-9a7e07c1e19b tempest-VolumesActionsTest-1458957561 tempest-VolumesActionsTest-1458957561-project-member] RESP STATUS: 201 Created {{(pid=99896) http_log /opt/stack/data/venv/lib/python3.12/site-packages/swiftclient/client.py:161}}
Aug 14 05:23:21.316140 np0000007322 devstack@g-api.service[99896]: DEBUG swiftclient [None req-ab6ea4a6-eea5-44df-a9fa-9a7e07c1e19b tempest-VolumesActionsTest-1458957561 tempest-VolumesActionsTest-1458957561-project-member] RESP HEADERS: {'Date': 'Fri, 14 Aug 2026 05:23:21 GMT', 'Server': 'Apache/2.4.58 (Ubuntu)', 'Content-Type': 'text/html; charset=UTF-8', 'Content-Length': '0', 'Etag': 'eda9a9889837ac4bc81d6387d92c1bec', 'Last-Modified': 'Fri, 14 Aug 2026 05:23:19 GMT', 'X-Trans-Id': 'txe839daabc99945ed8d6f8-006a7ea646', 'X-Openstack-Request-Id': 'txe839daabc99945ed8d6f8-006a7ea646', 'Connection': 'close'} {{(pid=99896) http_log /opt/stack/data/venv/lib/python3.12/site-packages/swiftclient/client.py:162}}
Aug 14 05:23:21.316292 np0000007322 devstack@g-api.service[99896]: DEBUG glance_store._drivers.swift.store [None req-ab6ea4a6-eea5-44df-a9fa-9a7e07c1e19b tempest-VolumesActionsTest-1458957561 tempest-VolumesActionsTest-1458957561-project-member] Wrote chunk e4becdb9-a80b-4128-b92a-e3ab38492ada-00003 (3/?) of length 204800000 to Swift returning MD5 of content: eda9a9889837ac4bc81d6387d92c1bec {{(pid=99896) add /opt/stack/data/venv/lib/python3.12/site-packages/glance_store/_drivers/swift/store.py:1059}}
Aug 14 05:23:21.360166 np0000007322 devstack@g-api.service[99896]: DEBUG dbcounter [-] [99896] Writing DB stats glance:SELECT=16,glance:INSERT=1,glance:UPDATE=1 {{(pid=99896) stat_writer /opt/stack/data/venv/lib/python3.12/site-packages/dbcounter.py:115}}
Aug 14 05:23:21.810497 np0000007322 devstack@g-api.service[99894]: DEBUG glance.api.middleware.version_negotiation [None req-01af26be-8d32-4f7f-a6c8-c31f78807b98 tempest-VolumesActionsTest-1458957561 tempest-VolumesActionsTest-1458957561-project-member] Determining version of request: GET /v2/images/e4becdb9-a80b-4128-b92a-e3ab38492ada Accept: application/json {{(pid=99894) process_request /opt/stack/glance/glance/api/middleware/version_negotiation.py:44}}
Aug 14 05:23:21.814940 np0000007322 devstack@g-api.service[99894]: DEBUG glance.api.middleware.version_negotiation [None req-01af26be-8d32-4f7f-a6c8-c31f78807b98 tempest-VolumesActionsTest-1458957561 tempest-VolumesActionsTest-1458957561-project-member] Using url versioning {{(pid=99894) process_request /opt/stack/glance/glance/api/middleware/version_negotiation.py:57}}
Aug 14 05:23:21.814940 np0000007322 devstack@g-api.service[99894]: DEBUG glance.api.middleware.version_negotiation [None req-01af26be-8d32-4f7f-a6c8-c31f78807b98 tempest-VolumesActionsTest-1458957561 tempest-VolumesActionsTest-1458957561-project-member] Matched version: v2 {{(pid=99894) process_request /opt/stack/glance/glance/api/middleware/version_negotiation.py:69}}
Aug 14 05:23:21.814940 np0000007322 devstack@g-api.service[99894]: DEBUG glance.api.middleware.version_negotiation [None req-01af26be-8d32-4f7f-a6c8-c31f78807b98 tempest-VolumesActionsTest-1458957561 tempest-VolumesActionsTest-1458957561-project-member] new path /v2/images/e4becdb9-a80b-4128-b92a-e3ab38492ada {{(pid=99894) process_request /opt/stack/glance/glance/api/middleware/version_negotiation.py:70}}
Aug 14 05:23:21.833293 np0000007322 devstack@g-api.service[99894]: [pid: 99894|app: 0|req: 151/403] 127.0.0.1 () {40 vars in 830 bytes} [Fri Aug 14 05:23:21 2026] GET /v2/images/e4becdb9-a80b-4128-b92a-e3ab38492ada => generated 649 bytes in 23 msecs (HTTP/1.1 200) 4 headers in 157 bytes (1 switches on core 0)
Aug 14 05:23:22.845078 np0000007322 devstack@g-api.service[99895]: DEBUG glance.api.middleware.version_negotiation [None req-33e9805a-ad9a-4d7c-90c8-e8fb6ac39c3c tempest-VolumesActionsTest-1458957561 tempest-VolumesActionsTest-1458957561-project-member] Determining version of request: GET /v2/images/e4becdb9-a80b-4128-b92a-e3ab38492ada Accept: application/json {{(pid=99895) process_request /opt/stack/glance/glance/api/middleware/version_negotiation.py:44}}
Aug 14 05:23:22.845602 np0000007322 devstack@g-api.service[99895]: DEBUG glance.api.middleware.version_negotiation [None req-33e9805a-ad9a-4d7c-90c8-e8fb6ac39c3c tempest-VolumesActionsTest-1458957561 tempest-VolumesActionsTest-1458957561-project-member] Using url versioning {{(pid=99895) process_request /opt/stack/glance/glance/api/middleware/version_negotiation.py:57}}
Aug 14 05:23:22.845602 np0000007322 devstack@g-api.service[99895]: DEBUG glance.api.middleware.version_negotiation [None req-33e9805a-ad9a-4d7c-90c8-e8fb6ac39c3c tempest-VolumesActionsTest-1458957561 tempest-VolumesActionsTest-1458957561-project-member] Matched version: v2 {{(pid=99895) process_request /opt/stack/glance/glance/api/middleware/version_negotiation.py:69}}
Aug 14 05:23:22.845602 np0000007322 devstack@g-api.service[99895]: DEBUG glance.api.middleware.version_negotiation [None req-33e9805a-ad9a-4d7c-90c8-e8fb6ac39c3c tempest-VolumesActionsTest-1458957561 tempest-VolumesActionsTest-1458957561-project-member] new path /v2/images/e4becdb9-a80b-4128-b92a-e3ab38492ada {{(pid=99895) process_request /opt/stack/glance/glance/api/middleware/version_negotiation.py:70}}
Aug 14 05:23:22.873322 np0000007322 devstack@g-api.service[99895]: [pid: 99895|app: 0|req: 135/404] 127.0.0.1 () {40 vars in 830 bytes} [Fri Aug 14 05:23:22 2026] GET /v2/images/e4becdb9-a80b-4128-b92a-e3ab38492ada => generated 649 bytes in 28 msecs (HTTP/1.1 200) 4 headers in 157 bytes (1 switches on core 0)
Aug 14 05:23:23.886358 np0000007322 devstack@g-api.service[99894]: DEBUG glance.api.middleware.version_negotiation [None req-96f94ae5-4419-4322-8aa1-c1690ff0320e tempest-VolumesActionsTest-1458957561 tempest-VolumesActionsTest-1458957561-project-member] Determining version of request: GET /v2/images/e4becdb9-a80b-4128-b92a-e3ab38492ada Accept: application/json {{(pid=99894) process_request /opt/stack/glance/glance/api/middleware/version_negotiation.py:44}}
Aug 14 05:23:23.886976 np0000007322 devstack@g-api.service[99894]: DEBUG glance.api.middleware.version_negotiation [None req-96f94ae5-4419-4322-8aa1-c1690ff0320e tempest-VolumesActionsTest-1458957561 tempest-VolumesActionsTest-1458957561-project-member] Using url versioning {{(pid=99894) process_request /opt/stack/glance/glance/api/middleware/version_negotiation.py:57}}
Aug 14 05:23:23.886976 np0000007322 devstack@g-api.service[99894]: DEBUG glance.api.middleware.version_negotiation [None req-96f94ae5-4419-4322-8aa1-c1690ff0320e tempest-VolumesActionsTest-1458957561 tempest-VolumesActionsTest-1458957561-project-member] Matched version: v2 {{(pid=99894) process_request /opt/stack/glance/glance/api/middleware/version_negotiation.py:69}}
Aug 14 05:23:23.886976 np0000007322 devstack@g-api.service[99894]: DEBUG glance.api.middleware.version_negotiation [None req-96f94ae5-4419-4322-8aa1-c1690ff0320e tempest-VolumesActionsTest-1458957561 tempest-VolumesActionsTest-1458957561-project-member] new path /v2/images/e4becdb9-a80b-4128-b92a-e3ab38492ada {{(pid=99894) process_request /opt/stack/glance/glance/api/middleware/version_negotiation.py:70}}
Aug 14 05:23:23.905211 np0000007322 devstack@g-api.service[99894]: [pid: 99894|app: 0|req: 152/405] 127.0.0.1 () {40 vars in 830 bytes} [Fri Aug 14 05:23:23 2026] GET /v2/images/e4becdb9-a80b-4128-b92a-e3ab38492ada => generated 649 bytes in 19 msecs (HTTP/1.1 200) 4 headers in 157 bytes (1 switches on core 0)
Aug 14 05:23:24.114821 np0000007322 devstack@g-api.service[99896]: DEBUG swiftclient [None req-ab6ea4a6-eea5-44df-a9fa-9a7e07c1e19b tempest-VolumesActionsTest-1458957561 tempest-VolumesActionsTest-1458957561-project-member] REQ: curl -i https://10.4.3.8:8080/v1/AUTH_b90713e4e2df4366993cd1736d4622a8/glance/e4becdb9-a80b-4128-b92a-e3ab38492ada-00004 -X PUT -H "X-Auth-Token: gAAAAABqfqY_O8nq..." {{(pid=99896) http_log /opt/stack/data/venv/lib/python3.12/site-packages/swiftclient/client.py:160}}
Aug 14 05:23:24.115272 np0000007322 devstack@g-api.service[99896]: DEBUG swiftclient [None req-ab6ea4a6-eea5-44df-a9fa-9a7e07c1e19b tempest-VolumesActionsTest-1458957561 tempest-VolumesActionsTest-1458957561-project-member] RESP STATUS: 201 Created {{(pid=99896) http_log /opt/stack/data/venv/lib/python3.12/site-packages/swiftclient/client.py:161}}
