Aug 14 05:15:29.799594 np0000007322 devstack@neutron-api.service[87708]: DEBUG ovsdbapp.backend.ovs_idl.event [None req-08ad5e62-ae1c-4412-baac-aab0941ddd56 None None] Matched UPDATE: ChassisAgentWriteEvent(events=('create', 'update'), table='Chassis_Private', conditions=None, old_conditions=None), priority=20 to row=Chassis_Private(uuid=9039dccc-7166-4de4-838b-31939f167193, chassis=e05a28df-1b99-4fd4-b831-1cc717668a8f, external_ids={'neutron:ovn-bridge': 'br-int', 'neutron:ovn-neutron-agent-id': '1580730b-6e4d-5869-938a-87d6fb1794ba', 'neutron:ovn-neutron-agent-sb-cfg': '1'}, name='45c0ba11-e084-4024-925a-45b0d3e094df', nb_cfg=2, nb_cfg_timestamp=1786684529795) old=Chassis_Private(uuid=9039dccc-7166-4de4-838b-31939f167193, nb_cfg=1, nb_cfg_timestamp=1786684454852) {{(pid=87708) matches /opt/stack/data/venv/lib/python3.12/site-packages/ovsdbapp/backend/ovs_idl/event.py:55}}
Aug 14 05:15:29.805761 np0000007322 devstack@neutron-api.service[87709]: DEBUG neutron.common.ovn.hash_ring_manager [None req-768467a2-4154-483c-a14a-92898086e028 None None] Hash Ring loaded. 3 active nodes. 0 offline nodes {{(pid=87709) _load_hash_ring /opt/stack/neutron/neutron/common/ovn/hash_ring_manager.py:110}}
Aug 14 05:15:29.806166 np0000007322 devstack@neutron-api.service[87709]: DEBUG neutron.common.ovn.hash_ring_manager [None req-8dc2d121-d25a-407a-bde8-526f8a201b4d None None] Hash Ring loaded. 3 active nodes. 0 offline nodes {{(pid=87709) _load_hash_ring /opt/stack/neutron/neutron/common/ovn/hash_ring_manager.py:110}}
Aug 14 05:15:29.806432 np0000007322 devstack@neutron-api.service[87710]: DEBUG neutron.common.ovn.hash_ring_manager [None req-3083d88b-9605-4c3f-b845-1aa7889fd22d None None] Hash Ring loaded. 3 active nodes. 0 offline nodes {{(pid=87710) _load_hash_ring /opt/stack/neutron/neutron/common/ovn/hash_ring_manager.py:110}}
Aug 14 05:15:29.806688 np0000007322 devstack@neutron-api.service[87710]: DEBUG neutron.plugins.ml2.drivers.ovn.mech_driver.ovsdb.ovsdb_monitor [None req-3083d88b-9605-4c3f-b845-1aa7889fd22d None None] Hash Ring: Node 120ee479043f5d24b13b49cb1b095b8c (host: np0000007322) handling event "update" for row 0f68f3d7-374c-439a-9dfa-b0a3262ecca6 (table: NB_Global) {{(pid=87710) notify /opt/stack/neutron/neutron/plugins/ml2/drivers/ovn/mech_driver/ovsdb/ovsdb_monitor.py:1099}}
Aug 14 05:15:29.807504 np0000007322 devstack@neutron-api.service[87710]: DEBUG neutron.plugins.ml2.drivers.ovn.mech_driver.ovsdb.ovsdb_monitor [None req-3083d88b-9605-4c3f-b845-1aa7889fd22d None None] Hash Ring: Node 120ee479043f5d24b13b49cb1b095b8c (host: np0000007322) handling event "update" for row 0f68f3d7-374c-439a-9dfa-b0a3262ecca6 (table: NB_Global) {{(pid=87710) notify /opt/stack/neutron/neutron/plugins/ml2/drivers/ovn/mech_driver/ovsdb/ovsdb_monitor.py:1099}}
Aug 14 05:15:29.808366 np0000007322 devstack@neutron-api.service[87710]: DEBUG neutron.plugins.ml2.drivers.ovn.mech_driver.ovsdb.ovsdb_monitor [None req-3083d88b-9605-4c3f-b845-1aa7889fd22d None None] Hash Ring: Node 120ee479043f5d24b13b49cb1b095b8c (host: np0000007322) handling event "update" for row 0f68f3d7-374c-439a-9dfa-b0a3262ecca6 (table: NB_Global) {{(pid=87710) notify /opt/stack/neutron/neutron/plugins/ml2/drivers/ovn/mech_driver/ovsdb/ovsdb_monitor.py:1099}}
Aug 14 05:15:29.809045 np0000007322 devstack@neutron-api.service[87709]: DEBUG neutron.api.rpc.callbacks.version_manager [None req-a46ee55a-b2d3-42d2-9c9b-e9fa2ac66eed admin admin] Tracked resource versions report:
Aug 14 05:15:29.809045 np0000007322 devstack@neutron-api.service[87709]: pushed versions:
Aug 14 05:15:29.809045 np0000007322 devstack@neutron-api.service[87709]: { 'AddressGroup': {'1.2'},
Aug 14 05:15:29.809045 np0000007322 devstack@neutron-api.service[87709]: 'Agent': {'1.1'},
Aug 14 05:15:29.809045 np0000007322 devstack@neutron-api.service[87709]: 'ConntrackHelper': {'1.0'},
Aug 14 05:15:29.809045 np0000007322 devstack@neutron-api.service[87709]: 'LocalIPAssociation': {'1.0'},
Aug 14 05:15:29.809045 np0000007322 devstack@neutron-api.service[87709]: 'Log': {'1.0'},
Aug 14 05:15:29.809045 np0000007322 devstack@neutron-api.service[87709]: 'NDPProxy': {'1.0'},
Aug 14 05:15:29.809045 np0000007322 devstack@neutron-api.service[87709]: 'Network': {'1.3'},
Aug 14 05:15:29.809045 np0000007322 devstack@neutron-api.service[87709]: 'Port': {'1.11'},
Aug 14 05:15:29.809045 np0000007322 devstack@neutron-api.service[87709]: 'PortForwarding': {'1.3'},
Aug 14 05:15:29.809045 np0000007322 devstack@neutron-api.service[87709]: 'QosPolicy': {'1.10'},
Aug 14 05:15:29.809045 np0000007322 devstack@neutron-api.service[87709]: 'SecurityGroup': {'1.6'},
Aug 14 05:15:29.809045 np0000007322 devstack@neutron-api.service[87709]: 'SecurityGroupRule': {'1.3'},
Aug 14 05:15:29.809045 np0000007322 devstack@neutron-api.service[87709]: 'SubPort': {'1.0'},
Aug 14 05:15:29.809045 np0000007322 devstack@neutron-api.service[87709]: 'Subnet': {'1.2'},
Aug 14 05:15:29.809045 np0000007322 devstack@neutron-api.service[87709]: 'Trunk': {'1.1'}}
Aug 14 05:15:29.809045 np0000007322 devstack@neutron-api.service[87709]: consumer versions:
Aug 14 05:15:29.809045 np0000007322 devstack@neutron-api.service[87709]: { OVN Neutron agent@np0000007322: {},
Aug 14 05:15:29.809045 np0000007322 devstack@neutron-api.service[87709]: OVN Controller Gateway agent@np0000007322: {}}
Aug 14 05:15:29.809045 np0000007322 devstack@neutron-api.service[87709]: {{(pid=87709) report /opt/stack/neutron/neutron/api/rpc/callbacks/version_manager.py:183}}
Aug 14 05:15:29.809798 np0000007322 devstack@neutron-api.service[87710]: DEBUG neutron.plugins.ml2.drivers.ovn.mech_driver.ovsdb.ovsdb_monitor [None req-3083d88b-9605-4c3f-b845-1aa7889fd22d None None] Hash Ring: Node 120ee479043f5d24b13b49cb1b095b8c (host: np0000007322) handling event "update" for row 0f68f3d7-374c-439a-9dfa-b0a3262ecca6 (table: NB_Global) {{(pid=87710) notify /opt/stack/neutron/neutron/plugins/ml2/drivers/ovn/mech_driver/ovsdb/ovsdb_monitor.py:1099}}
Aug 14 05:15:29.810068 np0000007322 devstack@neutron-api.service[87708]: DEBUG neutron.common.ovn.hash_ring_manager [None req-e79ef550-0665-4207-a16f-8c9d406ae874 None None] Hash Ring loaded. 3 active nodes. 0 offline nodes {{(pid=87708) _load_hash_ring /opt/stack/neutron/neutron/common/ovn/hash_ring_manager.py:110}}
Aug 14 05:15:29.810814 np0000007322 devstack@neutron-api.service[87708]: DEBUG neutron.common.ovn.hash_ring_manager [None req-08ad5e62-ae1c-4412-baac-aab0941ddd56 None None] Hash Ring loaded. 3 active nodes. 0 offline nodes {{(pid=87708) _load_hash_ring /opt/stack/neutron/neutron/common/ovn/hash_ring_manager.py:110}}
Aug 14 05:15:29.811266 np0000007322 devstack@neutron-api.service[87708]: DEBUG neutron.plugins.ml2.drivers.ovn.mech_driver.ovsdb.ovsdb_monitor [None req-08ad5e62-ae1c-4412-baac-aab0941ddd56 None None] Hash Ring: Node 83881ee546fb5aa089c4b479d6c92d79 (host: np0000007322) handling event "update" for row 9039dccc-7166-4de4-838b-31939f167193 (table: Chassis_Private) {{(pid=87708) notify /opt/stack/neutron/neutron/plugins/ml2/drivers/ovn/mech_driver/ovsdb/ovsdb_monitor.py:1099}}
Aug 14 05:15:29.811868 np0000007322 devstack@neutron-api.service[87710]: DEBUG neutron.common.ovn.hash_ring_manager [None req-f80ea294-32d6-4852-891a-6779bf6a5117 None None] Hash Ring loaded. 3 active nodes. 0 offline nodes {{(pid=87710) _load_hash_ring /opt/stack/neutron/neutron/common/ovn/hash_ring_manager.py:110}}
Aug 14 05:15:29.815589 np0000007322 devstack@neutron-api.service[87709]: DEBUG ovsdbapp.backend.ovs_idl.transaction [None req-8dc2d121-d25a-407a-bde8-526f8a201b4d None None] Running txn n=1 command(idx=0): AddNetworkCommand(_result=None, network_uuid=bccc732c-8b0b-4dd2-bbe6-1f0bd4722b2c, may_exist=True, columns={'external_ids': {'neutron:network_name': 'shared', 'neutron:mtu': '1372', 'neutron:revision_number': '1', 'neutron:availability_zone_hints': '', 'neutron:provnet-network-type': 'geneve'}, 'other_config': {'mcast_snoop': 'false', 'mcast_flood_unregistered': 'false', 'vlan-passthru': 'false'}}) {{(pid=87709) do_commit /opt/stack/data/venv/lib/python3.12/site-packages/ovsdbapp/backend/ovs_idl/transaction.py:89}}
Aug 14 05:15:29.817282 np0000007322 devstack@neutron-api.service[87709]: DEBUG neutron.plugins.ml2.drivers.ovn.mech_driver.ovsdb.ovsdb_monitor [None req-8dc2d121-d25a-407a-bde8-526f8a201b4d None None] Hash Ring: Node 0581723551c853eb97e9ec341cef4250 (host: np0000007322) handling event "create" for row bccc732c-8b0b-4dd2-bbe6-1f0bd4722b2c (table: Logical_Switch) {{(pid=87709) notify /opt/stack/neutron/neutron/plugins/ml2/drivers/ovn/mech_driver/ovsdb/ovsdb_monitor.py:1099}}
Aug 14 05:15:29.821909 np0000007322 devstack@neutron-api.service[87710]: DEBUG neutron.plugins.ml2.drivers.ovn.mech_driver.ovsdb.ovsdb_monitor [None req-f80ea294-32d6-4852-891a-6779bf6a5117 None None] Hash Ring: Node 120ee479043f5d24b13b49cb1b095b8c (host: np0000007322) handling event "create" for row 66d713c0-a847-431c-bcd2-221adef12dc4 (table: Datapath_Binding) {{(pid=87710) notify /opt/stack/neutron/neutron/plugins/ml2/drivers/ovn/mech_driver/ovsdb/ovsdb_monitor.py:1099}}
Aug 14 05:15:29.835361 np0000007322 devstack@neutron-api.service[87709]: INFO neutron.db.ovn_revision_numbers_db [None req-a46ee55a-b2d3-42d2-9c9b-e9fa2ac66eed admin admin] Successfully bumped revision number for resource bccc732c-8b0b-4dd2-bbe6-1f0bd4722b2c (type: networks) to 1
Aug 14 05:15:29.845483 np0000007322 devstack@neutron-api.service[87709]: DEBUG neutron_lib.callbacks.manager [None req-a46ee55a-b2d3-42d2-9c9b-e9fa2ac66eed admin admin] Publish callbacks ['neutron.plugins.ml2.plugin.SecurityGroupDbMixin._ensure_default_security_group_handler-43597'] for port (None), before_create {{(pid=87709) _notify_loop /opt/stack/data/venv/lib/python3.12/site-packages/neutron_lib/callbacks/manager.py:184}}
Aug 14 05:15:29.903789 np0000007322 devstack@neutron-api.service[87709]: DEBUG neutron_lib.callbacks.manager [None req-a46ee55a-b2d3-42d2-9c9b-e9fa2ac66eed admin admin] Publish callbacks ['neutron.plugins.ml2.drivers.ovn.mech_driver.mech_driver.OVNMechanismDriver._validate_allowed_address_pairs-473558'] for allowed_address_pair (4b6f230a-812b-4314-a4b6-7596ec89fe07), before_create {{(pid=87709) _notify_loop /opt/stack/data/venv/lib/python3.12/site-packages/neutron_lib/callbacks/manager.py:184}}
Aug 14 05:15:29.904343 np0000007322 devstack@neutron-api.service[87709]: DEBUG neutron_lib.callbacks.manager [None req-a46ee55a-b2d3-42d2-9c9b-e9fa2ac66eed admin admin] Publish callbacks [] for port (4b6f230a-812b-4314-a4b6-7596ec89fe07), precommit_create {{(pid=87709) _notify_loop /opt/stack/data/venv/lib/python3.12/site-packages/neutron_lib/callbacks/manager.py:184}}
Aug 14 05:15:29.904495 np0000007322 devstack@neutron-api.service[87709]: DEBUG neutron.plugins.ml2.drivers.ovn.mech_driver.mech_driver [None req-a46ee55a-b2d3-42d2-9c9b-e9fa2ac66eed admin admin] No provisioning block for port 4b6f230a-812b-4314-a4b6-7596ec89fe07 since it does not have a host {{(pid=87709) _is_port_provisioning_required /opt/stack/neutron/neutron/plugins/ml2/drivers/ovn/mech_driver/mech_driver.py:877}}
Aug 14 05:15:29.904602 np0000007322 devstack@neutron-api.service[87709]: DEBUG neutron.db.ovn_revision_numbers_db [None req-a46ee55a-b2d3-42d2-9c9b-e9fa2ac66eed admin admin] create_initial_revision uuid=4b6f230a-812b-4314-a4b6-7596ec89fe07, type=ports, rev=-1 {{(pid=87709) create_initial_revision /opt/stack/neutron/neutron/db/ovn_revision_numbers_db.py:98}}
Aug 14 05:15:29.931350 np0000007322 devstack@neutron-api.service[87709]: DEBUG neutron_lib.callbacks.manager [None req-a46ee55a-b2d3-42d2-9c9b-e9fa2ac66eed admin admin] Publish callbacks ['neutron.plugins.ml2.ovo_rpc._ObjectChangeHandler.handle_event-6426520'] for port (4b6f230a-812b-4314-a4b6-7596ec89fe07), after_create {{(pid=87709) _notify_loop /opt/stack/data/venv/lib/python3.12/site-packages/neutron_lib/callbacks/manager.py:184}}
Aug 14 05:15:29.959047 np0000007322 devstack@neutron-api.service[87709]: DEBUG neutron.api.rpc.handlers.resources_rpc [None req-a46ee55a-b2d3-42d2-9c9b-e9fa2ac66eed admin admin] Pushing event updated for resources: {'Port': ['ID=4b6f230a-812b-4314-a4b6-7596ec89fe07,revision_number=1']} {{(pid=87709) push /opt/stack/neutron/neutron/api/rpc/handlers/resources_rpc.py:237}}
Aug 14 05:15:29.964211 np0000007322 devstack@neutron-api.service[87709]: DEBUG neutron.plugins.ml2.drivers.ovn.mech_driver.ovsdb.commands [None req-a46ee55a-b2d3-42d2-9c9b-e9fa2ac66eed admin admin] Converting tag [] to a tag_request {{(pid=87709) _tag_column_to_tag_request /opt/stack/neutron/neutron/plugins/ml2/drivers/ovn/mech_driver/ovsdb/commands.py:227}}
Aug 14 05:15:29.964745 np0000007322 devstack@neutron-api.service[87709]: DEBUG ovsdbapp.backend.ovs_idl.transaction [None req-8dc2d121-d25a-407a-bde8-526f8a201b4d None None] Running txn n=1 command(idx=0): AddLSwitchPortCommand(_result=None, lport=4b6f230a-812b-4314-a4b6-7596ec89fe07, lswitch=neutron-bccc732c-8b0b-4dd2-bbe6-1f0bd4722b2c, may_exist=True, network_uuid=bccc732c-8b0b-4dd2-bbe6-1f0bd4722b2c, columns={'addresses': ['fa:16:3e:e0:dc:12'], 'external_ids': {'neutron:port_name': '', 'neutron:device_id': 'ovnmeta-bccc732c-8b0b-4dd2-bbe6-1f0bd4722b2c', 'neutron:project_id': 'e94ba734a79e43988462a7f3e3400105', 'neutron:cidrs': '', 'neutron:device_owner': 'network:distributed', 'neutron:subnet_pool_addr_scope4': '', 'neutron:subnet_pool_addr_scope6': '', 'neutron:network_name': 'neutron-bccc732c-8b0b-4dd2-bbe6-1f0bd4722b2c', 'neutron:security_group_ids': '', 'neutron:revision_number': '1', 'neutron:vnic_type': 'normal', 'neutron:port_capabilities': '', 'neutron:mtu': '1372'}, 'parent_name': [], 'enabled': True, 'options': {}, 'type': 'localport', 'port_security': [], 'dhcpv4_options': [], 'dhcpv6_options': [], 'tag_request': []}) {{(pid=87709) do_commit /opt/stack/data/venv/lib/python3.12/site-packages/ovsdbapp/backend/ovs_idl/transaction.py:89}}
Aug 14 05:15:29.965138 np0000007322 devstack@neutron-api.service[87709]: DEBUG ovsdbapp.backend.ovs_idl.transaction [None req-8dc2d121-d25a-407a-bde8-526f8a201b4d None None] Running txn n=1 command(idx=1): QoSDelCommand(_result=None, switch=neutron-bccc732c-8b0b-4dd2-bbe6-1f0bd4722b2c, conditions=[('direction', '=', 'to-lport'), ('priority', '=', 2002), ('match', '=', 'outport == "4b6f230a-812b-4314-a4b6-7596ec89fe07"')], if_exists=True) {{(pid=87709) do_commit /opt/stack/data/venv/lib/python3.12/site-packages/ovsdbapp/backend/ovs_idl/transaction.py:89}}
Aug 14 05:15:29.965330 np0000007322 devstack@neutron-api.service[87709]: DEBUG ovsdbapp.backend.ovs_idl.transaction [None req-8dc2d121-d25a-407a-bde8-526f8a201b4d None None] Running txn n=1 command(idx=2): QoSDelCommand(_result=None, switch=neutron-bccc732c-8b0b-4dd2-bbe6-1f0bd4722b2c, conditions=[('direction', '=', 'from-lport'), ('priority', '=', 2002), ('match', '=', 'inport == "4b6f230a-812b-4314-a4b6-7596ec89fe07"')], if_exists=True) {{(pid=87709) do_commit /opt/stack/data/venv/lib/python3.12/site-packages/ovsdbapp/backend/ovs_idl/transaction.py:89}}
Aug 14 05:15:29.967672 np0000007322 devstack@neutron-api.service[87709]: DEBUG neutron.plugins.ml2.drivers.ovn.mech_driver.ovsdb.ovsdb_monitor [None req-8dc2d121-d25a-407a-bde8-526f8a201b4d None None] Hash Ring: Node 0581723551c853eb97e9ec341cef4250 (host: np0000007322) handling event "update" for row bccc732c-8b0b-4dd2-bbe6-1f0bd4722b2c (table: Logical_Switch) {{(pid=87709) notify /opt/stack/neutron/neutron/plugins/ml2/drivers/ovn/mech_driver/ovsdb/ovsdb_monitor.py:1099}}
Aug 14 05:15:29.968705 np0000007322 devstack@neutron-api.service[87710]: DEBUG neutron.plugins.ml2.drivers.ovn.mech_driver.ovsdb.ovsdb_monitor [None req-3083d88b-9605-4c3f-b845-1aa7889fd22d None None] Hash Ring: Node 120ee479043f5d24b13b49cb1b095b8c (host: np0000007322) handling event "create" for row 65a666e5-be78-4c4a-9fdc-d23a48e6df49 (table: Logical_Switch_Port) {{(pid=87710) notify /opt/stack/neutron/neutron/plugins/ml2/drivers/ovn/mech_driver/ovsdb/ovsdb_monitor.py:1099}}
Aug 14 05:15:29.969899 np0000007322 devstack@neutron-api.service[87710]: DEBUG ovsdbapp.backend.ovs_idl.event [None req-3083d88b-9605-4c3f-b845-1aa7889fd22d None None] Matched CREATE: LogicalSwitchPortCreateEvent(events=('create',), table='Logical_Switch_Port', conditions=[], old_conditions=None), priority=20 to row=Logical_Switch_Port(uuid=65a666e5-be78-4c4a-9fdc-d23a48e6df49, addresses=['fa:16:3e:e0:dc:12'], dhcpv4_options=[], dhcpv6_options=[], dynamic_addresses=[], enabled=True, external_ids={'neutron:cidrs': '', 'neutron:device_id': 'ovnmeta-bccc732c-8b0b-4dd2-bbe6-1f0bd4722b2c', 'neutron:device_owner': 'network:distributed', 'neutron:mtu': '1372', 'neutron:network_name': 'neutron-bccc732c-8b0b-4dd2-bbe6-1f0bd4722b2c', 'neutron:port_capabilities': '', 'neutron:port_name': '', 'neutron:project_id': 'e94ba734a79e43988462a7f3e3400105', 'neutron:revision_number': '1', 'neutron:security_group_ids': '', 'neutron:subnet_pool_addr_scope4': '', 'neutron:subnet_pool_addr_scope6': '', 'neutron:vnic_type': 'normal'}, ha_chassis_group=[], mirror_rules=[], name='4b6f230a-812b-4314-a4b6-7596ec89fe07', options={}, parent_name=[], port_security=[], tag=[], tag_request=[], type='localport', up=[]) old= {{(pid=87710) matches /opt/stack/data/venv/lib/python3.12/site-packages/ovsdbapp/backend/ovs_idl/event.py:55}}
Aug 14 05:15:29.972645 np0000007322 devstack@neutron-api.service[87710]: INFO neutron.plugins.ml2.drivers.ovn.mech_driver.mech_driver [None req-deab63de-8aa2-4192-9ff1-2d58ce71a8f2 None None] OVN reports status down for port: 4b6f230a-812b-4314-a4b6-7596ec89fe07
Aug 14 05:15:29.974239 np0000007322 devstack@neutron-api.service[87710]: DEBUG neutron.plugins.ml2.drivers.ovn.mech_driver.ovsdb.ovsdb_monitor [None req-3083d88b-9605-4c3f-b845-1aa7889fd22d None None] Hash Ring: Node 120ee479043f5d24b13b49cb1b095b8c (host: np0000007322) handling event "update" for row 65a666e5-be78-4c4a-9fdc-d23a48e6df49 (table: Logical_Switch_Port) {{(pid=87710) notify /opt/stack/neutron/neutron/plugins/ml2/drivers/ovn/mech_driver/ovsdb/ovsdb_monitor.py:1099}}
Aug 14 05:15:29.984028 np0000007322 devstack@neutron-api.service[87709]: DEBUG neutron.plugins.ml2.drivers.ovn.mech_driver.ovsdb.ovsdb_monitor [None req-768467a2-4154-483c-a14a-92898086e028 None None] Hash Ring: Node 0581723551c853eb97e9ec341cef4250 (host: np0000007322) handling event "create" for row 54dd978b-b3e7-46da-a76f-bd51c33b27d1 (table: Port_Binding) {{(pid=87709) notify /opt/stack/neutron/neutron/plugins/ml2/drivers/ovn/mech_driver/ovsdb/ovsdb_monitor.py:1099}}
Aug 14 05:15:29.996031 np0000007322 devstack@neutron-api.service[87710]: DEBUG neutron.db.provisioning_blocks [None req-deab63de-8aa2-4192-9ff1-2d58ce71a8f2 None None] Transition to ACTIVE for port object 4b6f230a-812b-4314-a4b6-7596ec89fe07 will not be triggered until provisioned by entity L2. {{(pid=87710) add_provisioning_component /opt/stack/neutron/neutron/db/provisioning_blocks.py:74}}
Aug 14 05:15:30.001526 np0000007322 devstack@neutron-api.service[87709]: INFO neutron.db.ovn_revision_numbers_db [None req-a46ee55a-b2d3-42d2-9c9b-e9fa2ac66eed admin admin] Successfully bumped revision number for resource 4b6f230a-812b-4314-a4b6-7596ec89fe07 (type: ports) to 1
Aug 14 05:15:30.010905 np0000007322 devstack@neutron-api.service[87709]: DEBUG neutron.pecan_wsgi.hooks.policy_enforcement [None req-a46ee55a-b2d3-42d2-9c9b-e9fa2ac66eed admin admin] Attributes excluded by policy engine: ['standard_attr_id'] {{(pid=87709) _exclude_attributes_by_policy /opt/stack/neutron/neutron/pecan_wsgi/hooks/policy_enforcement.py:259}}
Aug 14 05:15:30.011199 np0000007322 devstack@neutron-api.service[87709]: DEBUG neutron_lib.callbacks.manager [None req-a46ee55a-b2d3-42d2-9c9b-e9fa2ac66eed admin admin] Publish callbacks [] for network (None), before_response {{(pid=87709) _notify_loop /opt/stack/data/venv/lib/python3.12/site-packages/neutron_lib/callbacks/manager.py:184}}
Aug 14 05:15:30.016598 np0000007322 devstack@neutron-api.service[87710]: DEBUG neutron.plugins.ml2.plugin [None req-deab63de-8aa2-4192-9ff1-2d58ce71a8f2 None None] Current status of the port 4b6f230a-812b-4314-a4b6-7596ec89fe07 is: DOWN; New status is: DOWN {{(pid=87710) _update_individual_port_db_status /opt/stack/neutron/neutron/plugins/ml2/plugin.py:2473}}
Aug 14 05:15:30.018104 np0000007322 devstack@neutron-api.service[87710]: DEBUG ovsdbapp.backend.ovs_idl.transaction [None req-3083d88b-9605-4c3f-b845-1aa7889fd22d None None] Running txn n=1 command(idx=0): DbRemoveCommand(_result=None, table=Logical_Switch_Port, record=4b6f230a-812b-4314-a4b6-7596ec89fe07, column=external_ids, values=('neutron:host_id',), keyvalues={}, if_exists=True) {{(pid=87710) do_commit /opt/stack/data/venv/lib/python3.12/site-packages/ovsdbapp/backend/ovs_idl/transaction.py:89}}
Aug 14 05:15:30.019953 np0000007322 devstack@neutron-api.service[87709]: [pid: 87709|app: 0|req: 12/37] 10.4.3.8 () {68 vars in 1312 bytes} [Fri Aug 14 05:15:29 2026] POST /networking/v2.0/networks => generated 679 bytes in 355 msecs (HTTP/1.1 201) 4 headers in 162 bytes (1 switches on core 0)
Aug 14 05:15:30.213499 np0000007322 devstack@neutron-api.service[87710]: INFO neutron.pecan_wsgi.hooks.translation [None req-9e324a46-80d1-49b5-be2a-ad805ea5e93a admin admin] GET failed (client error): The resource could not be found.
Aug 14 05:15:30.214063 np0000007322 devstack@neutron-api.service[87710]: [pid: 87710|app: 0|req: 14/38] 10.4.3.8 () {64 vars in 1280 bytes} [Fri Aug 14 05:15:30 2026] GET /networking/v2.0/networks/shared => generated 108 bytes in 7 msecs (HTTP/1.1 404) 4 headers in 164 bytes (1 switches on core 0)
Aug 14 05:15:30.240494 np0000007322 devstack@neutron-api.service[87708]: DEBUG neutron.pecan_wsgi.hooks.policy_enforcement [None req-961c014c-48fa-4ae7-997a-364090475cba admin admin] Attributes excluded by policy engine: ['standard_attr_id'] {{(pid=87708) _exclude_attributes_by_policy /opt/stack/neutron/neutron/pecan_wsgi/hooks/policy_enforcement.py:259}}
Aug 14 05:15:30.241741 np0000007322 devstack@neutron-api.service[87708]: [pid: 87708|app: 0|req: 13/39] 10.4.3.8 () {64 vars in 1295 bytes} [Fri Aug 14 05:15:30 2026] GET /networking/v2.0/networks?name=shared => generated 663 bytes in 21 msecs (HTTP/1.1 200) 4 headers in 157 bytes (1 switches on core 0)
Aug 14 05:15:30.252940 np0000007322 devstack@neutron-api.service[87709]: DEBUG neutron.api.v2.base [None req-d710364d-fe73-4ba5-a171-3e267f6b1dab admin admin] Request body: {'subnet': {'cidr': '192.168.233.0/24', 'name': 'shared-subnet', 'ip_version': 4, 'network_id': 'bccc732c-8b0b-4dd2-bbe6-1f0bd4722b2c', 'description': 'shared-subnet'}} {{(pid=87709) prepare_request_body /opt/stack/neutron/neutron/api/v2/base.py:727}}
Aug 14 05:15:30.271174 np0000007322 devstack@neutron-api.service[87709]: DEBUG neutron.pecan_wsgi.hooks.quota_enforcement [None req-d710364d-fe73-4ba5-a171-3e267f6b1dab admin admin] Made reservation on behalf of e94ba734a79e43988462a7f3e3400105 for: {'subnet': 1} {{(pid=87709) before /opt/stack/neutron/neutron/pecan_wsgi/hooks/quota_enforcement.py:66}}
Aug 14 05:15:30.273514 np0000007322 devstack@neutron-api.service[87709]: DEBUG neutron_lib.callbacks.manager [None req-d710364d-fe73-4ba5-a171-3e267f6b1dab admin admin] Publish callbacks [] for subnet (None), before_create {{(pid=87709) _notify_loop /opt/stack/data/venv/lib/python3.12/site-packages/neutron_lib/callbacks/manager.py:184}}
Aug 14 05:15:30.327639 np0000007322 devstack@neutron-api.service[87709]: DEBUG neutron.db.ovn_revision_numbers_db [None req-d710364d-fe73-4ba5-a171-3e267f6b1dab admin admin] create_initial_revision uuid=0342622b-ff1b-4efc-9890-bce0ed2103c4, type=subnets, rev=-1 {{(pid=87709) create_initial_revision /opt/stack/neutron/neutron/db/ovn_revision_numbers_db.py:98}}
Aug 14 05:15:30.332231 np0000007322 devstack@neutron-api.service[87709]: DEBUG neutron_lib.callbacks.manager [None req-d710364d-fe73-4ba5-a171-3e267f6b1dab admin admin] Publish callbacks ['neutron.plugins.ml2.ovo_rpc._ObjectChangeHandler.handle_event-2991346'] for subnet (0342622b-ff1b-4efc-9890-bce0ed2103c4), after_create {{(pid=87709) _notify_loop /opt/stack/data/venv/lib/python3.12/site-packages/neutron_lib/callbacks/manager.py:184}}
Aug 14 05:15:30.344156 np0000007322 devstack@neutron-api.service[87709]: DEBUG neutron.api.rpc.handlers.resources_rpc [None req-d710364d-fe73-4ba5-a171-3e267f6b1dab admin admin] Pushing event updated for resources: {'Subnet': ['ID=0342622b-ff1b-4efc-9890-bce0ed2103c4,revision_number=0']} {{(pid=87709) push /opt/stack/neutron/neutron/api/rpc/handlers/resources_rpc.py:237}}
Aug 14 05:15:30.389137 np0000007322 devstack@neutron-api.service[87709]: DEBUG neutron_lib.callbacks.manager [None req-d710364d-fe73-4ba5-a171-3e267f6b1dab admin admin] Publish callbacks ['neutron.plugins.ml2.plugin.SecurityGroupDbMixin._ensure_default_security_group_handler-43597', 'neutron.services.ovn_l3.plugin.OVNL3RouterPlugin._port_update-8674317346136', 'neutron.db.l3_db.L3_NAT_dbonly_mixin._prevent_internal_ip_change_for_fip-8674319197328'] for port (4b6f230a-812b-4314-a4b6-7596ec89fe07), before_update {{(pid=87709) _notify_loop /opt/stack/data/venv/lib/python3.12/site-packages/neutron_lib/callbacks/manager.py:184}}
Aug 14 05:15:30.468681 np0000007322 devstack@neutron-api.service[87709]: DEBUG neutron.db.db_base_plugin_common [None req-d710364d-fe73-4ba5-a171-3e267f6b1dab admin admin] Allocated IP 192.168.233.2 (bccc732c-8b0b-4dd2-bbe6-1f0bd4722b2c/0342622b-ff1b-4efc-9890-bce0ed2103c4/4b6f230a-812b-4314-a4b6-7596ec89fe07) {{(pid=87709) _store_ip_allocation /opt/stack/neutron/neutron/db/db_base_plugin_common.py:131}}
Aug 14 05:15:30.525801 np0000007322 devstack@neutron-api.service[87709]: DEBUG neutron_lib.callbacks.manager [None req-d710364d-fe73-4ba5-a171-3e267f6b1dab admin admin] Publish callbacks [] for port (4b6f230a-812b-4314-a4b6-7596ec89fe07), precommit_update {{(pid=87709) _notify_loop /opt/stack/data/venv/lib/python3.12/site-packages/neutron_lib/callbacks/manager.py:184}}
Aug 14 05:15:30.525958 np0000007322 devstack@neutron-api.service[87709]: DEBUG neutron.plugins.ml2.drivers.ovn.mech_driver.mech_driver [None req-d710364d-fe73-4ba5-a171-3e267f6b1dab admin admin] No provisioning block for port 4b6f230a-812b-4314-a4b6-7596ec89fe07 since it does not have a host {{(pid=87709) _is_port_provisioning_required /opt/stack/neutron/neutron/plugins/ml2/drivers/ovn/mech_driver/mech_driver.py:877}}
Aug 14 05:15:30.536140 np0000007322 devstack@neutron-api.service[87709]: DEBUG neutron_lib.callbacks.manager [None req-d710364d-fe73-4ba5-a171-3e267f6b1dab admin admin] Publish callbacks ['neutron.plugins.ml2.ovo_rpc._ObjectChangeHandler.handle_event-6426520', 'neutron.services.ovn_l3.plugin.OVNL3RouterPlugin._port_update-8674317346136'] for port (4b6f230a-812b-4314-a4b6-7596ec89fe07), after_update {{(pid=87709) _notify_loop /opt/stack/data/venv/lib/python3.12/site-packages/neutron_lib/callbacks/manager.py:184}}
Aug 14 05:15:30.562685 np0000007322 devstack@neutron-api.service[87709]: DEBUG neutron.api.rpc.handlers.resources_rpc [None req-d710364d-fe73-4ba5-a171-3e267f6b1dab admin admin] Pushing event updated for resources: {'Port': ['ID=4b6f230a-812b-4314-a4b6-7596ec89fe07,revision_number=2']} {{(pid=87709) push /opt/stack/neutron/neutron/api/rpc/handlers/resources_rpc.py:237}}
Aug 14 05:15:30.658500 np0000007322 devstack@neutron-api.service[87709]: DEBUG neutron.plugins.ml2.drivers.ovn.mech_driver.ovsdb.commands [None req-d710364d-fe73-4ba5-a171-3e267f6b1dab admin admin] Converting tag [] to a tag_request {{(pid=87709) _tag_column_to_tag_request /opt/stack/neutron/neutron/plugins/ml2/drivers/ovn/mech_driver/ovsdb/commands.py:227}}
Aug 14 05:15:30.659438 np0000007322 devstack@neutron-api.service[87709]: DEBUG ovsdbapp.backend.ovs_idl.transaction [None req-8dc2d121-d25a-407a-bde8-526f8a201b4d None None] Running txn n=1 command(idx=0): CheckRevisionNumberCommand(_result=None, name=4b6f230a-812b-4314-a4b6-7596ec89fe07, resource={'id': '4b6f230a-812b-4314-a4b6-7596ec89fe07', 'name': '', 'network_id': 'bccc732c-8b0b-4dd2-bbe6-1f0bd4722b2c', 'project_id': 'e94ba734a79e43988462a7f3e3400105', 'mac_address': 'fa:16:3e:e0:dc:12', 'admin_state_up': True, 'status': 'DOWN', 'device_id': 'ovnmeta-bccc732c-8b0b-4dd2-bbe6-1f0bd4722b2c', 'device_owner': 'network:distributed', 'standard_attr_id': 28, 'fixed_ips': [{'subnet_id': '0342622b-ff1b-4efc-9890-bce0ed2103c4', 'ip_address': '192.168.233.2'}], 'allowed_address_pairs': [], 'extra_dhcp_opts': [], 'security_groups': [], 'description': '', 'binding:vnic_type': 'normal', 'binding:profile': {}, 'binding:host_id': '', 'binding:vif_type': 'unbound', 'binding:vif_details': {}, 'port_security_enabled': False, 'tags': [], 'created_at': '2026-08-14T05:15:29Z', 'updated_at': '2026-08-14T05:15:30Z', 'revision_number': 2, 'tenant_id': 'e94ba734a79e43988462a7f3e3400105', 'network': {'id': 'bccc732c-8b0b-4dd2-bbe6-1f0bd4722b2c', 'name': 'shared', 'tenant_id': 'e94ba734a79e43988462a7f3e3400105', 'project_id': 'e94ba734a79e43988462a7f3e3400105', 'admin_state_up': True, 'mtu': 1372, 'status': 'ACTIVE', 'subnets': ['0342622b-ff1b-4efc-9890-bce0ed2103c4'], 'standard_attr_id': 26, 'shared': True, 'availability_zone_hints': [], 'availability_zones': [], 'ipv4_address_scope': None, 'ipv6_address_scope': None, 'router:external': False, 'qinq': False, 'vlan_transparent': False, 'description': '', 'port_security_enabled': True, 'tags': [], 'created_at': '2026-08-14T05:15:29Z', 'updated_at': '2026-08-14T05:15:30Z', 'revision_number': 2, 'provider:network_type': 'geneve', 'provider:physical_network': None, 'provider:segmentation_id': 64064}}, resource_type=ports, if_exists=True) {{(pid=87709) do_commit /opt/stack/data/venv/lib/python3.12/site-packages/ovsdbapp/backend/ovs_idl/transaction.py:89}}
Aug 14 05:15:30.659803 np0000007322 devstack@neutron-api.service[87709]: DEBUG ovsdbapp.backend.ovs_idl.transaction [None req-8dc2d121-d25a-407a-bde8-526f8a201b4d None None] Running txn n=1 command(idx=1): AddDHCPOptionsCommand(_result=None, columns={'cidr': '192.168.233.0/24', 'options': {'server_id': '192.168.233.1', 'lease_time': '43200', 'mtu': '1372', 'router': '192.168.233.1', 'server_mac': 'fa:16:3e:ab:8a:79', 'dns_server': '{127.0.0.53}', 'classless_static_route': '{169.254.169.254/32,192.168.233.2, 0.0.0.0/0,192.168.233.1}'}, 'external_ids': {'subnet_id': '0342622b-ff1b-4efc-9890-bce0ed2103c4', 'neutron:network_id': 'bccc732c-8b0b-4dd2-bbe6-1f0bd4722b2c', 'neutron:revision_number': '0'}}, may_exist=True, subnet_id=0342622b-ff1b-4efc-9890-bce0ed2103c4, port_id=None, new_insert=False) {{(pid=87709) do_commit /opt/stack/data/venv/lib/python3.12/site-packages/ovsdbapp/backend/ovs_idl/transaction.py:89}}
Aug 14 05:15:30.660085 np0000007322 devstack@neutron-api.service[87709]: DEBUG ovsdbapp.backend.ovs_idl.transaction [None req-8dc2d121-d25a-407a-bde8-526f8a201b4d None None] Running txn n=1 command(idx=2): SetLSwitchPortCommand(_result=None, lport=4b6f230a-812b-4314-a4b6-7596ec89fe07, external_ids_update=None, columns={'external_ids': {'neutron:port_name': '', 'neutron:device_id': 'ovnmeta-bccc732c-8b0b-4dd2-bbe6-1f0bd4722b2c', 'neutron:project_id': 'e94ba734a79e43988462a7f3e3400105', 'neutron:cidrs': '192.168.233.2/24', 'neutron:device_owner': 'network:distributed', 'neutron:subnet_pool_addr_scope4': '', 'neutron:subnet_pool_addr_scope6': '', 'neutron:network_name': 'neutron-bccc732c-8b0b-4dd2-bbe6-1f0bd4722b2c', 'neutron:security_group_ids': '', 'neutron:revision_number': '2', 'neutron:vnic_type': 'normal', 'neutron:port_capabilities': '', 'neutron:mtu': '1372'}, 'parent_name': [], 'options': {}, 'enabled': True, 'port_security': [], 'dhcpv4_options': [], 'dhcpv6_options': [], 'type': 'localport', 'addresses': ['fa:16:3e:e0:dc:12 192.168.233.2'], 'ha_chassis_group': [], 'tag_request': []}, if_exists=False) {{(pid=87709) do_commit /opt/stack/data/venv/lib/python3.12/site-packages/ovsdbapp/backend/ovs_idl/transaction.py:89}}
Aug 14 05:15:30.660651 np0000007322 devstack@neutron-api.service[87709]: DEBUG ovsdbapp.backend.ovs_idl.transaction [None req-8dc2d121-d25a-407a-bde8-526f8a201b4d None None] Running txn n=1 command(idx=3): PgDelPortCommand(_result=None, port_group=neutron_pg_drop, lsp=['4b6f230a-812b-4314-a4b6-7596ec89fe07'], if_exists=False) {{(pid=87709) do_commit /opt/stack/data/venv/lib/python3.12/site-packages/ovsdbapp/backend/ovs_idl/transaction.py:89}}
Aug 14 05:15:30.663979 np0000007322 devstack@neutron-api.service[87710]: DEBUG neutron.plugins.ml2.drivers.ovn.mech_driver.ovsdb.ovsdb_monitor [None req-3083d88b-9605-4c3f-b845-1aa7889fd22d None None] Hash Ring: Node 120ee479043f5d24b13b49cb1b095b8c (host: np0000007322) handling event "update" for row 65a666e5-be78-4c4a-9fdc-d23a48e6df49 (table: Logical_Switch_Port) {{(pid=87710) notify /opt/stack/neutron/neutron/plugins/ml2/drivers/ovn/mech_driver/ovsdb/ovsdb_monitor.py:1099}}
Aug 14 05:15:30.668001 np0000007322 devstack@neutron-api.service[87708]: DEBUG neutron.plugins.ml2.drivers.ovn.mech_driver.ovsdb.ovsdb_monitor [None req-e79ef550-0665-4207-a16f-8c9d406ae874 None None] Hash Ring: Node 83881ee546fb5aa089c4b479d6c92d79 (host: np0000007322) handling event "create" for row 04487b0a-ec47-44ea-8f45-537fa9f9a7d2 (table: DHCP_Options) {{(pid=87708) notify /opt/stack/neutron/neutron/plugins/ml2/drivers/ovn/mech_driver/ovsdb/ovsdb_monitor.py:1099}}
Aug 14 05:15:30.673934 np0000007322 devstack@neutron-api.service[87709]: DEBUG neutron.plugins.ml2.drivers.ovn.mech_driver.ovsdb.ovsdb_monitor [None req-768467a2-4154-483c-a14a-92898086e028 None None] Hash Ring: Node 0581723551c853eb97e9ec341cef4250 (host: np0000007322) handling event "update" for row 54dd978b-b3e7-46da-a76f-bd51c33b27d1 (table: Port_Binding) {{(pid=87709) notify /opt/stack/neutron/neutron/plugins/ml2/drivers/ovn/mech_driver/ovsdb/ovsdb_monitor.py:1099}}
Aug 14 05:15:30.692275 np0000007322 devstack@neutron-api.service[87709]: INFO neutron.db.ovn_revision_numbers_db [None req-d710364d-fe73-4ba5-a171-3e267f6b1dab admin admin] Successfully bumped revision number for resource 4b6f230a-812b-4314-a4b6-7596ec89fe07 (type: ports) to 2
Aug 14 05:15:30.700397 np0000007322 devstack@neutron-api.service[87709]: DEBUG neutron.plugins.ml2.plugin [None req-d710364d-fe73-4ba5-a171-3e267f6b1dab admin admin] In _notify_port_updated(), no bound segment for port 4b6f230a-812b-4314-a4b6-7596ec89fe07 on network bccc732c-8b0b-4dd2-bbe6-1f0bd4722b2c {{(pid=87709) _notify_port_updated /opt/stack/neutron/neutron/plugins/ml2/plugin.py:1041}}
Aug 14 05:15:30.716439 np0000007322 devstack@neutron-api.service[87709]: INFO neutron.db.ovn_revision_numbers_db [None req-d710364d-fe73-4ba5-a171-3e267f6b1dab admin admin] Successfully bumped revision number for resource 0342622b-ff1b-4efc-9890-bce0ed2103c4 (type: subnets) to 0
Aug 14 05:15:30.717513 np0000007322 devstack@neutron-api.service[87709]: DEBUG neutron.pecan_wsgi.hooks.policy_enforcement [None req-d710364d-fe73-4ba5-a171-3e267f6b1dab admin admin] Attributes excluded by policy engine: ['standard_attr_id', 'shared', 'network'] {{(pid=87709) _exclude_attributes_by_policy /opt/stack/neutron/neutron/pecan_wsgi/hooks/policy_enforcement.py:259}}
Aug 14 05:15:30.717850 np0000007322 devstack@neutron-api.service[87709]: DEBUG neutron_lib.callbacks.manager [None req-d710364d-fe73-4ba5-a171-3e267f6b1dab admin admin] Publish callbacks [] for subnet (None), before_response {{(pid=87709) _notify_loop /opt/stack/data/venv/lib/python3.12/site-packages/neutron_lib/callbacks/manager.py:184}}
Aug 14 05:15:30.726378 np0000007322 devstack@neutron-api.service[87709]: [pid: 87709|app: 0|req: 13/40] 10.4.3.8 () {68 vars in 1310 bytes} [Fri Aug 14 05:15:30 2026] POST /networking/v2.0/subnets => generated 665 bytes in 476 msecs (HTTP/1.1 201) 4 headers in 162 bytes (1 switches on core 0)
Aug 14 05:15:37.765621 np0000007322 devstack@neutron-api.service[87710]: DEBUG futurist.periodics [-] Submitting periodic callback 'neutron.plugins.ml2.drivers.ovn.mech_driver.ovsdb.maintenance.HashRingHealthCheckPeriodics.touch_hash_ring_node' {{(pid=87710) _process_scheduled /opt/stack/data/venv/lib/python3.12/site-packages/futurist/periodics.py:784}}
Aug 14 05:15:37.767486 np0000007322 devstack@neutron-api.service[87710]: DEBUG neutron.plugins.ml2.drivers.ovn.mech_driver.ovsdb.maintenance [-] Touching Hash Ring node "120ee479043f5d24b13b49cb1b095b8c" from periodic health check thread {{(pid=87710) touch_hash_ring_node /opt/stack/neutron/neutron/plugins/ml2/drivers/ovn/mech_driver/ovsdb/maintenance.py:1453}}
Aug 14 05:15:38.719715 np0000007322 devstack@neutron-api.service[87708]: DEBUG futurist.periodics [-] Submitting periodic callback 'neutron.plugins.ml2.drivers.ovn.mech_driver.ovsdb.maintenance.HashRingHealthCheckPeriodics.touch_hash_ring_node' {{(pid=87708) _process_scheduled /opt/stack/data/venv/lib/python3.12/site-packages/futurist/periodics.py:784}}
Aug 14 05:15:38.720286 np0000007322 devstack@neutron-api.service[87708]: DEBUG neutron.plugins.ml2.drivers.ovn.mech_driver.ovsdb.maintenance [-] Touching Hash Ring node "83881ee546fb5aa089c4b479d6c92d79" from periodic health check thread {{(pid=87708) touch_hash_ring_node /opt/stack/neutron/neutron/plugins/ml2/drivers/ovn/mech_driver/ovsdb/maintenance.py:1453}}
Aug 14 05:15:38.746084 np0000007322 devstack@neutron-api.service[87709]: DEBUG futurist.periodics [-] Submitting periodic callback 'neutron.plugins.ml2.drivers.ovn.mech_driver.ovsdb.maintenance.HashRingHealthCheckPeriodics.touch_hash_ring_node' {{(pid=87709) _process_scheduled /opt/stack/data/venv/lib/python3.12/site-packages/futurist/periodics.py:784}}
Aug 14 05:15:38.746698 np0000007322 devstack@neutron-api.service[87709]: DEBUG neutron.plugins.ml2.drivers.ovn.mech_driver.ovsdb.maintenance [-] Touching Hash Ring node "0581723551c853eb97e9ec341cef4250" from periodic health check thread {{(pid=87709) touch_hash_ring_node /opt/stack/neutron/neutron/plugins/ml2/drivers/ovn/mech_driver/ovsdb/maintenance.py:1453}}
Aug 14 05:15:39.805626 np0000007322 devstack@neutron-api.service[87710]: DEBUG ovsdbapp.backend.ovs_idl.event [None req-f80ea294-32d6-4852-891a-6779bf6a5117 None None] Matched UPDATE: ChassisOVNAgentWriteEvent(events=('create', 'update'), table='Chassis_Private', conditions=None, old_conditions=None), priority=20 to row=Chassis_Private(uuid=9039dccc-7166-4de4-838b-31939f167193, chassis=e05a28df-1b99-4fd4-b831-1cc717668a8f, external_ids={'neutron:ovn-bridge': 'br-int', 'neutron:ovn-neutron-agent-id': '1580730b-6e4d-5869-938a-87d6fb1794ba', 'neutron:ovn-neutron-agent-sb-cfg': '2'}, name='45c0ba11-e084-4024-925a-45b0d3e094df', nb_cfg=2, nb_cfg_timestamp=1786684529795) old=Chassis_Private(uuid=9039dccc-7166-4de4-838b-31939f167193, external_ids={'neutron:ovn-bridge': 'br-int', 'neutron:ovn-neutron-agent-id': '1580730b-6e4d-5869-938a-87d6fb1794ba', 'neutron:ovn-neutron-agent-sb-cfg': '1'}) {{(pid=87710) matches /opt/stack/data/venv/lib/python3.12/site-packages/ovsdbapp/backend/ovs_idl/event.py:55}}
Aug 14 05:15:39.805989 np0000007322 devstack@neutron-api.service[87708]: DEBUG ovsdbapp.backend.ovs_idl.event [None req-08ad5e62-ae1c-4412-baac-aab0941ddd56 None None] Matched UPDATE: ChassisOVNAgentWriteEvent(events=('create', 'update'), table='Chassis_Private', conditions=None, old_conditions=None), priority=20 to row=Chassis_Private(uuid=9039dccc-7166-4de4-838b-31939f167193, chassis=e05a28df-1b99-4fd4-b831-1cc717668a8f, external_ids={'neutron:ovn-bridge': 'br-int', 'neutron:ovn-neutron-agent-id': '1580730b-6e4d-5869-938a-87d6fb1794ba', 'neutron:ovn-neutron-agent-sb-cfg': '2'}, name='45c0ba11-e084-4024-925a-45b0d3e094df', nb_cfg=2, nb_cfg_timestamp=1786684529795) old=Chassis_Private(uuid=9039dccc-7166-4de4-838b-31939f167193, external_ids={'neutron:ovn-bridge': 'br-int', 'neutron:ovn-neutron-agent-id': '1580730b-6e4d-5869-938a-87d6fb1794ba', 'neutron:ovn-neutron-agent-sb-cfg': '1'}) {{(pid=87708) matches /opt/stack/data/venv/lib/python3.12/site-packages/ovsdbapp/backend/ovs_idl/event.py:55}}
Aug 14 05:15:39.807157 np0000007322 devstack@neutron-api.service[87709]: DEBUG ovsdbapp.backend.ovs_idl.event [None req-768467a2-4154-483c-a14a-92898086e028 None None] Matched UPDATE: ChassisOVNAgentWriteEvent(events=('create', 'update'), table='Chassis_Private', conditions=None, old_conditions=None), priority=20 to row=Chassis_Private(uuid=9039dccc-7166-4de4-838b-31939f167193, chassis=e05a28df-1b99-4fd4-b831-1cc717668a8f, external_ids={'neutron:ovn-bridge': 'br-int', 'neutron:ovn-neutron-agent-id': '1580730b-6e4d-5869-938a-87d6fb1794ba', 'neutron:ovn-neutron-agent-sb-cfg': '2'}, name='45c0ba11-e084-4024-925a-45b0d3e094df', nb_cfg=2, nb_cfg_timestamp=1786684529795) old=Chassis_Private(uuid=9039dccc-7166-4de4-838b-31939f167193, external_ids={'neutron:ovn-bridge': 'br-int', 'neutron:ovn-neutron-agent-id': '1580730b-6e4d-5869-938a-87d6fb1794ba', 'neutron:ovn-neutron-agent-sb-cfg': '1'}) {{(pid=87709) matches /opt/stack/data/venv/lib/python3.12/site-packages/ovsdbapp/backend/ovs_idl/event.py:55}}
Aug 14 05:15:39.807460 np0000007322 devstack@neutron-api.service[87708]: DEBUG neutron.plugins.ml2.drivers.ovn.mech_driver.ovsdb.ovsdb_monitor [None req-08ad5e62-ae1c-4412-baac-aab0941ddd56 None None] Touching Hash Ring node "83881ee546fb5aa089c4b479d6c92d79" from IDL notify handler {{(pid=87708) notify /opt/stack/neutron/neutron/plugins/ml2/drivers/ovn/mech_driver/ovsdb/ovsdb_monitor.py:1091}}
Aug 14 05:15:39.811644 np0000007322 devstack@neutron-api.service[87708]: DEBUG neutron.plugins.ml2.drivers.ovn.mech_driver.ovsdb.ovsdb_monitor [None req-08ad5e62-ae1c-4412-baac-aab0941ddd56 None None] Hash Ring: Node 83881ee546fb5aa089c4b479d6c92d79 (host: np0000007322) handling event "update" for row 9039dccc-7166-4de4-838b-31939f167193 (table: Chassis_Private) {{(pid=87708) notify /opt/stack/neutron/neutron/plugins/ml2/drivers/ovn/mech_driver/ovsdb/ovsdb_monitor.py:1099}}
Aug 14 05:15:47.773663 np0000007322 devstack@neutron-api.service[87710]: DEBUG dbcounter [-] [87710] Writing DB stats neutron:UPDATE=2,neutron:SELECT=31,neutron:INSERT=1 {{(pid=87710) stat_writer /opt/stack/data/venv/lib/python3.12/site-packages/dbcounter.py:115}}
Aug 14 05:15:48.752029 np0000007322 devstack@neutron-api.service[87709]: DEBUG dbcounter [-] [87709] Writing DB stats neutron:UPDATE=16,neutron:SELECT=371,neutron:INSERT=25,neutron:DELETE=4 {{(pid=87709) stat_writer /opt/stack/data/venv/lib/python3.12/site-packages/dbcounter.py:115}}
Aug 14 05:15:49.808890 np0000007322 devstack@neutron-api.service[87708]: DEBUG dbcounter [-] [87708] Writing DB stats neutron:UPDATE=3,neutron:SELECT=33 {{(pid=87708) stat_writer /opt/stack/data/venv/lib/python3.12/site-packages/dbcounter.py:115}}
Aug 14 05:15:52.766570 np0000007322 devstack@neutron-api.service[87710]: DEBUG futurist.periodics [-] Submitting periodic callback 'neutron.plugins.ml2.drivers.ovn.mech_driver.ovsdb.maintenance.HashRingHealthCheckPeriodics.touch_hash_ring_node' {{(pid=87710) _process_scheduled /opt/stack/data/venv/lib/python3.12/site-packages/futurist/periodics.py:784}}
Aug 14 05:15:52.767810 np0000007322 devstack@neutron-api.service[87710]: DEBUG neutron.plugins.ml2.drivers.ovn.mech_driver.ovsdb.maintenance [-] Touching Hash Ring node "120ee479043f5d24b13b49cb1b095b8c" from periodic health check thread {{(pid=87710) touch_hash_ring_node /opt/stack/neutron/neutron/plugins/ml2/drivers/ovn/mech_driver/ovsdb/maintenance.py:1453}}
Aug 14 05:15:53.720192 np0000007322 devstack@neutron-api.service[87708]: DEBUG futurist.periodics [-] Submitting periodic callback 'neutron.plugins.ml2.drivers.ovn.mech_driver.ovsdb.maintenance.HashRingHealthCheckPeriodics.touch_hash_ring_node' {{(pid=87708) _process_scheduled /opt/stack/data/venv/lib/python3.12/site-packages/futurist/periodics.py:784}}
Aug 14 05:15:53.720648 np0000007322 devstack@neutron-api.service[87708]: DEBUG neutron.plugins.ml2.drivers.ovn.mech_driver.ovsdb.maintenance [-] Touching Hash Ring node "83881ee546fb5aa089c4b479d6c92d79" from periodic health check thread {{(pid=87708) touch_hash_ring_node /opt/stack/neutron/neutron/plugins/ml2/drivers/ovn/mech_driver/ovsdb/maintenance.py:1453}}
Aug 14 05:15:53.746550 np0000007322 devstack@neutron-api.service[87709]: DEBUG futurist.periodics [-] Submitting periodic callback 'neutron.plugins.ml2.drivers.ovn.mech_driver.ovsdb.maintenance.HashRingHealthCheckPeriodics.touch_hash_ring_node' {{(pid=87709) _process_scheduled /opt/stack/data/venv/lib/python3.12/site-packages/futurist/periodics.py:784}}
Aug 14 05:15:53.747005 np0000007322 devstack@neutron-api.service[87709]: DEBUG neutron.plugins.ml2.drivers.ovn.mech_driver.ovsdb.maintenance [-] Touching Hash Ring node "0581723551c853eb97e9ec341cef4250" from periodic health check thread {{(pid=87709) touch_hash_ring_node /opt/stack/neutron/neutron/plugins/ml2/drivers/ovn/mech_driver/ovsdb/maintenance.py:1453}}
Aug 14 05:15:58.510522 np0000007322 devstack@neutron-api.service[87710]: DEBUG neutron.api.wsgi [None req-4be08742-1e4b-4709-83c8-02bb6a762119 tempest-verify_tempest_config-610805233 tempest-verify_tempest_config-610805233-project-member] https://10.4.3.8/networking/v2.0/extensions returned with HTTP 200 {{(pid=87710) __call__ /opt/stack/neutron/neutron/api/wsgi.py:540}}
Aug 14 05:15:58.510522 np0000007322 devstack@neutron-api.service[87710]: [pid: 87710|app: 0|req: 15/41] 10.4.3.8 () {66 vars in 1247 bytes} [Fri Aug 14 05:15:58 2026] GET /networking/v2.0/extensions => generated 16171 bytes in 3 msecs (HTTP/1.1 200) 4 headers in 159 bytes (1 switches on core 0)
Aug 14 05:15:59.131271 np0000007322 devstack@neutron-api.service[87708]: DEBUG neutron_lib.callbacks.manager [None req-211503bb-7a1c-4a70-90cd-c3f2e6adcf94 admin admin] Publish callbacks [] for security_group (None), before_create {{(pid=87708) _notify_loop /opt/stack/data/venv/lib/python3.12/site-packages/neutron_lib/callbacks/manager.py:184}}
Aug 14 05:15:59.226175 np0000007322 devstack@neutron-api.service[87708]: DEBUG neutron_lib.callbacks.manager [None req-211503bb-7a1c-4a70-90cd-c3f2e6adcf94 admin admin] Publish callbacks ['neutron.plugins.ml2.drivers.ovn.mech_driver.mech_driver.OVNMechanismDriver._create_security_group_precommit-511218'] for security_group (4d7ec3bf-9745-4bc1-be33-7fb4cbb6af47), precommit_create {{(pid=87708) _notify_loop /opt/stack/data/venv/lib/python3.12/site-packages/neutron_lib/callbacks/manager.py:184}}
Aug 14 05:15:59.226517 np0000007322 devstack@neutron-api.service[87708]: DEBUG neutron.db.ovn_revision_numbers_db [None req-211503bb-7a1c-4a70-90cd-c3f2e6adcf94 admin admin] create_initial_revision uuid=4d7ec3bf-9745-4bc1-be33-7fb4cbb6af47, type=security_groups, rev=-1 {{(pid=87708) create_initial_revision /opt/stack/neutron/neutron/db/ovn_revision_numbers_db.py:98}}
Aug 14 05:15:59.227856 np0000007322 devstack@neutron-api.service[87708]: DEBUG neutron.db.ovn_revision_numbers_db [None req-211503bb-7a1c-4a70-90cd-c3f2e6adcf94 admin admin] create_initial_revision uuid=45c06c37-aaa7-493a-bd49-d887582d2eb3, type=security_group_rules, rev=-1 {{(pid=87708) create_initial_revision /opt/stack/neutron/neutron/db/ovn_revision_numbers_db.py:98}}
Aug 14 05:15:59.229060 np0000007322 devstack@neutron-api.service[87708]: DEBUG neutron.db.ovn_revision_numbers_db [None req-211503bb-7a1c-4a70-90cd-c3f2e6adcf94 admin admin] create_initial_revision uuid=4ddb47e8-b65f-48c5-a1ba-f4f09e7aaef0, type=security_group_rules, rev=-1 {{(pid=87708) create_initial_revision /opt/stack/neutron/neutron/db/ovn_revision_numbers_db.py:98}}
Aug 14 05:15:59.230552 np0000007322 devstack@neutron-api.service[87708]: DEBUG neutron.db.ovn_revision_numbers_db [None req-211503bb-7a1c-4a70-90cd-c3f2e6adcf94 admin admin] create_initial_revision uuid=83514cb1-066b-4827-a0e8-672a8f8bf158, type=security_group_rules, rev=-1 {{(pid=87708) create_initial_revision /opt/stack/neutron/neutron/db/ovn_revision_numbers_db.py:98}}
Aug 14 05:15:59.231475 np0000007322 devstack@neutron-api.service[87708]: DEBUG neutron.db.ovn_revision_numbers_db [None req-211503bb-7a1c-4a70-90cd-c3f2e6adcf94 admin admin] create_initial_revision uuid=e1cf0666-4080-46d1-aed8-9b40f583b120, type=security_group_rules, rev=-1 {{(pid=87708) create_initial_revision /opt/stack/neutron/neutron/db/ovn_revision_numbers_db.py:98}}
Aug 14 05:15:59.234046 np0000007322 devstack@neutron-api.service[87708]: DEBUG neutron_lib.callbacks.manager [None req-211503bb-7a1c-4a70-90cd-c3f2e6adcf94 admin admin] Publish callbacks ['neutron.plugins.ml2.drivers.ovn.mech_driver.mech_driver.OVNMechanismDriver._create_security_group-511208', 'neutron.plugins.ml2.ovo_rpc._ObjectChangeHandler.handle_event-2264513'] for security_group (4d7ec3bf-9745-4bc1-be33-7fb4cbb6af47), after_create {{(pid=87708) _notify_loop /opt/stack/data/venv/lib/python3.12/site-packages/neutron_lib/callbacks/manager.py:184}}
Aug 14 05:15:59.234639 np0000007322 devstack@neutron-api.service[87708]: DEBUG ovsdbapp.backend.ovs_idl.transaction [None req-e79ef550-0665-4207-a16f-8c9d406ae874 None None] Running txn n=1 command(idx=0): PgAddCommand(_result=None, name=pg_4d7ec3bf_9745_4bc1_be33_7fb4cbb6af47, may_exist=False, columns={'acls': [], 'external_ids': {'neutron:security_group_id': '4d7ec3bf-9745-4bc1-be33-7fb4cbb6af47'}}) {{(pid=87708) do_commit /opt/stack/data/venv/lib/python3.12/site-packages/ovsdbapp/backend/ovs_idl/transaction.py:89}}
Aug 14 05:15:59.236338 np0000007322 devstack@neutron-api.service[87708]: DEBUG ovsdbapp.backend.ovs_idl.transaction [None req-e79ef550-0665-4207-a16f-8c9d406ae874 None None] Running txn n=1 command(idx=1): PgAclAddCommand(_result=None, entity=pg_4d7ec3bf_9745_4bc1_be33_7fb4cbb6af47, direction=to-lport, priority=1002, match=outport == @pg_4d7ec3bf_9745_4bc1_be33_7fb4cbb6af47 && ip6 && ip6.src == $pg_4d7ec3bf_9745_4bc1_be33_7fb4cbb6af47_ip6, action=allow-related, log=False, may_exist=True, severity=[], name=[], meter=[], external_ids={'neutron:security_group_rule_id': '45c06c37-aaa7-493a-bd49-d887582d2eb3'}) {{(pid=87708) do_commit /opt/stack/data/venv/lib/python3.12/site-packages/ovsdbapp/backend/ovs_idl/transaction.py:89}}
