Jun 19 02:53:32.935400 np0000003224 devstack@neutron-api.service[90086]: DEBUG neutron_lib.callbacks.manager [None req-084bee58-f9cf-4fc8-90b4-46349143403c None None] Subscribe: > logging-plugin after_init 55550000, False {{(pid=90086) subscribe /opt/stack/data/venv/lib/python3.12/site-packages/neutron_lib/callbacks/manager.py:52}}
Jun 19 02:53:32.935834 np0000003224 devstack@neutron-api.service[90086]: INFO neutron.services.logapi.drivers.ovn.driver [None req-084bee58-f9cf-4fc8-90b4-46349143403c None None] OVN logging driver registered
Jun 19 02:53:32.935940 np0000003224 devstack@neutron-api.service[90086]: DEBUG neutron_lib.callbacks.manager [None req-084bee58-f9cf-4fc8-90b4-46349143403c None None] Subscribe: ._register_pvlan_driver at 0x71d0220f1120> pvlan_plugin before_spawn 55550000, False {{(pid=90086) subscribe /opt/stack/data/venv/lib/python3.12/site-packages/neutron_lib/callbacks/manager.py:52}}
Jun 19 02:53:32.936076 np0000003224 devstack@neutron-api.service[90086]: DEBUG neutron_lib.callbacks.manager [None req-084bee58-f9cf-4fc8-90b4-46349143403c None None] Subscribe: process after_init 55550000, False {{(pid=90086) subscribe /opt/stack/data/venv/lib/python3.12/site-packages/neutron_lib/callbacks/manager.py:52}}
Jun 19 02:53:32.938635 np0000003224 devstack@neutron-api.service[90086]: DEBUG neutron.plugins.ml2.plugin [None req-084bee58-f9cf-4fc8-90b4-46349143403c None None] neutron.plugins.ml2.plugin.Ml2Plugin method _start_rpc_notifiers called with arguments () {} {{(pid=90086) wrapper /opt/stack/data/venv/lib/python3.12/site-packages/oslo_log/helpers.py:77}}
Jun 19 02:53:32.938635 np0000003224 devstack@neutron-api.service[90086]: DEBUG neutron_lib.callbacks.manager [None req-084bee58-f9cf-4fc8-90b4-46349143403c None None] Subscribe: > port after_create 55550000, False {{(pid=90086) subscribe /opt/stack/data/venv/lib/python3.12/site-packages/neutron_lib/callbacks/manager.py:52}}
Jun 19 02:53:32.938635 np0000003224 devstack@neutron-api.service[90086]: DEBUG neutron_lib.callbacks.manager [None req-084bee58-f9cf-4fc8-90b4-46349143403c None None] Subscribe: > port after_update 55550000, False {{(pid=90086) subscribe /opt/stack/data/venv/lib/python3.12/site-packages/neutron_lib/callbacks/manager.py:52}}
Jun 19 02:53:32.938635 np0000003224 devstack@neutron-api.service[90086]: DEBUG neutron_lib.callbacks.manager [None req-084bee58-f9cf-4fc8-90b4-46349143403c None None] Subscribe: > port after_delete 55550000, False {{(pid=90086) subscribe /opt/stack/data/venv/lib/python3.12/site-packages/neutron_lib/callbacks/manager.py:52}}
Jun 19 02:53:32.938635 np0000003224 devstack@neutron-api.service[90086]: DEBUG neutron_lib.callbacks.manager [None req-084bee58-f9cf-4fc8-90b4-46349143403c None None] Subscribe: > subnet after_create 55550000, False {{(pid=90086) subscribe /opt/stack/data/venv/lib/python3.12/site-packages/neutron_lib/callbacks/manager.py:52}}
Jun 19 02:53:32.939291 np0000003224 devstack@neutron-api.service[90086]: DEBUG neutron_lib.callbacks.manager [None req-084bee58-f9cf-4fc8-90b4-46349143403c None None] Subscribe: > subnet after_update 55550000, False {{(pid=90086) subscribe /opt/stack/data/venv/lib/python3.12/site-packages/neutron_lib/callbacks/manager.py:52}}
Jun 19 02:53:32.939291 np0000003224 devstack@neutron-api.service[90086]: DEBUG neutron_lib.callbacks.manager [None req-084bee58-f9cf-4fc8-90b4-46349143403c None None] Subscribe: > subnet after_delete 55550000, False {{(pid=90086) subscribe /opt/stack/data/venv/lib/python3.12/site-packages/neutron_lib/callbacks/manager.py:52}}
Jun 19 02:53:32.939291 np0000003224 devstack@neutron-api.service[90086]: DEBUG neutron_lib.callbacks.manager [None req-084bee58-f9cf-4fc8-90b4-46349143403c None None] Subscribe: > network after_create 55550000, False {{(pid=90086) subscribe /opt/stack/data/venv/lib/python3.12/site-packages/neutron_lib/callbacks/manager.py:52}}
Jun 19 02:53:32.939291 np0000003224 devstack@neutron-api.service[90086]: DEBUG neutron_lib.callbacks.manager [None req-084bee58-f9cf-4fc8-90b4-46349143403c None None] Subscribe: > network after_update 55550000, False {{(pid=90086) subscribe /opt/stack/data/venv/lib/python3.12/site-packages/neutron_lib/callbacks/manager.py:52}}
Jun 19 02:53:32.939625 np0000003224 devstack@neutron-api.service[90086]: DEBUG neutron_lib.callbacks.manager [None req-084bee58-f9cf-4fc8-90b4-46349143403c None None] Subscribe: > network after_delete 55550000, False {{(pid=90086) subscribe /opt/stack/data/venv/lib/python3.12/site-packages/neutron_lib/callbacks/manager.py:52}}
Jun 19 02:53:32.939625 np0000003224 devstack@neutron-api.service[90086]: DEBUG neutron_lib.callbacks.manager [None req-084bee58-f9cf-4fc8-90b4-46349143403c None None] Subscribe: > security_group after_create 55550000, False {{(pid=90086) subscribe /opt/stack/data/venv/lib/python3.12/site-packages/neutron_lib/callbacks/manager.py:52}}
Jun 19 02:53:32.939625 np0000003224 devstack@neutron-api.service[90086]: DEBUG neutron_lib.callbacks.manager [None req-084bee58-f9cf-4fc8-90b4-46349143403c None None] Subscribe: > security_group after_update 55550000, False {{(pid=90086) subscribe /opt/stack/data/venv/lib/python3.12/site-packages/neutron_lib/callbacks/manager.py:52}}
Jun 19 02:53:32.939625 np0000003224 devstack@neutron-api.service[90086]: DEBUG neutron_lib.callbacks.manager [None req-084bee58-f9cf-4fc8-90b4-46349143403c None None] Subscribe: > security_group after_delete 55550000, False {{(pid=90086) subscribe /opt/stack/data/venv/lib/python3.12/site-packages/neutron_lib/callbacks/manager.py:52}}
Jun 19 02:53:32.939947 np0000003224 devstack@neutron-api.service[90086]: DEBUG neutron_lib.callbacks.manager [None req-084bee58-f9cf-4fc8-90b4-46349143403c None None] Subscribe: > security_group_rule after_create 55550000, False {{(pid=90086) subscribe /opt/stack/data/venv/lib/python3.12/site-packages/neutron_lib/callbacks/manager.py:52}}
Jun 19 02:53:32.939947 np0000003224 devstack@neutron-api.service[90086]: DEBUG neutron_lib.callbacks.manager [None req-084bee58-f9cf-4fc8-90b4-46349143403c None None] Subscribe: > security_group_rule after_update 55550000, False {{(pid=90086) subscribe /opt/stack/data/venv/lib/python3.12/site-packages/neutron_lib/callbacks/manager.py:52}}
Jun 19 02:53:32.939947 np0000003224 devstack@neutron-api.service[90086]: DEBUG neutron_lib.callbacks.manager [None req-084bee58-f9cf-4fc8-90b4-46349143403c None None] Subscribe: > security_group_rule after_delete 55550000, False {{(pid=90086) subscribe /opt/stack/data/venv/lib/python3.12/site-packages/neutron_lib/callbacks/manager.py:52}}
Jun 19 02:53:32.939947 np0000003224 devstack@neutron-api.service[90086]: DEBUG neutron_lib.callbacks.manager [None req-084bee58-f9cf-4fc8-90b4-46349143403c None None] Subscribe: > address_group after_create 55550000, False {{(pid=90086) subscribe /opt/stack/data/venv/lib/python3.12/site-packages/neutron_lib/callbacks/manager.py:52}}
Jun 19 02:53:32.940477 np0000003224 devstack@neutron-api.service[90086]: DEBUG neutron_lib.callbacks.manager [None req-084bee58-f9cf-4fc8-90b4-46349143403c None None] Subscribe: > address_group after_update 55550000, False {{(pid=90086) subscribe /opt/stack/data/venv/lib/python3.12/site-packages/neutron_lib/callbacks/manager.py:52}}
Jun 19 02:53:32.940477 np0000003224 devstack@neutron-api.service[90086]: DEBUG neutron_lib.callbacks.manager [None req-084bee58-f9cf-4fc8-90b4-46349143403c None None] Subscribe: > address_group after_delete 55550000, False {{(pid=90086) subscribe /opt/stack/data/venv/lib/python3.12/site-packages/neutron_lib/callbacks/manager.py:52}}
Jun 19 02:53:32.940477 np0000003224 devstack@neutron-api.service[90086]: DEBUG neutron.plugins.ml2.ovo_rpc [None req-084bee58-f9cf-4fc8-90b4-46349143403c None None] ML2 OVO RPC backend initialized. {{(pid=90086) __init__ /opt/stack/neutron/neutron/plugins/ml2/ovo_rpc.py:117}}
Jun 19 02:53:32.940781 np0000003224 devstack@neutron-api.service[90086]: INFO neutron.quota [None req-084bee58-f9cf-4fc8-90b4-46349143403c None None] Loaded quota_driver: .
Jun 19 02:53:32.940781 np0000003224 devstack@neutron-api.service[90086]: INFO neutron.plugins.ml2.plugin [None req-084bee58-f9cf-4fc8-90b4-46349143403c None None] Modular L2 Plugin initialization complete
Jun 19 02:53:32.940781 np0000003224 devstack@neutron-api.service[90086]: DEBUG neutron.manager [None req-084bee58-f9cf-4fc8-90b4-46349143403c None None] Loading services supported by the core plugin {{(pid=90086) _load_services_from_core_plugin /opt/stack/neutron/neutron/manager.py:170}}
Jun 19 02:53:32.941130 np0000003224 devstack@neutron-api.service[90086]: INFO neutron.plugins.ml2.managers [None req-084bee58-f9cf-4fc8-90b4-46349143403c None None] Got port-security extension from driver 'port_security'
Jun 19 02:53:32.941364 np0000003224 devstack@neutron-api.service[90086]: DEBUG neutron.manager [None req-084bee58-f9cf-4fc8-90b4-46349143403c None None] Loading service plugins: ['ovn-router', 'auto_allocate', 'tag', 'timestamp', 'network_ip_availability', 'flavors', 'revisions'] {{(pid=90086) _load_service_plugins /opt/stack/neutron/neutron/manager.py:195}}
Jun 19 02:53:32.941364 np0000003224 devstack@neutron-api.service[90086]: INFO neutron.manager [None req-084bee58-f9cf-4fc8-90b4-46349143403c None None] Loading Plugin: ovn-router
Jun 19 02:53:32.951569 np0000003224 devstack@neutron-api.service[90086]: DEBUG neutron_lib.callbacks.manager [None req-084bee58-f9cf-4fc8-90b4-46349143403c None None] Subscribe: > router before_delete 55550000, False {{(pid=90086) subscribe /opt/stack/data/venv/lib/python3.12/site-packages/neutron_lib/callbacks/manager.py:52}}
Jun 19 02:53:32.951720 np0000003224 devstack@neutron-api.service[90086]: DEBUG neutron_lib.callbacks.manager [None req-084bee58-f9cf-4fc8-90b4-46349143403c None None] Subscribe: port before_update 55550000, False {{(pid=90086) subscribe /opt/stack/data/venv/lib/python3.12/site-packages/neutron_lib/callbacks/manager.py:52}}
Jun 19 02:53:32.951856 np0000003224 devstack@neutron-api.service[90086]: DEBUG neutron_lib.callbacks.manager [None req-084bee58-f9cf-4fc8-90b4-46349143403c None None] Subscribe: port after_update 55550000, False {{(pid=90086) subscribe /opt/stack/data/venv/lib/python3.12/site-packages/neutron_lib/callbacks/manager.py:52}}
Jun 19 02:53:32.951937 np0000003224 devstack@neutron-api.service[90086]: DEBUG neutron_lib.callbacks.manager [None req-084bee58-f9cf-4fc8-90b4-46349143403c None None] Subscribe: > port precommit_delete 55550000, False {{(pid=90086) subscribe /opt/stack/data/venv/lib/python3.12/site-packages/neutron_lib/callbacks/manager.py:52}}
Jun 19 02:53:32.952032 np0000003224 devstack@neutron-api.service[90086]: DEBUG neutron_lib.callbacks.manager [None req-084bee58-f9cf-4fc8-90b4-46349143403c None None] Subscribe: port before_update 55550000, False {{(pid=90086) subscribe /opt/stack/data/venv/lib/python3.12/site-packages/neutron_lib/callbacks/manager.py:52}}
Jun 19 02:53:32.952131 np0000003224 devstack@neutron-api.service[90086]: DEBUG neutron_lib.callbacks.manager [None req-084bee58-f9cf-4fc8-90b4-46349143403c None None] Subscribe: port before_delete 55550000, False {{(pid=90086) subscribe /opt/stack/data/venv/lib/python3.12/site-packages/neutron_lib/callbacks/manager.py:52}}
Jun 19 02:53:32.952327 np0000003224 devstack@neutron-api.service[90086]: DEBUG neutron_lib.callbacks.manager [None req-084bee58-f9cf-4fc8-90b4-46349143403c None None] Subscribe: > router precommit_create 55550000, False {{(pid=90086) subscribe /opt/stack/data/venv/lib/python3.12/site-packages/neutron_lib/callbacks/manager.py:52}}
Jun 19 02:53:32.952327 np0000003224 devstack@neutron-api.service[90086]: DEBUG neutron_lib.callbacks.manager [None req-084bee58-f9cf-4fc8-90b4-46349143403c None None] Subscribe: > router precommit_create 55550000, False {{(pid=90086) subscribe /opt/stack/data/venv/lib/python3.12/site-packages/neutron_lib/callbacks/manager.py:52}}
Jun 19 02:53:32.952327 np0000003224 devstack@neutron-api.service[90086]: DEBUG neutron_lib.callbacks.manager [None req-084bee58-f9cf-4fc8-90b4-46349143403c None None] Subscribe: > router precommit_update 55550000, False {{(pid=90086) subscribe /opt/stack/data/venv/lib/python3.12/site-packages/neutron_lib/callbacks/manager.py:52}}
Jun 19 02:53:32.952476 np0000003224 devstack@neutron-api.service[90086]: DEBUG neutron_lib.callbacks.manager [None req-084bee58-f9cf-4fc8-90b4-46349143403c None None] Subscribe: subnet after_update 55550000, False {{(pid=90086) subscribe /opt/stack/data/venv/lib/python3.12/site-packages/neutron_lib/callbacks/manager.py:52}}
Jun 19 02:53:32.952657 np0000003224 devstack@neutron-api.service[90086]: DEBUG neutron.quota.resource_registry [None req-084bee58-f9cf-4fc8-90b4-46349143403c None None] Tracking information for resource: router configured {{(pid=90086) set_tracked_resource /opt/stack/neutron/neutron/quota/resource_registry.py:203}}
Jun 19 02:53:32.952708 np0000003224 devstack@neutron-api.service[90086]: DEBUG neutron.quota.resource_registry [None req-084bee58-f9cf-4fc8-90b4-46349143403c None None] Tracking information for resource: floatingip configured {{(pid=90086) set_tracked_resource /opt/stack/neutron/neutron/quota/resource_registry.py:203}}
Jun 19 02:53:32.952825 np0000003224 devstack@neutron-api.service[90086]: INFO neutron.services.ovn_l3.plugin [None req-084bee58-f9cf-4fc8-90b4-46349143403c None None] Starting OVNL3RouterPlugin
Jun 19 02:53:32.953067 np0000003224 devstack@neutron-api.service[90086]: DEBUG neutron_lib.callbacks.manager [None req-084bee58-f9cf-4fc8-90b4-46349143403c None None] Subscribe: > port_forwarding_plugin after_init 55550000, False {{(pid=90086) subscribe /opt/stack/data/venv/lib/python3.12/site-packages/neutron_lib/callbacks/manager.py:52}}
Jun 19 02:53:32.953285 np0000003224 devstack@neutron-api.service[90086]: DEBUG neutron_lib.callbacks.manager [None req-084bee58-f9cf-4fc8-90b4-46349143403c None None] Subscribe: > router before_create 55550100, False {{(pid=90086) subscribe /opt/stack/data/venv/lib/python3.12/site-packages/neutron_lib/callbacks/manager.py:52}}
Jun 19 02:53:32.953351 np0000003224 devstack@neutron-api.service[90086]: DEBUG neutron_lib.callbacks.manager [None req-084bee58-f9cf-4fc8-90b4-46349143403c None None] Subscribe: > router precommit_delete 55550100, False {{(pid=90086) subscribe /opt/stack/data/venv/lib/python3.12/site-packages/neutron_lib/callbacks/manager.py:52}}
Jun 19 02:53:32.953472 np0000003224 devstack@neutron-api.service[90086]: DEBUG neutron_lib.callbacks.manager [None req-084bee58-f9cf-4fc8-90b4-46349143403c None None] Subscribe: > router precommit_create 55550100, False {{(pid=90086) subscribe /opt/stack/data/venv/lib/python3.12/site-packages/neutron_lib/callbacks/manager.py:52}}
Jun 19 02:53:32.953516 np0000003224 devstack@neutron-api.service[90086]: DEBUG neutron_lib.callbacks.manager [None req-084bee58-f9cf-4fc8-90b4-46349143403c None None] Subscribe: > router precommit_update 55550100, False {{(pid=90086) subscribe /opt/stack/data/venv/lib/python3.12/site-packages/neutron_lib/callbacks/manager.py:52}}
Jun 19 02:53:32.956553 np0000003224 devstack@neutron-api.service[90086]: DEBUG neutron.services.provider_configuration [None req-084bee58-f9cf-4fc8-90b4-46349143403c None None] Service providers = [] {{(pid=90086) parse_service_provider_opt /opt/stack/neutron/neutron/services/provider_configuration.py:170}}
Jun 19 02:53:32.957745 np0000003224 devstack@neutron-api.service[90086]: DEBUG neutron.db.servicetype_db [None req-084bee58-f9cf-4fc8-90b4-46349143403c None None] Adding provider configuration for service L3_ROUTER_NAT {{(pid=90086) add_provider_configuration /opt/stack/neutron/neutron/db/servicetype_db.py:45}}
Jun 19 02:53:32.958625 np0000003224 devstack@neutron-api.service[90086]: DEBUG neutron_lib.callbacks.manager [None req-084bee58-f9cf-4fc8-90b4-46349143403c None None] Subscribe: > router precommit_create 55549900, False {{(pid=90086) subscribe /opt/stack/data/venv/lib/python3.12/site-packages/neutron_lib/callbacks/manager.py:52}}
Jun 19 02:53:32.958716 np0000003224 devstack@neutron-api.service[90086]: DEBUG neutron_lib.callbacks.manager [None req-084bee58-f9cf-4fc8-90b4-46349143403c None None] Subscribe: > router_interface after_create 55550000, False {{(pid=90086) subscribe /opt/stack/data/venv/lib/python3.12/site-packages/neutron_lib/callbacks/manager.py:52}}
Jun 19 02:53:32.959107 np0000003224 devstack@neutron-api.service[90086]: DEBUG neutron_lib.callbacks.manager [None req-084bee58-f9cf-4fc8-90b4-46349143403c None None] Subscribe: > floatingip after_create 55550000, False {{(pid=90086) subscribe /opt/stack/data/venv/lib/python3.12/site-packages/neutron_lib/callbacks/manager.py:52}}
Jun 19 02:53:32.959107 np0000003224 devstack@neutron-api.service[90086]: DEBUG neutron_lib.callbacks.manager [None req-084bee58-f9cf-4fc8-90b4-46349143403c None None] Subscribe: > floatingip precommit_create 55550000, False {{(pid=90086) subscribe /opt/stack/data/venv/lib/python3.12/site-packages/neutron_lib/callbacks/manager.py:52}}
Jun 19 02:53:32.959107 np0000003224 devstack@neutron-api.service[90086]: DEBUG neutron_lib.callbacks.manager [None req-084bee58-f9cf-4fc8-90b4-46349143403c None None] Subscribe: > floatingip precommit_update 55550000, False {{(pid=90086) subscribe /opt/stack/data/venv/lib/python3.12/site-packages/neutron_lib/callbacks/manager.py:52}}
Jun 19 02:53:32.959582 np0000003224 devstack@neutron-api.service[90086]: DEBUG neutron_lib.callbacks.manager [None req-084bee58-f9cf-4fc8-90b4-46349143403c None None] Subscribe: > floatingip after_delete 55550000, False {{(pid=90086) subscribe /opt/stack/data/venv/lib/python3.12/site-packages/neutron_lib/callbacks/manager.py:52}}
Jun 19 02:53:32.959582 np0000003224 devstack@neutron-api.service[90086]: DEBUG neutron_lib.callbacks.manager [None req-084bee58-f9cf-4fc8-90b4-46349143403c None None] Subscribe: > floatingip after_status_update 55550000, False {{(pid=90086) subscribe /opt/stack/data/venv/lib/python3.12/site-packages/neutron_lib/callbacks/manager.py:52}}
Jun 19 02:53:32.959582 np0000003224 devstack@neutron-api.service[90086]: DEBUG neutron_lib.callbacks.manager [None req-084bee58-f9cf-4fc8-90b4-46349143403c None None] Subscribe: > floatingip after_update 55550000, False {{(pid=90086) subscribe /opt/stack/data/venv/lib/python3.12/site-packages/neutron_lib/callbacks/manager.py:52}}
Jun 19 02:53:32.959582 np0000003224 devstack@neutron-api.service[90086]: DEBUG neutron_lib.callbacks.manager [None req-084bee58-f9cf-4fc8-90b4-46349143403c None None] Subscribe: > port_forwarding after_create 55550000, False {{(pid=90086) subscribe /opt/stack/data/venv/lib/python3.12/site-packages/neutron_lib/callbacks/manager.py:52}}
Jun 19 02:53:32.959891 np0000003224 devstack@neutron-api.service[90086]: DEBUG neutron_lib.callbacks.manager [None req-084bee58-f9cf-4fc8-90b4-46349143403c None None] Subscribe: > router_interface after_delete 55550000, False {{(pid=90086) subscribe /opt/stack/data/venv/lib/python3.12/site-packages/neutron_lib/callbacks/manager.py:52}}
Jun 19 02:53:32.959891 np0000003224 devstack@neutron-api.service[90086]: DEBUG neutron_lib.callbacks.manager [None req-084bee58-f9cf-4fc8-90b4-46349143403c None None] Subscribe: > router after_create 55550000, False {{(pid=90086) subscribe /opt/stack/data/venv/lib/python3.12/site-packages/neutron_lib/callbacks/manager.py:52}}
Jun 19 02:53:32.959891 np0000003224 devstack@neutron-api.service[90086]: DEBUG neutron_lib.callbacks.manager [None req-084bee58-f9cf-4fc8-90b4-46349143403c None None] Subscribe: > router precommit_create 55550000, False {{(pid=90086) subscribe /opt/stack/data/venv/lib/python3.12/site-packages/neutron_lib/callbacks/manager.py:52}}
Jun 19 02:53:32.959891 np0000003224 devstack@neutron-api.service[90086]: DEBUG neutron_lib.callbacks.manager [None req-084bee58-f9cf-4fc8-90b4-46349143403c None None] Subscribe: > router after_delete 55550000, False {{(pid=90086) subscribe /opt/stack/data/venv/lib/python3.12/site-packages/neutron_lib/callbacks/manager.py:52}}
Jun 19 02:53:32.960261 np0000003224 devstack@neutron-api.service[90086]: DEBUG neutron_lib.callbacks.manager [None req-084bee58-f9cf-4fc8-90b4-46349143403c None None] Subscribe: > router after_update 55550000, False {{(pid=90086) subscribe /opt/stack/data/venv/lib/python3.12/site-packages/neutron_lib/callbacks/manager.py:52}}
Jun 19 02:53:32.960261 np0000003224 devstack@neutron-api.service[90086]: DEBUG neutron.services.service_base [None req-084bee58-f9cf-4fc8-90b4-46349143403c None None] Loaded 'neutron.services.ovn_l3.service_providers.ovn.OvnDriver' provider for service L3_ROUTER_NAT {{(pid=90086) load_drivers /opt/stack/neutron/neutron/services/service_base.py:49}}
Jun 19 02:53:32.960261 np0000003224 devstack@neutron-api.service[90086]: DEBUG neutron_lib.callbacks.manager [None req-084bee58-f9cf-4fc8-90b4-46349143403c None None] Subscribe: > process after_init 55550001, True {{(pid=90086) subscribe /opt/stack/data/venv/lib/python3.12/site-packages/neutron_lib/callbacks/manager.py:52}}
Jun 19 02:53:32.960261 np0000003224 devstack@neutron-api.service[90086]: DEBUG neutron.manager [None req-084bee58-f9cf-4fc8-90b4-46349143403c None None] Successfully loaded L3_ROUTER_NAT plugin. Description: L3 Router Service Plugin for basic L3 forwarding using OVN {{(pid=90086) _create_and_add_service_plugin /opt/stack/neutron/neutron/manager.py:239}}
Jun 19 02:53:32.960577 np0000003224 devstack@neutron-api.service[90086]: INFO neutron.manager [None req-084bee58-f9cf-4fc8-90b4-46349143403c None None] Loading Plugin: auto_allocate
Jun 19 02:53:32.962736 np0000003224 devstack@neutron-api.service[90086]: DEBUG neutron_lib.callbacks.manager [None req-084bee58-f9cf-4fc8-90b4-46349143403c None None] Subscribe: network precommit_update 55550000, False {{(pid=90086) subscribe /opt/stack/data/venv/lib/python3.12/site-packages/neutron_lib/callbacks/manager.py:52}}
Jun 19 02:53:32.962736 np0000003224 devstack@neutron-api.service[90086]: DEBUG neutron_lib.callbacks.manager [None req-084bee58-f9cf-4fc8-90b4-46349143403c None None] Subscribe: network precommit_create 55550000, False {{(pid=90086) subscribe /opt/stack/data/venv/lib/python3.12/site-packages/neutron_lib/callbacks/manager.py:52}}
Jun 19 02:53:32.962736 np0000003224 devstack@neutron-api.service[90086]: DEBUG neutron.manager [None req-084bee58-f9cf-4fc8-90b4-46349143403c None None] Successfully loaded auto-allocated-topology plugin. Description: Auto Allocated Topology - aka get me a network. {{(pid=90086) _create_and_add_service_plugin /opt/stack/neutron/neutron/manager.py:239}}
Jun 19 02:53:32.962736 np0000003224 devstack@neutron-api.service[90086]: INFO neutron.manager [None req-084bee58-f9cf-4fc8-90b4-46349143403c None None] Loading Plugin: tag
Jun 19 02:53:32.964915 np0000003224 devstack@neutron-api.service[90086]: DEBUG neutron.manager [None req-084bee58-f9cf-4fc8-90b4-46349143403c None None] Successfully loaded TAG plugin. Description: Tag support {{(pid=90086) _create_and_add_service_plugin /opt/stack/neutron/neutron/manager.py:239}}
Jun 19 02:53:32.964915 np0000003224 devstack@neutron-api.service[90086]: INFO neutron.manager [None req-084bee58-f9cf-4fc8-90b4-46349143403c None None] Loading Plugin: timestamp
Jun 19 02:53:32.966494 np0000003224 devstack@neutron-api.service[90086]: DEBUG neutron.manager [None req-084bee58-f9cf-4fc8-90b4-46349143403c None None] Successfully loaded timestamp plugin. Description: Adds timestamps to Neutron resources with standard attributes {{(pid=90086) _create_and_add_service_plugin /opt/stack/neutron/neutron/manager.py:239}}
Jun 19 02:53:32.966494 np0000003224 devstack@neutron-api.service[90086]: INFO neutron.manager [None req-084bee58-f9cf-4fc8-90b4-46349143403c None None] Loading Plugin: network_ip_availability
Jun 19 02:53:32.968418 np0000003224 devstack@neutron-api.service[90086]: DEBUG neutron.manager [None req-084bee58-f9cf-4fc8-90b4-46349143403c None None] Successfully loaded network-ip-availability plugin. Description: Provides IP availability data for each network and subnet. {{(pid=90086) _create_and_add_service_plugin /opt/stack/neutron/neutron/manager.py:239}}
Jun 19 02:53:32.968418 np0000003224 devstack@neutron-api.service[90086]: INFO neutron.manager [None req-084bee58-f9cf-4fc8-90b4-46349143403c None None] Loading Plugin: flavors
Jun 19 02:53:32.969121 np0000003224 devstack@neutron-api.service[90086]: DEBUG neutron.manager [None req-084bee58-f9cf-4fc8-90b4-46349143403c None None] Successfully loaded FLAVORS plugin. Description: Neutron Flavors and Service Profiles manager plugin {{(pid=90086) _create_and_add_service_plugin /opt/stack/neutron/neutron/manager.py:239}}
Jun 19 02:53:32.969121 np0000003224 devstack@neutron-api.service[90086]: INFO neutron.manager [None req-084bee58-f9cf-4fc8-90b4-46349143403c None None] Loading Plugin: revisions
Jun 19 02:53:32.970228 np0000003224 devstack@neutron-api.service[90086]: DEBUG neutron.manager [None req-084bee58-f9cf-4fc8-90b4-46349143403c None None] Successfully loaded revision_plugin plugin. Description: Adds revision numbers to resources. {{(pid=90086) _create_and_add_service_plugin /opt/stack/neutron/neutron/manager.py:239}}
Jun 19 02:53:32.970351 np0000003224 devstack@neutron-api.service[90086]: DEBUG oslo_concurrency.lockutils [None req-084bee58-f9cf-4fc8-90b4-46349143403c None None] Lock "manager" "released" by "neutron.manager.NeutronManager._create_instance" :: held 4.030s {{(pid=90086) inner /opt/stack/data/venv/lib/python3.12/site-packages/oslo_concurrency/lockutils.py:543}}
Jun 19 02:53:32.970593 np0000003224 devstack@neutron-api.service[90086]: DEBUG neutron.api.extensions [None req-084bee58-f9cf-4fc8-90b4-46349143403c None None] get_extension_paths = OrderedDict({'/opt/stack/neutron/neutron/extensions': 1}) {{(pid=90086) get_extensions_path /opt/stack/neutron/neutron/api/extensions.py:640}}
Jun 19 02:53:32.970704 np0000003224 devstack@neutron-api.service[90086]: INFO neutron.api.extensions [None req-084bee58-f9cf-4fc8-90b4-46349143403c None None] Initializing extension manager.
Jun 19 02:53:32.970965 np0000003224 devstack@neutron-api.service[90086]: DEBUG neutron.api.extensions [None req-084bee58-f9cf-4fc8-90b4-46349143403c None None] Loading extension file: __init__.py {{(pid=90086) _load_all_extensions_from_path /opt/stack/neutron/neutron/api/extensions.py:449}}
Jun 19 02:53:32.970965 np0000003224 devstack@neutron-api.service[90086]: DEBUG neutron.api.extensions [None req-084bee58-f9cf-4fc8-90b4-46349143403c None None] Loading extension file: __pycache__ {{(pid=90086) _load_all_extensions_from_path /opt/stack/neutron/neutron/api/extensions.py:449}}
Jun 19 02:53:32.971181 np0000003224 devstack@neutron-api.service[90086]: DEBUG neutron.api.extensions [None req-084bee58-f9cf-4fc8-90b4-46349143403c None None] Loading extension file: aap_reject_multicast.py {{(pid=90086) _load_all_extensions_from_path /opt/stack/neutron/neutron/api/extensions.py:449}}
Jun 19 02:53:32.971425 np0000003224 devstack@neutron-api.service[90086]: DEBUG neutron.api.extensions [None req-084bee58-f9cf-4fc8-90b4-46349143403c None None] Ext name="Allowed address pairs reject multicast extension" alias="aap-reject-multicast" description="Reject multicast addresses in Allowed Address Pairs" updated="2026-04-01T00:00:00-00:00" {{(pid=90086) _check_extension /opt/stack/neutron/neutron/api/extensions.py:415}}
Jun 19 02:53:32.971621 np0000003224 devstack@neutron-api.service[90086]: INFO neutron.api.extensions [None req-084bee58-f9cf-4fc8-90b4-46349143403c None None] Extension aap-reject-multicast not supported by any of loaded plugins
Jun 19 02:53:32.971750 np0000003224 devstack@neutron-api.service[90086]: DEBUG neutron.api.extensions [None req-084bee58-f9cf-4fc8-90b4-46349143403c None None] Loading extension file: address_group.py {{(pid=90086) _load_all_extensions_from_path /opt/stack/neutron/neutron/api/extensions.py:449}}
Jun 19 02:53:32.972064 np0000003224 devstack@neutron-api.service[90086]: DEBUG neutron.api.extensions [None req-084bee58-f9cf-4fc8-90b4-46349143403c None None] Ext name="Address group" alias="address-group" description="Support address group" updated="2020-07-15T10:00:00-00:00" {{(pid=90086) _check_extension /opt/stack/neutron/neutron/api/extensions.py:415}}
Jun 19 02:53:32.972258 np0000003224 devstack@neutron-api.service[90086]: INFO neutron.api.extensions [None req-084bee58-f9cf-4fc8-90b4-46349143403c None None] Loaded extension: address-group
Jun 19 02:53:32.972415 np0000003224 devstack@neutron-api.service[90086]: DEBUG neutron.api.extensions [None req-084bee58-f9cf-4fc8-90b4-46349143403c None None] Loading extension file: address_scope.py {{(pid=90086) _load_all_extensions_from_path /opt/stack/neutron/neutron/api/extensions.py:449}}
Jun 19 02:53:32.972679 np0000003224 devstack@neutron-api.service[90086]: DEBUG neutron.api.extensions [None req-084bee58-f9cf-4fc8-90b4-46349143403c None None] Ext name="Address scope" alias="address-scope" description="Address scopes extension." updated="2015-07-26T10:00:00-00:00" {{(pid=90086) _check_extension /opt/stack/neutron/neutron/api/extensions.py:415}}
Jun 19 02:53:32.972903 np0000003224 devstack@neutron-api.service[90086]: INFO neutron.api.extensions [None req-084bee58-f9cf-4fc8-90b4-46349143403c None None] Loaded extension: address-scope
Jun 19 02:53:32.972903 np0000003224 devstack@neutron-api.service[90086]: DEBUG neutron.api.extensions [None req-084bee58-f9cf-4fc8-90b4-46349143403c None None] Loading extension file: admin_state_down_before_update.py {{(pid=90086) _load_all_extensions_from_path /opt/stack/neutron/neutron/api/extensions.py:449}}
Jun 19 02:53:32.973109 np0000003224 devstack@neutron-api.service[90086]: DEBUG neutron.api.extensions [None req-084bee58-f9cf-4fc8-90b4-46349143403c None None] Ext name="Enforce Router's Admin State Down Before Update Extension" alias="router-admin-state-down-before-update" description="Ensure that the admin state of a router is DOWN (admin_state_up=False) before updating the distributed attribute" updated="2019-07-02T15:56:00" {{(pid=90086) _check_extension /opt/stack/neutron/neutron/api/extensions.py:415}}
Jun 19 02:53:32.973246 np0000003224 devstack@neutron-api.service[90086]: INFO neutron.api.extensions [None req-084bee58-f9cf-4fc8-90b4-46349143403c None None] Extension router-admin-state-down-before-update not supported by any of loaded plugins
Jun 19 02:53:32.973338 np0000003224 devstack@neutron-api.service[90086]: DEBUG neutron.api.extensions [None req-084bee58-f9cf-4fc8-90b4-46349143403c None None] Loading extension file: agent.py {{(pid=90086) _load_all_extensions_from_path /opt/stack/neutron/neutron/api/extensions.py:449}}
Jun 19 02:53:32.973712 np0000003224 devstack@neutron-api.service[90086]: DEBUG neutron.api.extensions [None req-084bee58-f9cf-4fc8-90b4-46349143403c None None] Ext name="agent" alias="agent" description="The agent management extension." updated="2013-02-03T10:00:00-00:00" {{(pid=90086) _check_extension /opt/stack/neutron/neutron/api/extensions.py:415}}
Jun 19 02:53:32.973827 np0000003224 devstack@neutron-api.service[90086]: INFO neutron.api.extensions [None req-084bee58-f9cf-4fc8-90b4-46349143403c None None] Loaded extension: agent
Jun 19 02:53:32.973827 np0000003224 devstack@neutron-api.service[90086]: DEBUG neutron.api.extensions [None req-084bee58-f9cf-4fc8-90b4-46349143403c None None] Loading extension file: agent_resources_synced.py {{(pid=90086) _load_all_extensions_from_path /opt/stack/neutron/neutron/api/extensions.py:449}}
Jun 19 02:53:32.974192 np0000003224 devstack@neutron-api.service[90086]: DEBUG neutron.api.extensions [None req-084bee58-f9cf-4fc8-90b4-46349143403c None None] Ext name="Agent's Resource View Synced to Placement" alias="agent-resources-synced" description="Stores success/failure of last sync to Placement" updated="2018-12-19T00:00:00-00:00" {{(pid=90086) _check_extension /opt/stack/neutron/neutron/api/extensions.py:415}}
Jun 19 02:53:32.974307 np0000003224 devstack@neutron-api.service[90086]: INFO neutron.api.extensions [None req-084bee58-f9cf-4fc8-90b4-46349143403c None None] Extension agent-resources-synced not supported by any of loaded plugins
Jun 19 02:53:32.974388 np0000003224 devstack@neutron-api.service[90086]: DEBUG neutron.api.extensions [None req-084bee58-f9cf-4fc8-90b4-46349143403c None None] Loading extension file: agent_sort_key.py {{(pid=90086) _load_all_extensions_from_path /opt/stack/neutron/neutron/api/extensions.py:449}}
Jun 19 02:53:32.974548 np0000003224 devstack@neutron-api.service[90086]: DEBUG neutron.api.extensions [None req-084bee58-f9cf-4fc8-90b4-46349143403c None None] Ext name="Agents Sort Key" alias="agent_sort_key" description="Enabling the keyword sort_key for sorting in agents." updated="2013-02-03T10:00:00-00:00" {{(pid=90086) _check_extension /opt/stack/neutron/neutron/api/extensions.py:415}}
Jun 19 02:53:32.974721 np0000003224 devstack@neutron-api.service[90086]: INFO neutron.api.extensions [None req-084bee58-f9cf-4fc8-90b4-46349143403c None None] Extension agent_sort_key not supported by any of loaded plugins
Jun 19 02:53:32.974786 np0000003224 devstack@neutron-api.service[90086]: DEBUG neutron.api.extensions [None req-084bee58-f9cf-4fc8-90b4-46349143403c None None] Loading extension file: allowedaddresspairs.py {{(pid=90086) _load_all_extensions_from_path /opt/stack/neutron/neutron/api/extensions.py:449}}
Jun 19 02:53:32.974930 np0000003224 devstack@neutron-api.service[90084]: INFO neutron.plugins.ml2.drivers.type_vlan [None req-b3978d5d-d662-4eac-aa5a-646244d3ad74 None None] VlanTypeDriver initialization complete
Jun 19 02:53:32.975305 np0000003224 devstack@neutron-api.service[90084]: INFO neutron.plugins.ml2.managers [None req-b3978d5d-d662-4eac-aa5a-646244d3ad74 None None] Initializing extension driver 'port_security'
Jun 19 02:53:32.975305 np0000003224 devstack@neutron-api.service[90084]: INFO neutron.plugins.ml2.extensions.port_security [None req-b3978d5d-d662-4eac-aa5a-646244d3ad74 None None] PortSecurityExtensionDriver initialization complete
Jun 19 02:53:32.975305 np0000003224 devstack@neutron-api.service[90084]: INFO neutron.plugins.ml2.managers [None req-b3978d5d-d662-4eac-aa5a-646244d3ad74 None None] Initializing extension driver 'qos'
Jun 19 02:53:32.975477 np0000003224 devstack@neutron-api.service[90084]: DEBUG neutron.plugins.ml2.extensions.qos [None req-b3978d5d-d662-4eac-aa5a-646244d3ad74 None None] QosExtensionDriver initialization complete {{(pid=90084) initialize /opt/stack/neutron/neutron/plugins/ml2/extensions/qos.py:31}}
Jun 19 02:53:32.975477 np0000003224 devstack@neutron-api.service[90084]: INFO neutron.plugins.ml2.managers [None req-b3978d5d-d662-4eac-aa5a-646244d3ad74 None None] Initializing mechanism driver 'ovn'
Jun 19 02:53:32.975477 np0000003224 devstack@neutron-api.service[90084]: INFO neutron.plugins.ml2.drivers.ovn.mech_driver.mech_driver [None req-b3978d5d-d662-4eac-aa5a-646244d3ad74 None None] Starting OVNMechanismDriver
Jun 19 02:53:32.975660 np0000003224 devstack@neutron-api.service[90086]: DEBUG neutron.api.extensions [None req-084bee58-f9cf-4fc8-90b4-46349143403c None None] Ext name="Allowed Address Pairs" alias="allowed-address-pairs" description="Provides allowed address pairs" updated="2013-07-23T10:00:00-00:00" {{(pid=90086) _check_extension /opt/stack/neutron/neutron/api/extensions.py:415}}
Jun 19 02:53:32.975660 np0000003224 devstack@neutron-api.service[90086]: INFO neutron.api.extensions [None req-084bee58-f9cf-4fc8-90b4-46349143403c None None] Loaded extension: allowed-address-pairs
Jun 19 02:53:32.975816 np0000003224 devstack@neutron-api.service[90086]: DEBUG neutron.api.extensions [None req-084bee58-f9cf-4fc8-90b4-46349143403c None None] Loading extension file: auto_allocated_topology.py {{(pid=90086) _load_all_extensions_from_path /opt/stack/neutron/neutron/api/extensions.py:449}}
Jun 19 02:53:32.976037 np0000003224 devstack@neutron-api.service[90086]: DEBUG neutron.api.extensions [None req-084bee58-f9cf-4fc8-90b4-46349143403c None None] Ext name="Auto Allocated Topology Services" alias="auto-allocated-topology" description="Auto Allocated Topology Services." updated="2016-01-01T00:00:00-00:00" {{(pid=90086) _check_extension /opt/stack/neutron/neutron/api/extensions.py:415}}
Jun 19 02:53:32.976376 np0000003224 devstack@neutron-api.service[90086]: INFO neutron.api.extensions [None req-084bee58-f9cf-4fc8-90b4-46349143403c None None] Loaded extension: auto-allocated-topology
Jun 19 02:53:32.976466 np0000003224 devstack@neutron-api.service[90086]: DEBUG neutron.api.extensions [None req-084bee58-f9cf-4fc8-90b4-46349143403c None None] Loading extension file: availability_zone.py {{(pid=90086) _load_all_extensions_from_path /opt/stack/neutron/neutron/api/extensions.py:449}}
Jun 19 02:53:32.976824 np0000003224 devstack@neutron-api.service[90086]: DEBUG neutron.api.extensions [None req-084bee58-f9cf-4fc8-90b4-46349143403c None None] Ext name="Availability Zone" alias="availability_zone" description="The availability zone extension." updated="2015-01-01T10:00:00-00:00" {{(pid=90086) _check_extension /opt/stack/neutron/neutron/api/extensions.py:415}}
Jun 19 02:53:32.976997 np0000003224 devstack@neutron-api.service[90086]: INFO neutron.api.extensions [None req-084bee58-f9cf-4fc8-90b4-46349143403c None None] Loaded extension: availability_zone
Jun 19 02:53:32.977126 np0000003224 devstack@neutron-api.service[90086]: DEBUG neutron.api.extensions [None req-084bee58-f9cf-4fc8-90b4-46349143403c None None] Loading extension file: availability_zone_filter.py {{(pid=90086) _load_all_extensions_from_path /opt/stack/neutron/neutron/api/extensions.py:449}}
Jun 19 02:53:32.977257 np0000003224 devstack@neutron-api.service[90084]: DEBUG neutron_lib.callbacks.manager [None req-b3978d5d-d662-4eac-aa5a-646244d3ad74 None None] Subscribe: > process before_spawn 55550000, False {{(pid=90084) subscribe /opt/stack/data/venv/lib/python3.12/site-packages/neutron_lib/callbacks/manager.py:52}}
Jun 19 02:53:32.977422 np0000003224 devstack@neutron-api.service[90086]: DEBUG neutron.api.extensions [None req-084bee58-f9cf-4fc8-90b4-46349143403c None None] Ext name="Availability Zone Filter Extension" alias="availability_zone_filter" description="Add filter parameters to AvailabilityZone resource" updated="2018-06-22T10:00:00-00:00" {{(pid=90086) _check_extension /opt/stack/neutron/neutron/api/extensions.py:415}}
Jun 19 02:53:32.977557 np0000003224 devstack@neutron-api.service[90084]: DEBUG neutron_lib.callbacks.manager [None req-b3978d5d-d662-4eac-aa5a-646244d3ad74 None None] Subscribe: > process after_init 55550000, True {{(pid=90084) subscribe /opt/stack/data/venv/lib/python3.12/site-packages/neutron_lib/callbacks/manager.py:52}}
Jun 19 02:53:32.977681 np0000003224 devstack@neutron-api.service[90086]: INFO neutron.api.extensions [None req-084bee58-f9cf-4fc8-90b4-46349143403c None None] Extension availability_zone_filter not supported by any of loaded plugins
Jun 19 02:53:32.977917 np0000003224 devstack@neutron-api.service[90084]: DEBUG neutron_lib.callbacks.manager [None req-b3978d5d-d662-4eac-aa5a-646244d3ad74 None None] Subscribe: > segment after_create 55550000, False {{(pid=90084) subscribe /opt/stack/data/venv/lib/python3.12/site-packages/neutron_lib/callbacks/manager.py:52}}
Jun 19 02:53:32.978209 np0000003224 devstack@neutron-api.service[90086]: DEBUG neutron.api.extensions [None req-084bee58-f9cf-4fc8-90b4-46349143403c None None] Loading extension file: data_plane_status.py {{(pid=90086) _load_all_extensions_from_path /opt/stack/neutron/neutron/api/extensions.py:449}}
Jun 19 02:53:32.978426 np0000003224 devstack@neutron-api.service[90084]: DEBUG neutron_lib.callbacks.manager [None req-b3978d5d-d662-4eac-aa5a-646244d3ad74 None None] Subscribe: > segment after_create 55550000, False {{(pid=90084) subscribe /opt/stack/data/venv/lib/python3.12/site-packages/neutron_lib/callbacks/manager.py:52}}
Jun 19 02:53:32.978630 np0000003224 devstack@neutron-api.service[90086]: DEBUG neutron.api.extensions [None req-084bee58-f9cf-4fc8-90b4-46349143403c None None] Ext name="Port data plane status extension" alias="data-plane-status" description="Expose status of underlying data plane" updated="2017-01-24T10:00:00-00:00" {{(pid=90086) _check_extension /opt/stack/neutron/neutron/api/extensions.py:415}}
Jun 19 02:53:32.978879 np0000003224 devstack@neutron-api.service[90084]: DEBUG neutron_lib.callbacks.manager [None req-b3978d5d-d662-4eac-aa5a-646244d3ad74 None None] Subscribe: > segment after_delete 55550000, False {{(pid=90084) subscribe /opt/stack/data/venv/lib/python3.12/site-packages/neutron_lib/callbacks/manager.py:52}}
Jun 19 02:53:32.979129 np0000003224 devstack@neutron-api.service[90086]: INFO neutron.api.extensions [None req-084bee58-f9cf-4fc8-90b4-46349143403c None None] Extension data-plane-status not supported by any of loaded plugins
Jun 19 02:53:32.979339 np0000003224 devstack@neutron-api.service[90084]: DEBUG neutron_lib.callbacks.manager [None req-b3978d5d-d662-4eac-aa5a-646244d3ad74 None None] Subscribe: > allowed_address_pair before_create 55550000, False {{(pid=90084) subscribe /opt/stack/data/venv/lib/python3.12/site-packages/neutron_lib/callbacks/manager.py:52}}
Jun 19 02:53:32.979516 np0000003224 devstack@neutron-api.service[90086]: DEBUG neutron.api.extensions [None req-084bee58-f9cf-4fc8-90b4-46349143403c None None] Loading extension file: default_subnetpools.py {{(pid=90086) _load_all_extensions_from_path /opt/stack/neutron/neutron/api/extensions.py:449}}
Jun 19 02:53:32.979679 np0000003224 devstack@neutron-api.service[90084]: DEBUG neutron_lib.callbacks.manager [None req-b3978d5d-d662-4eac-aa5a-646244d3ad74 None None] Subscribe: > security_group precommit_create 55550000, False {{(pid=90084) subscribe /opt/stack/data/venv/lib/python3.12/site-packages/neutron_lib/callbacks/manager.py:52}}
Jun 19 02:53:32.979679 np0000003224 devstack@neutron-api.service[90084]: DEBUG neutron_lib.callbacks.manager [None req-b3978d5d-d662-4eac-aa5a-646244d3ad74 None None] Subscribe: > security_group after_update 55550000, False {{(pid=90084) subscribe /opt/stack/data/venv/lib/python3.12/site-packages/neutron_lib/callbacks/manager.py:52}}
Jun 19 02:53:32.979944 np0000003224 devstack@neutron-api.service[90086]: DEBUG neutron.api.extensions [None req-084bee58-f9cf-4fc8-90b4-46349143403c None None] Ext name="Default Subnetpools" alias="default-subnetpools" description="Provides ability to mark and use a subnetpool as the default." updated="2016-02-18T18:00:00-00:00" {{(pid=90086) _check_extension /opt/stack/neutron/neutron/api/extensions.py:415}}
Jun 19 02:53:32.980175 np0000003224 devstack@neutron-api.service[90084]: DEBUG neutron_lib.callbacks.manager [None req-b3978d5d-d662-4eac-aa5a-646244d3ad74 None None] Subscribe: > security_group after_create 55550000, False {{(pid=90084) subscribe /opt/stack/data/venv/lib/python3.12/site-packages/neutron_lib/callbacks/manager.py:52}}
Jun 19 02:53:32.980300 np0000003224 devstack@neutron-api.service[90086]: INFO neutron.api.extensions [None req-084bee58-f9cf-4fc8-90b4-46349143403c None None] Loaded extension: default-subnetpools
Jun 19 02:53:32.980534 np0000003224 devstack@neutron-api.service[90084]: DEBUG neutron_lib.callbacks.manager [None req-b3978d5d-d662-4eac-aa5a-646244d3ad74 None None] Subscribe: > security_group precommit_delete 55550000, False {{(pid=90084) subscribe /opt/stack/data/venv/lib/python3.12/site-packages/neutron_lib/callbacks/manager.py:52}}
Jun 19 02:53:32.980750 np0000003224 devstack@neutron-api.service[90086]: DEBUG neutron.api.extensions [None req-084bee58-f9cf-4fc8-90b4-46349143403c None None] Loading extension file: dhcpagentscheduler.py {{(pid=90086) _load_all_extensions_from_path /opt/stack/neutron/neutron/api/extensions.py:449}}
Jun 19 02:53:32.980907 np0000003224 devstack@neutron-api.service[90084]: DEBUG neutron_lib.callbacks.manager [None req-b3978d5d-d662-4eac-aa5a-646244d3ad74 None None] Subscribe: > security_group after_delete 55550000, False {{(pid=90084) subscribe /opt/stack/data/venv/lib/python3.12/site-packages/neutron_lib/callbacks/manager.py:52}}
Jun 19 02:53:32.980907 np0000003224 devstack@neutron-api.service[90084]: DEBUG neutron_lib.callbacks.manager [None req-b3978d5d-d662-4eac-aa5a-646244d3ad74 None None] Subscribe: > security_group_rule precommit_create 55550000, False {{(pid=90084) subscribe /opt/stack/data/venv/lib/python3.12/site-packages/neutron_lib/callbacks/manager.py:52}}
Jun 19 02:53:32.980907 np0000003224 devstack@neutron-api.service[90084]: DEBUG neutron_lib.callbacks.manager [None req-b3978d5d-d662-4eac-aa5a-646244d3ad74 None None] Subscribe: > security_group_rule after_create 55550000, False {{(pid=90084) subscribe /opt/stack/data/venv/lib/python3.12/site-packages/neutron_lib/callbacks/manager.py:52}}
Jun 19 02:53:32.981182 np0000003224 devstack@neutron-api.service[90086]: DEBUG neutron.api.extensions [None req-084bee58-f9cf-4fc8-90b4-46349143403c None None] Ext name="DHCP Agent Scheduler" alias="dhcp_agent_scheduler" description="Schedule networks among dhcp agents" updated="2013-02-07T10:00:00-00:00" {{(pid=90086) _check_extension /opt/stack/neutron/neutron/api/extensions.py:415}}
Jun 19 02:53:32.981370 np0000003224 devstack@neutron-api.service[90084]: DEBUG neutron_lib.callbacks.manager [None req-b3978d5d-d662-4eac-aa5a-646244d3ad74 None None] Subscribe: > security_group_rule before_delete 55550000, False {{(pid=90084) subscribe /opt/stack/data/venv/lib/python3.12/site-packages/neutron_lib/callbacks/manager.py:52}}
Jun 19 02:53:32.981370 np0000003224 devstack@neutron-api.service[90084]: DEBUG neutron_lib.callbacks.manager [None req-b3978d5d-d662-4eac-aa5a-646244d3ad74 None None] Subscribe: > address_group after_create 55550000, False {{(pid=90084) subscribe /opt/stack/data/venv/lib/python3.12/site-packages/neutron_lib/callbacks/manager.py:52}}
Jun 19 02:53:32.981530 np0000003224 devstack@neutron-api.service[90086]: INFO neutron.api.extensions [None req-084bee58-f9cf-4fc8-90b4-46349143403c None None] Loaded extension: dhcp_agent_scheduler
Jun 19 02:53:32.981682 np0000003224 devstack@neutron-api.service[90084]: DEBUG neutron_lib.callbacks.manager [None req-b3978d5d-d662-4eac-aa5a-646244d3ad74 None None] Subscribe: > address_group after_update 55550000, False {{(pid=90084) subscribe /opt/stack/data/venv/lib/python3.12/site-packages/neutron_lib/callbacks/manager.py:52}}
Jun 19 02:53:32.981901 np0000003224 devstack@neutron-api.service[90086]: DEBUG neutron.api.extensions [None req-084bee58-f9cf-4fc8-90b4-46349143403c None None] Loading extension file: dns.py {{(pid=90086) _load_all_extensions_from_path /opt/stack/neutron/neutron/api/extensions.py:449}}
Jun 19 02:53:32.982172 np0000003224 devstack@neutron-api.service[90084]: DEBUG neutron_lib.callbacks.manager [None req-b3978d5d-d662-4eac-aa5a-646244d3ad74 None None] Subscribe: > address_group after_delete 55550000, False {{(pid=90084) subscribe /opt/stack/data/venv/lib/python3.12/site-packages/neutron_lib/callbacks/manager.py:52}}
Jun 19 02:53:32.982463 np0000003224 devstack@neutron-api.service[90086]: DEBUG neutron.api.extensions [None req-084bee58-f9cf-4fc8-90b4-46349143403c None None] Ext name="DNS Integration" alias="dns-integration" description="Provides integration with DNS." updated="2015-08-15T18:00:00-00:00" {{(pid=90086) _check_extension /opt/stack/neutron/neutron/api/extensions.py:415}}
Jun 19 02:53:32.982954 np0000003224 devstack@neutron-api.service[90084]: DEBUG neutron_lib.callbacks.manager [None req-b3978d5d-d662-4eac-aa5a-646244d3ad74 None None] Subscribe: > qos_plugin after_init 55550000, False {{(pid=90084) subscribe /opt/stack/data/venv/lib/python3.12/site-packages/neutron_lib/callbacks/manager.py:52}}
Jun 19 02:53:32.983144 np0000003224 devstack@neutron-api.service[90086]: INFO neutron.api.extensions [None req-084bee58-f9cf-4fc8-90b4-46349143403c None None] Loaded extension: dns-integration
Jun 19 02:53:32.983144 np0000003224 devstack@neutron-api.service[90086]: DEBUG neutron.api.extensions [None req-084bee58-f9cf-4fc8-90b4-46349143403c None None] Loading extension file: dns_domain_ports.py {{(pid=90086) _load_all_extensions_from_path /opt/stack/neutron/neutron/api/extensions.py:449}}
Jun 19 02:53:32.983616 np0000003224 devstack@neutron-api.service[90084]: DEBUG neutron_lib.callbacks.manager [None req-b3978d5d-d662-4eac-aa5a-646244d3ad74 None None] Subscribe: > trunk_plugin after_init 55550000, False {{(pid=90084) subscribe /opt/stack/data/venv/lib/python3.12/site-packages/neutron_lib/callbacks/manager.py:52}}
Jun 19 02:53:32.983771 np0000003224 devstack@neutron-api.service[90086]: DEBUG neutron.api.extensions [None req-084bee58-f9cf-4fc8-90b4-46349143403c None None] Ext name="dns_domain for ports" alias="dns-domain-ports" description="Allows the DNS domain to be specified for a network port." updated="2017-04-24T10:00:00-00:00" {{(pid=90086) _check_extension /opt/stack/neutron/neutron/api/extensions.py:415}}
Jun 19 02:53:32.983899 np0000003224 devstack@neutron-api.service[90084]: DEBUG neutron_lib.callbacks.manager [None req-b3978d5d-d662-4eac-aa5a-646244d3ad74 None None] Subscribe: > logging-plugin after_init 55550000, False {{(pid=90084) subscribe /opt/stack/data/venv/lib/python3.12/site-packages/neutron_lib/callbacks/manager.py:52}}
Jun 19 02:53:32.984014 np0000003224 devstack@neutron-api.service[90086]: INFO neutron.api.extensions [None req-084bee58-f9cf-4fc8-90b4-46349143403c None None] Loaded extension: dns-domain-ports
Jun 19 02:53:32.984014 np0000003224 devstack@neutron-api.service[90086]: DEBUG neutron.api.extensions [None req-084bee58-f9cf-4fc8-90b4-46349143403c None None] Loading extension file: dns_integration_domain_keywords.py {{(pid=90086) _load_all_extensions_from_path /opt/stack/neutron/neutron/api/extensions.py:449}}
