Jun 09 22:07:00.898271 np0000002492 devstack@c-api.service[96224]: INFO cinder.api.openstack.wsgi [None req-cab6fd2f-1efd-40bd-9f5c-c99bbd7faff4 tempest-AttachSCSIVolumeTestJSON-1672191299 tempest-AttachSCSIVolumeTestJSON-1672191299-project-member] https://10.4.3.219/volume/v3/volumes/4c7c6db8-5c81-4f4b-836d-e2ae5264b883 returned with HTTP 200
Jun 09 22:07:00.898271 np0000002492 devstack@c-api.service[96224]: [pid: 96224|app: 0|req: 93/178] 10.4.3.219 () {66 vars in 1348 bytes} [Tue Jun 9 22:07:00 2026] GET /volume/v3/volumes/4c7c6db8-5c81-4f4b-836d-e2ae5264b883 => generated 848 bytes in 28 msecs (HTTP/1.1 200) 7 headers in 285 bytes (1 switches on core 0)
Jun 09 22:07:01.341015 np0000002492 devstack@c-api.service[96223]: DEBUG cinder.api.middleware.request_id [None req-18fb5462-335e-4122-a064-8ce097b6bf55 None None] RequestId filter calling following filter/app {{(pid=96223) _context_setter /opt/stack/cinder/cinder/api/middleware/request_id.py:62}}
Jun 09 22:07:01.426729 np0000002492 devstack@c-api.service[96224]: DEBUG cinder.api.middleware.request_id [req-076fa426-5802-4001-a551-5570abe5c074 req-61d52337-5b04-4da6-8cba-8d09572427b9 None None] RequestId filter calling following filter/app {{(pid=96224) _context_setter /opt/stack/cinder/cinder/api/middleware/request_id.py:62}}
Jun 09 22:07:01.429444 np0000002492 devstack@c-api.service[96224]: INFO cinder.api.openstack.wsgi [req-076fa426-5802-4001-a551-5570abe5c074 req-61d52337-5b04-4da6-8cba-8d09572427b9 tempest-TaggedAttachmentsTest-1282862457 tempest-TaggedAttachmentsTest-1282862457-project-member] POST https://10.4.3.219/volume/v3/attachments/ebd38c24-bc2e-4532-930b-c8f27dddc113/action
Jun 09 22:07:01.430094 np0000002492 devstack@c-api.service[96224]: DEBUG cinder.api.openstack.wsgi [req-076fa426-5802-4001-a551-5570abe5c074 req-61d52337-5b04-4da6-8cba-8d09572427b9 tempest-TaggedAttachmentsTest-1282862457 tempest-TaggedAttachmentsTest-1282862457-project-member] Action body: b'{"os-complete": null}' {{(pid=96224) get_method /opt/stack/cinder/cinder/api/openstack/wsgi.py:993}}
Jun 09 22:07:01.430386 np0000002492 devstack@c-api.service[96224]: DEBUG cinder.api.openstack.wsgi [req-076fa426-5802-4001-a551-5570abe5c074 req-61d52337-5b04-4da6-8cba-8d09572427b9 tempest-TaggedAttachmentsTest-1282862457 tempest-TaggedAttachmentsTest-1282862457-project-member] Action: 'action', calling method: complete, body: {"os-complete": null} {{(pid=96224) _process_stack /opt/stack/cinder/cinder/api/openstack/wsgi.py:876}}
Jun 09 22:07:01.450165 np0000002492 devstack@c-api.service[96224]: /opt/stack/data/venv/lib/python3.12/site-packages/oslo_context/context.py:102: DeprecationWarning: Policy enforcement is depending on the value of is_admin. This key is deprecated. Please update your policy file to use the standard policy values.
Jun 09 22:07:01.450165 np0000002492 devstack@c-api.service[96224]: warnings.warn(
Jun 09 22:07:01.466040 np0000002492 devstack@c-api.service[96224]: INFO cinder.api.openstack.wsgi [req-076fa426-5802-4001-a551-5570abe5c074 req-61d52337-5b04-4da6-8cba-8d09572427b9 tempest-TaggedAttachmentsTest-1282862457 tempest-TaggedAttachmentsTest-1282862457-project-member] https://10.4.3.219/volume/v3/attachments/ebd38c24-bc2e-4532-930b-c8f27dddc113/action returned with HTTP 204
Jun 09 22:07:01.466040 np0000002492 devstack@c-api.service[96224]: [pid: 96224|app: 0|req: 94/179] 10.4.3.219 () {74 vars in 1725 bytes} [Tue Jun 9 22:07:01 2026] POST /volume/v3/attachments/ebd38c24-bc2e-4532-930b-c8f27dddc113/action => generated 0 bytes in 40 msecs (HTTP/1.1 204) 7 headers in 292 bytes (1 switches on core 0)
Jun 09 22:07:01.592092 np0000002492 devstack@c-api.service[96224]: DEBUG cinder.api.middleware.request_id [None req-02b233a1-637f-488c-bd0f-8d82355c324a None None] RequestId filter calling following filter/app {{(pid=96224) _context_setter /opt/stack/cinder/cinder/api/middleware/request_id.py:62}}
Jun 09 22:07:01.595978 np0000002492 devstack@c-api.service[96224]: INFO cinder.api.openstack.wsgi [None req-02b233a1-637f-488c-bd0f-8d82355c324a tempest-TaggedAttachmentsTest-1282862457 tempest-TaggedAttachmentsTest-1282862457-project-member] GET https://10.4.3.219/volume/v3/volumes/9213c996-4801-420d-a089-0b7c96116284
Jun 09 22:07:01.595978 np0000002492 devstack@c-api.service[96224]: DEBUG cinder.api.openstack.wsgi [None req-02b233a1-637f-488c-bd0f-8d82355c324a tempest-TaggedAttachmentsTest-1282862457 tempest-TaggedAttachmentsTest-1282862457-project-member] Empty body provided in request {{(pid=96224) get_body /opt/stack/cinder/cinder/api/openstack/wsgi.py:725}}
Jun 09 22:07:01.595978 np0000002492 devstack@c-api.service[96224]: DEBUG cinder.api.openstack.wsgi [None req-02b233a1-637f-488c-bd0f-8d82355c324a tempest-TaggedAttachmentsTest-1282862457 tempest-TaggedAttachmentsTest-1282862457-project-member] Calling method 'show' {{(pid=96224) _process_stack /opt/stack/cinder/cinder/api/openstack/wsgi.py:878}}
Jun 09 22:07:01.605923 np0000002492 devstack@c-api.service[96224]: /opt/stack/data/venv/lib/python3.12/site-packages/oslo_context/context.py:102: DeprecationWarning: Policy enforcement is depending on the value of is_admin. This key is deprecated. Please update your policy file to use the standard policy values.
Jun 09 22:07:01.605923 np0000002492 devstack@c-api.service[96224]: warnings.warn(
Jun 09 22:07:01.611310 np0000002492 devstack@c-api.service[96223]: INFO cinder.api.openstack.wsgi [None req-18fb5462-335e-4122-a064-8ce097b6bf55 tempest-GroupSnapshotsTest-185654192 tempest-GroupSnapshotsTest-185654192-project-admin] POST https://10.4.3.219/volume/v3/types
Jun 09 22:07:01.611640 np0000002492 devstack@c-api.service[96223]: DEBUG cinder.api.openstack.wsgi [None req-18fb5462-335e-4122-a064-8ce097b6bf55 tempest-GroupSnapshotsTest-185654192 tempest-GroupSnapshotsTest-185654192-project-admin] Action: 'create', calling method: _create, body: {"volume_type": {"name": "tempest-GroupSnapshotsTest-volume-type-900588714"}} {{(pid=96223) _process_stack /opt/stack/cinder/cinder/api/openstack/wsgi.py:876}}
Jun 09 22:07:01.613157 np0000002492 devstack@c-api.service[96223]: /opt/stack/data/venv/lib/python3.12/site-packages/oslo_context/context.py:102: DeprecationWarning: Policy enforcement is depending on the value of is_admin. This key is deprecated. Please update your policy file to use the standard policy values.
Jun 09 22:07:01.613157 np0000002492 devstack@c-api.service[96223]: warnings.warn(
Jun 09 22:07:01.613432 np0000002492 devstack@c-api.service[96224]: INFO cinder.volume.api [None req-02b233a1-637f-488c-bd0f-8d82355c324a tempest-TaggedAttachmentsTest-1282862457 tempest-TaggedAttachmentsTest-1282862457-project-member] Volume info retrieved successfully.
Jun 09 22:07:01.625168 np0000002492 devstack@c-api.service[96224]: INFO cinder.api.openstack.wsgi [None req-02b233a1-637f-488c-bd0f-8d82355c324a tempest-TaggedAttachmentsTest-1282862457 tempest-TaggedAttachmentsTest-1282862457-project-member] https://10.4.3.219/volume/v3/volumes/9213c996-4801-420d-a089-0b7c96116284 returned with HTTP 200
Jun 09 22:07:01.626927 np0000002492 devstack@c-api.service[96224]: [pid: 96224|app: 0|req: 95/180] 10.4.3.219 () {66 vars in 1348 bytes} [Tue Jun 9 22:07:01 2026] GET /volume/v3/volumes/9213c996-4801-420d-a089-0b7c96116284 => generated 1137 bytes in 34 msecs (HTTP/1.1 200) 7 headers in 286 bytes (1 switches on core 0)
Jun 09 22:07:01.629266 np0000002492 devstack@c-api.service[96223]: INFO cinder.api.openstack.wsgi [None req-18fb5462-335e-4122-a064-8ce097b6bf55 tempest-GroupSnapshotsTest-185654192 tempest-GroupSnapshotsTest-185654192-project-admin] https://10.4.3.219/volume/v3/types returned with HTTP 200
Jun 09 22:07:01.629599 np0000002492 devstack@c-api.service[96223]: [pid: 96223|app: 0|req: 86/181] 10.4.3.219 () {68 vars in 1252 bytes} [Tue Jun 9 22:07:01 2026] POST /volume/v3/types => generated 223 bytes in 296 msecs (HTTP/1.1 200) 7 headers in 285 bytes (1 switches on core 0)
Jun 09 22:07:01.641388 np0000002492 devstack@c-api.service[96224]: DEBUG cinder.api.middleware.request_id [None req-f80797c1-275c-4bef-9d52-140ba2e800fc None None] RequestId filter calling following filter/app {{(pid=96224) _context_setter /opt/stack/cinder/cinder/api/middleware/request_id.py:62}}
Jun 09 22:07:01.644276 np0000002492 devstack@c-api.service[96224]: INFO cinder.api.openstack.wsgi [None req-f80797c1-275c-4bef-9d52-140ba2e800fc tempest-GroupSnapshotsTest-185654192 tempest-GroupSnapshotsTest-185654192-project-admin] POST https://10.4.3.219/volume/v3/group_types
Jun 09 22:07:01.644504 np0000002492 devstack@c-api.service[96223]: DEBUG cinder.api.middleware.request_id [None req-9de469bd-a842-4bbb-b967-8d83587fa4c8 None None] RequestId filter calling following filter/app {{(pid=96223) _context_setter /opt/stack/cinder/cinder/api/middleware/request_id.py:62}}
Jun 09 22:07:01.644576 np0000002492 devstack@c-api.service[96224]: DEBUG cinder.api.openstack.wsgi [None req-f80797c1-275c-4bef-9d52-140ba2e800fc tempest-GroupSnapshotsTest-185654192 tempest-GroupSnapshotsTest-185654192-project-admin] Action: 'create', calling method: version_select, body: {"group_type": {"name": "tempest-GroupSnapshotsTest-group-type-1263146227"}} {{(pid=96224) _process_stack /opt/stack/cinder/cinder/api/openstack/wsgi.py:876}}
Jun 09 22:07:01.647521 np0000002492 devstack@c-api.service[96223]: INFO cinder.api.openstack.wsgi [None req-9de469bd-a842-4bbb-b967-8d83587fa4c8 tempest-TaggedAttachmentsTest-1282862457 tempest-TaggedAttachmentsTest-1282862457-project-member] GET https://10.4.3.219/volume/v3/volumes/9213c996-4801-420d-a089-0b7c96116284
Jun 09 22:07:01.647521 np0000002492 devstack@c-api.service[96223]: DEBUG cinder.api.openstack.wsgi [None req-9de469bd-a842-4bbb-b967-8d83587fa4c8 tempest-TaggedAttachmentsTest-1282862457 tempest-TaggedAttachmentsTest-1282862457-project-member] Empty body provided in request {{(pid=96223) get_body /opt/stack/cinder/cinder/api/openstack/wsgi.py:725}}
Jun 09 22:07:01.647521 np0000002492 devstack@c-api.service[96223]: DEBUG cinder.api.openstack.wsgi [None req-9de469bd-a842-4bbb-b967-8d83587fa4c8 tempest-TaggedAttachmentsTest-1282862457 tempest-TaggedAttachmentsTest-1282862457-project-member] Calling method 'show' {{(pid=96223) _process_stack /opt/stack/cinder/cinder/api/openstack/wsgi.py:878}}
Jun 09 22:07:01.657352 np0000002492 devstack@c-api.service[96223]: /opt/stack/data/venv/lib/python3.12/site-packages/oslo_context/context.py:102: DeprecationWarning: Policy enforcement is depending on the value of is_admin. This key is deprecated. Please update your policy file to use the standard policy values.
Jun 09 22:07:01.657352 np0000002492 devstack@c-api.service[96223]: warnings.warn(
Jun 09 22:07:01.660502 np0000002492 devstack@c-api.service[96224]: INFO cinder.api.openstack.wsgi [None req-f80797c1-275c-4bef-9d52-140ba2e800fc tempest-GroupSnapshotsTest-185654192 tempest-GroupSnapshotsTest-185654192-project-admin] https://10.4.3.219/volume/v3/group_types returned with HTTP 202
Jun 09 22:07:01.660842 np0000002492 devstack@c-api.service[96223]: INFO cinder.volume.api [None req-9de469bd-a842-4bbb-b967-8d83587fa4c8 tempest-TaggedAttachmentsTest-1282862457 tempest-TaggedAttachmentsTest-1282862457-project-member] Volume info retrieved successfully.
Jun 09 22:07:01.661023 np0000002492 devstack@c-api.service[96224]: [pid: 96224|app: 0|req: 96/182] 10.4.3.219 () {70 vars in 1311 bytes} [Tue Jun 9 22:07:01 2026] POST /volume/v3/group_types => generated 181 bytes in 21 msecs (HTTP/1.1 202) 7 headers in 292 bytes (1 switches on core 0)
Jun 09 22:07:01.665494 np0000002492 devstack@c-api.service[96223]: INFO cinder.api.openstack.wsgi [None req-9de469bd-a842-4bbb-b967-8d83587fa4c8 tempest-TaggedAttachmentsTest-1282862457 tempest-TaggedAttachmentsTest-1282862457-project-member] https://10.4.3.219/volume/v3/volumes/9213c996-4801-420d-a089-0b7c96116284 returned with HTTP 200
Jun 09 22:07:01.665916 np0000002492 devstack@c-api.service[96223]: [pid: 96223|app: 0|req: 87/183] 10.4.3.219 () {66 vars in 1348 bytes} [Tue Jun 9 22:07:01 2026] GET /volume/v3/volumes/9213c996-4801-420d-a089-0b7c96116284 => generated 1137 bytes in 22 msecs (HTTP/1.1 200) 7 headers in 286 bytes (1 switches on core 0)
Jun 09 22:07:01.671815 np0000002492 devstack@c-api.service[96224]: DEBUG cinder.api.middleware.request_id [None req-a33d4a3e-b35a-45cb-a19e-7a29da9a41f6 None None] RequestId filter calling following filter/app {{(pid=96224) _context_setter /opt/stack/cinder/cinder/api/middleware/request_id.py:62}}
Jun 09 22:07:01.916374 np0000002492 devstack@c-api.service[96223]: DEBUG cinder.api.middleware.request_id [None req-f6eee60f-c9d2-4165-8a38-cbaa4b10483e None None] RequestId filter calling following filter/app {{(pid=96223) _context_setter /opt/stack/cinder/cinder/api/middleware/request_id.py:62}}
Jun 09 22:07:01.918780 np0000002492 devstack@c-api.service[96223]: INFO cinder.api.openstack.wsgi [None req-f6eee60f-c9d2-4165-8a38-cbaa4b10483e tempest-AttachSCSIVolumeTestJSON-1672191299 tempest-AttachSCSIVolumeTestJSON-1672191299-project-member] GET https://10.4.3.219/volume/v3/volumes/4c7c6db8-5c81-4f4b-836d-e2ae5264b883
Jun 09 22:07:01.918780 np0000002492 devstack@c-api.service[96223]: DEBUG cinder.api.openstack.wsgi [None req-f6eee60f-c9d2-4165-8a38-cbaa4b10483e tempest-AttachSCSIVolumeTestJSON-1672191299 tempest-AttachSCSIVolumeTestJSON-1672191299-project-member] Empty body provided in request {{(pid=96223) get_body /opt/stack/cinder/cinder/api/openstack/wsgi.py:725}}
Jun 09 22:07:01.918898 np0000002492 devstack@c-api.service[96223]: DEBUG cinder.api.openstack.wsgi [None req-f6eee60f-c9d2-4165-8a38-cbaa4b10483e tempest-AttachSCSIVolumeTestJSON-1672191299 tempest-AttachSCSIVolumeTestJSON-1672191299-project-member] Calling method 'show' {{(pid=96223) _process_stack /opt/stack/cinder/cinder/api/openstack/wsgi.py:878}}
Jun 09 22:07:01.930581 np0000002492 devstack@c-api.service[96223]: /opt/stack/data/venv/lib/python3.12/site-packages/oslo_context/context.py:102: DeprecationWarning: Policy enforcement is depending on the value of is_admin. This key is deprecated. Please update your policy file to use the standard policy values.
Jun 09 22:07:01.930581 np0000002492 devstack@c-api.service[96223]: warnings.warn(
Jun 09 22:07:01.934457 np0000002492 devstack@c-api.service[96223]: INFO cinder.volume.api [None req-f6eee60f-c9d2-4165-8a38-cbaa4b10483e tempest-AttachSCSIVolumeTestJSON-1672191299 tempest-AttachSCSIVolumeTestJSON-1672191299-project-member] Volume info retrieved successfully.
Jun 09 22:07:01.934885 np0000002492 devstack@c-api.service[96224]: INFO cinder.api.openstack.wsgi [None req-a33d4a3e-b35a-45cb-a19e-7a29da9a41f6 tempest-GroupSnapshotsTest-1251395496 tempest-GroupSnapshotsTest-1251395496-project-member] POST https://10.4.3.219/volume/v3/groups
Jun 09 22:07:01.935362 np0000002492 devstack@c-api.service[96224]: DEBUG cinder.api.openstack.wsgi [None req-a33d4a3e-b35a-45cb-a19e-7a29da9a41f6 tempest-GroupSnapshotsTest-1251395496 tempest-GroupSnapshotsTest-1251395496-project-member] Action: 'create', calling method: version_select, body: {"group": {"group_type": "68d4f4a5-9083-4e75-843e-3b60d32e9001", "volume_types": ["28e9f35f-bc1f-4226-bcfa-47108785fb87"], "name": "tempest-GroupSnapshotsTest-Group-1064099834"}} {{(pid=96224) _process_stack /opt/stack/cinder/cinder/api/openstack/wsgi.py:876}}
Jun 09 22:07:01.938570 np0000002492 devstack@c-api.service[96224]: DEBUG cinder.api.v3.groups [None req-a33d4a3e-b35a-45cb-a19e-7a29da9a41f6 tempest-GroupSnapshotsTest-1251395496 tempest-GroupSnapshotsTest-1251395496-project-member] Creating new group {'group': {'group_type': '68d4f4a5-9083-4e75-843e-3b60d32e9001', 'volume_types': ['28e9f35f-bc1f-4226-bcfa-47108785fb87'], 'name': 'tempest-GroupSnapshotsTest-Group-1064099834'}} {{(pid=96224) create /opt/stack/cinder/cinder/api/v3/groups.py:190}}
Jun 09 22:07:01.940820 np0000002492 devstack@c-api.service[96223]: INFO cinder.api.openstack.wsgi [None req-f6eee60f-c9d2-4165-8a38-cbaa4b10483e tempest-AttachSCSIVolumeTestJSON-1672191299 tempest-AttachSCSIVolumeTestJSON-1672191299-project-member] https://10.4.3.219/volume/v3/volumes/4c7c6db8-5c81-4f4b-836d-e2ae5264b883 returned with HTTP 200
Jun 09 22:07:01.941271 np0000002492 devstack@c-api.service[96223]: [pid: 96223|app: 0|req: 88/184] 10.4.3.219 () {66 vars in 1348 bytes} [Tue Jun 9 22:07:01 2026] GET /volume/v3/volumes/4c7c6db8-5c81-4f4b-836d-e2ae5264b883 => generated 848 bytes in 25 msecs (HTTP/1.1 200) 7 headers in 285 bytes (1 switches on core 0)
Jun 09 22:07:01.944783 np0000002492 devstack@c-api.service[96224]: INFO cinder.api.v3.groups [None req-a33d4a3e-b35a-45cb-a19e-7a29da9a41f6 tempest-GroupSnapshotsTest-1251395496 tempest-GroupSnapshotsTest-1251395496-project-member] Creating group tempest-GroupSnapshotsTest-Group-1064099834.
Jun 09 22:07:01.972918 np0000002492 devstack@c-api.service[96224]: DEBUG cinder.volume.api [None req-a33d4a3e-b35a-45cb-a19e-7a29da9a41f6 tempest-GroupSnapshotsTest-1251395496 tempest-GroupSnapshotsTest-1251395496-project-member] Availability zone cache updated, next update will occur around 2026-06-09 23:07:01.972591. {{(pid=96224) list_availability_zones /opt/stack/cinder/cinder/volume/api.py:155}}
Jun 09 22:07:01.973077 np0000002492 devstack@c-api.service[96224]: INFO cinder.volume.api [None req-a33d4a3e-b35a-45cb-a19e-7a29da9a41f6 tempest-GroupSnapshotsTest-1251395496 tempest-GroupSnapshotsTest-1251395496-project-member] Availability Zones retrieved successfully.
Jun 09 22:07:01.998905 np0000002492 devstack@c-api.service[96224]: DEBUG cinder.quota [None req-a33d4a3e-b35a-45cb-a19e-7a29da9a41f6 tempest-GroupSnapshotsTest-1251395496 tempest-GroupSnapshotsTest-1251395496-project-member] Created reservations ['75d9e3f8-954c-4671-9082-b4e0c43f7ca8'] {{(pid=96224) reserve /opt/stack/cinder/cinder/quota.py:752}}
Jun 09 22:07:02.032170 np0000002492 devstack@c-api.service[96224]: INFO cinder.api.openstack.wsgi [None req-a33d4a3e-b35a-45cb-a19e-7a29da9a41f6 tempest-GroupSnapshotsTest-1251395496 tempest-GroupSnapshotsTest-1251395496-project-member] https://10.4.3.219/volume/v3/groups returned with HTTP 202
Jun 09 22:07:02.032697 np0000002492 devstack@c-api.service[96224]: [pid: 96224|app: 0|req: 97/185] 10.4.3.219 () {70 vars in 1297 bytes} [Tue Jun 9 22:07:01 2026] POST /volume/v3/groups => generated 112 bytes in 361 msecs (HTTP/1.1 202) 7 headers in 292 bytes (1 switches on core 0)
Jun 09 22:07:02.043009 np0000002492 devstack@c-api.service[96223]: DEBUG cinder.api.middleware.request_id [None req-e5c7ee88-de55-46ba-a389-8e93b203ac41 None None] RequestId filter calling following filter/app {{(pid=96223) _context_setter /opt/stack/cinder/cinder/api/middleware/request_id.py:62}}
Jun 09 22:07:02.046882 np0000002492 devstack@c-api.service[96223]: INFO cinder.api.openstack.wsgi [None req-e5c7ee88-de55-46ba-a389-8e93b203ac41 tempest-GroupSnapshotsTest-1251395496 tempest-GroupSnapshotsTest-1251395496-project-member] GET https://10.4.3.219/volume/v3/groups/80f1219e-6f59-4451-8540-96f23e895d91
Jun 09 22:07:02.047938 np0000002492 devstack@c-api.service[96223]: DEBUG cinder.api.openstack.wsgi [None req-e5c7ee88-de55-46ba-a389-8e93b203ac41 tempest-GroupSnapshotsTest-1251395496 tempest-GroupSnapshotsTest-1251395496-project-member] Empty body provided in request {{(pid=96223) get_body /opt/stack/cinder/cinder/api/openstack/wsgi.py:725}}
Jun 09 22:07:02.048573 np0000002492 devstack@c-api.service[96223]: DEBUG cinder.api.openstack.wsgi [None req-e5c7ee88-de55-46ba-a389-8e93b203ac41 tempest-GroupSnapshotsTest-1251395496 tempest-GroupSnapshotsTest-1251395496-project-member] Calling method 'version_select' {{(pid=96223) _process_stack /opt/stack/cinder/cinder/api/openstack/wsgi.py:878}}
Jun 09 22:07:02.049639 np0000002492 devstack@c-api.service[96223]: DEBUG cinder.api.v3.groups [None req-e5c7ee88-de55-46ba-a389-8e93b203ac41 tempest-GroupSnapshotsTest-1251395496 tempest-GroupSnapshotsTest-1251395496-project-member] show called for member 80f1219e-6f59-4451-8540-96f23e895d91 {{(pid=96223) show /opt/stack/cinder/cinder/api/v3/groups.py:58}}
Jun 09 22:07:02.054759 np0000002492 devstack@c-api.service[96223]: /opt/stack/data/venv/lib/python3.12/site-packages/oslo_context/context.py:102: DeprecationWarning: Policy enforcement is depending on the value of is_admin. This key is deprecated. Please update your policy file to use the standard policy values.
Jun 09 22:07:02.054759 np0000002492 devstack@c-api.service[96223]: warnings.warn(
Jun 09 22:07:02.077290 np0000002492 devstack@c-api.service[96223]: INFO cinder.api.openstack.wsgi [None req-e5c7ee88-de55-46ba-a389-8e93b203ac41 tempest-GroupSnapshotsTest-1251395496 tempest-GroupSnapshotsTest-1251395496-project-member] https://10.4.3.219/volume/v3/groups/80f1219e-6f59-4451-8540-96f23e895d91 returned with HTTP 200
Jun 09 22:07:02.077886 np0000002492 devstack@c-api.service[96223]: [pid: 96223|app: 0|req: 89/186] 10.4.3.219 () {68 vars in 1386 bytes} [Tue Jun 9 22:07:02 2026] GET /volume/v3/groups/80f1219e-6f59-4451-8540-96f23e895d91 => generated 392 bytes in 36 msecs (HTTP/1.1 200) 7 headers in 286 bytes (1 switches on core 0)
Jun 09 22:07:02.962352 np0000002492 devstack@c-api.service[96224]: DEBUG cinder.api.middleware.request_id [None req-99c06a50-80b0-45be-a69e-db46d01af2aa None None] RequestId filter calling following filter/app {{(pid=96224) _context_setter /opt/stack/cinder/cinder/api/middleware/request_id.py:62}}
Jun 09 22:07:02.964117 np0000002492 devstack@c-api.service[96224]: INFO cinder.api.openstack.wsgi [None req-99c06a50-80b0-45be-a69e-db46d01af2aa tempest-AttachSCSIVolumeTestJSON-1672191299 tempest-AttachSCSIVolumeTestJSON-1672191299-project-member] GET https://10.4.3.219/volume/v3/volumes/4c7c6db8-5c81-4f4b-836d-e2ae5264b883
Jun 09 22:07:02.964359 np0000002492 devstack@c-api.service[96224]: DEBUG cinder.api.openstack.wsgi [None req-99c06a50-80b0-45be-a69e-db46d01af2aa tempest-AttachSCSIVolumeTestJSON-1672191299 tempest-AttachSCSIVolumeTestJSON-1672191299-project-member] Empty body provided in request {{(pid=96224) get_body /opt/stack/cinder/cinder/api/openstack/wsgi.py:725}}
Jun 09 22:07:02.964573 np0000002492 devstack@c-api.service[96224]: DEBUG cinder.api.openstack.wsgi [None req-99c06a50-80b0-45be-a69e-db46d01af2aa tempest-AttachSCSIVolumeTestJSON-1672191299 tempest-AttachSCSIVolumeTestJSON-1672191299-project-member] Calling method 'show' {{(pid=96224) _process_stack /opt/stack/cinder/cinder/api/openstack/wsgi.py:878}}
Jun 09 22:07:02.978961 np0000002492 devstack@c-api.service[96224]: /opt/stack/data/venv/lib/python3.12/site-packages/oslo_context/context.py:102: DeprecationWarning: Policy enforcement is depending on the value of is_admin. This key is deprecated. Please update your policy file to use the standard policy values.
Jun 09 22:07:02.978961 np0000002492 devstack@c-api.service[96224]: warnings.warn(
Jun 09 22:07:02.982585 np0000002492 devstack@c-api.service[96224]: INFO cinder.volume.api [None req-99c06a50-80b0-45be-a69e-db46d01af2aa tempest-AttachSCSIVolumeTestJSON-1672191299 tempest-AttachSCSIVolumeTestJSON-1672191299-project-member] Volume info retrieved successfully.
Jun 09 22:07:02.987445 np0000002492 devstack@c-api.service[96224]: INFO cinder.api.openstack.wsgi [None req-99c06a50-80b0-45be-a69e-db46d01af2aa tempest-AttachSCSIVolumeTestJSON-1672191299 tempest-AttachSCSIVolumeTestJSON-1672191299-project-member] https://10.4.3.219/volume/v3/volumes/4c7c6db8-5c81-4f4b-836d-e2ae5264b883 returned with HTTP 200
Jun 09 22:07:02.988332 np0000002492 devstack@c-api.service[96224]: [pid: 96224|app: 0|req: 98/187] 10.4.3.219 () {66 vars in 1348 bytes} [Tue Jun 9 22:07:02 2026] GET /volume/v3/volumes/4c7c6db8-5c81-4f4b-836d-e2ae5264b883 => generated 848 bytes in 26 msecs (HTTP/1.1 200) 7 headers in 285 bytes (1 switches on core 0)
Jun 09 22:07:03.089430 np0000002492 devstack@c-api.service[96223]: DEBUG cinder.api.middleware.request_id [None req-920b44cf-0b6a-4f89-9116-988e1f4d9695 None None] RequestId filter calling following filter/app {{(pid=96223) _context_setter /opt/stack/cinder/cinder/api/middleware/request_id.py:62}}
Jun 09 22:07:03.091556 np0000002492 devstack@c-api.service[96223]: INFO cinder.api.openstack.wsgi [None req-920b44cf-0b6a-4f89-9116-988e1f4d9695 tempest-GroupSnapshotsTest-1251395496 tempest-GroupSnapshotsTest-1251395496-project-member] GET https://10.4.3.219/volume/v3/groups/80f1219e-6f59-4451-8540-96f23e895d91
Jun 09 22:07:03.091816 np0000002492 devstack@c-api.service[96223]: DEBUG cinder.api.openstack.wsgi [None req-920b44cf-0b6a-4f89-9116-988e1f4d9695 tempest-GroupSnapshotsTest-1251395496 tempest-GroupSnapshotsTest-1251395496-project-member] Empty body provided in request {{(pid=96223) get_body /opt/stack/cinder/cinder/api/openstack/wsgi.py:725}}
Jun 09 22:07:03.092050 np0000002492 devstack@c-api.service[96223]: DEBUG cinder.api.openstack.wsgi [None req-920b44cf-0b6a-4f89-9116-988e1f4d9695 tempest-GroupSnapshotsTest-1251395496 tempest-GroupSnapshotsTest-1251395496-project-member] Calling method 'version_select' {{(pid=96223) _process_stack /opt/stack/cinder/cinder/api/openstack/wsgi.py:878}}
Jun 09 22:07:03.092230 np0000002492 devstack@c-api.service[96223]: DEBUG cinder.api.v3.groups [None req-920b44cf-0b6a-4f89-9116-988e1f4d9695 tempest-GroupSnapshotsTest-1251395496 tempest-GroupSnapshotsTest-1251395496-project-member] show called for member 80f1219e-6f59-4451-8540-96f23e895d91 {{(pid=96223) show /opt/stack/cinder/cinder/api/v3/groups.py:58}}
Jun 09 22:07:03.097044 np0000002492 devstack@c-api.service[96223]: /opt/stack/data/venv/lib/python3.12/site-packages/oslo_context/context.py:102: DeprecationWarning: Policy enforcement is depending on the value of is_admin. This key is deprecated. Please update your policy file to use the standard policy values.
Jun 09 22:07:03.097044 np0000002492 devstack@c-api.service[96223]: warnings.warn(
Jun 09 22:07:03.107443 np0000002492 devstack@c-api.service[96223]: INFO cinder.api.openstack.wsgi [None req-920b44cf-0b6a-4f89-9116-988e1f4d9695 tempest-GroupSnapshotsTest-1251395496 tempest-GroupSnapshotsTest-1251395496-project-member] https://10.4.3.219/volume/v3/groups/80f1219e-6f59-4451-8540-96f23e895d91 returned with HTTP 200
Jun 09 22:07:03.107919 np0000002492 devstack@c-api.service[96223]: [pid: 96223|app: 0|req: 90/188] 10.4.3.219 () {68 vars in 1386 bytes} [Tue Jun 9 22:07:03 2026] GET /volume/v3/groups/80f1219e-6f59-4451-8540-96f23e895d91 => generated 393 bytes in 19 msecs (HTTP/1.1 200) 7 headers in 286 bytes (1 switches on core 0)
Jun 09 22:07:03.119777 np0000002492 devstack@c-api.service[96224]: DEBUG cinder.api.middleware.request_id [None req-d7f424b3-c26e-4623-bd1f-ede8c993dd79 None None] RequestId filter calling following filter/app {{(pid=96224) _context_setter /opt/stack/cinder/cinder/api/middleware/request_id.py:62}}
Jun 09 22:07:03.121578 np0000002492 devstack@c-api.service[96224]: INFO cinder.api.openstack.wsgi [None req-d7f424b3-c26e-4623-bd1f-ede8c993dd79 tempest-GroupSnapshotsTest-1251395496 tempest-GroupSnapshotsTest-1251395496-project-member] POST https://10.4.3.219/volume/v3/volumes
Jun 09 22:07:03.121997 np0000002492 devstack@c-api.service[96224]: DEBUG cinder.api.openstack.wsgi [None req-d7f424b3-c26e-4623-bd1f-ede8c993dd79 tempest-GroupSnapshotsTest-1251395496 tempest-GroupSnapshotsTest-1251395496-project-member] Action: 'create', calling method: create, body: {"volume": {"name": "tempest-volume-923028820", "volume_type": "28e9f35f-bc1f-4226-bcfa-47108785fb87", "group_id": "80f1219e-6f59-4451-8540-96f23e895d91", "size": 1}} {{(pid=96224) _process_stack /opt/stack/cinder/cinder/api/openstack/wsgi.py:876}}
Jun 09 22:07:03.123598 np0000002492 devstack@c-api.service[96224]: DEBUG cinder.api.v3.volumes [None req-d7f424b3-c26e-4623-bd1f-ede8c993dd79 tempest-GroupSnapshotsTest-1251395496 tempest-GroupSnapshotsTest-1251395496-project-member] Create volume request body: {'volume': {'name': 'tempest-volume-923028820', 'volume_type': '28e9f35f-bc1f-4226-bcfa-47108785fb87', 'group_id': '80f1219e-6f59-4451-8540-96f23e895d91', 'size': 1}} {{(pid=96224) create /opt/stack/cinder/cinder/api/v3/volumes.py:368}}
Jun 09 22:07:03.131152 np0000002492 devstack@c-api.service[96224]: /opt/stack/data/venv/lib/python3.12/site-packages/oslo_context/context.py:102: DeprecationWarning: Policy enforcement is depending on the value of is_admin. This key is deprecated. Please update your policy file to use the standard policy values.
Jun 09 22:07:03.131152 np0000002492 devstack@c-api.service[96224]: warnings.warn(
Jun 09 22:07:03.131735 np0000002492 devstack@c-api.service[96224]: INFO cinder.api.v3.volumes [None req-d7f424b3-c26e-4623-bd1f-ede8c993dd79 tempest-GroupSnapshotsTest-1251395496 tempest-GroupSnapshotsTest-1251395496-project-member] Create volume of 1 GB
Jun 09 22:07:03.144980 np0000002492 devstack@c-api.service[96224]: INFO cinder.volume.api [None req-d7f424b3-c26e-4623-bd1f-ede8c993dd79 tempest-GroupSnapshotsTest-1251395496 tempest-GroupSnapshotsTest-1251395496-project-member] Availability Zones retrieved successfully.
Jun 09 22:07:03.151197 np0000002492 devstack@c-api.service[96224]: DEBUG cinder.volume.api [None req-d7f424b3-c26e-4623-bd1f-ede8c993dd79 tempest-GroupSnapshotsTest-1251395496 tempest-GroupSnapshotsTest-1251395496-project-member] Flow 'volume_create_api' (0cc7673f-cf01-4a85-9a7d-c8d4ab75889e) transitioned into state 'RUNNING' from state 'PENDING' {{(pid=96224) _flow_receiver /opt/stack/data/venv/lib/python3.12/site-packages/taskflow/listeners/logging.py:160}}
Jun 09 22:07:03.152293 np0000002492 devstack@c-api.service[96224]: DEBUG cinder.volume.api [None req-d7f424b3-c26e-4623-bd1f-ede8c993dd79 tempest-GroupSnapshotsTest-1251395496 tempest-GroupSnapshotsTest-1251395496-project-member] Task 'cinder.volume.flows.api.create_volume.ExtractVolumeRequestTask;volume:create' (ee6a1d28-bb87-419c-9428-d191d17a0569) transitioned into state 'RUNNING' from state 'PENDING' {{(pid=96224) _task_receiver /opt/stack/data/venv/lib/python3.12/site-packages/taskflow/listeners/logging.py:242}}
Jun 09 22:07:03.152662 np0000002492 devstack@c-api.service[96224]: /opt/stack/data/venv/lib/python3.12/site-packages/oslo_context/context.py:102: DeprecationWarning: Policy enforcement is depending on the value of is_admin. This key is deprecated. Please update your policy file to use the standard policy values.
Jun 09 22:07:03.152662 np0000002492 devstack@c-api.service[96224]: warnings.warn(
Jun 09 22:07:03.153121 np0000002492 devstack@c-api.service[96224]: DEBUG cinder.volume.flows.api.create_volume [None req-d7f424b3-c26e-4623-bd1f-ede8c993dd79 tempest-GroupSnapshotsTest-1251395496 tempest-GroupSnapshotsTest-1251395496-project-member] Validating volume size '1' using validate_int {{(pid=96224) _extract_size /opt/stack/cinder/cinder/volume/flows/api/create_volume.py:226}}
Jun 09 22:07:03.174294 np0000002492 devstack@c-api.service[96224]: DEBUG cinder.volume.api [None req-d7f424b3-c26e-4623-bd1f-ede8c993dd79 tempest-GroupSnapshotsTest-1251395496 tempest-GroupSnapshotsTest-1251395496-project-member] Task 'cinder.volume.flows.api.create_volume.ExtractVolumeRequestTask;volume:create' (ee6a1d28-bb87-419c-9428-d191d17a0569) transitioned into state 'SUCCESS' from state 'RUNNING' with result '{'size': 1, 'snapshot_id': None, 'source_volid': None, 'volume_type': VolumeType(created_at=2026-06-09T22:07:02Z,deleted=False,deleted_at=None,description=None,extra_specs={},id=28e9f35f-bc1f-4226-bcfa-47108785fb87,is_public=True,name='tempest-GroupSnapshotsTest-volume-type-900588714',projects=[],qos_specs=,qos_specs_id=None,updated_at=None), 'volume_type_id': '28e9f35f-bc1f-4226-bcfa-47108785fb87', 'encryption_key_id': None, 'qos_specs': None, 'consistencygroup_id': None, 'cgsnapshot_id': None, 'group_id': '80f1219e-6f59-4451-8540-96f23e895d91', 'replication_status': 'disabled', 'refresh_az': False, 'backup_id': None, 'multiattach': False, 'availability_zones': ['nova']}' {{(pid=96224) _task_receiver /opt/stack/data/venv/lib/python3.12/site-packages/taskflow/listeners/logging.py:218}}
Jun 09 22:07:03.174294 np0000002492 devstack@c-api.service[96224]: DEBUG cinder.volume.api [None req-d7f424b3-c26e-4623-bd1f-ede8c993dd79 tempest-GroupSnapshotsTest-1251395496 tempest-GroupSnapshotsTest-1251395496-project-member] Task 'cinder.volume.flows.api.create_volume.QuotaReserveTask;volume:create' (0d70b483-f9cd-4094-b63d-d9962a0f8c8e) transitioned into state 'RUNNING' from state 'PENDING' {{(pid=96224) _task_receiver /opt/stack/data/venv/lib/python3.12/site-packages/taskflow/listeners/logging.py:242}}
Jun 09 22:07:03.195510 np0000002492 devstack@c-api.service[96224]: WARNING cinder.quota [None req-d7f424b3-c26e-4623-bd1f-ede8c993dd79 tempest-GroupSnapshotsTest-1251395496 tempest-GroupSnapshotsTest-1251395496-project-member] Deprecated: Default quota for resource: volumes_tempest-GroupSnapshotsTest-volume-type-900588714 is set by the default quota flag: quota_volumes_tempest-GroupSnapshotsTest-volume-type-900588714, it is now deprecated. Please use the default quota class for default quota.
Jun 09 22:07:03.195809 np0000002492 devstack@c-api.service[96224]: WARNING cinder.quota [None req-d7f424b3-c26e-4623-bd1f-ede8c993dd79 tempest-GroupSnapshotsTest-1251395496 tempest-GroupSnapshotsTest-1251395496-project-member] Deprecated: Default quota for resource: gigabytes_tempest-GroupSnapshotsTest-volume-type-900588714 is set by the default quota flag: quota_gigabytes_tempest-GroupSnapshotsTest-volume-type-900588714, it is now deprecated. Please use the default quota class for default quota.
Jun 09 22:07:03.226029 np0000002492 devstack@c-api.service[96224]: DEBUG cinder.quota [None req-d7f424b3-c26e-4623-bd1f-ede8c993dd79 tempest-GroupSnapshotsTest-1251395496 tempest-GroupSnapshotsTest-1251395496-project-member] Created reservations ['49b2fb70-653b-410b-80c3-f1a6832d8f2b', '1d73bf0f-2f76-4cbe-bd49-a9741091512a', '96be8b42-68b7-45c7-a498-ff6df4e6baf6', 'e174f351-e598-46d8-9bd8-cee4599e8b90'] {{(pid=96224) reserve /opt/stack/cinder/cinder/quota.py:752}}
Jun 09 22:07:03.226874 np0000002492 devstack@c-api.service[96224]: DEBUG cinder.volume.api [None req-d7f424b3-c26e-4623-bd1f-ede8c993dd79 tempest-GroupSnapshotsTest-1251395496 tempest-GroupSnapshotsTest-1251395496-project-member] Task 'cinder.volume.flows.api.create_volume.QuotaReserveTask;volume:create' (0d70b483-f9cd-4094-b63d-d9962a0f8c8e) transitioned into state 'SUCCESS' from state 'RUNNING' with result '{'reservations': ['49b2fb70-653b-410b-80c3-f1a6832d8f2b', '1d73bf0f-2f76-4cbe-bd49-a9741091512a', '96be8b42-68b7-45c7-a498-ff6df4e6baf6', 'e174f351-e598-46d8-9bd8-cee4599e8b90']}' {{(pid=96224) _task_receiver /opt/stack/data/venv/lib/python3.12/site-packages/taskflow/listeners/logging.py:218}}
Jun 09 22:07:03.227643 np0000002492 devstack@c-api.service[96224]: DEBUG cinder.volume.api [None req-d7f424b3-c26e-4623-bd1f-ede8c993dd79 tempest-GroupSnapshotsTest-1251395496 tempest-GroupSnapshotsTest-1251395496-project-member] Task 'cinder.volume.flows.api.create_volume.EntryCreateTask;volume:create' (6c28e3f6-b7bf-43a0-8243-ecb1228919c3) transitioned into state 'RUNNING' from state 'PENDING' {{(pid=96224) _task_receiver /opt/stack/data/venv/lib/python3.12/site-packages/taskflow/listeners/logging.py:242}}
Jun 09 22:07:03.243674 np0000002492 devstack@c-api.service[96224]: DEBUG cinder.volume.api [None req-d7f424b3-c26e-4623-bd1f-ede8c993dd79 tempest-GroupSnapshotsTest-1251395496 tempest-GroupSnapshotsTest-1251395496-project-member] Task 'cinder.volume.flows.api.create_volume.EntryCreateTask;volume:create' (6c28e3f6-b7bf-43a0-8243-ecb1228919c3) transitioned into state 'SUCCESS' from state 'RUNNING' with result '{'volume_id': '47c23326-7421-4563-8343-1bfb67b962db', 'volume_properties': VolumeProperties(attach_status='detached',availability_zone='nova',cgsnapshot_id=None,consistencygroup_id=None,display_description=None,display_name='tempest-volume-923028820',encryption_key_id=None,group_id=80f1219e-6f59-4451-8540-96f23e895d91,group_type_id=,metadata={},multiattach=False,project_id='9963a5eb3a0645f1ad519628777129dd',qos_specs=None,replication_status=,reservations=['49b2fb70-653b-410b-80c3-f1a6832d8f2b','1d73bf0f-2f76-4cbe-bd49-a9741091512a','96be8b42-68b7-45c7-a498-ff6df4e6baf6','e174f351-e598-46d8-9bd8-cee4599e8b90'],size=1,snapshot_id=None,source_replicaid=,source_volid=None,status='creating',user_id='747e4a3f57c84ca68a70834a65f63a07',volume_type_id=28e9f35f-bc1f-4226-bcfa-47108785fb87), 'volume': Volume(_name_id=None,admin_metadata=,attach_status='detached',availability_zone='nova',bootable=False,cluster=,cluster_name=None,consistencygroup=,consistencygroup_id=None,created_at=2026-06-09T22:07:03Z,deleted=False,deleted_at=None,display_description=None,display_name='tempest-volume-923028820',ec2_id=None,encryption_key_id=None,glance_metadata=,group=,group_id=80f1219e-6f59-4451-8540-96f23e895d91,host=None,id=47c23326-7421-4563-8343-1bfb67b962db,launched_at=None,metadata={},migration_status=None,multiattach=False,previous_status=None,project_id='9963a5eb3a0645f1ad519628777129dd',provider_auth=None,provider_geometry=None,provider_id=None,provider_location=None,replication_driver_data=None,replication_extended_status=None,replication_status=None,scheduled_at=None,service_uuid=None,shared_targets=True,size=1,snapshot_id=None,snapshots=,source_volid=None,status='creating',terminated_at=None,updated_at=None,use_quota=True,user_id='747e4a3f57c84ca68a70834a65f63a07',volume_attachment=VolumeAttachmentList,volume_type=VolumeType(28e9f35f-bc1f-4226-bcfa-47108785fb87),volume_type_id=28e9f35f-bc1f-4226-bcfa-47108785fb87)}' {{(pid=96224) _task_receiver /opt/stack/data/venv/lib/python3.12/site-packages/taskflow/listeners/logging.py:218}}
Jun 09 22:07:03.244459 np0000002492 devstack@c-api.service[96224]: DEBUG cinder.volume.api [None req-d7f424b3-c26e-4623-bd1f-ede8c993dd79 tempest-GroupSnapshotsTest-1251395496 tempest-GroupSnapshotsTest-1251395496-project-member] Task 'cinder.volume.flows.api.create_volume.QuotaCommitTask;volume:create' (d08986be-3c0e-47ea-bf9d-489f398ac3fa) transitioned into state 'RUNNING' from state 'PENDING' {{(pid=96224) _task_receiver /opt/stack/data/venv/lib/python3.12/site-packages/taskflow/listeners/logging.py:242}}
Jun 09 22:07:03.262607 np0000002492 devstack@c-api.service[96224]: DEBUG cinder.volume.api [None req-d7f424b3-c26e-4623-bd1f-ede8c993dd79 tempest-GroupSnapshotsTest-1251395496 tempest-GroupSnapshotsTest-1251395496-project-member] Task 'cinder.volume.flows.api.create_volume.QuotaCommitTask;volume:create' (d08986be-3c0e-47ea-bf9d-489f398ac3fa) transitioned into state 'SUCCESS' from state 'RUNNING' with result '{'volume_properties': VolumeProperties(attach_status='detached',availability_zone='nova',cgsnapshot_id=None,consistencygroup_id=None,display_description=None,display_name='tempest-volume-923028820',encryption_key_id=None,group_id=80f1219e-6f59-4451-8540-96f23e895d91,group_type_id=,metadata={},multiattach=False,project_id='9963a5eb3a0645f1ad519628777129dd',qos_specs=None,replication_status=,reservations=['49b2fb70-653b-410b-80c3-f1a6832d8f2b','1d73bf0f-2f76-4cbe-bd49-a9741091512a','96be8b42-68b7-45c7-a498-ff6df4e6baf6','e174f351-e598-46d8-9bd8-cee4599e8b90'],size=1,snapshot_id=None,source_replicaid=,source_volid=None,status='creating',user_id='747e4a3f57c84ca68a70834a65f63a07',volume_type_id=28e9f35f-bc1f-4226-bcfa-47108785fb87)}' {{(pid=96224) _task_receiver /opt/stack/data/venv/lib/python3.12/site-packages/taskflow/listeners/logging.py:218}}
Jun 09 22:07:03.263339 np0000002492 devstack@c-api.service[96224]: DEBUG cinder.volume.api [None req-d7f424b3-c26e-4623-bd1f-ede8c993dd79 tempest-GroupSnapshotsTest-1251395496 tempest-GroupSnapshotsTest-1251395496-project-member] Task 'cinder.volume.flows.api.create_volume.VolumeCastTask;volume:create' (ae5a25db-709d-4cd3-b7c5-d9427d787da7) transitioned into state 'RUNNING' from state 'PENDING' {{(pid=96224) _task_receiver /opt/stack/data/venv/lib/python3.12/site-packages/taskflow/listeners/logging.py:242}}
Jun 09 22:07:03.276541 np0000002492 devstack@c-api.service[96224]: DEBUG cinder.volume.api [None req-d7f424b3-c26e-4623-bd1f-ede8c993dd79 tempest-GroupSnapshotsTest-1251395496 tempest-GroupSnapshotsTest-1251395496-project-member] Task 'cinder.volume.flows.api.create_volume.VolumeCastTask;volume:create' (ae5a25db-709d-4cd3-b7c5-d9427d787da7) transitioned into state 'SUCCESS' from state 'RUNNING' with result 'None' {{(pid=96224) _task_receiver /opt/stack/data/venv/lib/python3.12/site-packages/taskflow/listeners/logging.py:218}}
Jun 09 22:07:03.277408 np0000002492 devstack@c-api.service[96224]: DEBUG cinder.volume.api [None req-d7f424b3-c26e-4623-bd1f-ede8c993dd79 tempest-GroupSnapshotsTest-1251395496 tempest-GroupSnapshotsTest-1251395496-project-member] Flow 'volume_create_api' (0cc7673f-cf01-4a85-9a7d-c8d4ab75889e) transitioned into state 'SUCCESS' from state 'RUNNING' {{(pid=96224) _flow_receiver /opt/stack/data/venv/lib/python3.12/site-packages/taskflow/listeners/logging.py:160}}
Jun 09 22:07:03.277738 np0000002492 devstack@c-api.service[96224]: INFO cinder.volume.api [None req-d7f424b3-c26e-4623-bd1f-ede8c993dd79 tempest-GroupSnapshotsTest-1251395496 tempest-GroupSnapshotsTest-1251395496-project-member] Create volume request issued successfully.
Jun 09 22:07:03.278372 np0000002492 devstack@c-api.service[96224]: WARNING stevedore.named [None req-d7f424b3-c26e-4623-bd1f-ede8c993dd79 tempest-GroupSnapshotsTest-1251395496 tempest-GroupSnapshotsTest-1251395496-project-member] Could not load cinder.keymgr.conf_key_mgr.ConfKeyManager
Jun 09 22:07:03.278538 np0000002492 devstack@c-api.service[96224]: WARNING castellan.key_manager [None req-d7f424b3-c26e-4623-bd1f-ede8c993dd79 tempest-GroupSnapshotsTest-1251395496 tempest-GroupSnapshotsTest-1251395496-project-member] Deprecation Warning : cinder.keymgr.conf_key_mgr.ConfKeyManager is not a stevedore based driver, trying to load it as a class: stevedore.exception.NoMatches: No 'castellan.drivers' driver found, looking for 'cinder.keymgr.conf_key_mgr.ConfKeyManager'
Jun 09 22:07:03.318886 np0000002492 devstack@c-api.service[96224]: DEBUG oslo_db.sqlalchemy.engines [None req-d7f424b3-c26e-4623-bd1f-ede8c993dd79 tempest-GroupSnapshotsTest-1251395496 tempest-GroupSnapshotsTest-1251395496-project-member] MySQL server mode set to STRICT_TRANS_TABLES,STRICT_ALL_TABLES,NO_ZERO_IN_DATE,NO_ZERO_DATE,ERROR_FOR_DIVISION_BY_ZERO,TRADITIONAL,NO_ENGINE_SUBSTITUTION {{(pid=96224) _check_effective_sql_mode /opt/stack/data/venv/lib/python3.12/site-packages/oslo_db/sqlalchemy/engines.py:325}}
Jun 09 22:07:03.322125 np0000002492 devstack@c-api.service[96224]: /opt/stack/data/venv/lib/python3.12/site-packages/oslo_context/context.py:102: DeprecationWarning: Policy enforcement is depending on the value of is_admin. This key is deprecated. Please update your policy file to use the standard policy values.
Jun 09 22:07:03.322125 np0000002492 devstack@c-api.service[96224]: warnings.warn(
Jun 09 22:07:03.326034 np0000002492 devstack@c-api.service[96224]: INFO cinder.api.openstack.wsgi [None req-d7f424b3-c26e-4623-bd1f-ede8c993dd79 tempest-GroupSnapshotsTest-1251395496 tempest-GroupSnapshotsTest-1251395496-project-member] https://10.4.3.219/volume/v3/volumes returned with HTTP 202
Jun 09 22:07:03.327846 np0000002492 devstack@c-api.service[96224]: [pid: 96224|app: 0|req: 99/189] 10.4.3.219 () {70 vars in 1300 bytes} [Tue Jun 9 22:07:03 2026] POST /volume/v3/volumes => generated 821 bytes in 208 msecs (HTTP/1.1 202) 7 headers in 292 bytes (1 switches on core 0)
Jun 09 22:07:03.342242 np0000002492 devstack@c-api.service[96223]: DEBUG cinder.api.middleware.request_id [None req-baa65170-fdb5-4746-84cd-12863e8ec32f None None] RequestId filter calling following filter/app {{(pid=96223) _context_setter /opt/stack/cinder/cinder/api/middleware/request_id.py:62}}
Jun 09 22:07:03.342242 np0000002492 devstack@c-api.service[96223]: INFO cinder.api.openstack.wsgi [None req-baa65170-fdb5-4746-84cd-12863e8ec32f tempest-GroupSnapshotsTest-1251395496 tempest-GroupSnapshotsTest-1251395496-project-member] GET https://10.4.3.219/volume/v3/volumes/47c23326-7421-4563-8343-1bfb67b962db
Jun 09 22:07:03.342242 np0000002492 devstack@c-api.service[96223]: DEBUG cinder.api.openstack.wsgi [None req-baa65170-fdb5-4746-84cd-12863e8ec32f tempest-GroupSnapshotsTest-1251395496 tempest-GroupSnapshotsTest-1251395496-project-member] Empty body provided in request {{(pid=96223) get_body /opt/stack/cinder/cinder/api/openstack/wsgi.py:725}}
Jun 09 22:07:03.342242 np0000002492 devstack@c-api.service[96223]: DEBUG cinder.api.openstack.wsgi [None req-baa65170-fdb5-4746-84cd-12863e8ec32f tempest-GroupSnapshotsTest-1251395496 tempest-GroupSnapshotsTest-1251395496-project-member] Calling method 'show' {{(pid=96223) _process_stack /opt/stack/cinder/cinder/api/openstack/wsgi.py:878}}
Jun 09 22:07:03.348711 np0000002492 devstack@c-api.service[96223]: /opt/stack/data/venv/lib/python3.12/site-packages/oslo_context/context.py:102: DeprecationWarning: Policy enforcement is depending on the value of is_admin. This key is deprecated. Please update your policy file to use the standard policy values.
Jun 09 22:07:03.348711 np0000002492 devstack@c-api.service[96223]: warnings.warn(
Jun 09 22:07:03.352227 np0000002492 devstack@c-api.service[96223]: INFO cinder.volume.api [None req-baa65170-fdb5-4746-84cd-12863e8ec32f tempest-GroupSnapshotsTest-1251395496 tempest-GroupSnapshotsTest-1251395496-project-member] Volume info retrieved successfully.
Jun 09 22:07:03.352833 np0000002492 devstack@c-api.service[96223]: WARNING stevedore.named [None req-baa65170-fdb5-4746-84cd-12863e8ec32f tempest-GroupSnapshotsTest-1251395496 tempest-GroupSnapshotsTest-1251395496-project-member] Could not load cinder.keymgr.conf_key_mgr.ConfKeyManager
Jun 09 22:07:03.353902 np0000002492 devstack@c-api.service[96223]: WARNING castellan.key_manager [None req-baa65170-fdb5-4746-84cd-12863e8ec32f tempest-GroupSnapshotsTest-1251395496 tempest-GroupSnapshotsTest-1251395496-project-member] Deprecation Warning : cinder.keymgr.conf_key_mgr.ConfKeyManager is not a stevedore based driver, trying to load it as a class: stevedore.exception.NoMatches: No 'castellan.drivers' driver found, looking for 'cinder.keymgr.conf_key_mgr.ConfKeyManager'
Jun 09 22:07:03.394161 np0000002492 devstack@c-api.service[96223]: DEBUG oslo_db.sqlalchemy.engines [None req-baa65170-fdb5-4746-84cd-12863e8ec32f tempest-GroupSnapshotsTest-1251395496 tempest-GroupSnapshotsTest-1251395496-project-member] MySQL server mode set to STRICT_TRANS_TABLES,STRICT_ALL_TABLES,NO_ZERO_IN_DATE,NO_ZERO_DATE,ERROR_FOR_DIVISION_BY_ZERO,TRADITIONAL,NO_ENGINE_SUBSTITUTION {{(pid=96223) _check_effective_sql_mode /opt/stack/data/venv/lib/python3.12/site-packages/oslo_db/sqlalchemy/engines.py:325}}
Jun 09 22:07:03.398789 np0000002492 devstack@c-api.service[96223]: /opt/stack/data/venv/lib/python3.12/site-packages/oslo_context/context.py:102: DeprecationWarning: Policy enforcement is depending on the value of is_admin. This key is deprecated. Please update your policy file to use the standard policy values.
Jun 09 22:07:03.398789 np0000002492 devstack@c-api.service[96223]: warnings.warn(
Jun 09 22:07:03.406312 np0000002492 devstack@c-api.service[96223]: INFO cinder.api.openstack.wsgi [None req-baa65170-fdb5-4746-84cd-12863e8ec32f tempest-GroupSnapshotsTest-1251395496 tempest-GroupSnapshotsTest-1251395496-project-member] https://10.4.3.219/volume/v3/volumes/47c23326-7421-4563-8343-1bfb67b962db returned with HTTP 200
Jun 09 22:07:03.406710 np0000002492 devstack@c-api.service[96223]: [pid: 96223|app: 0|req: 91/190] 10.4.3.219 () {68 vars in 1389 bytes} [Tue Jun 9 22:07:03 2026] GET /volume/v3/volumes/47c23326-7421-4563-8343-1bfb67b962db => generated 889 bytes in 68 msecs (HTTP/1.1 200) 7 headers in 286 bytes (1 switches on core 0)
Jun 09 22:07:03.436800 np0000002492 devstack@c-api.service[96224]: DEBUG cinder.api.middleware.request_id [None req-0392a0b0-b37a-49c0-b193-8a6f324e4cb6 None None] RequestId filter calling following filter/app {{(pid=96224) _context_setter /opt/stack/cinder/cinder/api/middleware/request_id.py:62}}
Jun 09 22:07:03.437376 np0000002492 devstack@c-api.service[96224]: INFO cinder.api.openstack.wsgi [None req-0392a0b0-b37a-49c0-b193-8a6f324e4cb6 None None] GET https://10.4.3.219/volume//
Jun 09 22:07:03.437552 np0000002492 devstack@c-api.service[96224]: DEBUG cinder.api.openstack.wsgi [None req-0392a0b0-b37a-49c0-b193-8a6f324e4cb6 None None] Empty body provided in request {{(pid=96224) get_body /opt/stack/cinder/cinder/api/openstack/wsgi.py:725}}
Jun 09 22:07:03.437741 np0000002492 devstack@c-api.service[96224]: DEBUG cinder.api.openstack.wsgi [None req-0392a0b0-b37a-49c0-b193-8a6f324e4cb6 None None] Calling method 'all' {{(pid=96224) _process_stack /opt/stack/cinder/cinder/api/openstack/wsgi.py:878}}
Jun 09 22:07:03.438100 np0000002492 devstack@c-api.service[96224]: INFO cinder.api.openstack.wsgi [None req-0392a0b0-b37a-49c0-b193-8a6f324e4cb6 None None] https://10.4.3.219/volume// returned with HTTP 300
Jun 09 22:07:03.438429 np0000002492 devstack@c-api.service[96224]: [pid: 96224|app: 0|req: 100/191] 10.4.3.219 () {66 vars in 1426 bytes} [Tue Jun 9 22:07:03 2026] GET /volume/ => generated 386 bytes in 2 msecs (HTTP/1.1 300) 7 headers in 299 bytes (1 switches on core 0)
Jun 09 22:07:03.448267 np0000002492 devstack@c-api.service[96223]: DEBUG cinder.api.middleware.request_id [req-4e421a1e-c25a-49e8-957e-c5e2618dd03e req-db3636d7-6892-4de8-9772-c4e4f4e69a90 None None] RequestId filter calling following filter/app {{(pid=96223) _context_setter /opt/stack/cinder/cinder/api/middleware/request_id.py:62}}
