Jul 09 14:21:26.631930 np0000004901 systemd[1]: Starting devstack@n-api.service - Devstack devstack@n-api.service...
Jul 09 14:21:26.637377 np0000004901 devstack@n-api.service[84082]: [uWSGI] getting INI configuration from /etc/nova/nova-api-uwsgi.ini
Jul 09 14:21:26.639669 np0000004901 devstack@n-api.service[84082]: *** Starting uWSGI 2.0.24-debian (64bit) on [Thu Jul 9 14:21:26 2026] ***
Jul 09 14:21:26.639669 np0000004901 devstack@n-api.service[84082]: compiled with version: 13.2.0 on 17 April 2024 16:23:48
Jul 09 14:21:26.639669 np0000004901 devstack@n-api.service[84082]: os: Linux-6.8.0-134-generic #134-Ubuntu SMP PREEMPT_DYNAMIC Fri Jun 26 18:43:11 UTC 2026
Jul 09 14:21:26.639669 np0000004901 devstack@n-api.service[84082]: nodename: np0000004901
Jul 09 14:21:26.639669 np0000004901 devstack@n-api.service[84082]: machine: x86_64
Jul 09 14:21:26.639669 np0000004901 devstack@n-api.service[84082]: clock source: unix
Jul 09 14:21:26.639669 np0000004901 devstack@n-api.service[84082]: pcre jit disabled
Jul 09 14:21:26.639669 np0000004901 devstack@n-api.service[84082]: detected number of CPU cores: 16
Jul 09 14:21:26.639669 np0000004901 devstack@n-api.service[84082]: current working directory: /
Jul 09 14:21:26.639669 np0000004901 devstack@n-api.service[84082]: detected binary path: /usr/bin/uwsgi-core
Jul 09 14:21:26.639669 np0000004901 devstack@n-api.service[84082]: your processes number limit is 252954
Jul 09 14:21:26.639669 np0000004901 devstack@n-api.service[84082]: your memory page size is 4096 bytes
Jul 09 14:21:26.640076 np0000004901 devstack@n-api.service[84082]: detected max file descriptor number: 2048
Jul 09 14:21:26.640076 np0000004901 devstack@n-api.service[84082]: lock engine: pthread robust mutexes
Jul 09 14:21:26.640076 np0000004901 devstack@n-api.service[84082]: thunder lock: enabled
Jul 09 14:21:26.640076 np0000004901 devstack@n-api.service[84082]: uwsgi socket 0 bound to UNIX address /var/run/uwsgi/nova-api.socket fd 4
Jul 09 14:21:26.640076 np0000004901 devstack@n-api.service[84082]: Python version: 3.12.3 (main, Jun 19 2026, 12:46:00) [GCC 13.3.0]
Jul 09 14:21:26.640076 np0000004901 devstack@n-api.service[84082]: PEP 405 virtualenv detected: /opt/stack/data/venv
Jul 09 14:21:26.640076 np0000004901 devstack@n-api.service[84082]: Set PythonHome to /opt/stack/data/venv
Jul 09 14:21:26.671403 np0000004901 devstack@n-api.service[84082]: Python main interpreter initialized at 0x7fc6f34a4668
Jul 09 14:21:26.671403 np0000004901 devstack@n-api.service[84082]: python threads support enabled
Jul 09 14:21:26.671403 np0000004901 devstack@n-api.service[84082]: your server socket listen backlog is limited to 100 connections
Jul 09 14:21:26.671403 np0000004901 devstack@n-api.service[84082]: your mercy for graceful operations on workers is 80 seconds
Jul 09 14:21:26.671906 np0000004901 devstack@n-api.service[84082]: mapped 537436 bytes (524 KB) for 3 cores
Jul 09 14:21:26.672015 np0000004901 devstack@n-api.service[84082]: *** Operational MODE: preforking ***
Jul 09 14:21:26.672194 np0000004901 devstack@n-api.service[84082]: *** uWSGI is running in multiple interpreter mode ***
Jul 09 14:21:26.672194 np0000004901 devstack@n-api.service[84082]: spawned uWSGI master process (pid: 84082)
Jul 09 14:21:26.672352 np0000004901 systemd[1]: Started devstack@n-api.service - Devstack devstack@n-api.service.
Jul 09 14:21:26.672763 np0000004901 devstack@n-api.service[84082]: spawned uWSGI worker 1 (pid: 84083, cores: 1)
Jul 09 14:21:26.673186 np0000004901 devstack@n-api.service[84082]: spawned uWSGI worker 2 (pid: 84084, cores: 1)
Jul 09 14:21:26.673691 np0000004901 devstack@n-api.service[84082]: spawned uWSGI worker 3 (pid: 84085, cores: 1)
Jul 09 14:21:26.673769 np0000004901 devstack@n-api.service[84082]: running "unix_signal:15 gracefully_kill_them_all" (master-start)...
Jul 09 14:21:28.236772 np0000004901 devstack@n-api.service[84084]: INFO dbcounter [None req-1ccee079-270d-47b1-979e-08d1721ead52 None None] Registered counter for database nova_api
Jul 09 14:21:28.255852 np0000004901 devstack@n-api.service[84083]: INFO dbcounter [None req-151786d2-2e65-4bd0-b9c4-d04a7e28afc9 None None] Registered counter for database nova_api
Jul 09 14:21:28.275200 np0000004901 devstack@n-api.service[84084]: DEBUG oslo_db.sqlalchemy.engines [None req-1ccee079-270d-47b1-979e-08d1721ead52 None None] MySQL server mode set to STRICT_TRANS_TABLES,STRICT_ALL_TABLES,NO_ZERO_IN_DATE,NO_ZERO_DATE,ERROR_FOR_DIVISION_BY_ZERO,TRADITIONAL,NO_ENGINE_SUBSTITUTION {{(pid=84084) _check_effective_sql_mode /opt/stack/data/venv/lib/python3.12/site-packages/oslo_db/sqlalchemy/engines.py:325}}
Jul 09 14:21:28.291207 np0000004901 devstack@n-api.service[84083]: DEBUG oslo_db.sqlalchemy.engines [None req-151786d2-2e65-4bd0-b9c4-d04a7e28afc9 None None] MySQL server mode set to STRICT_TRANS_TABLES,STRICT_ALL_TABLES,NO_ZERO_IN_DATE,NO_ZERO_DATE,ERROR_FOR_DIVISION_BY_ZERO,TRADITIONAL,NO_ENGINE_SUBSTITUTION {{(pid=84083) _check_effective_sql_mode /opt/stack/data/venv/lib/python3.12/site-packages/oslo_db/sqlalchemy/engines.py:325}}
Jul 09 14:21:28.306090 np0000004901 devstack@n-api.service[84084]: DEBUG dbcounter [-] [84084] Writer thread running {{(pid=84084) stat_writer /opt/stack/data/venv/lib/python3.12/site-packages/dbcounter.py:102}}
Jul 09 14:21:28.308412 np0000004901 devstack@n-api.service[84084]: DEBUG nova.context [None req-1ccee079-270d-47b1-979e-08d1721ead52 None None] Found 2 cells: 00000000-0000-0000-0000-000000000000(cell0),9889cab9-13da-48ae-a457-aa6f90dad83b(cell1) {{(pid=84084) load_cells /opt/stack/nova/nova/context.py:509}}
Jul 09 14:21:28.308621 np0000004901 devstack@n-api.service[84084]: INFO nova.utils [None req-1ccee079-270d-47b1-979e-08d1721ead52 None None] The cell worker thread pool MainProcess.cell_worker is initialized
Jul 09 14:21:28.310348 np0000004901 devstack@n-api.service[84084]: DEBUG oslo_concurrency.lockutils [None req-1ccee079-270d-47b1-979e-08d1721ead52 None None] Acquiring lock "00000000-0000-0000-0000-000000000000" by "nova.context.set_target_cell..get_or_set_cached_cell_and_set_connections" {{(pid=84084) inner /opt/stack/data/venv/lib/python3.12/site-packages/oslo_concurrency/lockutils.py:511}}
Jul 09 14:21:28.310511 np0000004901 devstack@n-api.service[84084]: DEBUG oslo_concurrency.lockutils [None req-1ccee079-270d-47b1-979e-08d1721ead52 None None] Lock "00000000-0000-0000-0000-000000000000" acquired by "nova.context.set_target_cell..get_or_set_cached_cell_and_set_connections" :: waited 0.000s {{(pid=84084) inner /opt/stack/data/venv/lib/python3.12/site-packages/oslo_concurrency/lockutils.py:524}}
Jul 09 14:21:28.310889 np0000004901 devstack@n-api.service[84084]: DEBUG oslo_concurrency.lockutils [None req-1ccee079-270d-47b1-979e-08d1721ead52 None None] Lock "00000000-0000-0000-0000-000000000000" "released" by "nova.context.set_target_cell..get_or_set_cached_cell_and_set_connections" :: held 0.000s {{(pid=84084) inner /opt/stack/data/venv/lib/python3.12/site-packages/oslo_concurrency/lockutils.py:543}}
Jul 09 14:21:28.311499 np0000004901 devstack@n-api.service[84084]: DEBUG oslo_concurrency.lockutils [None req-1ccee079-270d-47b1-979e-08d1721ead52 None None] Acquiring lock "9889cab9-13da-48ae-a457-aa6f90dad83b" by "nova.context.set_target_cell..get_or_set_cached_cell_and_set_connections" {{(pid=84084) inner /opt/stack/data/venv/lib/python3.12/site-packages/oslo_concurrency/lockutils.py:511}}
Jul 09 14:21:28.311634 np0000004901 devstack@n-api.service[84084]: DEBUG oslo_concurrency.lockutils [None req-1ccee079-270d-47b1-979e-08d1721ead52 None None] Lock "9889cab9-13da-48ae-a457-aa6f90dad83b" acquired by "nova.context.set_target_cell..get_or_set_cached_cell_and_set_connections" :: waited 0.000s {{(pid=84084) inner /opt/stack/data/venv/lib/python3.12/site-packages/oslo_concurrency/lockutils.py:524}}
Jul 09 14:21:28.312451 np0000004901 devstack@n-api.service[84084]: DEBUG oslo_concurrency.lockutils [None req-1ccee079-270d-47b1-979e-08d1721ead52 None None] Lock "9889cab9-13da-48ae-a457-aa6f90dad83b" "released" by "nova.context.set_target_cell..get_or_set_cached_cell_and_set_connections" :: held 0.001s {{(pid=84084) inner /opt/stack/data/venv/lib/python3.12/site-packages/oslo_concurrency/lockutils.py:543}}
Jul 09 14:21:28.314121 np0000004901 devstack@n-api.service[84084]: INFO dbcounter [None req-1ccee079-270d-47b1-979e-08d1721ead52 None None] Registered counter for database nova_cell0
Jul 09 14:21:28.316462 np0000004901 devstack@n-api.service[84084]: INFO dbcounter [None req-1ccee079-270d-47b1-979e-08d1721ead52 None None] Registered counter for database nova_cell1
Jul 09 14:21:28.319251 np0000004901 devstack@n-api.service[84083]: DEBUG dbcounter [-] [84083] Writer thread running {{(pid=84083) stat_writer /opt/stack/data/venv/lib/python3.12/site-packages/dbcounter.py:102}}
Jul 09 14:21:28.321714 np0000004901 devstack@n-api.service[84083]: DEBUG nova.context [None req-151786d2-2e65-4bd0-b9c4-d04a7e28afc9 None None] Found 2 cells: 00000000-0000-0000-0000-000000000000(cell0),9889cab9-13da-48ae-a457-aa6f90dad83b(cell1) {{(pid=84083) load_cells /opt/stack/nova/nova/context.py:509}}
Jul 09 14:21:28.321978 np0000004901 devstack@n-api.service[84083]: INFO nova.utils [None req-151786d2-2e65-4bd0-b9c4-d04a7e28afc9 None None] The cell worker thread pool MainProcess.cell_worker is initialized
Jul 09 14:21:28.323641 np0000004901 devstack@n-api.service[84083]: DEBUG oslo_concurrency.lockutils [None req-151786d2-2e65-4bd0-b9c4-d04a7e28afc9 None None] Acquiring lock "00000000-0000-0000-0000-000000000000" by "nova.context.set_target_cell..get_or_set_cached_cell_and_set_connections" {{(pid=84083) inner /opt/stack/data/venv/lib/python3.12/site-packages/oslo_concurrency/lockutils.py:511}}
Jul 09 14:21:28.323846 np0000004901 devstack@n-api.service[84083]: DEBUG oslo_concurrency.lockutils [None req-151786d2-2e65-4bd0-b9c4-d04a7e28afc9 None None] Lock "00000000-0000-0000-0000-000000000000" acquired by "nova.context.set_target_cell..get_or_set_cached_cell_and_set_connections" :: waited 0.000s {{(pid=84083) inner /opt/stack/data/venv/lib/python3.12/site-packages/oslo_concurrency/lockutils.py:524}}
Jul 09 14:21:28.324200 np0000004901 devstack@n-api.service[84083]: DEBUG oslo_concurrency.lockutils [None req-151786d2-2e65-4bd0-b9c4-d04a7e28afc9 None None] Lock "00000000-0000-0000-0000-000000000000" "released" by "nova.context.set_target_cell..get_or_set_cached_cell_and_set_connections" :: held 0.000s {{(pid=84083) inner /opt/stack/data/venv/lib/python3.12/site-packages/oslo_concurrency/lockutils.py:543}}
Jul 09 14:21:28.324904 np0000004901 devstack@n-api.service[84083]: DEBUG oslo_concurrency.lockutils [None req-151786d2-2e65-4bd0-b9c4-d04a7e28afc9 None None] Acquiring lock "9889cab9-13da-48ae-a457-aa6f90dad83b" by "nova.context.set_target_cell..get_or_set_cached_cell_and_set_connections" {{(pid=84083) inner /opt/stack/data/venv/lib/python3.12/site-packages/oslo_concurrency/lockutils.py:511}}
Jul 09 14:21:28.325046 np0000004901 devstack@n-api.service[84083]: DEBUG oslo_concurrency.lockutils [None req-151786d2-2e65-4bd0-b9c4-d04a7e28afc9 None None] Lock "9889cab9-13da-48ae-a457-aa6f90dad83b" acquired by "nova.context.set_target_cell..get_or_set_cached_cell_and_set_connections" :: waited 0.000s {{(pid=84083) inner /opt/stack/data/venv/lib/python3.12/site-packages/oslo_concurrency/lockutils.py:524}}
Jul 09 14:21:28.325845 np0000004901 devstack@n-api.service[84083]: DEBUG oslo_concurrency.lockutils [None req-151786d2-2e65-4bd0-b9c4-d04a7e28afc9 None None] Lock "9889cab9-13da-48ae-a457-aa6f90dad83b" "released" by "nova.context.set_target_cell..get_or_set_cached_cell_and_set_connections" :: held 0.001s {{(pid=84083) inner /opt/stack/data/venv/lib/python3.12/site-packages/oslo_concurrency/lockutils.py:543}}
Jul 09 14:21:28.327264 np0000004901 devstack@n-api.service[84085]: INFO dbcounter [None req-fde8daee-03ae-4415-b073-53d9a2634e34 None None] Registered counter for database nova_api
Jul 09 14:21:28.327629 np0000004901 devstack@n-api.service[84083]: INFO dbcounter [None req-151786d2-2e65-4bd0-b9c4-d04a7e28afc9 None None] Registered counter for database nova_cell0
Jul 09 14:21:28.330743 np0000004901 devstack@n-api.service[84083]: INFO dbcounter [None req-151786d2-2e65-4bd0-b9c4-d04a7e28afc9 None None] Registered counter for database nova_cell1
Jul 09 14:21:28.349502 np0000004901 devstack@n-api.service[84084]: DEBUG oslo_db.sqlalchemy.engines [None req-1ccee079-270d-47b1-979e-08d1721ead52 None None] MySQL server mode set to STRICT_TRANS_TABLES,STRICT_ALL_TABLES,NO_ZERO_IN_DATE,NO_ZERO_DATE,ERROR_FOR_DIVISION_BY_ZERO,TRADITIONAL,NO_ENGINE_SUBSTITUTION {{(pid=84084) _check_effective_sql_mode /opt/stack/data/venv/lib/python3.12/site-packages/oslo_db/sqlalchemy/engines.py:325}}
Jul 09 14:21:28.353342 np0000004901 devstack@n-api.service[84084]: DEBUG oslo_db.sqlalchemy.engines [None req-1ccee079-270d-47b1-979e-08d1721ead52 None None] MySQL server mode set to STRICT_TRANS_TABLES,STRICT_ALL_TABLES,NO_ZERO_IN_DATE,NO_ZERO_DATE,ERROR_FOR_DIVISION_BY_ZERO,TRADITIONAL,NO_ENGINE_SUBSTITUTION {{(pid=84084) _check_effective_sql_mode /opt/stack/data/venv/lib/python3.12/site-packages/oslo_db/sqlalchemy/engines.py:325}}
Jul 09 14:21:28.367734 np0000004901 devstack@n-api.service[84085]: DEBUG oslo_db.sqlalchemy.engines [None req-fde8daee-03ae-4415-b073-53d9a2634e34 None None] MySQL server mode set to STRICT_TRANS_TABLES,STRICT_ALL_TABLES,NO_ZERO_IN_DATE,NO_ZERO_DATE,ERROR_FOR_DIVISION_BY_ZERO,TRADITIONAL,NO_ENGINE_SUBSTITUTION {{(pid=84085) _check_effective_sql_mode /opt/stack/data/venv/lib/python3.12/site-packages/oslo_db/sqlalchemy/engines.py:325}}
Jul 09 14:21:28.374591 np0000004901 devstack@n-api.service[84083]: DEBUG oslo_db.sqlalchemy.engines [None req-151786d2-2e65-4bd0-b9c4-d04a7e28afc9 None None] MySQL server mode set to STRICT_TRANS_TABLES,STRICT_ALL_TABLES,NO_ZERO_IN_DATE,NO_ZERO_DATE,ERROR_FOR_DIVISION_BY_ZERO,TRADITIONAL,NO_ENGINE_SUBSTITUTION {{(pid=84083) _check_effective_sql_mode /opt/stack/data/venv/lib/python3.12/site-packages/oslo_db/sqlalchemy/engines.py:325}}
Jul 09 14:21:28.394837 np0000004901 devstack@n-api.service[84083]: DEBUG oslo_db.sqlalchemy.engines [None req-151786d2-2e65-4bd0-b9c4-d04a7e28afc9 None None] MySQL server mode set to STRICT_TRANS_TABLES,STRICT_ALL_TABLES,NO_ZERO_IN_DATE,NO_ZERO_DATE,ERROR_FOR_DIVISION_BY_ZERO,TRADITIONAL,NO_ENGINE_SUBSTITUTION {{(pid=84083) _check_effective_sql_mode /opt/stack/data/venv/lib/python3.12/site-packages/oslo_db/sqlalchemy/engines.py:325}}
Jul 09 14:21:28.396778 np0000004901 devstack@n-api.service[84085]: DEBUG dbcounter [-] [84085] Writer thread running {{(pid=84085) stat_writer /opt/stack/data/venv/lib/python3.12/site-packages/dbcounter.py:102}}
Jul 09 14:21:28.399104 np0000004901 devstack@n-api.service[84085]: DEBUG nova.context [None req-fde8daee-03ae-4415-b073-53d9a2634e34 None None] Found 2 cells: 00000000-0000-0000-0000-000000000000(cell0),9889cab9-13da-48ae-a457-aa6f90dad83b(cell1) {{(pid=84085) load_cells /opt/stack/nova/nova/context.py:509}}
Jul 09 14:21:28.399342 np0000004901 devstack@n-api.service[84085]: INFO nova.utils [None req-fde8daee-03ae-4415-b073-53d9a2634e34 None None] The cell worker thread pool MainProcess.cell_worker is initialized
Jul 09 14:21:28.400949 np0000004901 devstack@n-api.service[84085]: DEBUG oslo_concurrency.lockutils [None req-fde8daee-03ae-4415-b073-53d9a2634e34 None None] Acquiring lock "00000000-0000-0000-0000-000000000000" by "nova.context.set_target_cell..get_or_set_cached_cell_and_set_connections" {{(pid=84085) inner /opt/stack/data/venv/lib/python3.12/site-packages/oslo_concurrency/lockutils.py:511}}
Jul 09 14:21:28.401145 np0000004901 devstack@n-api.service[84085]: DEBUG oslo_concurrency.lockutils [None req-fde8daee-03ae-4415-b073-53d9a2634e34 None None] Lock "00000000-0000-0000-0000-000000000000" acquired by "nova.context.set_target_cell..get_or_set_cached_cell_and_set_connections" :: waited 0.000s {{(pid=84085) inner /opt/stack/data/venv/lib/python3.12/site-packages/oslo_concurrency/lockutils.py:524}}
Jul 09 14:21:28.401475 np0000004901 devstack@n-api.service[84085]: DEBUG oslo_concurrency.lockutils [None req-fde8daee-03ae-4415-b073-53d9a2634e34 None None] Lock "00000000-0000-0000-0000-000000000000" "released" by "nova.context.set_target_cell..get_or_set_cached_cell_and_set_connections" :: held 0.000s {{(pid=84085) inner /opt/stack/data/venv/lib/python3.12/site-packages/oslo_concurrency/lockutils.py:543}}
Jul 09 14:21:28.402151 np0000004901 devstack@n-api.service[84085]: DEBUG oslo_concurrency.lockutils [None req-fde8daee-03ae-4415-b073-53d9a2634e34 None None] Acquiring lock "9889cab9-13da-48ae-a457-aa6f90dad83b" by "nova.context.set_target_cell..get_or_set_cached_cell_and_set_connections" {{(pid=84085) inner /opt/stack/data/venv/lib/python3.12/site-packages/oslo_concurrency/lockutils.py:511}}
Jul 09 14:21:28.402291 np0000004901 devstack@n-api.service[84085]: DEBUG oslo_concurrency.lockutils [None req-fde8daee-03ae-4415-b073-53d9a2634e34 None None] Lock "9889cab9-13da-48ae-a457-aa6f90dad83b" acquired by "nova.context.set_target_cell..get_or_set_cached_cell_and_set_connections" :: waited 0.000s {{(pid=84085) inner /opt/stack/data/venv/lib/python3.12/site-packages/oslo_concurrency/lockutils.py:524}}
Jul 09 14:21:28.404713 np0000004901 devstack@n-api.service[84085]: INFO dbcounter [None req-fde8daee-03ae-4415-b073-53d9a2634e34 None None] Registered counter for database nova_cell0
Jul 09 14:21:28.406023 np0000004901 devstack@n-api.service[84085]: DEBUG oslo_concurrency.lockutils [None req-fde8daee-03ae-4415-b073-53d9a2634e34 None None] Lock "9889cab9-13da-48ae-a457-aa6f90dad83b" "released" by "nova.context.set_target_cell..get_or_set_cached_cell_and_set_connections" :: held 0.002s {{(pid=84085) inner /opt/stack/data/venv/lib/python3.12/site-packages/oslo_concurrency/lockutils.py:543}}
Jul 09 14:21:28.407973 np0000004901 devstack@n-api.service[84085]: INFO dbcounter [None req-fde8daee-03ae-4415-b073-53d9a2634e34 None None] Registered counter for database nova_cell1
Jul 09 14:21:28.429914 np0000004901 devstack@n-api.service[84084]: DEBUG dbcounter [-] [84084] Writer thread running {{(pid=84084) stat_writer /opt/stack/data/venv/lib/python3.12/site-packages/dbcounter.py:102}}
Jul 09 14:21:28.432963 np0000004901 devstack@n-api.service[84084]: DEBUG dbcounter [-] [84084] Writer thread running {{(pid=84084) stat_writer /opt/stack/data/venv/lib/python3.12/site-packages/dbcounter.py:102}}
Jul 09 14:21:28.435844 np0000004901 devstack@n-api.service[84084]: INFO dbcounter [None req-1ccee079-270d-47b1-979e-08d1721ead52 None None] Registered counter for database nova_cell0
Jul 09 14:21:28.445450 np0000004901 devstack@n-api.service[84085]: DEBUG oslo_db.sqlalchemy.engines [None req-fde8daee-03ae-4415-b073-53d9a2634e34 None None] MySQL server mode set to STRICT_TRANS_TABLES,STRICT_ALL_TABLES,NO_ZERO_IN_DATE,NO_ZERO_DATE,ERROR_FOR_DIVISION_BY_ZERO,TRADITIONAL,NO_ENGINE_SUBSTITUTION {{(pid=84085) _check_effective_sql_mode /opt/stack/data/venv/lib/python3.12/site-packages/oslo_db/sqlalchemy/engines.py:325}}
Jul 09 14:21:28.459180 np0000004901 devstack@n-api.service[84083]: DEBUG dbcounter [-] [84083] Writer thread running {{(pid=84083) stat_writer /opt/stack/data/venv/lib/python3.12/site-packages/dbcounter.py:102}}
Jul 09 14:21:28.464416 np0000004901 devstack@n-api.service[84083]: DEBUG dbcounter [-] [84083] Writer thread running {{(pid=84083) stat_writer /opt/stack/data/venv/lib/python3.12/site-packages/dbcounter.py:102}}
Jul 09 14:21:28.466187 np0000004901 devstack@n-api.service[84085]: DEBUG oslo_db.sqlalchemy.engines [None req-fde8daee-03ae-4415-b073-53d9a2634e34 None None] MySQL server mode set to STRICT_TRANS_TABLES,STRICT_ALL_TABLES,NO_ZERO_IN_DATE,NO_ZERO_DATE,ERROR_FOR_DIVISION_BY_ZERO,TRADITIONAL,NO_ENGINE_SUBSTITUTION {{(pid=84085) _check_effective_sql_mode /opt/stack/data/venv/lib/python3.12/site-packages/oslo_db/sqlalchemy/engines.py:325}}
Jul 09 14:21:28.467278 np0000004901 devstack@n-api.service[84083]: INFO dbcounter [None req-151786d2-2e65-4bd0-b9c4-d04a7e28afc9 None None] Registered counter for database nova_cell0
Jul 09 14:21:28.468591 np0000004901 devstack@n-api.service[84084]: DEBUG oslo_db.sqlalchemy.engines [None req-1ccee079-270d-47b1-979e-08d1721ead52 None None] MySQL server mode set to STRICT_TRANS_TABLES,STRICT_ALL_TABLES,NO_ZERO_IN_DATE,NO_ZERO_DATE,ERROR_FOR_DIVISION_BY_ZERO,TRADITIONAL,NO_ENGINE_SUBSTITUTION {{(pid=84084) _check_effective_sql_mode /opt/stack/data/venv/lib/python3.12/site-packages/oslo_db/sqlalchemy/engines.py:325}}
Jul 09 14:21:28.474406 np0000004901 devstack@n-api.service[84084]: DEBUG dbcounter [-] [84084] Writer thread running {{(pid=84084) stat_writer /opt/stack/data/venv/lib/python3.12/site-packages/dbcounter.py:102}}
Jul 09 14:21:28.497970 np0000004901 devstack@n-api.service[84083]: DEBUG oslo_db.sqlalchemy.engines [None req-151786d2-2e65-4bd0-b9c4-d04a7e28afc9 None None] MySQL server mode set to STRICT_TRANS_TABLES,STRICT_ALL_TABLES,NO_ZERO_IN_DATE,NO_ZERO_DATE,ERROR_FOR_DIVISION_BY_ZERO,TRADITIONAL,NO_ENGINE_SUBSTITUTION {{(pid=84083) _check_effective_sql_mode /opt/stack/data/venv/lib/python3.12/site-packages/oslo_db/sqlalchemy/engines.py:325}}
Jul 09 14:21:28.503987 np0000004901 devstack@n-api.service[84083]: DEBUG dbcounter [-] [84083] Writer thread running {{(pid=84083) stat_writer /opt/stack/data/venv/lib/python3.12/site-packages/dbcounter.py:102}}
Jul 09 14:21:28.523495 np0000004901 devstack@n-api.service[84085]: DEBUG dbcounter [-] [84085] Writer thread running {{(pid=84085) stat_writer /opt/stack/data/venv/lib/python3.12/site-packages/dbcounter.py:102}}
Jul 09 14:21:28.526818 np0000004901 devstack@n-api.service[84085]: DEBUG dbcounter [-] [84085] Writer thread running {{(pid=84085) stat_writer /opt/stack/data/venv/lib/python3.12/site-packages/dbcounter.py:102}}
Jul 09 14:21:28.570135 np0000004901 devstack@n-api.service[84085]: INFO dbcounter [None req-fde8daee-03ae-4415-b073-53d9a2634e34 None None] Registered counter for database nova_cell0
Jul 09 14:21:28.607994 np0000004901 devstack@n-api.service[84085]: DEBUG oslo_db.sqlalchemy.engines [None req-fde8daee-03ae-4415-b073-53d9a2634e34 None None] MySQL server mode set to STRICT_TRANS_TABLES,STRICT_ALL_TABLES,NO_ZERO_IN_DATE,NO_ZERO_DATE,ERROR_FOR_DIVISION_BY_ZERO,TRADITIONAL,NO_ENGINE_SUBSTITUTION {{(pid=84085) _check_effective_sql_mode /opt/stack/data/venv/lib/python3.12/site-packages/oslo_db/sqlalchemy/engines.py:325}}
Jul 09 14:21:28.614380 np0000004901 devstack@n-api.service[84085]: DEBUG dbcounter [-] [84085] Writer thread running {{(pid=84085) stat_writer /opt/stack/data/venv/lib/python3.12/site-packages/dbcounter.py:102}}
Jul 09 14:21:28.777224 np0000004901 devstack@n-api.service[84083]: DEBUG oslo_concurrency.processutils [None req-151786d2-2e65-4bd0-b9c4-d04a7e28afc9 None None] Running cmd (subprocess): grep -F node.session.scan /sbin/iscsiadm {{(pid=84083) execute /opt/stack/data/venv/lib/python3.12/site-packages/oslo_concurrency/processutils.py:440}}
Jul 09 14:21:28.780993 np0000004901 devstack@n-api.service[84084]: DEBUG oslo_concurrency.processutils [None req-1ccee079-270d-47b1-979e-08d1721ead52 None None] Running cmd (subprocess): grep -F node.session.scan /sbin/iscsiadm {{(pid=84084) execute /opt/stack/data/venv/lib/python3.12/site-packages/oslo_concurrency/processutils.py:440}}
Jul 09 14:21:28.788500 np0000004901 devstack@n-api.service[84083]: DEBUG oslo_concurrency.processutils [None req-151786d2-2e65-4bd0-b9c4-d04a7e28afc9 None None] CMD "grep -F node.session.scan /sbin/iscsiadm" returned: 0 in 0.011s {{(pid=84083) execute /opt/stack/data/venv/lib/python3.12/site-packages/oslo_concurrency/processutils.py:468}}
Jul 09 14:21:28.791955 np0000004901 devstack@n-api.service[84084]: DEBUG oslo_concurrency.processutils [None req-1ccee079-270d-47b1-979e-08d1721ead52 None None] CMD "grep -F node.session.scan /sbin/iscsiadm" returned: 0 in 0.011s {{(pid=84084) execute /opt/stack/data/venv/lib/python3.12/site-packages/oslo_concurrency/processutils.py:468}}
Jul 09 14:21:28.902667 np0000004901 devstack@n-api.service[84085]: DEBUG oslo_concurrency.processutils [None req-fde8daee-03ae-4415-b073-53d9a2634e34 None None] Running cmd (subprocess): grep -F node.session.scan /sbin/iscsiadm {{(pid=84085) execute /opt/stack/data/venv/lib/python3.12/site-packages/oslo_concurrency/processutils.py:440}}
Jul 09 14:21:28.913703 np0000004901 devstack@n-api.service[84085]: DEBUG oslo_concurrency.processutils [None req-fde8daee-03ae-4415-b073-53d9a2634e34 None None] CMD "grep -F node.session.scan /sbin/iscsiadm" returned: 0 in 0.011s {{(pid=84085) execute /opt/stack/data/venv/lib/python3.12/site-packages/oslo_concurrency/processutils.py:468}}
Jul 09 14:21:29.369766 np0000004901 devstack@n-api.service[84084]: DEBUG nova.api.openstack.wsgi_app [None req-1ccee079-270d-47b1-979e-08d1721ead52 None None] ******************************************************************************** {{(pid=84084) log_opt_values /opt/stack/data/venv/lib/python3.12/site-packages/oslo_config/cfg.py:3226}}
Jul 09 14:21:29.370306 np0000004901 devstack@n-api.service[84084]: DEBUG nova.api.openstack.wsgi_app [None req-1ccee079-270d-47b1-979e-08d1721ead52 None None] Configuration options gathered from: {{(pid=84084) log_opt_values /opt/stack/data/venv/lib/python3.12/site-packages/oslo_config/cfg.py:3227}}
Jul 09 14:21:29.370306 np0000004901 devstack@n-api.service[84084]: DEBUG nova.api.openstack.wsgi_app [None req-1ccee079-270d-47b1-979e-08d1721ead52 None None] command line args: [] {{(pid=84084) log_opt_values /opt/stack/data/venv/lib/python3.12/site-packages/oslo_config/cfg.py:3228}}
Jul 09 14:21:29.370306 np0000004901 devstack@n-api.service[84084]: DEBUG nova.api.openstack.wsgi_app [None req-1ccee079-270d-47b1-979e-08d1721ead52 None None] config files: ['/etc/nova/api-paste.ini', '/etc/nova/nova.conf'] {{(pid=84084) log_opt_values /opt/stack/data/venv/lib/python3.12/site-packages/oslo_config/cfg.py:3229}}
Jul 09 14:21:29.370418 np0000004901 devstack@n-api.service[84084]: DEBUG nova.api.openstack.wsgi_app [None req-1ccee079-270d-47b1-979e-08d1721ead52 None None] ================================================================================ {{(pid=84084) log_opt_values /opt/stack/data/venv/lib/python3.12/site-packages/oslo_config/cfg.py:3234}}
Jul 09 14:21:29.370640 np0000004901 devstack@n-api.service[84084]: DEBUG nova.api.openstack.wsgi_app [None req-1ccee079-270d-47b1-979e-08d1721ead52 None None] allow_resize_to_same_host = True {{(pid=84084) log_opt_values /opt/stack/data/venv/lib/python3.12/site-packages/oslo_config/cfg.py:3242}}
Jul 09 14:21:29.370787 np0000004901 devstack@n-api.service[84084]: DEBUG nova.api.openstack.wsgi_app [None req-1ccee079-270d-47b1-979e-08d1721ead52 None None] arq_binding_timeout = 300 {{(pid=84084) log_opt_values /opt/stack/data/venv/lib/python3.12/site-packages/oslo_config/cfg.py:3242}}
Jul 09 14:21:29.370787 np0000004901 devstack@n-api.service[84084]: DEBUG nova.api.openstack.wsgi_app [None req-1ccee079-270d-47b1-979e-08d1721ead52 None None] block_device_allocate_retries = 60 {{(pid=84084) log_opt_values /opt/stack/data/venv/lib/python3.12/site-packages/oslo_config/cfg.py:3242}}
Jul 09 14:21:29.370958 np0000004901 devstack@n-api.service[84084]: DEBUG nova.api.openstack.wsgi_app [None req-1ccee079-270d-47b1-979e-08d1721ead52 None None] block_device_allocate_retries_interval = 3 {{(pid=84084) log_opt_values /opt/stack/data/venv/lib/python3.12/site-packages/oslo_config/cfg.py:3242}}
Jul 09 14:21:29.371050 np0000004901 devstack@n-api.service[84084]: DEBUG nova.api.openstack.wsgi_app [None req-1ccee079-270d-47b1-979e-08d1721ead52 None None] cell_worker_thread_pool_size = 5 {{(pid=84084) log_opt_values /opt/stack/data/venv/lib/python3.12/site-packages/oslo_config/cfg.py:3242}}
Jul 09 14:21:29.371187 np0000004901 devstack@n-api.service[84084]: DEBUG nova.api.openstack.wsgi_app [None req-1ccee079-270d-47b1-979e-08d1721ead52 None None] cert = self.pem {{(pid=84084) log_opt_values /opt/stack/data/venv/lib/python3.12/site-packages/oslo_config/cfg.py:3242}}
Jul 09 14:21:29.371315 np0000004901 devstack@n-api.service[84084]: DEBUG nova.api.openstack.wsgi_app [None req-1ccee079-270d-47b1-979e-08d1721ead52 None None] compute_driver = libvirt.LibvirtDriver {{(pid=84084) log_opt_values /opt/stack/data/venv/lib/python3.12/site-packages/oslo_config/cfg.py:3242}}
Jul 09 14:21:29.371427 np0000004901 devstack@n-api.service[84084]: DEBUG nova.api.openstack.wsgi_app [None req-1ccee079-270d-47b1-979e-08d1721ead52 None None] compute_monitors = [] {{(pid=84084) log_opt_values /opt/stack/data/venv/lib/python3.12/site-packages/oslo_config/cfg.py:3242}}
Jul 09 14:21:29.371544 np0000004901 devstack@n-api.service[84084]: DEBUG nova.api.openstack.wsgi_app [None req-1ccee079-270d-47b1-979e-08d1721ead52 None None] concurrency_backend = auto {{(pid=84084) log_opt_values /opt/stack/data/venv/lib/python3.12/site-packages/oslo_config/cfg.py:3242}}
Jul 09 14:21:29.371678 np0000004901 devstack@n-api.service[84084]: DEBUG nova.api.openstack.wsgi_app [None req-1ccee079-270d-47b1-979e-08d1721ead52 None None] config_dir = [] {{(pid=84084) log_opt_values /opt/stack/data/venv/lib/python3.12/site-packages/oslo_config/cfg.py:3242}}
Jul 09 14:21:29.371832 np0000004901 devstack@n-api.service[84084]: DEBUG nova.api.openstack.wsgi_app [None req-1ccee079-270d-47b1-979e-08d1721ead52 None None] config_drive_format = iso9660 {{(pid=84084) log_opt_values /opt/stack/data/venv/lib/python3.12/site-packages/oslo_config/cfg.py:3242}}
Jul 09 14:21:29.371940 np0000004901 devstack@n-api.service[84084]: DEBUG nova.api.openstack.wsgi_app [None req-1ccee079-270d-47b1-979e-08d1721ead52 None None] config_file = ['/etc/nova/api-paste.ini', '/etc/nova/nova.conf'] {{(pid=84084) log_opt_values /opt/stack/data/venv/lib/python3.12/site-packages/oslo_config/cfg.py:3242}}
Jul 09 14:21:29.372067 np0000004901 devstack@n-api.service[84084]: DEBUG nova.api.openstack.wsgi_app [None req-1ccee079-270d-47b1-979e-08d1721ead52 None None] config_source = [] {{(pid=84084) log_opt_values /opt/stack/data/venv/lib/python3.12/site-packages/oslo_config/cfg.py:3242}}
Jul 09 14:21:29.372202 np0000004901 devstack@n-api.service[84084]: DEBUG nova.api.openstack.wsgi_app [None req-1ccee079-270d-47b1-979e-08d1721ead52 None None] console_host = np0000004901 {{(pid=84084) log_opt_values /opt/stack/data/venv/lib/python3.12/site-packages/oslo_config/cfg.py:3242}}
Jul 09 14:21:29.372327 np0000004901 devstack@n-api.service[84084]: DEBUG nova.api.openstack.wsgi_app [None req-1ccee079-270d-47b1-979e-08d1721ead52 None None] control_exchange = nova {{(pid=84084) log_opt_values /opt/stack/data/venv/lib/python3.12/site-packages/oslo_config/cfg.py:3242}}
Jul 09 14:21:29.372462 np0000004901 devstack@n-api.service[84084]: DEBUG nova.api.openstack.wsgi_app [None req-1ccee079-270d-47b1-979e-08d1721ead52 None None] cpu_allocation_ratio = None {{(pid=84084) log_opt_values /opt/stack/data/venv/lib/python3.12/site-packages/oslo_config/cfg.py:3242}}
Jul 09 14:21:29.372577 np0000004901 devstack@n-api.service[84084]: DEBUG nova.api.openstack.wsgi_app [None req-1ccee079-270d-47b1-979e-08d1721ead52 None None] daemon = False {{(pid=84084) log_opt_values /opt/stack/data/venv/lib/python3.12/site-packages/oslo_config/cfg.py:3242}}
Jul 09 14:21:29.372751 np0000004901 devstack@n-api.service[84084]: DEBUG nova.api.openstack.wsgi_app [None req-1ccee079-270d-47b1-979e-08d1721ead52 None None] debug = True {{(pid=84084) log_opt_values /opt/stack/data/venv/lib/python3.12/site-packages/oslo_config/cfg.py:3242}}
Jul 09 14:21:29.372878 np0000004901 devstack@n-api.service[84084]: DEBUG nova.api.openstack.wsgi_app [None req-1ccee079-270d-47b1-979e-08d1721ead52 None None] default_access_ip_network_name = None {{(pid=84084) log_opt_values /opt/stack/data/venv/lib/python3.12/site-packages/oslo_config/cfg.py:3242}}
Jul 09 14:21:29.372985 np0000004901 devstack@n-api.service[84084]: DEBUG nova.api.openstack.wsgi_app [None req-1ccee079-270d-47b1-979e-08d1721ead52 None None] default_availability_zone = nova {{(pid=84084) log_opt_values /opt/stack/data/venv/lib/python3.12/site-packages/oslo_config/cfg.py:3242}}
Jul 09 14:21:29.373183 np0000004901 devstack@n-api.service[84084]: DEBUG nova.api.openstack.wsgi_app [None req-1ccee079-270d-47b1-979e-08d1721ead52 None None] default_ephemeral_format = ext4 {{(pid=84084) log_opt_values /opt/stack/data/venv/lib/python3.12/site-packages/oslo_config/cfg.py:3242}}
Jul 09 14:21:29.373239 np0000004901 devstack@n-api.service[84084]: DEBUG nova.api.openstack.wsgi_app [None req-1ccee079-270d-47b1-979e-08d1721ead52 None None] default_green_pool_size = 1000 {{(pid=84084) log_opt_values /opt/stack/data/venv/lib/python3.12/site-packages/oslo_config/cfg.py:3242}}
Jul 09 14:21:29.373418 np0000004901 devstack@n-api.service[84084]: DEBUG nova.api.openstack.wsgi_app [None req-1ccee079-270d-47b1-979e-08d1721ead52 None None] default_log_levels = ['amqp=WARN', 'boto=WARN', 'sqlalchemy=WARN', 'suds=INFO', 'oslo.messaging=INFO', 'oslo_messaging=INFO', 'iso8601=WARN', 'requests.packages.urllib3.connectionpool=WARN', 'urllib3.connectionpool=WARN', 'websocket=WARN', 'requests.packages.urllib3.util.retry=WARN', 'urllib3.util.retry=WARN', 'keystonemiddleware=WARN', 'routes.middleware=WARN', 'stevedore=WARN', 'taskflow=WARN', 'keystoneauth=WARN', 'oslo.cache=INFO', 'oslo_policy=INFO', 'dogpile.core.dogpile=INFO', 'glanceclient=WARN', 'oslo.privsep.daemon=INFO'] {{(pid=84084) log_opt_values /opt/stack/data/venv/lib/python3.12/site-packages/oslo_config/cfg.py:3242}}
Jul 09 14:21:29.373561 np0000004901 devstack@n-api.service[84084]: DEBUG nova.api.openstack.wsgi_app [None req-1ccee079-270d-47b1-979e-08d1721ead52 None None] default_schedule_zone = None {{(pid=84084) log_opt_values /opt/stack/data/venv/lib/python3.12/site-packages/oslo_config/cfg.py:3242}}
Jul 09 14:21:29.373646 np0000004901 devstack@n-api.service[84084]: DEBUG nova.api.openstack.wsgi_app [None req-1ccee079-270d-47b1-979e-08d1721ead52 None None] default_thread_pool_size = 10 {{(pid=84084) log_opt_values /opt/stack/data/venv/lib/python3.12/site-packages/oslo_config/cfg.py:3242}}
Jul 09 14:21:29.373774 np0000004901 devstack@n-api.service[84084]: DEBUG nova.api.openstack.wsgi_app [None req-1ccee079-270d-47b1-979e-08d1721ead52 None None] disk_allocation_ratio = None {{(pid=84084) log_opt_values /opt/stack/data/venv/lib/python3.12/site-packages/oslo_config/cfg.py:3242}}
Jul 09 14:21:29.373900 np0000004901 devstack@n-api.service[84084]: DEBUG nova.api.openstack.wsgi_app [None req-1ccee079-270d-47b1-979e-08d1721ead52 None None] enable_new_services = True {{(pid=84084) log_opt_values /opt/stack/data/venv/lib/python3.12/site-packages/oslo_config/cfg.py:3242}}
Jul 09 14:21:29.374011 np0000004901 devstack@n-api.service[84084]: DEBUG nova.api.openstack.wsgi_app [None req-1ccee079-270d-47b1-979e-08d1721ead52 None None] flat_injected = False {{(pid=84084) log_opt_values /opt/stack/data/venv/lib/python3.12/site-packages/oslo_config/cfg.py:3242}}
Jul 09 14:21:29.374126 np0000004901 devstack@n-api.service[84084]: DEBUG nova.api.openstack.wsgi_app [None req-1ccee079-270d-47b1-979e-08d1721ead52 None None] force_config_drive = True {{(pid=84084) log_opt_values /opt/stack/data/venv/lib/python3.12/site-packages/oslo_config/cfg.py:3242}}
Jul 09 14:21:29.374255 np0000004901 devstack@n-api.service[84084]: DEBUG nova.api.openstack.wsgi_app [None req-1ccee079-270d-47b1-979e-08d1721ead52 None None] force_raw_images = True {{(pid=84084) log_opt_values /opt/stack/data/venv/lib/python3.12/site-packages/oslo_config/cfg.py:3242}}
Jul 09 14:21:29.374380 np0000004901 devstack@n-api.service[84084]: DEBUG nova.api.openstack.wsgi_app [None req-1ccee079-270d-47b1-979e-08d1721ead52 None None] graceful_shutdown_timeout = 5 {{(pid=84084) log_opt_values /opt/stack/data/venv/lib/python3.12/site-packages/oslo_config/cfg.py:3242}}
Jul 09 14:21:29.374491 np0000004901 devstack@n-api.service[84084]: DEBUG nova.api.openstack.wsgi_app [None req-1ccee079-270d-47b1-979e-08d1721ead52 None None] heal_instance_info_cache_interval = -1 {{(pid=84084) log_opt_values /opt/stack/data/venv/lib/python3.12/site-packages/oslo_config/cfg.py:3242}}
Jul 09 14:21:29.374636 np0000004901 devstack@n-api.service[84084]: DEBUG nova.api.openstack.wsgi_app [None req-1ccee079-270d-47b1-979e-08d1721ead52 None None] host = np0000004901 {{(pid=84084) log_opt_values /opt/stack/data/venv/lib/python3.12/site-packages/oslo_config/cfg.py:3242}}
Jul 09 14:21:29.374782 np0000004901 devstack@n-api.service[84084]: DEBUG nova.api.openstack.wsgi_app [None req-1ccee079-270d-47b1-979e-08d1721ead52 None None] initial_cpu_allocation_ratio = 4.0 {{(pid=84084) log_opt_values /opt/stack/data/venv/lib/python3.12/site-packages/oslo_config/cfg.py:3242}}
Jul 09 14:21:29.374911 np0000004901 devstack@n-api.service[84084]: DEBUG nova.api.openstack.wsgi_app [None req-1ccee079-270d-47b1-979e-08d1721ead52 None None] initial_disk_allocation_ratio = 1.0 {{(pid=84084) log_opt_values /opt/stack/data/venv/lib/python3.12/site-packages/oslo_config/cfg.py:3242}}
Jul 09 14:21:29.375022 np0000004901 devstack@n-api.service[84084]: DEBUG nova.api.openstack.wsgi_app [None req-1ccee079-270d-47b1-979e-08d1721ead52 None None] initial_ram_allocation_ratio = 1.0 {{(pid=84084) log_opt_values /opt/stack/data/venv/lib/python3.12/site-packages/oslo_config/cfg.py:3242}}
Jul 09 14:21:29.375183 np0000004901 devstack@n-api.service[84084]: DEBUG nova.api.openstack.wsgi_app [None req-1ccee079-270d-47b1-979e-08d1721ead52 None None] injected_network_template = /opt/stack/nova/nova/virt/interfaces.template {{(pid=84084) log_opt_values /opt/stack/data/venv/lib/python3.12/site-packages/oslo_config/cfg.py:3242}}
Jul 09 14:21:29.375313 np0000004901 devstack@n-api.service[84084]: DEBUG nova.api.openstack.wsgi_app [None req-1ccee079-270d-47b1-979e-08d1721ead52 None None] instance_build_timeout = 0 {{(pid=84084) log_opt_values /opt/stack/data/venv/lib/python3.12/site-packages/oslo_config/cfg.py:3242}}
Jul 09 14:21:29.375426 np0000004901 devstack@n-api.service[84084]: DEBUG nova.api.openstack.wsgi_app [None req-1ccee079-270d-47b1-979e-08d1721ead52 None None] instance_delete_interval = 300 {{(pid=84084) log_opt_values /opt/stack/data/venv/lib/python3.12/site-packages/oslo_config/cfg.py:3242}}
Jul 09 14:21:29.375541 np0000004901 devstack@n-api.service[84084]: DEBUG nova.api.openstack.wsgi_app [None req-1ccee079-270d-47b1-979e-08d1721ead52 None None] instance_format = [instance: %(uuid)s] {{(pid=84084) log_opt_values /opt/stack/data/venv/lib/python3.12/site-packages/oslo_config/cfg.py:3242}}
Jul 09 14:21:29.375668 np0000004901 devstack@n-api.service[84084]: DEBUG nova.api.openstack.wsgi_app [None req-1ccee079-270d-47b1-979e-08d1721ead52 None None] instance_name_template = instance-%08x {{(pid=84084) log_opt_values /opt/stack/data/venv/lib/python3.12/site-packages/oslo_config/cfg.py:3242}}
Jul 09 14:21:29.375796 np0000004901 devstack@n-api.service[84084]: DEBUG nova.api.openstack.wsgi_app [None req-1ccee079-270d-47b1-979e-08d1721ead52 None None] instance_usage_audit = False {{(pid=84084) log_opt_values /opt/stack/data/venv/lib/python3.12/site-packages/oslo_config/cfg.py:3242}}
Jul 09 14:21:29.375936 np0000004901 devstack@n-api.service[84084]: DEBUG nova.api.openstack.wsgi_app [None req-1ccee079-270d-47b1-979e-08d1721ead52 None None] instance_usage_audit_period = month {{(pid=84084) log_opt_values /opt/stack/data/venv/lib/python3.12/site-packages/oslo_config/cfg.py:3242}}
Jul 09 14:21:29.376050 np0000004901 devstack@n-api.service[84084]: DEBUG nova.api.openstack.wsgi_app [None req-1ccee079-270d-47b1-979e-08d1721ead52 None None] instance_uuid_format = [instance: %(uuid)s] {{(pid=84084) log_opt_values /opt/stack/data/venv/lib/python3.12/site-packages/oslo_config/cfg.py:3242}}
Jul 09 14:21:29.376164 np0000004901 devstack@n-api.service[84084]: DEBUG nova.api.openstack.wsgi_app [None req-1ccee079-270d-47b1-979e-08d1721ead52 None None] instances_path = /opt/stack/data/nova/instances {{(pid=84084) log_opt_values /opt/stack/data/venv/lib/python3.12/site-packages/oslo_config/cfg.py:3242}}
Jul 09 14:21:29.376301 np0000004901 devstack@n-api.service[84084]: DEBUG nova.api.openstack.wsgi_app [None req-1ccee079-270d-47b1-979e-08d1721ead52 None None] internal_service_availability_zone = internal {{(pid=84084) log_opt_values /opt/stack/data/venv/lib/python3.12/site-packages/oslo_config/cfg.py:3242}}
Jul 09 14:21:29.376414 np0000004901 devstack@n-api.service[84084]: DEBUG nova.api.openstack.wsgi_app [None req-1ccee079-270d-47b1-979e-08d1721ead52 None None] key = None {{(pid=84084) log_opt_values /opt/stack/data/venv/lib/python3.12/site-packages/oslo_config/cfg.py:3242}}
Jul 09 14:21:29.376523 np0000004901 devstack@n-api.service[84084]: DEBUG nova.api.openstack.wsgi_app [None req-1ccee079-270d-47b1-979e-08d1721ead52 None None] live_migration_retry_count = 30 {{(pid=84084) log_opt_values /opt/stack/data/venv/lib/python3.12/site-packages/oslo_config/cfg.py:3242}}
Jul 09 14:21:29.376676 np0000004901 devstack@n-api.service[84084]: DEBUG nova.api.openstack.wsgi_app [None req-1ccee079-270d-47b1-979e-08d1721ead52 None None] log_color = False {{(pid=84084) log_opt_values /opt/stack/data/venv/lib/python3.12/site-packages/oslo_config/cfg.py:3242}}
Jul 09 14:21:29.376800 np0000004901 devstack@n-api.service[84084]: DEBUG nova.api.openstack.wsgi_app [None req-1ccee079-270d-47b1-979e-08d1721ead52 None None] log_config_append = None {{(pid=84084) log_opt_values /opt/stack/data/venv/lib/python3.12/site-packages/oslo_config/cfg.py:3242}}
Jul 09 14:21:29.376929 np0000004901 devstack@n-api.service[84084]: DEBUG nova.api.openstack.wsgi_app [None req-1ccee079-270d-47b1-979e-08d1721ead52 None None] log_date_format = %Y-%m-%d %H:%M:%S {{(pid=84084) log_opt_values /opt/stack/data/venv/lib/python3.12/site-packages/oslo_config/cfg.py:3242}}
Jul 09 14:21:29.377040 np0000004901 devstack@n-api.service[84084]: DEBUG nova.api.openstack.wsgi_app [None req-1ccee079-270d-47b1-979e-08d1721ead52 None None] log_dir = None {{(pid=84084) log_opt_values /opt/stack/data/venv/lib/python3.12/site-packages/oslo_config/cfg.py:3242}}
Jul 09 14:21:29.377147 np0000004901 devstack@n-api.service[84084]: DEBUG nova.api.openstack.wsgi_app [None req-1ccee079-270d-47b1-979e-08d1721ead52 None None] log_file = None {{(pid=84084) log_opt_values /opt/stack/data/venv/lib/python3.12/site-packages/oslo_config/cfg.py:3242}}
Jul 09 14:21:29.377243 np0000004901 devstack@n-api.service[84084]: DEBUG nova.api.openstack.wsgi_app [None req-1ccee079-270d-47b1-979e-08d1721ead52 None None] log_options = True {{(pid=84084) log_opt_values /opt/stack/data/venv/lib/python3.12/site-packages/oslo_config/cfg.py:3242}}
Jul 09 14:21:29.377365 np0000004901 devstack@n-api.service[84084]: DEBUG nova.api.openstack.wsgi_app [None req-1ccee079-270d-47b1-979e-08d1721ead52 None None] log_rotate_interval = 1 {{(pid=84084) log_opt_values /opt/stack/data/venv/lib/python3.12/site-packages/oslo_config/cfg.py:3242}}
Jul 09 14:21:29.377483 np0000004901 devstack@n-api.service[84084]: DEBUG nova.api.openstack.wsgi_app [None req-1ccee079-270d-47b1-979e-08d1721ead52 None None] log_rotate_interval_type = days {{(pid=84084) log_opt_values /opt/stack/data/venv/lib/python3.12/site-packages/oslo_config/cfg.py:3242}}
Jul 09 14:21:29.377598 np0000004901 devstack@n-api.service[84084]: DEBUG nova.api.openstack.wsgi_app [None req-1ccee079-270d-47b1-979e-08d1721ead52 None None] log_rotation_type = none {{(pid=84084) log_opt_values /opt/stack/data/venv/lib/python3.12/site-packages/oslo_config/cfg.py:3242}}
Jul 09 14:21:29.377718 np0000004901 devstack@n-api.service[84084]: DEBUG nova.api.openstack.wsgi_app [None req-1ccee079-270d-47b1-979e-08d1721ead52 None None] logging_context_format_string = %(color)s%(levelname)s %(name)s [%(global_request_id)s %(request_id)s %(project_name)s %(user_name)s%(color)s] %(instance)s%(color)s%(message)s {{(pid=84084) log_opt_values /opt/stack/data/venv/lib/python3.12/site-packages/oslo_config/cfg.py:3242}}
Jul 09 14:21:29.377808 np0000004901 devstack@n-api.service[84084]: DEBUG nova.api.openstack.wsgi_app [None req-1ccee079-270d-47b1-979e-08d1721ead52 None None] logging_debug_format_suffix = {{(pid=%(process)d) %(funcName)s %(pathname)s:%(lineno)d}} {{(pid=84084) log_opt_values /opt/stack/data/venv/lib/python3.12/site-packages/oslo_config/cfg.py:3242}}
Jul 09 14:21:29.377917 np0000004901 devstack@n-api.service[84084]: DEBUG nova.api.openstack.wsgi_app [None req-1ccee079-270d-47b1-979e-08d1721ead52 None None] logging_default_format_string = %(color)s%(levelname)s %(name)s [-%(color)s] %(instance)s%(color)s%(message)s {{(pid=84084) log_opt_values /opt/stack/data/venv/lib/python3.12/site-packages/oslo_config/cfg.py:3242}}
Jul 09 14:21:29.378029 np0000004901 devstack@n-api.service[84084]: DEBUG nova.api.openstack.wsgi_app [None req-1ccee079-270d-47b1-979e-08d1721ead52 None None] logging_exception_prefix = ERROR %(name)s %(instance)s {{(pid=84084) log_opt_values /opt/stack/data/venv/lib/python3.12/site-packages/oslo_config/cfg.py:3242}}
Jul 09 14:21:29.378142 np0000004901 devstack@n-api.service[84084]: DEBUG nova.api.openstack.wsgi_app [None req-1ccee079-270d-47b1-979e-08d1721ead52 None None] logging_user_identity_format = %(user)s %(project)s %(domain)s %(system_scope)s %(user_domain)s %(project_domain)s {{(pid=84084) log_opt_values /opt/stack/data/venv/lib/python3.12/site-packages/oslo_config/cfg.py:3242}}
Jul 09 14:21:29.378238 np0000004901 devstack@n-api.service[84084]: DEBUG nova.api.openstack.wsgi_app [None req-1ccee079-270d-47b1-979e-08d1721ead52 None None] long_rpc_timeout = 1800 {{(pid=84084) log_opt_values /opt/stack/data/venv/lib/python3.12/site-packages/oslo_config/cfg.py:3242}}
Jul 09 14:21:29.378310 np0000004901 devstack@n-api.service[84085]: DEBUG nova.api.openstack.wsgi_app [None req-fde8daee-03ae-4415-b073-53d9a2634e34 None None] ******************************************************************************** {{(pid=84085) log_opt_values /opt/stack/data/venv/lib/python3.12/site-packages/oslo_config/cfg.py:3226}}
Jul 09 14:21:29.378736 np0000004901 devstack@n-api.service[84084]: DEBUG nova.api.openstack.wsgi_app [None req-1ccee079-270d-47b1-979e-08d1721ead52 None None] manager_shutdown_timeout = 160 {{(pid=84084) log_opt_values /opt/stack/data/venv/lib/python3.12/site-packages/oslo_config/cfg.py:3242}}
Jul 09 14:21:29.378826 np0000004901 devstack@n-api.service[84085]: DEBUG nova.api.openstack.wsgi_app [None req-fde8daee-03ae-4415-b073-53d9a2634e34 None None] Configuration options gathered from: {{(pid=84085) log_opt_values /opt/stack/data/venv/lib/python3.12/site-packages/oslo_config/cfg.py:3227}}
Jul 09 14:21:29.378920 np0000004901 devstack@n-api.service[84084]: DEBUG nova.api.openstack.wsgi_app [None req-1ccee079-270d-47b1-979e-08d1721ead52 None None] max_concurrent_builds = 10 {{(pid=84084) log_opt_values /opt/stack/data/venv/lib/python3.12/site-packages/oslo_config/cfg.py:3242}}
Jul 09 14:21:29.378920 np0000004901 devstack@n-api.service[84084]: DEBUG nova.api.openstack.wsgi_app [None req-1ccee079-270d-47b1-979e-08d1721ead52 None None] max_concurrent_live_migrations = 1 {{(pid=84084) log_opt_values /opt/stack/data/venv/lib/python3.12/site-packages/oslo_config/cfg.py:3242}}
Jul 09 14:21:29.378920 np0000004901 devstack@n-api.service[84084]: DEBUG nova.api.openstack.wsgi_app [None req-1ccee079-270d-47b1-979e-08d1721ead52 None None] max_concurrent_snapshots = 5 {{(pid=84084) log_opt_values /opt/stack/data/venv/lib/python3.12/site-packages/oslo_config/cfg.py:3242}}
Jul 09 14:21:29.379149 np0000004901 devstack@n-api.service[84085]: DEBUG nova.api.openstack.wsgi_app [None req-fde8daee-03ae-4415-b073-53d9a2634e34 None None] command line args: [] {{(pid=84085) log_opt_values /opt/stack/data/venv/lib/python3.12/site-packages/oslo_config/cfg.py:3228}}
Jul 09 14:21:29.379234 np0000004901 devstack@n-api.service[84084]: DEBUG nova.api.openstack.wsgi_app [None req-1ccee079-270d-47b1-979e-08d1721ead52 None None] max_local_block_devices = 3 {{(pid=84084) log_opt_values /opt/stack/data/venv/lib/python3.12/site-packages/oslo_config/cfg.py:3242}}
Jul 09 14:21:29.379329 np0000004901 devstack@n-api.service[84085]: DEBUG nova.api.openstack.wsgi_app [None req-fde8daee-03ae-4415-b073-53d9a2634e34 None None] config files: ['/etc/nova/api-paste.ini', '/etc/nova/nova.conf'] {{(pid=84085) log_opt_values /opt/stack/data/venv/lib/python3.12/site-packages/oslo_config/cfg.py:3229}}
Jul 09 14:21:29.379398 np0000004901 devstack@n-api.service[84084]: DEBUG nova.api.openstack.wsgi_app [None req-1ccee079-270d-47b1-979e-08d1721ead52 None None] max_logfile_count = 30 {{(pid=84084) log_opt_values /opt/stack/data/venv/lib/python3.12/site-packages/oslo_config/cfg.py:3242}}
Jul 09 14:21:29.379496 np0000004901 devstack@n-api.service[84085]: DEBUG nova.api.openstack.wsgi_app [None req-fde8daee-03ae-4415-b073-53d9a2634e34 None None] ================================================================================ {{(pid=84085) log_opt_values /opt/stack/data/venv/lib/python3.12/site-packages/oslo_config/cfg.py:3234}}
Jul 09 14:21:29.379548 np0000004901 devstack@n-api.service[84084]: DEBUG nova.api.openstack.wsgi_app [None req-1ccee079-270d-47b1-979e-08d1721ead52 None None] max_logfile_size_mb = 200 {{(pid=84084) log_opt_values /opt/stack/data/venv/lib/python3.12/site-packages/oslo_config/cfg.py:3242}}
Jul 09 14:21:29.379548 np0000004901 devstack@n-api.service[84084]: DEBUG nova.api.openstack.wsgi_app [None req-1ccee079-270d-47b1-979e-08d1721ead52 None None] maximum_instance_delete_attempts = 5 {{(pid=84084) log_opt_values /opt/stack/data/venv/lib/python3.12/site-packages/oslo_config/cfg.py:3242}}
