Jul 09 14:21:49.372925 np0000004901 devstack@neutron-api.service[87381]: DEBUG neutron.api.extensions [None req-051763c2-4922-47d0-aa30-494d24235987 None None] Ext name="Agent's Resource View Synced to Placement" alias="agent-resources-synced" description="Stores success/failure of last sync to Placement" updated="2018-12-19T00:00:00-00:00" {{(pid=87381) _check_extension /opt/stack/neutron/neutron/api/extensions.py:415}}
Jul 09 14:21:49.373245 np0000004901 devstack@neutron-api.service[87381]: INFO neutron.api.extensions [None req-051763c2-4922-47d0-aa30-494d24235987 None None] Extension agent-resources-synced not supported by any of loaded plugins
Jul 09 14:21:49.373245 np0000004901 devstack@neutron-api.service[87381]: DEBUG neutron.api.extensions [None req-051763c2-4922-47d0-aa30-494d24235987 None None] Loading extension file: agent_sort_key.py {{(pid=87381) _load_all_extensions_from_path /opt/stack/neutron/neutron/api/extensions.py:449}}
Jul 09 14:21:49.373640 np0000004901 devstack@neutron-api.service[87381]: DEBUG neutron.api.extensions [None req-051763c2-4922-47d0-aa30-494d24235987 None None] Ext name="Agents Sort Key" alias="agent_sort_key" description="Enabling the keyword sort_key for sorting in agents." updated="2013-02-03T10:00:00-00:00" {{(pid=87381) _check_extension /opt/stack/neutron/neutron/api/extensions.py:415}}
Jul 09 14:21:49.373867 np0000004901 devstack@neutron-api.service[87381]: INFO neutron.api.extensions [None req-051763c2-4922-47d0-aa30-494d24235987 None None] Extension agent_sort_key not supported by any of loaded plugins
Jul 09 14:21:49.374009 np0000004901 devstack@neutron-api.service[87381]: DEBUG neutron.api.extensions [None req-051763c2-4922-47d0-aa30-494d24235987 None None] Loading extension file: allowedaddresspairs.py {{(pid=87381) _load_all_extensions_from_path /opt/stack/neutron/neutron/api/extensions.py:449}}
Jul 09 14:21:49.374864 np0000004901 devstack@neutron-api.service[87381]: DEBUG neutron.api.extensions [None req-051763c2-4922-47d0-aa30-494d24235987 None None] Ext name="Allowed Address Pairs" alias="allowed-address-pairs" description="Provides allowed address pairs" updated="2013-07-23T10:00:00-00:00" {{(pid=87381) _check_extension /opt/stack/neutron/neutron/api/extensions.py:415}}
Jul 09 14:21:49.375199 np0000004901 devstack@neutron-api.service[87381]: INFO neutron.api.extensions [None req-051763c2-4922-47d0-aa30-494d24235987 None None] Loaded extension: allowed-address-pairs
Jul 09 14:21:49.375274 np0000004901 devstack@neutron-api.service[87381]: DEBUG neutron.api.extensions [None req-051763c2-4922-47d0-aa30-494d24235987 None None] Loading extension file: auto_allocated_topology.py {{(pid=87381) _load_all_extensions_from_path /opt/stack/neutron/neutron/api/extensions.py:449}}
Jul 09 14:21:49.375659 np0000004901 devstack@neutron-api.service[87381]: DEBUG neutron.api.extensions [None req-051763c2-4922-47d0-aa30-494d24235987 None None] Ext name="Auto Allocated Topology Services" alias="auto-allocated-topology" description="Auto Allocated Topology Services." updated="2016-01-01T00:00:00-00:00" {{(pid=87381) _check_extension /opt/stack/neutron/neutron/api/extensions.py:415}}
Jul 09 14:21:49.375912 np0000004901 devstack@neutron-api.service[87381]: INFO neutron.api.extensions [None req-051763c2-4922-47d0-aa30-494d24235987 None None] Loaded extension: auto-allocated-topology
Jul 09 14:21:49.376107 np0000004901 devstack@neutron-api.service[87381]: DEBUG neutron.api.extensions [None req-051763c2-4922-47d0-aa30-494d24235987 None None] Loading extension file: availability_zone.py {{(pid=87381) _load_all_extensions_from_path /opt/stack/neutron/neutron/api/extensions.py:449}}
Jul 09 14:21:49.376427 np0000004901 devstack@neutron-api.service[87381]: DEBUG neutron.api.extensions [None req-051763c2-4922-47d0-aa30-494d24235987 None None] Ext name="Availability Zone" alias="availability_zone" description="The availability zone extension." updated="2015-01-01T10:00:00-00:00" {{(pid=87381) _check_extension /opt/stack/neutron/neutron/api/extensions.py:415}}
Jul 09 14:21:49.376712 np0000004901 devstack@neutron-api.service[87381]: INFO neutron.api.extensions [None req-051763c2-4922-47d0-aa30-494d24235987 None None] Loaded extension: availability_zone
Jul 09 14:21:49.376712 np0000004901 devstack@neutron-api.service[87381]: DEBUG neutron.api.extensions [None req-051763c2-4922-47d0-aa30-494d24235987 None None] Loading extension file: availability_zone_filter.py {{(pid=87381) _load_all_extensions_from_path /opt/stack/neutron/neutron/api/extensions.py:449}}
Jul 09 14:21:49.377325 np0000004901 devstack@neutron-api.service[87381]: DEBUG neutron.api.extensions [None req-051763c2-4922-47d0-aa30-494d24235987 None None] Ext name="Availability Zone Filter Extension" alias="availability_zone_filter" description="Add filter parameters to AvailabilityZone resource" updated="2018-06-22T10:00:00-00:00" {{(pid=87381) _check_extension /opt/stack/neutron/neutron/api/extensions.py:415}}
Jul 09 14:21:49.377562 np0000004901 devstack@neutron-api.service[87381]: INFO neutron.api.extensions [None req-051763c2-4922-47d0-aa30-494d24235987 None None] Extension availability_zone_filter not supported by any of loaded plugins
Jul 09 14:21:49.377795 np0000004901 devstack@neutron-api.service[87381]: DEBUG neutron.api.extensions [None req-051763c2-4922-47d0-aa30-494d24235987 None None] Loading extension file: data_plane_status.py {{(pid=87381) _load_all_extensions_from_path /opt/stack/neutron/neutron/api/extensions.py:449}}
Jul 09 14:21:49.378096 np0000004901 devstack@neutron-api.service[87381]: DEBUG neutron.api.extensions [None req-051763c2-4922-47d0-aa30-494d24235987 None None] Ext name="Port data plane status extension" alias="data-plane-status" description="Expose status of underlying data plane" updated="2017-01-24T10:00:00-00:00" {{(pid=87381) _check_extension /opt/stack/neutron/neutron/api/extensions.py:415}}
Jul 09 14:21:49.378467 np0000004901 devstack@neutron-api.service[87381]: INFO neutron.api.extensions [None req-051763c2-4922-47d0-aa30-494d24235987 None None] Extension data-plane-status not supported by any of loaded plugins
Jul 09 14:21:49.378467 np0000004901 devstack@neutron-api.service[87381]: DEBUG neutron.api.extensions [None req-051763c2-4922-47d0-aa30-494d24235987 None None] Loading extension file: default_subnetpools.py {{(pid=87381) _load_all_extensions_from_path /opt/stack/neutron/neutron/api/extensions.py:449}}
Jul 09 14:21:49.378965 np0000004901 devstack@neutron-api.service[87381]: DEBUG neutron.api.extensions [None req-051763c2-4922-47d0-aa30-494d24235987 None None] Ext name="Default Subnetpools" alias="default-subnetpools" description="Provides ability to mark and use a subnetpool as the default." updated="2016-02-18T18:00:00-00:00" {{(pid=87381) _check_extension /opt/stack/neutron/neutron/api/extensions.py:415}}
Jul 09 14:21:49.378965 np0000004901 devstack@neutron-api.service[87381]: INFO neutron.api.extensions [None req-051763c2-4922-47d0-aa30-494d24235987 None None] Loaded extension: default-subnetpools
Jul 09 14:21:49.378965 np0000004901 devstack@neutron-api.service[87381]: DEBUG neutron.api.extensions [None req-051763c2-4922-47d0-aa30-494d24235987 None None] Loading extension file: dhcpagentscheduler.py {{(pid=87381) _load_all_extensions_from_path /opt/stack/neutron/neutron/api/extensions.py:449}}
Jul 09 14:21:49.379500 np0000004901 devstack@neutron-api.service[87383]: DEBUG neutron_lib.callbacks.manager [None req-20906dad-5485-445f-b55c-2624e0fb06ce None None] Subscribe: > router before_delete 55550000, False {{(pid=87383) subscribe /opt/stack/data/venv/lib/python3.12/site-packages/neutron_lib/callbacks/manager.py:52}}
Jul 09 14:21:49.379591 np0000004901 devstack@neutron-api.service[87381]: DEBUG neutron.api.extensions [None req-051763c2-4922-47d0-aa30-494d24235987 None None] Ext name="DHCP Agent Scheduler" alias="dhcp_agent_scheduler" description="Schedule networks among dhcp agents" updated="2013-02-07T10:00:00-00:00" {{(pid=87381) _check_extension /opt/stack/neutron/neutron/api/extensions.py:415}}
Jul 09 14:21:49.379591 np0000004901 devstack@neutron-api.service[87381]: INFO neutron.api.extensions [None req-051763c2-4922-47d0-aa30-494d24235987 None None] Loaded extension: dhcp_agent_scheduler
Jul 09 14:21:49.379726 np0000004901 devstack@neutron-api.service[87383]: DEBUG neutron_lib.callbacks.manager [None req-20906dad-5485-445f-b55c-2624e0fb06ce None None] Subscribe: port before_update 55550000, False {{(pid=87383) subscribe /opt/stack/data/venv/lib/python3.12/site-packages/neutron_lib/callbacks/manager.py:52}}
Jul 09 14:21:49.379883 np0000004901 devstack@neutron-api.service[87381]: DEBUG neutron.api.extensions [None req-051763c2-4922-47d0-aa30-494d24235987 None None] Loading extension file: dns.py {{(pid=87381) _load_all_extensions_from_path /opt/stack/neutron/neutron/api/extensions.py:449}}
Jul 09 14:21:49.380195 np0000004901 devstack@neutron-api.service[87383]: DEBUG neutron_lib.callbacks.manager [None req-20906dad-5485-445f-b55c-2624e0fb06ce None None] Subscribe: port after_update 55550000, False {{(pid=87383) subscribe /opt/stack/data/venv/lib/python3.12/site-packages/neutron_lib/callbacks/manager.py:52}}
Jul 09 14:21:49.380195 np0000004901 devstack@neutron-api.service[87383]: DEBUG neutron_lib.callbacks.manager [None req-20906dad-5485-445f-b55c-2624e0fb06ce None None] Subscribe: > port precommit_delete 55550000, False {{(pid=87383) subscribe /opt/stack/data/venv/lib/python3.12/site-packages/neutron_lib/callbacks/manager.py:52}}
Jul 09 14:21:49.380195 np0000004901 devstack@neutron-api.service[87383]: DEBUG neutron_lib.callbacks.manager [None req-20906dad-5485-445f-b55c-2624e0fb06ce None None] Subscribe: port before_update 55550000, False {{(pid=87383) subscribe /opt/stack/data/venv/lib/python3.12/site-packages/neutron_lib/callbacks/manager.py:52}}
Jul 09 14:21:49.380374 np0000004901 devstack@neutron-api.service[87381]: DEBUG neutron.api.extensions [None req-051763c2-4922-47d0-aa30-494d24235987 None None] Ext name="DNS Integration" alias="dns-integration" description="Provides integration with DNS." updated="2015-08-15T18:00:00-00:00" {{(pid=87381) _check_extension /opt/stack/neutron/neutron/api/extensions.py:415}}
Jul 09 14:21:49.380493 np0000004901 devstack@neutron-api.service[87383]: DEBUG neutron_lib.callbacks.manager [None req-20906dad-5485-445f-b55c-2624e0fb06ce None None] Subscribe: port before_delete 55550000, False {{(pid=87383) subscribe /opt/stack/data/venv/lib/python3.12/site-packages/neutron_lib/callbacks/manager.py:52}}
Jul 09 14:21:49.380691 np0000004901 devstack@neutron-api.service[87381]: INFO neutron.api.extensions [None req-051763c2-4922-47d0-aa30-494d24235987 None None] Loaded extension: dns-integration
Jul 09 14:21:49.380822 np0000004901 devstack@neutron-api.service[87383]: DEBUG neutron_lib.callbacks.manager [None req-20906dad-5485-445f-b55c-2624e0fb06ce None None] Subscribe: > router precommit_create 55550000, False {{(pid=87383) subscribe /opt/stack/data/venv/lib/python3.12/site-packages/neutron_lib/callbacks/manager.py:52}}
Jul 09 14:21:49.380962 np0000004901 devstack@neutron-api.service[87381]: DEBUG neutron.api.extensions [None req-051763c2-4922-47d0-aa30-494d24235987 None None] Loading extension file: dns_domain_ports.py {{(pid=87381) _load_all_extensions_from_path /opt/stack/neutron/neutron/api/extensions.py:449}}
Jul 09 14:21:49.381153 np0000004901 devstack@neutron-api.service[87383]: DEBUG neutron_lib.callbacks.manager [None req-20906dad-5485-445f-b55c-2624e0fb06ce None None] Subscribe: > router precommit_create 55550000, False {{(pid=87383) subscribe /opt/stack/data/venv/lib/python3.12/site-packages/neutron_lib/callbacks/manager.py:52}}
Jul 09 14:21:49.381153 np0000004901 devstack@neutron-api.service[87383]: DEBUG neutron_lib.callbacks.manager [None req-20906dad-5485-445f-b55c-2624e0fb06ce None None] Subscribe: > router precommit_update 55550000, False {{(pid=87383) subscribe /opt/stack/data/venv/lib/python3.12/site-packages/neutron_lib/callbacks/manager.py:52}}
Jul 09 14:21:49.381410 np0000004901 devstack@neutron-api.service[87381]: DEBUG neutron.api.extensions [None req-051763c2-4922-47d0-aa30-494d24235987 None None] Ext name="dns_domain for ports" alias="dns-domain-ports" description="Allows the DNS domain to be specified for a network port." updated="2017-04-24T10:00:00-00:00" {{(pid=87381) _check_extension /opt/stack/neutron/neutron/api/extensions.py:415}}
Jul 09 14:21:49.381568 np0000004901 devstack@neutron-api.service[87383]: DEBUG neutron_lib.callbacks.manager [None req-20906dad-5485-445f-b55c-2624e0fb06ce None None] Subscribe: subnet after_update 55550000, False {{(pid=87383) subscribe /opt/stack/data/venv/lib/python3.12/site-packages/neutron_lib/callbacks/manager.py:52}}
Jul 09 14:21:49.381761 np0000004901 devstack@neutron-api.service[87381]: INFO neutron.api.extensions [None req-051763c2-4922-47d0-aa30-494d24235987 None None] Loaded extension: dns-domain-ports
Jul 09 14:21:49.382187 np0000004901 devstack@neutron-api.service[87383]: DEBUG neutron.quota.resource_registry [None req-20906dad-5485-445f-b55c-2624e0fb06ce None None] Tracking information for resource: router configured {{(pid=87383) set_tracked_resource /opt/stack/neutron/neutron/quota/resource_registry.py:203}}
Jul 09 14:21:49.382541 np0000004901 devstack@neutron-api.service[87381]: DEBUG neutron.api.extensions [None req-051763c2-4922-47d0-aa30-494d24235987 None None] Loading extension file: dns_integration_domain_keywords.py {{(pid=87381) _load_all_extensions_from_path /opt/stack/neutron/neutron/api/extensions.py:449}}
Jul 09 14:21:49.382774 np0000004901 devstack@neutron-api.service[87383]: DEBUG neutron.quota.resource_registry [None req-20906dad-5485-445f-b55c-2624e0fb06ce None None] Tracking information for resource: floatingip configured {{(pid=87383) set_tracked_resource /opt/stack/neutron/neutron/quota/resource_registry.py:203}}
Jul 09 14:21:49.382774 np0000004901 devstack@neutron-api.service[87383]: INFO neutron.services.ovn_l3.plugin [None req-20906dad-5485-445f-b55c-2624e0fb06ce None None] Starting OVNL3RouterPlugin
Jul 09 14:21:49.383041 np0000004901 devstack@neutron-api.service[87381]: DEBUG neutron.api.extensions [None req-051763c2-4922-47d0-aa30-494d24235987 None None] Ext name="DNS domain names with keywords allowed" alias="dns-integration-domain-keywords" description="Allows to use keywords like , , and as DNS domain name" updated="2020-06-15T18:00:00-00:00" {{(pid=87381) _check_extension /opt/stack/neutron/neutron/api/extensions.py:415}}
Jul 09 14:21:49.383041 np0000004901 devstack@neutron-api.service[87381]: INFO neutron.api.extensions [None req-051763c2-4922-47d0-aa30-494d24235987 None None] Loaded extension: dns-integration-domain-keywords
Jul 09 14:21:49.383296 np0000004901 devstack@neutron-api.service[87383]: DEBUG neutron_lib.callbacks.manager [None req-20906dad-5485-445f-b55c-2624e0fb06ce None None] Subscribe: > port_forwarding_plugin after_init 55550000, False {{(pid=87383) subscribe /opt/stack/data/venv/lib/python3.12/site-packages/neutron_lib/callbacks/manager.py:52}}
Jul 09 14:21:49.383564 np0000004901 devstack@neutron-api.service[87381]: DEBUG neutron.api.extensions [None req-051763c2-4922-47d0-aa30-494d24235987 None None] Loading extension file: dvr.py {{(pid=87381) _load_all_extensions_from_path /opt/stack/neutron/neutron/api/extensions.py:449}}
Jul 09 14:21:49.383799 np0000004901 devstack@neutron-api.service[87383]: DEBUG neutron_lib.callbacks.manager [None req-20906dad-5485-445f-b55c-2624e0fb06ce None None] Subscribe: > router before_create 55550100, False {{(pid=87383) subscribe /opt/stack/data/venv/lib/python3.12/site-packages/neutron_lib/callbacks/manager.py:52}}
Jul 09 14:21:49.384056 np0000004901 devstack@neutron-api.service[87381]: DEBUG neutron.api.extensions [None req-051763c2-4922-47d0-aa30-494d24235987 None None] Ext name="Distributed Virtual Router" alias="dvr" description="Enables configuration of Distributed Virtual Routers." updated="2014-06-1T10:00:00-00:00" {{(pid=87381) _check_extension /opt/stack/neutron/neutron/api/extensions.py:415}}
Jul 09 14:21:49.384268 np0000004901 devstack@neutron-api.service[87383]: DEBUG neutron_lib.callbacks.manager [None req-20906dad-5485-445f-b55c-2624e0fb06ce None None] Subscribe: > router precommit_delete 55550100, False {{(pid=87383) subscribe /opt/stack/data/venv/lib/python3.12/site-packages/neutron_lib/callbacks/manager.py:52}}
Jul 09 14:21:49.384268 np0000004901 devstack@neutron-api.service[87383]: DEBUG neutron_lib.callbacks.manager [None req-20906dad-5485-445f-b55c-2624e0fb06ce None None] Subscribe: > router precommit_create 55550100, False {{(pid=87383) subscribe /opt/stack/data/venv/lib/python3.12/site-packages/neutron_lib/callbacks/manager.py:52}}
Jul 09 14:21:49.384483 np0000004901 devstack@neutron-api.service[87381]: INFO neutron.api.extensions [None req-051763c2-4922-47d0-aa30-494d24235987 None None] Extension dvr not supported by any of loaded plugins
Jul 09 14:21:49.384689 np0000004901 devstack@neutron-api.service[87383]: DEBUG neutron_lib.callbacks.manager [None req-20906dad-5485-445f-b55c-2624e0fb06ce None None] Subscribe: > router precommit_update 55550100, False {{(pid=87383) subscribe /opt/stack/data/venv/lib/python3.12/site-packages/neutron_lib/callbacks/manager.py:52}}
Jul 09 14:21:49.384827 np0000004901 devstack@neutron-api.service[87381]: DEBUG neutron.api.extensions [None req-051763c2-4922-47d0-aa30-494d24235987 None None] Loading extension file: ecmp_routes.py {{(pid=87381) _load_all_extensions_from_path /opt/stack/neutron/neutron/api/extensions.py:449}}
Jul 09 14:21:49.384827 np0000004901 devstack@neutron-api.service[87381]: DEBUG neutron.api.extensions [None req-051763c2-4922-47d0-aa30-494d24235987 None None] Ext name="Equal Cost Multipath Routing" alias="ecmp_routes" description="Allows traffic to reach thesame destination via multiple different links " updated="2020-11-26T18:00:00-00:00" {{(pid=87381) _check_extension /opt/stack/neutron/neutron/api/extensions.py:415}}
Jul 09 14:21:49.384827 np0000004901 devstack@neutron-api.service[87381]: INFO neutron.api.extensions [None req-051763c2-4922-47d0-aa30-494d24235987 None None] Extension ecmp_routes not supported by any of loaded plugins
Jul 09 14:21:49.384827 np0000004901 devstack@neutron-api.service[87381]: DEBUG neutron.api.extensions [None req-051763c2-4922-47d0-aa30-494d24235987 None None] Loading extension file: empty_string_filtering.py {{(pid=87381) _load_all_extensions_from_path /opt/stack/neutron/neutron/api/extensions.py:449}}
Jul 09 14:21:49.384827 np0000004901 devstack@neutron-api.service[87381]: DEBUG neutron.api.extensions [None req-051763c2-4922-47d0-aa30-494d24235987 None None] Ext name="Empty String Filtering Extension" alias="empty-string-filtering" description="Allow filtering by attributes with empty string value" updated="2018-05-01T10:00:00-00:00" {{(pid=87381) _check_extension /opt/stack/neutron/neutron/api/extensions.py:415}}
Jul 09 14:21:49.384827 np0000004901 devstack@neutron-api.service[87381]: INFO neutron.api.extensions [None req-051763c2-4922-47d0-aa30-494d24235987 None None] Loaded extension: empty-string-filtering
Jul 09 14:21:49.384827 np0000004901 devstack@neutron-api.service[87381]: DEBUG neutron.api.extensions [None req-051763c2-4922-47d0-aa30-494d24235987 None None] Loading extension file: evpn.py {{(pid=87381) _load_all_extensions_from_path /opt/stack/neutron/neutron/api/extensions.py:449}}
Jul 09 14:21:49.385206 np0000004901 devstack@neutron-api.service[87381]: DEBUG neutron.api.extensions [None req-051763c2-4922-47d0-aa30-494d24235987 None None] Ext name="EVPN" alias="evpn" description="Router extension to support EVPN Type-5 route advertisement" updated="2026-04-28T00:00:00-00:00" {{(pid=87381) _check_extension /opt/stack/neutron/neutron/api/extensions.py:415}}
Jul 09 14:21:49.385206 np0000004901 devstack@neutron-api.service[87381]: INFO neutron.api.extensions [None req-051763c2-4922-47d0-aa30-494d24235987 None None] Extension evpn not supported by any of loaded plugins
Jul 09 14:21:49.385206 np0000004901 devstack@neutron-api.service[87381]: DEBUG neutron.api.extensions [None req-051763c2-4922-47d0-aa30-494d24235987 None None] Loading extension file: expose_l3_conntrack_helper.py {{(pid=87381) _load_all_extensions_from_path /opt/stack/neutron/neutron/api/extensions.py:449}}
Jul 09 14:21:49.385206 np0000004901 devstack@neutron-api.service[87381]: DEBUG neutron.api.extensions [None req-051763c2-4922-47d0-aa30-494d24235987 None None] Ext name="Expose CT target rules for conntrack helper" alias="expose-l3-conntrack-helper" description="Expose allow adding CT target rules for conntrack helper" updated="2019-04-04T10:00:00-00:00" {{(pid=87381) _check_extension /opt/stack/neutron/neutron/api/extensions.py:415}}
Jul 09 14:21:49.385206 np0000004901 devstack@neutron-api.service[87381]: INFO neutron.api.extensions [None req-051763c2-4922-47d0-aa30-494d24235987 None None] Extension expose-l3-conntrack-helper not supported by any of loaded plugins
Jul 09 14:21:49.385206 np0000004901 devstack@neutron-api.service[87381]: DEBUG neutron.api.extensions [None req-051763c2-4922-47d0-aa30-494d24235987 None None] Loading extension file: expose_port_forwarding_in_fip.py {{(pid=87381) _load_all_extensions_from_path /opt/stack/neutron/neutron/api/extensions.py:449}}
Jul 09 14:21:49.385484 np0000004901 devstack@neutron-api.service[87381]: DEBUG neutron.api.extensions [None req-051763c2-4922-47d0-aa30-494d24235987 None None] Ext name="Expose Floating IP port forwardings" alias="expose-port-forwarding-in-fip" description="Expose port forwarding fields in floating IP response" updated="2018-06-28T16:00:00-00:00" {{(pid=87381) _check_extension /opt/stack/neutron/neutron/api/extensions.py:415}}
Jul 09 14:21:49.385484 np0000004901 devstack@neutron-api.service[87381]: INFO neutron.api.extensions [None req-051763c2-4922-47d0-aa30-494d24235987 None None] Extension expose-port-forwarding-in-fip not supported by any of loaded plugins
Jul 09 14:21:49.385733 np0000004901 devstack@neutron-api.service[87381]: DEBUG neutron.api.extensions [None req-051763c2-4922-47d0-aa30-494d24235987 None None] Loading extension file: external_net.py {{(pid=87381) _load_all_extensions_from_path /opt/stack/neutron/neutron/api/extensions.py:449}}
Jul 09 14:21:49.385930 np0000004901 devstack@neutron-api.service[87381]: DEBUG neutron.api.extensions [None req-051763c2-4922-47d0-aa30-494d24235987 None None] Ext name="Neutron external network" alias="external-net" description="Adds external network attribute to network resource." updated="2013-01-14T10:00:00-00:00" {{(pid=87381) _check_extension /opt/stack/neutron/neutron/api/extensions.py:415}}
Jul 09 14:21:49.386320 np0000004901 devstack@neutron-api.service[87381]: INFO neutron.api.extensions [None req-051763c2-4922-47d0-aa30-494d24235987 None None] Loaded extension: external-net
Jul 09 14:21:49.386320 np0000004901 devstack@neutron-api.service[87381]: DEBUG neutron.api.extensions [None req-051763c2-4922-47d0-aa30-494d24235987 None None] Loading extension file: extra_dhcp_opt.py {{(pid=87381) _load_all_extensions_from_path /opt/stack/neutron/neutron/api/extensions.py:449}}
Jul 09 14:21:49.386577 np0000004901 devstack@neutron-api.service[87381]: DEBUG neutron.api.extensions [None req-051763c2-4922-47d0-aa30-494d24235987 None None] Ext name="Neutron Extra DHCP options" alias="extra_dhcp_opt" description="Extra options configuration for DHCP. For example PXE boot options to DHCP clients can be specified (e.g. tftp-server, server-ip-address, bootfile-name)" updated="2013-03-17T12:00:00-00:00" {{(pid=87381) _check_extension /opt/stack/neutron/neutron/api/extensions.py:415}}
Jul 09 14:21:49.386864 np0000004901 devstack@neutron-api.service[87381]: INFO neutron.api.extensions [None req-051763c2-4922-47d0-aa30-494d24235987 None None] Loaded extension: extra_dhcp_opt
Jul 09 14:21:49.386864 np0000004901 devstack@neutron-api.service[87381]: DEBUG neutron.api.extensions [None req-051763c2-4922-47d0-aa30-494d24235987 None None] Loading extension file: extraroute.py {{(pid=87381) _load_all_extensions_from_path /opt/stack/neutron/neutron/api/extensions.py:449}}
Jul 09 14:21:49.387242 np0000004901 devstack@neutron-api.service[87381]: DEBUG neutron.api.extensions [None req-051763c2-4922-47d0-aa30-494d24235987 None None] Ext name="Neutron Extra Route" alias="extraroute" description="Extra routes configuration for L3 router" updated="2013-02-01T10:00:00-00:00" {{(pid=87381) _check_extension /opt/stack/neutron/neutron/api/extensions.py:415}}
Jul 09 14:21:49.387462 np0000004901 devstack@neutron-api.service[87381]: INFO neutron.api.extensions [None req-051763c2-4922-47d0-aa30-494d24235987 None None] Loaded extension: extraroute
Jul 09 14:21:49.387462 np0000004901 devstack@neutron-api.service[87381]: DEBUG neutron.api.extensions [None req-051763c2-4922-47d0-aa30-494d24235987 None None] Loading extension file: extraroute_atomic.py {{(pid=87381) _load_all_extensions_from_path /opt/stack/neutron/neutron/api/extensions.py:449}}
Jul 09 14:21:49.387636 np0000004901 devstack@neutron-api.service[87383]: DEBUG neutron.services.provider_configuration [None req-20906dad-5485-445f-b55c-2624e0fb06ce None None] Service providers = [] {{(pid=87383) parse_service_provider_opt /opt/stack/neutron/neutron/services/provider_configuration.py:170}}
Jul 09 14:21:49.387636 np0000004901 devstack@neutron-api.service[87383]: DEBUG neutron.db.servicetype_db [None req-20906dad-5485-445f-b55c-2624e0fb06ce None None] Adding provider configuration for service L3_ROUTER_NAT {{(pid=87383) add_provider_configuration /opt/stack/neutron/neutron/db/servicetype_db.py:45}}
Jul 09 14:21:49.387876 np0000004901 devstack@neutron-api.service[87381]: DEBUG neutron.api.extensions [None req-051763c2-4922-47d0-aa30-494d24235987 None None] Ext name="Atomically add/remove extra routes" alias="extraroute-atomic" description="Edit extra routes of a router on server side by atomically adding/removing extra routes" updated="2019-07-10T00:00:00+00:00" {{(pid=87381) _check_extension /opt/stack/neutron/neutron/api/extensions.py:415}}
Jul 09 14:21:49.388114 np0000004901 devstack@neutron-api.service[87381]: INFO neutron.api.extensions [None req-051763c2-4922-47d0-aa30-494d24235987 None None] Loaded extension: extraroute-atomic
Jul 09 14:21:49.388255 np0000004901 devstack@neutron-api.service[87381]: DEBUG neutron.api.extensions [None req-051763c2-4922-47d0-aa30-494d24235987 None None] Loading extension file: filter_validation.py {{(pid=87381) _load_all_extensions_from_path /opt/stack/neutron/neutron/api/extensions.py:449}}
Jul 09 14:21:49.388529 np0000004901 devstack@neutron-api.service[87381]: DEBUG neutron.api.extensions [None req-051763c2-4922-47d0-aa30-494d24235987 None None] Ext name="Filter parameters validation" alias="filter-validation" description="Provides validation on filter parameters." updated="2018-07-04T10:00:00-00:00" {{(pid=87381) _check_extension /opt/stack/neutron/neutron/api/extensions.py:415}}
Jul 09 14:21:49.388782 np0000004901 devstack@neutron-api.service[87381]: INFO neutron.api.extensions [None req-051763c2-4922-47d0-aa30-494d24235987 None None] Loaded extension: filter-validation
Jul 09 14:21:49.388952 np0000004901 devstack@neutron-api.service[87381]: DEBUG neutron.api.extensions [None req-051763c2-4922-47d0-aa30-494d24235987 None None] Loading extension file: fip_pf_description.py {{(pid=87381) _load_all_extensions_from_path /opt/stack/neutron/neutron/api/extensions.py:449}}
Jul 09 14:21:49.389222 np0000004901 devstack@neutron-api.service[87381]: DEBUG neutron.api.extensions [None req-051763c2-4922-47d0-aa30-494d24235987 None None] Ext name="Floating IP Port Forwarding new attribute description" alias="floating-ip-port-forwarding-description" description="Add a description field to Port Forwarding rules" updated="2019-11-01T10:00:00-00:00" {{(pid=87381) _check_extension /opt/stack/neutron/neutron/api/extensions.py:415}}
Jul 09 14:21:49.389414 np0000004901 devstack@neutron-api.service[87381]: INFO neutron.api.extensions [None req-051763c2-4922-47d0-aa30-494d24235987 None None] Extension floating-ip-port-forwarding-description not supported by any of loaded plugins
Jul 09 14:21:49.389549 np0000004901 devstack@neutron-api.service[87383]: DEBUG neutron_lib.callbacks.manager [None req-20906dad-5485-445f-b55c-2624e0fb06ce None None] Subscribe: > router precommit_create 55549900, False {{(pid=87383) subscribe /opt/stack/data/venv/lib/python3.12/site-packages/neutron_lib/callbacks/manager.py:52}}
Jul 09 14:21:49.389719 np0000004901 devstack@neutron-api.service[87381]: DEBUG neutron.api.extensions [None req-051763c2-4922-47d0-aa30-494d24235987 None None] Loading extension file: fip_pf_detail.py {{(pid=87381) _load_all_extensions_from_path /opt/stack/neutron/neutron/api/extensions.py:449}}
Jul 09 14:21:49.389891 np0000004901 devstack@neutron-api.service[87383]: DEBUG neutron_lib.callbacks.manager [None req-20906dad-5485-445f-b55c-2624e0fb06ce None None] Subscribe: > router_interface after_create 55550000, False {{(pid=87383) subscribe /opt/stack/data/venv/lib/python3.12/site-packages/neutron_lib/callbacks/manager.py:52}}
Jul 09 14:21:49.389891 np0000004901 devstack@neutron-api.service[87383]: DEBUG neutron_lib.callbacks.manager [None req-20906dad-5485-445f-b55c-2624e0fb06ce None None] Subscribe: > floatingip after_create 55550000, False {{(pid=87383) subscribe /opt/stack/data/venv/lib/python3.12/site-packages/neutron_lib/callbacks/manager.py:52}}
Jul 09 14:21:49.390079 np0000004901 devstack@neutron-api.service[87381]: DEBUG neutron.api.extensions [None req-051763c2-4922-47d0-aa30-494d24235987 None None] Ext name="Floating IP port forwarding detail" alias="floating-ip-port-forwarding-detail" description="Allow list floating ip return more port forwarding data, include'id' and 'internal_port_id'" updated="2022-05-06T10:00:00-00:00" {{(pid=87381) _check_extension /opt/stack/neutron/neutron/api/extensions.py:415}}
Jul 09 14:21:49.390230 np0000004901 devstack@neutron-api.service[87383]: DEBUG neutron_lib.callbacks.manager [None req-20906dad-5485-445f-b55c-2624e0fb06ce None None] Subscribe: > floatingip precommit_create 55550000, False {{(pid=87383) subscribe /opt/stack/data/venv/lib/python3.12/site-packages/neutron_lib/callbacks/manager.py:52}}
Jul 09 14:21:49.390424 np0000004901 devstack@neutron-api.service[87381]: INFO neutron.api.extensions [None req-051763c2-4922-47d0-aa30-494d24235987 None None] Loaded extension: floating-ip-port-forwarding-detail
Jul 09 14:21:49.390720 np0000004901 devstack@neutron-api.service[87383]: DEBUG neutron_lib.callbacks.manager [None req-20906dad-5485-445f-b55c-2624e0fb06ce None None] Subscribe: > floatingip precommit_update 55550000, False {{(pid=87383) subscribe /opt/stack/data/venv/lib/python3.12/site-packages/neutron_lib/callbacks/manager.py:52}}
Jul 09 14:21:49.391118 np0000004901 devstack@neutron-api.service[87381]: DEBUG neutron.api.extensions [None req-051763c2-4922-47d0-aa30-494d24235987 None None] Loading extension file: fip_pf_port_range.py {{(pid=87381) _load_all_extensions_from_path /opt/stack/neutron/neutron/api/extensions.py:449}}
Jul 09 14:21:49.391344 np0000004901 devstack@neutron-api.service[87383]: DEBUG neutron_lib.callbacks.manager [None req-20906dad-5485-445f-b55c-2624e0fb06ce None None] Subscribe: > floatingip after_delete 55550000, False {{(pid=87383) subscribe /opt/stack/data/venv/lib/python3.12/site-packages/neutron_lib/callbacks/manager.py:52}}
Jul 09 14:21:49.391344 np0000004901 devstack@neutron-api.service[87383]: DEBUG neutron_lib.callbacks.manager [None req-20906dad-5485-445f-b55c-2624e0fb06ce None None] Subscribe: > floatingip after_status_update 55550000, False {{(pid=87383) subscribe /opt/stack/data/venv/lib/python3.12/site-packages/neutron_lib/callbacks/manager.py:52}}
Jul 09 14:21:49.391601 np0000004901 devstack@neutron-api.service[87381]: DEBUG neutron.api.extensions [None req-051763c2-4922-47d0-aa30-494d24235987 None None] Ext name="Floating IP Port Forwarding support port ranges" alias="floating-ip-port-forwarding-port-ranges" description="Add support to port ranges" updated="2020-07-01T10:00:00-00:00" {{(pid=87381) _check_extension /opt/stack/neutron/neutron/api/extensions.py:415}}
Jul 09 14:21:49.391787 np0000004901 devstack@neutron-api.service[87383]: DEBUG neutron_lib.callbacks.manager [None req-20906dad-5485-445f-b55c-2624e0fb06ce None None] Subscribe: > floatingip after_update 55550000, False {{(pid=87383) subscribe /opt/stack/data/venv/lib/python3.12/site-packages/neutron_lib/callbacks/manager.py:52}}
Jul 09 14:21:49.391787 np0000004901 devstack@neutron-api.service[87383]: DEBUG neutron_lib.callbacks.manager [None req-20906dad-5485-445f-b55c-2624e0fb06ce None None] Subscribe: > port_forwarding after_create 55550000, False {{(pid=87383) subscribe /opt/stack/data/venv/lib/python3.12/site-packages/neutron_lib/callbacks/manager.py:52}}
Jul 09 14:21:49.392091 np0000004901 devstack@neutron-api.service[87381]: INFO neutron.api.extensions [None req-051763c2-4922-47d0-aa30-494d24235987 None None] Extension floating-ip-port-forwarding-port-ranges not supported by any of loaded plugins
Jul 09 14:21:49.392232 np0000004901 devstack@neutron-api.service[87383]: DEBUG neutron_lib.callbacks.manager [None req-20906dad-5485-445f-b55c-2624e0fb06ce None None] Subscribe: > router_interface after_delete 55550000, False {{(pid=87383) subscribe /opt/stack/data/venv/lib/python3.12/site-packages/neutron_lib/callbacks/manager.py:52}}
Jul 09 14:21:49.392451 np0000004901 devstack@neutron-api.service[87381]: DEBUG neutron.api.extensions [None req-051763c2-4922-47d0-aa30-494d24235987 None None] Loading extension file: fip_port_details.py {{(pid=87381) _load_all_extensions_from_path /opt/stack/neutron/neutron/api/extensions.py:449}}
Jul 09 14:21:49.392604 np0000004901 devstack@neutron-api.service[87383]: DEBUG neutron_lib.callbacks.manager [None req-20906dad-5485-445f-b55c-2624e0fb06ce None None] Subscribe: > router after_create 55550000, False {{(pid=87383) subscribe /opt/stack/data/venv/lib/python3.12/site-packages/neutron_lib/callbacks/manager.py:52}}
Jul 09 14:21:49.392843 np0000004901 devstack@neutron-api.service[87381]: DEBUG neutron.api.extensions [None req-051763c2-4922-47d0-aa30-494d24235987 None None] Ext name="Floating IP Port Details Extension" alias="fip-port-details" description="Add port_details attribute to Floating IP resource" updated="2018-04-09T10:00:00-00:00" {{(pid=87381) _check_extension /opt/stack/neutron/neutron/api/extensions.py:415}}
Jul 09 14:21:49.393069 np0000004901 devstack@neutron-api.service[87383]: DEBUG neutron_lib.callbacks.manager [None req-20906dad-5485-445f-b55c-2624e0fb06ce None None] Subscribe: > router precommit_create 55550000, False {{(pid=87383) subscribe /opt/stack/data/venv/lib/python3.12/site-packages/neutron_lib/callbacks/manager.py:52}}
Jul 09 14:21:49.393069 np0000004901 devstack@neutron-api.service[87383]: DEBUG neutron_lib.callbacks.manager [None req-20906dad-5485-445f-b55c-2624e0fb06ce None None] Subscribe: > router after_delete 55550000, False {{(pid=87383) subscribe /opt/stack/data/venv/lib/python3.12/site-packages/neutron_lib/callbacks/manager.py:52}}
Jul 09 14:21:49.393323 np0000004901 devstack@neutron-api.service[87381]: INFO neutron.api.extensions [None req-051763c2-4922-47d0-aa30-494d24235987 None None] Loaded extension: fip-port-details
Jul 09 14:21:49.393455 np0000004901 devstack@neutron-api.service[87383]: DEBUG neutron_lib.callbacks.manager [None req-20906dad-5485-445f-b55c-2624e0fb06ce None None] Subscribe: > router after_update 55550000, False {{(pid=87383) subscribe /opt/stack/data/venv/lib/python3.12/site-packages/neutron_lib/callbacks/manager.py:52}}
Jul 09 14:21:49.393712 np0000004901 devstack@neutron-api.service[87381]: DEBUG neutron.api.extensions [None req-051763c2-4922-47d0-aa30-494d24235987 None None] Loading extension file: flavors.py {{(pid=87381) _load_all_extensions_from_path /opt/stack/neutron/neutron/api/extensions.py:449}}
Jul 09 14:21:49.393866 np0000004901 devstack@neutron-api.service[87383]: DEBUG neutron.services.service_base [None req-20906dad-5485-445f-b55c-2624e0fb06ce None None] Loaded 'neutron.services.ovn_l3.service_providers.ovn.OvnDriver' provider for service L3_ROUTER_NAT {{(pid=87383) load_drivers /opt/stack/neutron/neutron/services/service_base.py:49}}
Jul 09 14:21:49.393866 np0000004901 devstack@neutron-api.service[87383]: DEBUG neutron_lib.callbacks.manager [None req-20906dad-5485-445f-b55c-2624e0fb06ce None None] Subscribe: > process after_init 55550001, True {{(pid=87383) subscribe /opt/stack/data/venv/lib/python3.12/site-packages/neutron_lib/callbacks/manager.py:52}}
Jul 09 14:21:49.394130 np0000004901 devstack@neutron-api.service[87381]: DEBUG neutron.api.extensions [None req-051763c2-4922-47d0-aa30-494d24235987 None None] Ext name="Neutron Service Flavors" alias="flavors" description="Flavor specification for Neutron advanced services." updated="2015-09-17T10:00:00-00:00" {{(pid=87381) _check_extension /opt/stack/neutron/neutron/api/extensions.py:415}}
Jul 09 14:21:49.394293 np0000004901 devstack@neutron-api.service[87383]: DEBUG neutron.manager [None req-20906dad-5485-445f-b55c-2624e0fb06ce None None] Successfully loaded L3_ROUTER_NAT plugin. Description: L3 Router Service Plugin for basic L3 forwarding using OVN {{(pid=87383) _create_and_add_service_plugin /opt/stack/neutron/neutron/manager.py:236}}
Jul 09 14:21:49.394501 np0000004901 devstack@neutron-api.service[87381]: INFO neutron.api.extensions [None req-051763c2-4922-47d0-aa30-494d24235987 None None] Loaded extension: flavors
Jul 09 14:21:49.394636 np0000004901 devstack@neutron-api.service[87383]: INFO neutron.manager [None req-20906dad-5485-445f-b55c-2624e0fb06ce None None] Loading Plugin: auto_allocate
Jul 09 14:21:49.394898 np0000004901 devstack@neutron-api.service[87381]: DEBUG neutron.api.extensions [None req-051763c2-4922-47d0-aa30-494d24235987 None None] Loading extension file: floating_ip_port_forwarding.py {{(pid=87381) _load_all_extensions_from_path /opt/stack/neutron/neutron/api/extensions.py:449}}
Jul 09 14:21:49.394898 np0000004901 devstack@neutron-api.service[87381]: DEBUG neutron.api.extensions [None req-051763c2-4922-47d0-aa30-494d24235987 None None] Ext name="Floating IP Port Forwarding" alias="floating-ip-port-forwarding" description="Allow port forwarding from floating IP port to an internal port" updated="2018-01-19T10:00:00-00:00" {{(pid=87381) _check_extension /opt/stack/neutron/neutron/api/extensions.py:415}}
Jul 09 14:21:49.394898 np0000004901 devstack@neutron-api.service[87381]: INFO neutron.api.extensions [None req-051763c2-4922-47d0-aa30-494d24235987 None None] Extension floating-ip-port-forwarding not supported by any of loaded plugins
Jul 09 14:21:49.394898 np0000004901 devstack@neutron-api.service[87381]: DEBUG neutron.api.extensions [None req-051763c2-4922-47d0-aa30-494d24235987 None None] Loading extension file: floatingip_pools.py {{(pid=87381) _load_all_extensions_from_path /opt/stack/neutron/neutron/api/extensions.py:449}}
Jul 09 14:21:49.394898 np0000004901 devstack@neutron-api.service[87381]: DEBUG neutron.api.extensions [None req-051763c2-4922-47d0-aa30-494d24235987 None None] Ext name="Floating IP Pools Extension" alias="floatingip-pools" description="Provides a floating IP pools API." updated="2018-03-21T10:00:00-00:00" {{(pid=87381) _check_extension /opt/stack/neutron/neutron/api/extensions.py:415}}
Jul 09 14:21:49.395187 np0000004901 devstack@neutron-api.service[87383]: DEBUG neutron_lib.callbacks.manager [None req-20906dad-5485-445f-b55c-2624e0fb06ce None None] Subscribe: network precommit_update 55550000, False {{(pid=87383) subscribe /opt/stack/data/venv/lib/python3.12/site-packages/neutron_lib/callbacks/manager.py:52}}
Jul 09 14:21:49.395382 np0000004901 devstack@neutron-api.service[87381]: INFO neutron.api.extensions [None req-051763c2-4922-47d0-aa30-494d24235987 None None] Loaded extension: floatingip-pools
Jul 09 14:21:49.395530 np0000004901 devstack@neutron-api.service[87383]: DEBUG neutron_lib.callbacks.manager [None req-20906dad-5485-445f-b55c-2624e0fb06ce None None] Subscribe: network precommit_create 55550000, False {{(pid=87383) subscribe /opt/stack/data/venv/lib/python3.12/site-packages/neutron_lib/callbacks/manager.py:52}}
Jul 09 14:21:49.395710 np0000004901 devstack@neutron-api.service[87381]: DEBUG neutron.api.extensions [None req-051763c2-4922-47d0-aa30-494d24235987 None None] Loading extension file: ip_allocation.py {{(pid=87381) _load_all_extensions_from_path /opt/stack/neutron/neutron/api/extensions.py:449}}
Jul 09 14:21:49.395903 np0000004901 devstack@neutron-api.service[87383]: DEBUG neutron.manager [None req-20906dad-5485-445f-b55c-2624e0fb06ce None None] Successfully loaded auto-allocated-topology plugin. Description: Auto Allocated Topology - aka get me a network. {{(pid=87383) _create_and_add_service_plugin /opt/stack/neutron/neutron/manager.py:236}}
Jul 09 14:21:49.396081 np0000004901 devstack@neutron-api.service[87381]: DEBUG neutron.api.extensions [None req-051763c2-4922-47d0-aa30-494d24235987 None None] Ext name="IP Allocation" alias="ip_allocation" description="IP allocation extension." updated="2016-06-10T23:00:00-00:00" {{(pid=87381) _check_extension /opt/stack/neutron/neutron/api/extensions.py:415}}
Jul 09 14:21:49.396229 np0000004901 devstack@neutron-api.service[87383]: INFO neutron.manager [None req-20906dad-5485-445f-b55c-2624e0fb06ce None None] Loading Plugin: tag
Jul 09 14:21:49.396376 np0000004901 devstack@neutron-api.service[87381]: INFO neutron.api.extensions [None req-051763c2-4922-47d0-aa30-494d24235987 None None] Extension ip_allocation not supported by any of loaded plugins
Jul 09 14:21:49.396376 np0000004901 devstack@neutron-api.service[87381]: DEBUG neutron.api.extensions [None req-051763c2-4922-47d0-aa30-494d24235987 None None] Loading extension file: ip_substring_port_filtering.py {{(pid=87381) _load_all_extensions_from_path /opt/stack/neutron/neutron/api/extensions.py:449}}
Jul 09 14:21:49.396376 np0000004901 devstack@neutron-api.service[87381]: DEBUG neutron.api.extensions [None req-051763c2-4922-47d0-aa30-494d24235987 None None] Ext name="IP address substring filtering" alias="ip-substring-filtering" description="Provides IP address substring filtering when listing ports" updated="2017-11-28T09:00:00-00:00" {{(pid=87381) _check_extension /opt/stack/neutron/neutron/api/extensions.py:415}}
Jul 09 14:21:49.396376 np0000004901 devstack@neutron-api.service[87381]: INFO neutron.api.extensions [None req-051763c2-4922-47d0-aa30-494d24235987 None None] Extension ip-substring-filtering not supported by any of loaded plugins
Jul 09 14:21:49.396376 np0000004901 devstack@neutron-api.service[87381]: DEBUG neutron.api.extensions [None req-051763c2-4922-47d0-aa30-494d24235987 None None] Loading extension file: l2_adjacency.py {{(pid=87381) _load_all_extensions_from_path /opt/stack/neutron/neutron/api/extensions.py:449}}
Jul 09 14:21:49.396376 np0000004901 devstack@neutron-api.service[87381]: DEBUG neutron.api.extensions [None req-051763c2-4922-47d0-aa30-494d24235987 None None] Ext name="L2 Adjacency" alias="l2_adjacency" description="Display L2 Adjacency for Neutron Networks." updated="2016-04-12T16:00:00-00:00" {{(pid=87381) _check_extension /opt/stack/neutron/neutron/api/extensions.py:415}}
Jul 09 14:21:49.396376 np0000004901 devstack@neutron-api.service[87381]: INFO neutron.api.extensions [None req-051763c2-4922-47d0-aa30-494d24235987 None None] Extension l2_adjacency not supported by any of loaded plugins
Jul 09 14:21:49.396605 np0000004901 devstack@neutron-api.service[87381]: DEBUG neutron.api.extensions [None req-051763c2-4922-47d0-aa30-494d24235987 None None] Loading extension file: l3.py {{(pid=87381) _load_all_extensions_from_path /opt/stack/neutron/neutron/api/extensions.py:449}}
Jul 09 14:21:49.396605 np0000004901 devstack@neutron-api.service[87381]: DEBUG neutron.api.extensions [None req-051763c2-4922-47d0-aa30-494d24235987 None None] Ext name="Neutron L3 Router" alias="router" description="Router abstraction for basic L3 forwarding between L2 Neutron networks and access to external networks via a NAT gateway." updated="2012-07-20T10:00:00-00:00" {{(pid=87381) _check_extension /opt/stack/neutron/neutron/api/extensions.py:415}}
Jul 09 14:21:49.396605 np0000004901 devstack@neutron-api.service[87381]: INFO neutron.api.extensions [None req-051763c2-4922-47d0-aa30-494d24235987 None None] Loaded extension: router
Jul 09 14:21:49.396605 np0000004901 devstack@neutron-api.service[87381]: DEBUG neutron.api.extensions [None req-051763c2-4922-47d0-aa30-494d24235987 None None] Loading extension file: l3_agent_scheduler_ha_chassis_priority.py {{(pid=87381) _load_all_extensions_from_path /opt/stack/neutron/neutron/api/extensions.py:449}}
Jul 09 14:21:49.396986 np0000004901 devstack@neutron-api.service[87381]: DEBUG neutron.api.extensions [None req-051763c2-4922-47d0-aa30-494d24235987 None None] Ext name="L3 Agent Scheduler HA Chassis Priority" alias="l3-agent-scheduler-ha-chassis-priority" description="Exposes the HA_Chassis priority in the L3 Agent Scheduler API responses and allows setting priority when scheduling a router to a chassis." updated="2026-03-31T00:00:00-00:00" {{(pid=87381) _check_extension /opt/stack/neutron/neutron/api/extensions.py:415}}
Jul 09 14:21:49.397192 np0000004901 devstack@neutron-api.service[87381]: INFO neutron.api.extensions [None req-051763c2-4922-47d0-aa30-494d24235987 None None] Loaded extension: l3-agent-scheduler-ha-chassis-priority
Jul 09 14:21:49.397337 np0000004901 devstack@neutron-api.service[87381]: DEBUG neutron.api.extensions [None req-051763c2-4922-47d0-aa30-494d24235987 None None] Loading extension file: l3_conntrack_helper.py {{(pid=87381) _load_all_extensions_from_path /opt/stack/neutron/neutron/api/extensions.py:449}}
Jul 09 14:21:49.398124 np0000004901 devstack@neutron-api.service[87383]: DEBUG neutron.manager [None req-20906dad-5485-445f-b55c-2624e0fb06ce None None] Successfully loaded TAG plugin. Description: Tag support {{(pid=87383) _create_and_add_service_plugin /opt/stack/neutron/neutron/manager.py:236}}
Jul 09 14:21:49.398254 np0000004901 devstack@neutron-api.service[87381]: DEBUG neutron.api.extensions [None req-051763c2-4922-47d0-aa30-494d24235987 None None] Ext name="L3 Conntrack helper" alias="l3-conntrack-helper" description="Allow adding CT target rules for conntrack helper" updated="2019-04-04T10:00:00-00:00" {{(pid=87381) _check_extension /opt/stack/neutron/neutron/api/extensions.py:415}}
Jul 09 14:21:49.398340 np0000004901 devstack@neutron-api.service[87383]: INFO neutron.manager [None req-20906dad-5485-445f-b55c-2624e0fb06ce None None] Loading Plugin: timestamp
Jul 09 14:21:49.398498 np0000004901 devstack@neutron-api.service[87381]: INFO neutron.api.extensions [None req-051763c2-4922-47d0-aa30-494d24235987 None None] Extension l3-conntrack-helper not supported by any of loaded plugins
Jul 09 14:21:49.398627 np0000004901 devstack@neutron-api.service[87381]: DEBUG neutron.api.extensions [None req-051763c2-4922-47d0-aa30-494d24235987 None None] Loading extension file: l3_enable_default_route_bfd.py {{(pid=87381) _load_all_extensions_from_path /opt/stack/neutron/neutron/api/extensions.py:449}}
Jul 09 14:21:49.398975 np0000004901 devstack@neutron-api.service[87381]: DEBUG neutron.api.extensions [None req-051763c2-4922-47d0-aa30-494d24235987 None None] Ext name="Enable Default Route BFD" alias="enable-default-route-bfd" description="Enables configurable BFD behavior for default routes" updated="2023-02-27T00:00:00-00:00" {{(pid=87381) _check_extension /opt/stack/neutron/neutron/api/extensions.py:415}}
Jul 09 14:21:49.399195 np0000004901 devstack@neutron-api.service[87381]: INFO neutron.api.extensions [None req-051763c2-4922-47d0-aa30-494d24235987 None None] Loaded extension: enable-default-route-bfd
Jul 09 14:21:49.399344 np0000004901 devstack@neutron-api.service[87381]: DEBUG neutron.api.extensions [None req-051763c2-4922-47d0-aa30-494d24235987 None None] Loading extension file: l3_enable_default_route_ecmp.py {{(pid=87381) _load_all_extensions_from_path /opt/stack/neutron/neutron/api/extensions.py:449}}
Jul 09 14:21:49.399671 np0000004901 devstack@neutron-api.service[87381]: DEBUG neutron.api.extensions [None req-051763c2-4922-47d0-aa30-494d24235987 None None] Ext name="Enable Default Route ECMP" alias="enable-default-route-ecmp" description="Enables configurable ECMP behavior for default routes" updated="2023-02-27T00:00:00-00:00" {{(pid=87381) _check_extension /opt/stack/neutron/neutron/api/extensions.py:415}}
Jul 09 14:21:49.400164 np0000004901 devstack@neutron-api.service[87381]: INFO neutron.api.extensions [None req-051763c2-4922-47d0-aa30-494d24235987 None None] Loaded extension: enable-default-route-ecmp
Jul 09 14:21:49.400164 np0000004901 devstack@neutron-api.service[87381]: DEBUG neutron.api.extensions [None req-051763c2-4922-47d0-aa30-494d24235987 None None] Loading extension file: l3_ext_gw_mode.py {{(pid=87381) _load_all_extensions_from_path /opt/stack/neutron/neutron/api/extensions.py:449}}
Jul 09 14:21:49.400381 np0000004901 devstack@neutron-api.service[87383]: DEBUG neutron.manager [None req-20906dad-5485-445f-b55c-2624e0fb06ce None None] Successfully loaded timestamp plugin. Description: Adds timestamps to Neutron resources with standard attributes {{(pid=87383) _create_and_add_service_plugin /opt/stack/neutron/neutron/manager.py:236}}
Jul 09 14:21:49.400381 np0000004901 devstack@neutron-api.service[87383]: INFO neutron.manager [None req-20906dad-5485-445f-b55c-2624e0fb06ce None None] Loading Plugin: network_ip_availability
