Jul 31 06:01:34.837754 np0000006185 nova-scheduler[93372]: DEBUG cotyledon.oslo_config_glue [-] oslo_messaging_rabbit.rabbit_quorum_max_memory_bytes = 0 {{(pid=93372) log_opt_values /opt/stack/data/venv/lib/python3.12/site-packages/oslo_config/cfg.py:3253}}
Jul 31 06:01:34.837754 np0000006185 nova-scheduler[93372]: DEBUG cotyledon.oslo_config_glue [-] oslo_messaging_rabbit.rabbit_quorum_max_memory_length = 0 {{(pid=93372) log_opt_values /opt/stack/data/venv/lib/python3.12/site-packages/oslo_config/cfg.py:3253}}
Jul 31 06:01:34.837754 np0000006185 nova-scheduler[93372]: DEBUG cotyledon.oslo_config_glue [-] oslo_messaging_rabbit.rabbit_quorum_queue = False {{(pid=93372) log_opt_values /opt/stack/data/venv/lib/python3.12/site-packages/oslo_config/cfg.py:3253}}
Jul 31 06:01:34.837754 np0000006185 nova-scheduler[93372]: DEBUG cotyledon.oslo_config_glue [-] oslo_messaging_rabbit.rabbit_retry_backoff = 2 {{(pid=93372) log_opt_values /opt/stack/data/venv/lib/python3.12/site-packages/oslo_config/cfg.py:3253}}
Jul 31 06:01:34.837754 np0000006185 nova-scheduler[93372]: DEBUG cotyledon.oslo_config_glue [-] oslo_messaging_rabbit.rabbit_retry_interval = 1 {{(pid=93372) log_opt_values /opt/stack/data/venv/lib/python3.12/site-packages/oslo_config/cfg.py:3253}}
Jul 31 06:01:34.837754 np0000006185 nova-scheduler[93372]: DEBUG cotyledon.oslo_config_glue [-] oslo_messaging_rabbit.rabbit_stream_fanout = False {{(pid=93372) log_opt_values /opt/stack/data/venv/lib/python3.12/site-packages/oslo_config/cfg.py:3253}}
Jul 31 06:01:34.837754 np0000006185 nova-scheduler[93372]: DEBUG cotyledon.oslo_config_glue [-] oslo_messaging_rabbit.rabbit_transient_queues_ttl = 1800 {{(pid=93372) log_opt_values /opt/stack/data/venv/lib/python3.12/site-packages/oslo_config/cfg.py:3253}}
Jul 31 06:01:34.837754 np0000006185 nova-scheduler[93372]: DEBUG cotyledon.oslo_config_glue [-] oslo_messaging_rabbit.rabbit_transient_quorum_queue = False {{(pid=93372) log_opt_values /opt/stack/data/venv/lib/python3.12/site-packages/oslo_config/cfg.py:3253}}
Jul 31 06:01:34.837754 np0000006185 nova-scheduler[93372]: DEBUG cotyledon.oslo_config_glue [-] oslo_messaging_rabbit.rpc_conn_pool_size = 30 {{(pid=93372) log_opt_values /opt/stack/data/venv/lib/python3.12/site-packages/oslo_config/cfg.py:3253}}
Jul 31 06:01:34.837919 np0000006185 nova-scheduler[93372]: DEBUG cotyledon.oslo_config_glue [-] oslo_messaging_rabbit.ssl = False {{(pid=93372) log_opt_values /opt/stack/data/venv/lib/python3.12/site-packages/oslo_config/cfg.py:3253}}
Jul 31 06:01:34.837919 np0000006185 nova-scheduler[93372]: DEBUG cotyledon.oslo_config_glue [-] oslo_messaging_rabbit.ssl_ca_file = {{(pid=93372) log_opt_values /opt/stack/data/venv/lib/python3.12/site-packages/oslo_config/cfg.py:3253}}
Jul 31 06:01:34.837919 np0000006185 nova-scheduler[93372]: DEBUG cotyledon.oslo_config_glue [-] oslo_messaging_rabbit.ssl_cert_file = {{(pid=93372) log_opt_values /opt/stack/data/venv/lib/python3.12/site-packages/oslo_config/cfg.py:3253}}
Jul 31 06:01:34.837919 np0000006185 nova-scheduler[93372]: DEBUG cotyledon.oslo_config_glue [-] oslo_messaging_rabbit.ssl_enforce_fips_mode = False {{(pid=93372) log_opt_values /opt/stack/data/venv/lib/python3.12/site-packages/oslo_config/cfg.py:3253}}
Jul 31 06:01:34.837919 np0000006185 nova-scheduler[93372]: DEBUG cotyledon.oslo_config_glue [-] oslo_messaging_rabbit.ssl_enforce_hostname_verification = True {{(pid=93372) log_opt_values /opt/stack/data/venv/lib/python3.12/site-packages/oslo_config/cfg.py:3253}}
Jul 31 06:01:34.837919 np0000006185 nova-scheduler[93372]: DEBUG cotyledon.oslo_config_glue [-] oslo_messaging_rabbit.ssl_key_file = {{(pid=93372) log_opt_values /opt/stack/data/venv/lib/python3.12/site-packages/oslo_config/cfg.py:3253}}
Jul 31 06:01:34.837919 np0000006185 nova-scheduler[93372]: DEBUG cotyledon.oslo_config_glue [-] oslo_messaging_rabbit.ssl_version = {{(pid=93372) log_opt_values /opt/stack/data/venv/lib/python3.12/site-packages/oslo_config/cfg.py:3253}}
Jul 31 06:01:34.837919 np0000006185 nova-scheduler[93372]: DEBUG cotyledon.oslo_config_glue [-] oslo_messaging_rabbit.use_queue_manager = False {{(pid=93372) log_opt_values /opt/stack/data/venv/lib/python3.12/site-packages/oslo_config/cfg.py:3253}}
Jul 31 06:01:34.837919 np0000006185 nova-scheduler[93372]: DEBUG cotyledon.oslo_config_glue [-] oslo_messaging_notifications.driver = ['messagingv2'] {{(pid=93372) log_opt_values /opt/stack/data/venv/lib/python3.12/site-packages/oslo_config/cfg.py:3253}}
Jul 31 06:01:34.838083 np0000006185 nova-scheduler[93372]: DEBUG cotyledon.oslo_config_glue [-] oslo_messaging_notifications.retry = -1 {{(pid=93372) log_opt_values /opt/stack/data/venv/lib/python3.12/site-packages/oslo_config/cfg.py:3253}}
Jul 31 06:01:34.838083 np0000006185 nova-scheduler[93372]: DEBUG cotyledon.oslo_config_glue [-] oslo_messaging_notifications.topics = ['notifications'] {{(pid=93372) log_opt_values /opt/stack/data/venv/lib/python3.12/site-packages/oslo_config/cfg.py:3253}}
Jul 31 06:01:34.838083 np0000006185 nova-scheduler[93372]: DEBUG cotyledon.oslo_config_glue [-] oslo_messaging_notifications.transport_url = **** {{(pid=93372) log_opt_values /opt/stack/data/venv/lib/python3.12/site-packages/oslo_config/cfg.py:3253}}
Jul 31 06:01:34.838083 np0000006185 nova-scheduler[93372]: DEBUG cotyledon.oslo_config_glue [-] oslo_limit.auth_section = None {{(pid=93372) log_opt_values /opt/stack/data/venv/lib/python3.12/site-packages/oslo_config/cfg.py:3253}}
Jul 31 06:01:34.838083 np0000006185 nova-scheduler[93372]: DEBUG cotyledon.oslo_config_glue [-] oslo_limit.auth_type = None {{(pid=93372) log_opt_values /opt/stack/data/venv/lib/python3.12/site-packages/oslo_config/cfg.py:3253}}
Jul 31 06:01:34.838083 np0000006185 nova-scheduler[93372]: DEBUG cotyledon.oslo_config_glue [-] oslo_limit.cafile = None {{(pid=93372) log_opt_values /opt/stack/data/venv/lib/python3.12/site-packages/oslo_config/cfg.py:3253}}
Jul 31 06:01:34.838083 np0000006185 nova-scheduler[93372]: DEBUG cotyledon.oslo_config_glue [-] oslo_limit.certfile = None {{(pid=93372) log_opt_values /opt/stack/data/venv/lib/python3.12/site-packages/oslo_config/cfg.py:3253}}
Jul 31 06:01:34.838083 np0000006185 nova-scheduler[93372]: DEBUG cotyledon.oslo_config_glue [-] oslo_limit.collect_timing = False {{(pid=93372) log_opt_values /opt/stack/data/venv/lib/python3.12/site-packages/oslo_config/cfg.py:3253}}
Jul 31 06:01:34.838083 np0000006185 nova-scheduler[93372]: DEBUG cotyledon.oslo_config_glue [-] oslo_limit.connect_retries = None {{(pid=93372) log_opt_values /opt/stack/data/venv/lib/python3.12/site-packages/oslo_config/cfg.py:3253}}
Jul 31 06:01:34.838274 np0000006185 nova-scheduler[93372]: DEBUG cotyledon.oslo_config_glue [-] oslo_limit.connect_retry_delay = None {{(pid=93372) log_opt_values /opt/stack/data/venv/lib/python3.12/site-packages/oslo_config/cfg.py:3253}}
Jul 31 06:01:34.838274 np0000006185 nova-scheduler[93372]: DEBUG cotyledon.oslo_config_glue [-] oslo_limit.endpoint_id = None {{(pid=93372) log_opt_values /opt/stack/data/venv/lib/python3.12/site-packages/oslo_config/cfg.py:3253}}
Jul 31 06:01:34.838274 np0000006185 nova-scheduler[93372]: DEBUG cotyledon.oslo_config_glue [-] oslo_limit.endpoint_interface = public {{(pid=93372) log_opt_values /opt/stack/data/venv/lib/python3.12/site-packages/oslo_config/cfg.py:3253}}
Jul 31 06:01:34.838274 np0000006185 nova-scheduler[93372]: DEBUG cotyledon.oslo_config_glue [-] oslo_limit.endpoint_override = None {{(pid=93372) log_opt_values /opt/stack/data/venv/lib/python3.12/site-packages/oslo_config/cfg.py:3253}}
Jul 31 06:01:34.838274 np0000006185 nova-scheduler[93372]: DEBUG cotyledon.oslo_config_glue [-] oslo_limit.endpoint_region_name = None {{(pid=93372) log_opt_values /opt/stack/data/venv/lib/python3.12/site-packages/oslo_config/cfg.py:3253}}
Jul 31 06:01:34.838274 np0000006185 nova-scheduler[93372]: DEBUG cotyledon.oslo_config_glue [-] oslo_limit.endpoint_service_name = None {{(pid=93372) log_opt_values /opt/stack/data/venv/lib/python3.12/site-packages/oslo_config/cfg.py:3253}}
Jul 31 06:01:34.838274 np0000006185 nova-scheduler[93372]: DEBUG cotyledon.oslo_config_glue [-] oslo_limit.endpoint_service_type = None {{(pid=93372) log_opt_values /opt/stack/data/venv/lib/python3.12/site-packages/oslo_config/cfg.py:3253}}
Jul 31 06:01:34.838274 np0000006185 nova-scheduler[93372]: DEBUG cotyledon.oslo_config_glue [-] oslo_limit.insecure = False {{(pid=93372) log_opt_values /opt/stack/data/venv/lib/python3.12/site-packages/oslo_config/cfg.py:3253}}
Jul 31 06:01:34.838274 np0000006185 nova-scheduler[93372]: DEBUG cotyledon.oslo_config_glue [-] oslo_limit.keyfile = None {{(pid=93372) log_opt_values /opt/stack/data/venv/lib/python3.12/site-packages/oslo_config/cfg.py:3253}}
Jul 31 06:01:34.838447 np0000006185 nova-scheduler[93372]: DEBUG cotyledon.oslo_config_glue [-] oslo_limit.max_version = None {{(pid=93372) log_opt_values /opt/stack/data/venv/lib/python3.12/site-packages/oslo_config/cfg.py:3253}}
Jul 31 06:01:34.838447 np0000006185 nova-scheduler[93372]: DEBUG cotyledon.oslo_config_glue [-] oslo_limit.min_version = None {{(pid=93372) log_opt_values /opt/stack/data/venv/lib/python3.12/site-packages/oslo_config/cfg.py:3253}}
Jul 31 06:01:34.838447 np0000006185 nova-scheduler[93372]: DEBUG cotyledon.oslo_config_glue [-] oslo_limit.region_name = None {{(pid=93372) log_opt_values /opt/stack/data/venv/lib/python3.12/site-packages/oslo_config/cfg.py:3253}}
Jul 31 06:01:34.838447 np0000006185 nova-scheduler[93372]: DEBUG cotyledon.oslo_config_glue [-] oslo_limit.retriable_status_codes = None {{(pid=93372) log_opt_values /opt/stack/data/venv/lib/python3.12/site-packages/oslo_config/cfg.py:3253}}
Jul 31 06:01:34.838447 np0000006185 nova-scheduler[93372]: DEBUG cotyledon.oslo_config_glue [-] oslo_limit.service_name = None {{(pid=93372) log_opt_values /opt/stack/data/venv/lib/python3.12/site-packages/oslo_config/cfg.py:3253}}
Jul 31 06:01:34.838447 np0000006185 nova-scheduler[93372]: DEBUG cotyledon.oslo_config_glue [-] oslo_limit.service_type = None {{(pid=93372) log_opt_values /opt/stack/data/venv/lib/python3.12/site-packages/oslo_config/cfg.py:3253}}
Jul 31 06:01:34.838447 np0000006185 nova-scheduler[93372]: DEBUG cotyledon.oslo_config_glue [-] oslo_limit.split_loggers = False {{(pid=93372) log_opt_values /opt/stack/data/venv/lib/python3.12/site-packages/oslo_config/cfg.py:3253}}
Jul 31 06:01:34.838447 np0000006185 nova-scheduler[93372]: DEBUG cotyledon.oslo_config_glue [-] oslo_limit.status_code_retries = None {{(pid=93372) log_opt_values /opt/stack/data/venv/lib/python3.12/site-packages/oslo_config/cfg.py:3253}}
Jul 31 06:01:34.838447 np0000006185 nova-scheduler[93372]: DEBUG cotyledon.oslo_config_glue [-] oslo_limit.status_code_retry_delay = None {{(pid=93372) log_opt_values /opt/stack/data/venv/lib/python3.12/site-packages/oslo_config/cfg.py:3253}}
Jul 31 06:01:34.838628 np0000006185 nova-scheduler[93372]: DEBUG cotyledon.oslo_config_glue [-] oslo_limit.timeout = None {{(pid=93372) log_opt_values /opt/stack/data/venv/lib/python3.12/site-packages/oslo_config/cfg.py:3253}}
Jul 31 06:01:34.838628 np0000006185 nova-scheduler[93372]: DEBUG cotyledon.oslo_config_glue [-] oslo_limit.valid_interfaces = None {{(pid=93372) log_opt_values /opt/stack/data/venv/lib/python3.12/site-packages/oslo_config/cfg.py:3253}}
Jul 31 06:01:34.838628 np0000006185 nova-scheduler[93372]: DEBUG cotyledon.oslo_config_glue [-] oslo_limit.version = None {{(pid=93372) log_opt_values /opt/stack/data/venv/lib/python3.12/site-packages/oslo_config/cfg.py:3253}}
Jul 31 06:01:34.838628 np0000006185 nova-scheduler[93372]: DEBUG cotyledon.oslo_config_glue [-] oslo_reports.file_event_handler = None {{(pid=93372) log_opt_values /opt/stack/data/venv/lib/python3.12/site-packages/oslo_config/cfg.py:3253}}
Jul 31 06:01:34.838628 np0000006185 nova-scheduler[93372]: DEBUG cotyledon.oslo_config_glue [-] oslo_reports.file_event_handler_interval = 1 {{(pid=93372) log_opt_values /opt/stack/data/venv/lib/python3.12/site-packages/oslo_config/cfg.py:3253}}
Jul 31 06:01:34.838628 np0000006185 nova-scheduler[93372]: DEBUG cotyledon.oslo_config_glue [-] oslo_reports.log_dir = None {{(pid=93372) log_opt_values /opt/stack/data/venv/lib/python3.12/site-packages/oslo_config/cfg.py:3253}}
Jul 31 06:01:34.838628 np0000006185 nova-scheduler[93372]: DEBUG cotyledon.oslo_config_glue [-] ******************************************************************************** {{(pid=93372) log_opt_values /opt/stack/data/venv/lib/python3.12/site-packages/oslo_config/cfg.py:3260}}
Jul 31 06:01:34.838628 np0000006185 nova-scheduler[93372]: DEBUG cotyledon._service_worker [-] Run service ServiceWrapper(1) [93372] {{(pid=93372) wait_forever /opt/stack/data/venv/lib/python3.12/site-packages/cotyledon/_service_worker.py:218}}
Jul 31 06:01:34.838628 np0000006185 nova-scheduler[93372]: INFO nova.service [-] Starting scheduler node (version 33.1.0)
Jul 31 06:01:34.838794 np0000006185 nova-scheduler[93374]: INFO dbcounter [None req-15440f3f-99cb-46aa-baef-b7471411d85c None None] Registered counter for database nova_cell0
Jul 31 06:01:34.838818 np0000006185 nova-scheduler[93372]: INFO dbcounter [None req-fdb71eb4-e749-42c4-9649-46eb4bd1e74b None None] Registered counter for database nova_cell0
Jul 31 06:01:34.838841 np0000006185 nova-scheduler[93368]: DEBUG oslo_db.sqlalchemy.engines [None req-8611c8df-c193-4ed1-ab02-de9310a7022c None None] MySQL server mode set to STRICT_TRANS_TABLES,STRICT_ALL_TABLES,NO_ZERO_IN_DATE,NO_ZERO_DATE,ERROR_FOR_DIVISION_BY_ZERO,TRADITIONAL,NO_ENGINE_SUBSTITUTION {{(pid=93368) _check_effective_sql_mode /opt/stack/data/venv/lib/python3.12/site-packages/oslo_db/sqlalchemy/engines.py:325}}
Jul 31 06:01:34.838841 np0000006185 nova-scheduler[93368]: DEBUG dbcounter [-] [93368] Writer thread running {{(pid=93368) stat_writer /opt/stack/data/venv/lib/python3.12/site-packages/dbcounter.py:102}}
Jul 31 06:01:34.846123 np0000006185 nova-scheduler[93368]: DEBUG nova.service [None req-8611c8df-c193-4ed1-ab02-de9310a7022c None None] Creating RPC server for service: nova-scheduler on topic: scheduler {{(pid=93368) start /opt/stack/nova/nova/service.py:196}}
Jul 31 06:01:34.846986 np0000006185 nova-scheduler[93372]: DEBUG oslo_db.sqlalchemy.engines [None req-fdb71eb4-e749-42c4-9649-46eb4bd1e74b None None] MySQL server mode set to STRICT_TRANS_TABLES,STRICT_ALL_TABLES,NO_ZERO_IN_DATE,NO_ZERO_DATE,ERROR_FOR_DIVISION_BY_ZERO,TRADITIONAL,NO_ENGINE_SUBSTITUTION {{(pid=93372) _check_effective_sql_mode /opt/stack/data/venv/lib/python3.12/site-packages/oslo_db/sqlalchemy/engines.py:325}}
Jul 31 06:01:34.856086 np0000006185 nova-scheduler[93372]: DEBUG dbcounter [-] [93372] Writer thread running {{(pid=93372) stat_writer /opt/stack/data/venv/lib/python3.12/site-packages/dbcounter.py:102}}
Jul 31 06:01:34.858761 np0000006185 nova-scheduler[93372]: DEBUG nova.service [None req-fdb71eb4-e749-42c4-9649-46eb4bd1e74b None None] Creating RPC server for service: nova-scheduler on topic: scheduler {{(pid=93372) start /opt/stack/nova/nova/service.py:196}}
Jul 31 06:01:34.870430 np0000006185 nova-scheduler[93374]: DEBUG oslo_db.sqlalchemy.engines [None req-15440f3f-99cb-46aa-baef-b7471411d85c None None] MySQL server mode set to STRICT_TRANS_TABLES,STRICT_ALL_TABLES,NO_ZERO_IN_DATE,NO_ZERO_DATE,ERROR_FOR_DIVISION_BY_ZERO,TRADITIONAL,NO_ENGINE_SUBSTITUTION {{(pid=93374) _check_effective_sql_mode /opt/stack/data/venv/lib/python3.12/site-packages/oslo_db/sqlalchemy/engines.py:325}}
Jul 31 06:01:34.876590 np0000006185 nova-scheduler[93368]: DEBUG nova.service [None req-8611c8df-c193-4ed1-ab02-de9310a7022c None None] Join ServiceGroup membership for this service scheduler {{(pid=93368) start /opt/stack/nova/nova/service.py:222}}
Jul 31 06:01:34.876822 np0000006185 nova-scheduler[93368]: DEBUG nova.servicegroup.drivers.db [None req-8611c8df-c193-4ed1-ab02-de9310a7022c None None] DB_Driver: join new ServiceGroup member np0000006185 to the scheduler group, service = {{(pid=93368) join /opt/stack/nova/nova/servicegroup/drivers/db.py:44}}
Jul 31 06:01:34.881192 np0000006185 nova-scheduler[93374]: DEBUG dbcounter [-] [93374] Writer thread running {{(pid=93374) stat_writer /opt/stack/data/venv/lib/python3.12/site-packages/dbcounter.py:102}}
Jul 31 06:01:34.884638 np0000006185 nova-scheduler[93374]: DEBUG nova.service [None req-15440f3f-99cb-46aa-baef-b7471411d85c None None] Creating RPC server for service: nova-scheduler on topic: scheduler {{(pid=93374) start /opt/stack/nova/nova/service.py:196}}
Jul 31 06:01:34.885911 np0000006185 nova-scheduler[93372]: DEBUG nova.service [None req-fdb71eb4-e749-42c4-9649-46eb4bd1e74b None None] Join ServiceGroup membership for this service scheduler {{(pid=93372) start /opt/stack/nova/nova/service.py:222}}
Jul 31 06:01:34.886099 np0000006185 nova-scheduler[93372]: DEBUG nova.servicegroup.drivers.db [None req-fdb71eb4-e749-42c4-9649-46eb4bd1e74b None None] DB_Driver: join new ServiceGroup member np0000006185 to the scheduler group, service = {{(pid=93372) join /opt/stack/nova/nova/servicegroup/drivers/db.py:44}}
Jul 31 06:01:34.901358 np0000006185 nova-scheduler[93374]: DEBUG nova.service [None req-15440f3f-99cb-46aa-baef-b7471411d85c None None] Join ServiceGroup membership for this service scheduler {{(pid=93374) start /opt/stack/nova/nova/service.py:222}}
Jul 31 06:01:34.901599 np0000006185 nova-scheduler[93374]: DEBUG nova.servicegroup.drivers.db [None req-15440f3f-99cb-46aa-baef-b7471411d85c None None] DB_Driver: join new ServiceGroup member np0000006185 to the scheduler group, service = {{(pid=93374) join /opt/stack/nova/nova/servicegroup/drivers/db.py:44}}
Jul 31 06:01:39.897700 np0000006185 nova-scheduler[93368]: DEBUG oslo.service.backend._threading.loopingcall [-] Fixed interval looping call 'nova.servicegroup.drivers.db.DbDriver._report_state' sleeping for 119.98 seconds {{(pid=93368) _run_loop /opt/stack/data/venv/lib/python3.12/site-packages/oslo_service/backend/_threading/loopingcall.py:125}}
Jul 31 06:01:39.903639 np0000006185 nova-scheduler[93372]: DEBUG oslo.service.backend._threading.loopingcall [-] Fixed interval looping call 'nova.servicegroup.drivers.db.DbDriver._report_state' sleeping for 119.98 seconds {{(pid=93372) _run_loop /opt/stack/data/venv/lib/python3.12/site-packages/oslo_service/backend/_threading/loopingcall.py:125}}
Jul 31 06:01:39.915868 np0000006185 nova-scheduler[93374]: DEBUG oslo.service.backend._threading.loopingcall [-] Fixed interval looping call 'nova.servicegroup.drivers.db.DbDriver._report_state' sleeping for 119.99 seconds {{(pid=93374) _run_loop /opt/stack/data/venv/lib/python3.12/site-packages/oslo_service/backend/_threading/loopingcall.py:125}}
Jul 31 06:01:43.464105 np0000006185 nova-scheduler[92161]: DEBUG dbcounter [-] [92161] Writing DB stats nova_api:SELECT=3 {{(pid=92161) stat_writer /opt/stack/data/venv/lib/python3.12/site-packages/dbcounter.py:115}}
Jul 31 06:01:43.600785 np0000006185 nova-scheduler[92161]: DEBUG dbcounter [-] [92161] Writing DB stats nova_cell0:SELECT=1 {{(pid=92161) stat_writer /opt/stack/data/venv/lib/python3.12/site-packages/dbcounter.py:115}}
Jul 31 06:01:43.612238 np0000006185 nova-scheduler[92161]: DEBUG dbcounter [-] [92161] Writing DB stats nova_cell1:SELECT=1 {{(pid=92161) stat_writer /opt/stack/data/venv/lib/python3.12/site-packages/dbcounter.py:115}}
Jul 31 06:01:49.885526 np0000006185 nova-scheduler[93368]: DEBUG dbcounter [-] [93368] Writing DB stats nova_cell0:SELECT=4,nova_cell0:INSERT=1,nova_cell0:UPDATE=1 {{(pid=93368) stat_writer /opt/stack/data/venv/lib/python3.12/site-packages/dbcounter.py:115}}
Jul 31 06:01:49.903374 np0000006185 nova-scheduler[93372]: DEBUG dbcounter [-] [93372] Writing DB stats nova_cell0:SELECT=3 {{(pid=93372) stat_writer /opt/stack/data/venv/lib/python3.12/site-packages/dbcounter.py:115}}
Jul 31 06:01:49.915403 np0000006185 nova-scheduler[93374]: DEBUG dbcounter [-] [93374] Writing DB stats nova_cell0:SELECT=3 {{(pid=93374) stat_writer /opt/stack/data/venv/lib/python3.12/site-packages/dbcounter.py:115}}
Jul 31 06:01:58.903771 np0000006185 nova-scheduler[93374]: DEBUG oslo.service.backend._threading.loopingcall [None req-d7e54682-a7c4-42a7-89c7-cef65f53dd02 None None] Dynamic interval looping call 'nova.service.Service.periodic_tasks' sleeping for 60.00 seconds {{(pid=93374) _run_loop /opt/stack/data/venv/lib/python3.12/site-packages/oslo_service/backend/_threading/loopingcall.py:125}}
Jul 31 06:02:06.878846 np0000006185 nova-scheduler[93368]: DEBUG oslo.service.backend._threading.loopingcall [None req-98e3f7bb-2f45-4160-a20b-7b21cf2b54c9 None None] Dynamic interval looping call 'nova.service.Service.periodic_tasks' sleeping for 60.00 seconds {{(pid=93368) _run_loop /opt/stack/data/venv/lib/python3.12/site-packages/oslo_service/backend/_threading/loopingcall.py:125}}
Jul 31 06:02:24.889203 np0000006185 nova-scheduler[93372]: DEBUG oslo.service.backend._threading.loopingcall [None req-bcdb14a6-9054-4b05-8706-17b9189421e1 None None] Dynamic interval looping call 'nova.service.Service.periodic_tasks' sleeping for 60.00 seconds {{(pid=93372) _run_loop /opt/stack/data/venv/lib/python3.12/site-packages/oslo_service/backend/_threading/loopingcall.py:125}}
Jul 31 06:02:58.904156 np0000006185 nova-scheduler[93374]: DEBUG oslo.service.backend._threading.loopingcall [None req-d7e54682-a7c4-42a7-89c7-cef65f53dd02 None None] Dynamic interval looping call 'nova.service.Service.periodic_tasks' sleeping for 60.00 seconds {{(pid=93374) _run_loop /opt/stack/data/venv/lib/python3.12/site-packages/oslo_service/backend/_threading/loopingcall.py:125}}
Jul 31 06:03:06.879306 np0000006185 nova-scheduler[93368]: DEBUG oslo.service.backend._threading.loopingcall [None req-98e3f7bb-2f45-4160-a20b-7b21cf2b54c9 None None] Dynamic interval looping call 'nova.service.Service.periodic_tasks' sleeping for 60.00 seconds {{(pid=93368) _run_loop /opt/stack/data/venv/lib/python3.12/site-packages/oslo_service/backend/_threading/loopingcall.py:125}}
Jul 31 06:03:24.889736 np0000006185 nova-scheduler[93372]: DEBUG oslo.service.backend._threading.loopingcall [None req-bcdb14a6-9054-4b05-8706-17b9189421e1 None None] Dynamic interval looping call 'nova.service.Service.periodic_tasks' sleeping for 60.00 seconds {{(pid=93372) _run_loop /opt/stack/data/venv/lib/python3.12/site-packages/oslo_service/backend/_threading/loopingcall.py:125}}
Jul 31 06:03:39.884467 np0000006185 nova-scheduler[93368]: DEBUG oslo.service.backend._threading.loopingcall [-] Fixed interval looping call 'nova.servicegroup.drivers.db.DbDriver._report_state' sleeping for 119.99 seconds {{(pid=93368) _run_loop /opt/stack/data/venv/lib/python3.12/site-packages/oslo_service/backend/_threading/loopingcall.py:125}}
Jul 31 06:03:39.889075 np0000006185 nova-scheduler[93372]: DEBUG oslo.service.backend._threading.loopingcall [-] Fixed interval looping call 'nova.servicegroup.drivers.db.DbDriver._report_state' sleeping for 120.00 seconds {{(pid=93372) _run_loop /opt/stack/data/venv/lib/python3.12/site-packages/oslo_service/backend/_threading/loopingcall.py:125}}
Jul 31 06:03:39.909527 np0000006185 nova-scheduler[93374]: DEBUG oslo.service.backend._threading.loopingcall [-] Fixed interval looping call 'nova.servicegroup.drivers.db.DbDriver._report_state' sleeping for 120.00 seconds {{(pid=93374) _run_loop /opt/stack/data/venv/lib/python3.12/site-packages/oslo_service/backend/_threading/loopingcall.py:125}}
Jul 31 06:03:49.880497 np0000006185 nova-scheduler[93368]: DEBUG dbcounter [-] [93368] Writing DB stats nova_cell0:SELECT=1,nova_cell0:UPDATE=1 {{(pid=93368) stat_writer /opt/stack/data/venv/lib/python3.12/site-packages/dbcounter.py:115}}
Jul 31 06:03:49.887575 np0000006185 nova-scheduler[93372]: DEBUG dbcounter [-] [93372] Writing DB stats nova_cell0:SELECT=1 {{(pid=93372) stat_writer /opt/stack/data/venv/lib/python3.12/site-packages/dbcounter.py:115}}
Jul 31 06:03:49.907663 np0000006185 nova-scheduler[93374]: DEBUG dbcounter [-] [93374] Writing DB stats nova_cell0:SELECT=1 {{(pid=93374) stat_writer /opt/stack/data/venv/lib/python3.12/site-packages/dbcounter.py:115}}
Jul 31 06:03:58.904885 np0000006185 nova-scheduler[93374]: DEBUG oslo.service.backend._threading.loopingcall [None req-d7e54682-a7c4-42a7-89c7-cef65f53dd02 None None] Dynamic interval looping call 'nova.service.Service.periodic_tasks' sleeping for 60.00 seconds {{(pid=93374) _run_loop /opt/stack/data/venv/lib/python3.12/site-packages/oslo_service/backend/_threading/loopingcall.py:125}}
Jul 31 06:04:06.132227 np0000006185 nova-scheduler[93368]: DEBUG nova.scheduler.manager [None req-8da20594-1475-45da-8bb4-98ee27dd391f tempest-AttachVolumeTestJSON-2030923714 tempest-AttachVolumeTestJSON-2030923714-project-member] Starting to schedule for instances: ['89cdc86c-874c-474b-b2ca-17cedab1f8a1'] {{(pid=93368) select_destinations /opt/stack/nova/nova/scheduler/manager.py:209}}
Jul 31 06:04:06.133108 np0000006185 nova-scheduler[93368]: DEBUG nova.scheduler.request_filter [None req-8da20594-1475-45da-8bb4-98ee27dd391f tempest-AttachVolumeTestJSON-2030923714 tempest-AttachVolumeTestJSON-2030923714-project-member] compute_status_filter request filter added forbidden trait COMPUTE_STATUS_DISABLED {{(pid=93368) compute_status_filter /opt/stack/nova/nova/scheduler/request_filter.py:253}}
Jul 31 06:04:06.133108 np0000006185 nova-scheduler[93368]: DEBUG nova.scheduler.request_filter [None req-8da20594-1475-45da-8bb4-98ee27dd391f tempest-AttachVolumeTestJSON-2030923714 tempest-AttachVolumeTestJSON-2030923714-project-member] Request filter 'compute_status_filter' took 0.0 seconds {{(pid=93368) wrapper /opt/stack/nova/nova/scheduler/request_filter.py:46}}
Jul 31 06:04:06.133108 np0000006185 nova-scheduler[93368]: DEBUG nova.scheduler.request_filter [None req-8da20594-1475-45da-8bb4-98ee27dd391f tempest-AttachVolumeTestJSON-2030923714 tempest-AttachVolumeTestJSON-2030923714-project-member] Request filter 'accelerators_filter' took 0.0 seconds {{(pid=93368) wrapper /opt/stack/nova/nova/scheduler/request_filter.py:46}}
Jul 31 06:04:06.133359 np0000006185 nova-scheduler[93368]: DEBUG nova.scheduler.request_filter [None req-8da20594-1475-45da-8bb4-98ee27dd391f tempest-AttachVolumeTestJSON-2030923714 tempest-AttachVolumeTestJSON-2030923714-project-member] Request filter 'packed_virtqueue_filter' took 0.0 seconds {{(pid=93368) wrapper /opt/stack/nova/nova/scheduler/request_filter.py:46}}
Jul 31 06:04:06.133679 np0000006185 nova-scheduler[93368]: DEBUG nova.scheduler.request_filter [None req-8da20594-1475-45da-8bb4-98ee27dd391f tempest-AttachVolumeTestJSON-2030923714 tempest-AttachVolumeTestJSON-2030923714-project-member] Request filter 'remote_managed_ports_filter' took 0.0 seconds {{(pid=93368) wrapper /opt/stack/nova/nova/scheduler/request_filter.py:46}}
Jul 31 06:04:06.135688 np0000006185 nova-scheduler[93368]: DEBUG nova.scheduler.request_filter [None req-8da20594-1475-45da-8bb4-98ee27dd391f tempest-AttachVolumeTestJSON-2030923714 tempest-AttachVolumeTestJSON-2030923714-project-member] ephemeral_encryption_filter skipped {{(pid=93368) ephemeral_encryption_filter /opt/stack/nova/nova/scheduler/request_filter.py:426}}
Jul 31 06:04:06.136468 np0000006185 nova-scheduler[93368]: DEBUG nova.scheduler.request_filter [None req-8da20594-1475-45da-8bb4-98ee27dd391f tempest-AttachVolumeTestJSON-2030923714 tempest-AttachVolumeTestJSON-2030923714-project-member] virtio_sound_filter skipped {{(pid=93368) virtio_sound_filter /opt/stack/nova/nova/scheduler/request_filter.py:460}}
Jul 31 06:04:06.136600 np0000006185 nova-scheduler[93368]: DEBUG nova.scheduler.request_filter [None req-8da20594-1475-45da-8bb4-98ee27dd391f tempest-AttachVolumeTestJSON-2030923714 tempest-AttachVolumeTestJSON-2030923714-project-member] tpm_secret_security_filter skipped {{(pid=93368) tpm_secret_security_filter /opt/stack/nova/nova/scheduler/request_filter.py:477}}
Jul 31 06:04:06.339108 np0000006185 nova-scheduler[93372]: DEBUG nova.scheduler.manager [None req-b9fdc22d-f027-4f7f-a6f5-52e99a5fab95 tempest-ServerActionsTestOtherA-1253949382 tempest-ServerActionsTestOtherA-1253949382-project-member] Starting to schedule for instances: ['4553ad6f-b810-4916-b1fc-7b78cb616caf'] {{(pid=93372) select_destinations /opt/stack/nova/nova/scheduler/manager.py:209}}
Jul 31 06:04:06.339702 np0000006185 nova-scheduler[93372]: DEBUG nova.scheduler.request_filter [None req-b9fdc22d-f027-4f7f-a6f5-52e99a5fab95 tempest-ServerActionsTestOtherA-1253949382 tempest-ServerActionsTestOtherA-1253949382-project-member] compute_status_filter request filter added forbidden trait COMPUTE_STATUS_DISABLED {{(pid=93372) compute_status_filter /opt/stack/nova/nova/scheduler/request_filter.py:253}}
Jul 31 06:04:06.339861 np0000006185 nova-scheduler[93372]: DEBUG nova.scheduler.request_filter [None req-b9fdc22d-f027-4f7f-a6f5-52e99a5fab95 tempest-ServerActionsTestOtherA-1253949382 tempest-ServerActionsTestOtherA-1253949382-project-member] Request filter 'compute_status_filter' took 0.0 seconds {{(pid=93372) wrapper /opt/stack/nova/nova/scheduler/request_filter.py:46}}
Jul 31 06:04:06.340324 np0000006185 nova-scheduler[93372]: DEBUG nova.scheduler.request_filter [None req-b9fdc22d-f027-4f7f-a6f5-52e99a5fab95 tempest-ServerActionsTestOtherA-1253949382 tempest-ServerActionsTestOtherA-1253949382-project-member] Request filter 'accelerators_filter' took 0.0 seconds {{(pid=93372) wrapper /opt/stack/nova/nova/scheduler/request_filter.py:46}}
Jul 31 06:04:06.340418 np0000006185 nova-scheduler[93372]: DEBUG nova.scheduler.request_filter [None req-b9fdc22d-f027-4f7f-a6f5-52e99a5fab95 tempest-ServerActionsTestOtherA-1253949382 tempest-ServerActionsTestOtherA-1253949382-project-member] Request filter 'packed_virtqueue_filter' took 0.0 seconds {{(pid=93372) wrapper /opt/stack/nova/nova/scheduler/request_filter.py:46}}
Jul 31 06:04:06.340772 np0000006185 nova-scheduler[93372]: DEBUG nova.scheduler.request_filter [None req-b9fdc22d-f027-4f7f-a6f5-52e99a5fab95 tempest-ServerActionsTestOtherA-1253949382 tempest-ServerActionsTestOtherA-1253949382-project-member] Request filter 'remote_managed_ports_filter' took 0.0 seconds {{(pid=93372) wrapper /opt/stack/nova/nova/scheduler/request_filter.py:46}}
Jul 31 06:04:06.341173 np0000006185 nova-scheduler[93372]: DEBUG nova.scheduler.request_filter [None req-b9fdc22d-f027-4f7f-a6f5-52e99a5fab95 tempest-ServerActionsTestOtherA-1253949382 tempest-ServerActionsTestOtherA-1253949382-project-member] ephemeral_encryption_filter skipped {{(pid=93372) ephemeral_encryption_filter /opt/stack/nova/nova/scheduler/request_filter.py:426}}
Jul 31 06:04:06.341323 np0000006185 nova-scheduler[93372]: DEBUG nova.scheduler.request_filter [None req-b9fdc22d-f027-4f7f-a6f5-52e99a5fab95 tempest-ServerActionsTestOtherA-1253949382 tempest-ServerActionsTestOtherA-1253949382-project-member] virtio_sound_filter skipped {{(pid=93372) virtio_sound_filter /opt/stack/nova/nova/scheduler/request_filter.py:460}}
Jul 31 06:04:06.341472 np0000006185 nova-scheduler[93372]: DEBUG nova.scheduler.request_filter [None req-b9fdc22d-f027-4f7f-a6f5-52e99a5fab95 tempest-ServerActionsTestOtherA-1253949382 tempest-ServerActionsTestOtherA-1253949382-project-member] tpm_secret_security_filter skipped {{(pid=93372) tpm_secret_security_filter /opt/stack/nova/nova/scheduler/request_filter.py:477}}
Jul 31 06:04:06.715088 np0000006185 nova-scheduler[93368]: INFO nova.utils [None req-8da20594-1475-45da-8bb4-98ee27dd391f tempest-AttachVolumeTestJSON-2030923714 tempest-AttachVolumeTestJSON-2030923714-project-member] The cell worker thread pool ForkProcess-1.cell_worker is initialized
Jul 31 06:04:06.715593 np0000006185 nova-scheduler[93368]: DEBUG oslo_concurrency.lockutils [None req-8da20594-1475-45da-8bb4-98ee27dd391f tempest-AttachVolumeTestJSON-2030923714 tempest-AttachVolumeTestJSON-2030923714-project-member] Acquiring lock "7213987a-e749-40f1-a42d-7d916ac46e14" by "nova.context.set_target_cell..get_or_set_cached_cell_and_set_connections" {{(pid=93368) inner /opt/stack/data/venv/lib/python3.12/site-packages/oslo_concurrency/lockutils.py:512}}
Jul 31 06:04:06.715895 np0000006185 nova-scheduler[93368]: DEBUG oslo_concurrency.lockutils [None req-8da20594-1475-45da-8bb4-98ee27dd391f tempest-AttachVolumeTestJSON-2030923714 tempest-AttachVolumeTestJSON-2030923714-project-member] Lock "7213987a-e749-40f1-a42d-7d916ac46e14" acquired by "nova.context.set_target_cell..get_or_set_cached_cell_and_set_connections" :: waited 0.000s {{(pid=93368) inner /opt/stack/data/venv/lib/python3.12/site-packages/oslo_concurrency/lockutils.py:525}}
Jul 31 06:04:06.718052 np0000006185 nova-scheduler[93368]: DEBUG oslo_concurrency.lockutils [None req-8da20594-1475-45da-8bb4-98ee27dd391f tempest-AttachVolumeTestJSON-2030923714 tempest-AttachVolumeTestJSON-2030923714-project-member] Lock "7213987a-e749-40f1-a42d-7d916ac46e14" "released" by "nova.context.set_target_cell..get_or_set_cached_cell_and_set_connections" :: held 0.002s {{(pid=93368) inner /opt/stack/data/venv/lib/python3.12/site-packages/oslo_concurrency/lockutils.py:544}}
Jul 31 06:04:06.722282 np0000006185 nova-scheduler[93368]: INFO dbcounter [None req-8da20594-1475-45da-8bb4-98ee27dd391f tempest-AttachVolumeTestJSON-2030923714 tempest-AttachVolumeTestJSON-2030923714-project-member] Registered counter for database nova_cell1
Jul 31 06:04:06.758224 np0000006185 nova-scheduler[93368]: DEBUG oslo_db.sqlalchemy.engines [None req-8da20594-1475-45da-8bb4-98ee27dd391f tempest-AttachVolumeTestJSON-2030923714 tempest-AttachVolumeTestJSON-2030923714-project-member] MySQL server mode set to STRICT_TRANS_TABLES,STRICT_ALL_TABLES,NO_ZERO_IN_DATE,NO_ZERO_DATE,ERROR_FOR_DIVISION_BY_ZERO,TRADITIONAL,NO_ENGINE_SUBSTITUTION {{(pid=93368) _check_effective_sql_mode /opt/stack/data/venv/lib/python3.12/site-packages/oslo_db/sqlalchemy/engines.py:325}}
Jul 31 06:04:06.762602 np0000006185 nova-scheduler[93368]: DEBUG dbcounter [-] [93368] Writer thread running {{(pid=93368) stat_writer /opt/stack/data/venv/lib/python3.12/site-packages/dbcounter.py:102}}
Jul 31 06:04:06.774825 np0000006185 nova-scheduler[93368]: DEBUG oslo_db.sqlalchemy.engines [None req-8da20594-1475-45da-8bb4-98ee27dd391f tempest-AttachVolumeTestJSON-2030923714 tempest-AttachVolumeTestJSON-2030923714-project-member] Parent process 92161 forked (93368) with an open database connection, which is being discarded and recreated. {{(pid=93368) checkout /opt/stack/data/venv/lib/python3.12/site-packages/oslo_db/sqlalchemy/engines.py:402}}
Jul 31 06:04:06.815073 np0000006185 nova-scheduler[93368]: DEBUG dbcounter [-] [93368] Writer thread running {{(pid=93368) stat_writer /opt/stack/data/venv/lib/python3.12/site-packages/dbcounter.py:102}}
Jul 31 06:04:06.815943 np0000006185 nova-scheduler[93372]: INFO nova.utils [None req-b9fdc22d-f027-4f7f-a6f5-52e99a5fab95 tempest-ServerActionsTestOtherA-1253949382 tempest-ServerActionsTestOtherA-1253949382-project-member] The cell worker thread pool ForkProcess-2.cell_worker is initialized
Jul 31 06:04:06.816473 np0000006185 nova-scheduler[93372]: DEBUG oslo_concurrency.lockutils [None req-b9fdc22d-f027-4f7f-a6f5-52e99a5fab95 tempest-ServerActionsTestOtherA-1253949382 tempest-ServerActionsTestOtherA-1253949382-project-member] Acquiring lock "7213987a-e749-40f1-a42d-7d916ac46e14" by "nova.context.set_target_cell..get_or_set_cached_cell_and_set_connections" {{(pid=93372) inner /opt/stack/data/venv/lib/python3.12/site-packages/oslo_concurrency/lockutils.py:512}}
Jul 31 06:04:06.817936 np0000006185 nova-scheduler[93368]: DEBUG oslo_concurrency.lockutils [None req-8da20594-1475-45da-8bb4-98ee27dd391f tempest-AttachVolumeTestJSON-2030923714 tempest-AttachVolumeTestJSON-2030923714-project-member] Acquiring lock "7213987a-e749-40f1-a42d-7d916ac46e14" by "nova.context.set_target_cell..get_or_set_cached_cell_and_set_connections" {{(pid=93368) inner /opt/stack/data/venv/lib/python3.12/site-packages/oslo_concurrency/lockutils.py:512}}
Jul 31 06:04:06.818085 np0000006185 nova-scheduler[93368]: DEBUG oslo_concurrency.lockutils [None req-8da20594-1475-45da-8bb4-98ee27dd391f tempest-AttachVolumeTestJSON-2030923714 tempest-AttachVolumeTestJSON-2030923714-project-member] Lock "7213987a-e749-40f1-a42d-7d916ac46e14" acquired by "nova.context.set_target_cell..get_or_set_cached_cell_and_set_connections" :: waited 0.000s {{(pid=93368) inner /opt/stack/data/venv/lib/python3.12/site-packages/oslo_concurrency/lockutils.py:525}}
Jul 31 06:04:06.818244 np0000006185 nova-scheduler[93368]: DEBUG oslo_concurrency.lockutils [None req-8da20594-1475-45da-8bb4-98ee27dd391f tempest-AttachVolumeTestJSON-2030923714 tempest-AttachVolumeTestJSON-2030923714-project-member] Lock "7213987a-e749-40f1-a42d-7d916ac46e14" "released" by "nova.context.set_target_cell..get_or_set_cached_cell_and_set_connections" :: held 0.000s {{(pid=93368) inner /opt/stack/data/venv/lib/python3.12/site-packages/oslo_concurrency/lockutils.py:544}}
Jul 31 06:04:06.818334 np0000006185 nova-scheduler[93372]: DEBUG oslo_concurrency.lockutils [None req-b9fdc22d-f027-4f7f-a6f5-52e99a5fab95 tempest-ServerActionsTestOtherA-1253949382 tempest-ServerActionsTestOtherA-1253949382-project-member] Lock "7213987a-e749-40f1-a42d-7d916ac46e14" acquired by "nova.context.set_target_cell..get_or_set_cached_cell_and_set_connections" :: waited 0.000s {{(pid=93372) inner /opt/stack/data/venv/lib/python3.12/site-packages/oslo_concurrency/lockutils.py:525}}
Jul 31 06:04:06.820870 np0000006185 nova-scheduler[93368]: DEBUG oslo_concurrency.lockutils [None req-8da20594-1475-45da-8bb4-98ee27dd391f tempest-AttachVolumeTestJSON-2030923714 tempest-AttachVolumeTestJSON-2030923714-project-member] Acquiring lock "np0000006185-np0000006185" by "nova.scheduler.host_manager.HostState.update.._locked_update" {{(pid=93368) inner /opt/stack/data/venv/lib/python3.12/site-packages/oslo_concurrency/lockutils.py:512}}
Jul 31 06:04:06.820987 np0000006185 nova-scheduler[93368]: DEBUG oslo_concurrency.lockutils [None req-8da20594-1475-45da-8bb4-98ee27dd391f tempest-AttachVolumeTestJSON-2030923714 tempest-AttachVolumeTestJSON-2030923714-project-member] Lock "np0000006185-np0000006185" acquired by "nova.scheduler.host_manager.HostState.update.._locked_update" :: waited 0.000s {{(pid=93368) inner /opt/stack/data/venv/lib/python3.12/site-packages/oslo_concurrency/lockutils.py:525}}
Jul 31 06:04:06.821971 np0000006185 nova-scheduler[93368]: DEBUG nova.scheduler.host_manager [None req-8da20594-1475-45da-8bb4-98ee27dd391f tempest-AttachVolumeTestJSON-2030923714 tempest-AttachVolumeTestJSON-2030923714-project-member] Update host state from compute node: ComputeNode(cpu_allocation_ratio=4.0,cpu_info='{"arch": "x86_64", "model": "EPYC-Milan", "vendor": "AMD", "topology": {"cells": 1, "sockets": 16, "cores": 1, "threads": 1}, "maxphysaddr": {"mode": "emulate", "bits": 40}, "features": ["3dnowprefetch", "arat", "lfence-always-serializing", "movbe", "vaes", "nrip-save", "f16c", "clwb", "pse", "invpcid", "aes", "skip-l1dfl-vmentry", "svme-addr-chk", "npt", "pschange-mc-no", "sse4a", "msr", "x2apic", "sep", "xgetbv1", "amd-ssbd", "perfctr_core", "vmcb-clean", "sha-ni", "sse4.2", "syscall", "erms", "cmp_legacy", "pfthreshold", "smep", "gds-no", "lbrv", "apic", "xsaveopt", "amd-stibp", "cr8legacy", "pdpe1gb", "xsave", "fxsr", "de", "xsaveerptr", "fsgsbase", "cx16", "flushbyasid", "bmi1", "bmi2", "mmxext", "misalignsse", "abm", "xsaves", "pcid", "pse36", "rdrand", "mca", "sse4.1", "cmov", "rdtscp", "arch-capabilities", "xsavec", "virt-ssbd", "nx", "mmx", "avx2", "pku", "cx8", "sse", "fma", "fpu", "rdctl-no", "v-vmsave-vmload", "tsc_adjust", "tsc-scale", "vme", "mce", "amd-psfd", "null-sel-clr-base", "vpclmulqdq", "ssse3", "clflushopt", "osvw", "smap", "umip", "vgif", "sse2", "tsc-deadline", "lm", "hypervisor", "rdseed", "spec-ctrl", "svm", "no-nested-data-bp", "pat", "fxsr_opt", "mds-no", "pause-filter", "clzero", "stibp", "adx", "mtrr", "rdpid", "stibp-always-on", "pni", "fsrm", "pclmuldq", "topoext", "wbnoinvd", "ibrs", "tsc", "ibpb", "pae", "lahf_lm", "avx", "popcnt", "ssbd", "clflush", "pge"]}',created_at=2026-07-31T06:01:55Z,current_workload=0,deleted=False,deleted_at=None,disk_allocation_ratio=1.0,disk_available_least=73,free_disk_gb=95,free_ram_mb=62765,host='np0000006185',host_ip=10.4.3.238,hypervisor_hostname='np0000006185',hypervisor_type='QEMU',hypervisor_version=8002002,id=1,local_gb=95,local_gb_used=0,mapped=1,memory_mb=63277,memory_mb_used=512,metrics='[]',numa_topology='{"nova_object.name": "NUMATopology", "nova_object.namespace": "nova", "nova_object.version": "1.2", "nova_object.data": {"cells": [{"nova_object.name": "NUMACell", "nova_object.namespace": "nova", "nova_object.version": "1.5", "nova_object.data": {"id": 0, "cpuset": [0, 1, 2, 3, 4, 5, 6, 7, 8, 9, 10, 11, 12, 13, 14, 15], "pcpuset": [0, 1, 2, 3, 4, 5, 6, 7, 8, 9, 10, 11, 12, 13, 14, 15], "memory": 63277, "cpu_usage": 0, "memory_usage": 0, "pinned_cpus": [], "siblings": [[6], [12], [2], [15], [5], [11], [8], [14], [4], [1], [7], [10], [0], [13], [3], [9]], "mempages": [{"nova_object.name": "NUMAPagesTopology", "nova_object.namespace": "nova", "nova_object.version": "1.1", "nova_object.data": {"size_kb": 4, "total": 16177929, "used": 0, "reserved": 0}, "nova_object.changes": ["used", "total", "size_kb", "reserved"]}, {"nova_object.name": "NUMAPagesTopology", "nova_object.namespace": "nova", "nova_object.version": "1.1", "nova_object.data": {"size_kb": 2048, "total": 41, "used": 0, "reserved": 0}, "nova_object.changes": ["used", "total", "size_kb", "reserved"]}, {"nova_object.name": "NUMAPagesTopology", "nova_object.namespace": "nova", "nova_object.version": "1.1", "nova_object.data": {"size_kb": 1048576, "total": 0, "used": 0, "reserved": 0}, "nova_object.changes": ["used", "total", "size_kb", "reserved"]}], "network_metadata": {"nova_object.name": "NetworkMetadata", "nova_object.namespace": "nova", "nova_object.version": "1.0", "nova_object.data": {"physnets": [], "tunneled": false}, "nova_object.changes": ["physnets", "tunneled"]}, "socket": null}, "nova_object.changes": ["socket", "pinned_cpus", "cpuset", "cpu_usage", "network_metadata", "memory", "siblings", "id", "pcpuset", "mempages", "memory_usage"]}]}, "nova_object.changes": ["cells"]}',pci_device_pools=PciDevicePoolList,ram_allocation_ratio=1.0,running_vms=0,service_id=2,stats={failed_builds='0',uptime=' 06:03:44 up 13 min, 2 users, load average: 1.90, 1.42, 0.77
Jul 31 06:04:06.821971 np0000006185 nova-scheduler[93368]: '},supported_hv_specs=[HVSpec,HVSpec,HVSpec,HVSpec,HVSpec,HVSpec,HVSpec,HVSpec,HVSpec,HVSpec,HVSpec,HVSpec,HVSpec,HVSpec,HVSpec,HVSpec,HVSpec,HVSpec,HVSpec,HVSpec,HVSpec,HVSpec,HVSpec,HVSpec,HVSpec],updated_at=2026-07-31T06:03:45Z,uuid=f57b4d0f-91e2-4913-9f0a-c1e4a15199a1,vcpus=16,vcpus_used=0) {{(pid=93368) _locked_update /opt/stack/nova/nova/scheduler/host_manager.py:168}}
Jul 31 06:04:06.822462 np0000006185 nova-scheduler[93372]: DEBUG oslo_concurrency.lockutils [None req-b9fdc22d-f027-4f7f-a6f5-52e99a5fab95 tempest-ServerActionsTestOtherA-1253949382 tempest-ServerActionsTestOtherA-1253949382-project-member] Lock "7213987a-e749-40f1-a42d-7d916ac46e14" "released" by "nova.context.set_target_cell..get_or_set_cached_cell_and_set_connections" :: held 0.004s {{(pid=93372) inner /opt/stack/data/venv/lib/python3.12/site-packages/oslo_concurrency/lockutils.py:544}}
Jul 31 06:04:06.822883 np0000006185 nova-scheduler[93368]: DEBUG nova.scheduler.host_manager [None req-8da20594-1475-45da-8bb4-98ee27dd391f tempest-AttachVolumeTestJSON-2030923714 tempest-AttachVolumeTestJSON-2030923714-project-member] Update host state with aggregates: [] {{(pid=93368) _locked_update /opt/stack/nova/nova/scheduler/host_manager.py:171}}
Jul 31 06:04:06.822883 np0000006185 nova-scheduler[93368]: DEBUG nova.scheduler.host_manager [None req-8da20594-1475-45da-8bb4-98ee27dd391f tempest-AttachVolumeTestJSON-2030923714 tempest-AttachVolumeTestJSON-2030923714-project-member] Update host state with service dict: {'id': 2, 'uuid': 'c20eca24-2fbd-4efe-bc43-334443399efc', 'host': 'np0000006185', 'binary': 'nova-compute', 'topic': 'compute', 'report_count': 2, 'disabled': False, 'disabled_reason': None, 'last_seen_up': datetime.datetime(2026, 7, 31, 6, 4, 1, tzinfo=datetime.timezone.utc), 'forced_down': False, 'version': 72, 'created_at': datetime.datetime(2026, 7, 31, 6, 1, 55, tzinfo=datetime.timezone.utc), 'updated_at': datetime.datetime(2026, 7, 31, 6, 4, 1, tzinfo=datetime.timezone.utc), 'deleted_at': None, 'deleted': False} {{(pid=93368) _locked_update /opt/stack/nova/nova/scheduler/host_manager.py:174}}
Jul 31 06:04:06.822981 np0000006185 nova-scheduler[93368]: DEBUG nova.scheduler.host_manager [None req-8da20594-1475-45da-8bb4-98ee27dd391f tempest-AttachVolumeTestJSON-2030923714 tempest-AttachVolumeTestJSON-2030923714-project-member] Update host state with instances: [] {{(pid=93368) _locked_update /opt/stack/nova/nova/scheduler/host_manager.py:177}}
Jul 31 06:04:06.823049 np0000006185 nova-scheduler[93368]: DEBUG oslo_concurrency.lockutils [None req-8da20594-1475-45da-8bb4-98ee27dd391f tempest-AttachVolumeTestJSON-2030923714 tempest-AttachVolumeTestJSON-2030923714-project-member] Lock "np0000006185-np0000006185" "released" by "nova.scheduler.host_manager.HostState.update.._locked_update" :: held 0.002s {{(pid=93368) inner /opt/stack/data/venv/lib/python3.12/site-packages/oslo_concurrency/lockutils.py:544}}
Jul 31 06:04:06.823436 np0000006185 nova-scheduler[93368]: DEBUG nova.filters [None req-8da20594-1475-45da-8bb4-98ee27dd391f tempest-AttachVolumeTestJSON-2030923714 tempest-AttachVolumeTestJSON-2030923714-project-member] Starting with 1 host(s) {{(pid=93368) get_filtered_objects /opt/stack/nova/nova/filters.py:70}}
Jul 31 06:04:06.823622 np0000006185 nova-scheduler[93368]: DEBUG nova.filters [None req-8da20594-1475-45da-8bb4-98ee27dd391f tempest-AttachVolumeTestJSON-2030923714 tempest-AttachVolumeTestJSON-2030923714-project-member] Filter ComputeFilter returned 1 host(s) {{(pid=93368) get_filtered_objects /opt/stack/nova/nova/filters.py:102}}
Jul 31 06:04:06.823749 np0000006185 nova-scheduler[93368]: DEBUG nova.filters [None req-8da20594-1475-45da-8bb4-98ee27dd391f tempest-AttachVolumeTestJSON-2030923714 tempest-AttachVolumeTestJSON-2030923714-project-member] Filter ComputeCapabilitiesFilter returned 1 host(s) {{(pid=93368) get_filtered_objects /opt/stack/nova/nova/filters.py:102}}
Jul 31 06:04:06.823932 np0000006185 nova-scheduler[93368]: DEBUG nova.filters [None req-8da20594-1475-45da-8bb4-98ee27dd391f tempest-AttachVolumeTestJSON-2030923714 tempest-AttachVolumeTestJSON-2030923714-project-member] Filter ImagePropertiesFilter returned 1 host(s) {{(pid=93368) get_filtered_objects /opt/stack/nova/nova/filters.py:102}}
Jul 31 06:04:06.824048 np0000006185 nova-scheduler[93368]: DEBUG nova.filters [None req-8da20594-1475-45da-8bb4-98ee27dd391f tempest-AttachVolumeTestJSON-2030923714 tempest-AttachVolumeTestJSON-2030923714-project-member] Filter ServerGroupAntiAffinityFilter returned 1 host(s) {{(pid=93368) get_filtered_objects /opt/stack/nova/nova/filters.py:102}}
Jul 31 06:04:06.824188 np0000006185 nova-scheduler[93368]: DEBUG nova.filters [None req-8da20594-1475-45da-8bb4-98ee27dd391f tempest-AttachVolumeTestJSON-2030923714 tempest-AttachVolumeTestJSON-2030923714-project-member] Filter ServerGroupAffinityFilter returned 1 host(s) {{(pid=93368) get_filtered_objects /opt/stack/nova/nova/filters.py:102}}
Jul 31 06:04:06.827156 np0000006185 nova-scheduler[93368]: DEBUG nova.filters [None req-8da20594-1475-45da-8bb4-98ee27dd391f tempest-AttachVolumeTestJSON-2030923714 tempest-AttachVolumeTestJSON-2030923714-project-member] Filter SameHostFilter returned 1 host(s) {{(pid=93368) get_filtered_objects /opt/stack/nova/nova/filters.py:102}}
Jul 31 06:04:06.827156 np0000006185 nova-scheduler[93368]: DEBUG nova.filters [None req-8da20594-1475-45da-8bb4-98ee27dd391f tempest-AttachVolumeTestJSON-2030923714 tempest-AttachVolumeTestJSON-2030923714-project-member] Filter DifferentHostFilter returned 1 host(s) {{(pid=93368) get_filtered_objects /opt/stack/nova/nova/filters.py:102}}
Jul 31 06:04:06.827156 np0000006185 nova-scheduler[93368]: DEBUG nova.scheduler.manager [None req-8da20594-1475-45da-8bb4-98ee27dd391f tempest-AttachVolumeTestJSON-2030923714 tempest-AttachVolumeTestJSON-2030923714-project-member] Filtered [(np0000006185, np0000006185) ram: 62765MB disk: 74752MB io_ops: 0 instances: 0, allocation_candidates: 1] {{(pid=93368) _get_sorted_hosts /opt/stack/nova/nova/scheduler/manager.py:742}}
Jul 31 06:04:06.827156 np0000006185 nova-scheduler[93368]: DEBUG nova.scheduler.manager [None req-8da20594-1475-45da-8bb4-98ee27dd391f tempest-AttachVolumeTestJSON-2030923714 tempest-AttachVolumeTestJSON-2030923714-project-member] Weighed [WeighedHost [host: (np0000006185, np0000006185) ram: 62765MB disk: 74752MB io_ops: 0 instances: 0, allocation_candidates: 1, weight: 0.0]] {{(pid=93368) _get_sorted_hosts /opt/stack/nova/nova/scheduler/manager.py:764}}
Jul 31 06:04:06.827156 np0000006185 nova-scheduler[93368]: DEBUG nova.scheduler.utils [None req-8da20594-1475-45da-8bb4-98ee27dd391f tempest-AttachVolumeTestJSON-2030923714 tempest-AttachVolumeTestJSON-2030923714-project-member] Attempting to claim resources in the placement API for instance 89cdc86c-874c-474b-b2ca-17cedab1f8a1 {{(pid=93368) claim_resources /opt/stack/nova/nova/scheduler/utils.py:1345}}
Jul 31 06:04:06.827449 np0000006185 nova-scheduler[93372]: INFO dbcounter [None req-b9fdc22d-f027-4f7f-a6f5-52e99a5fab95 tempest-ServerActionsTestOtherA-1253949382 tempest-ServerActionsTestOtherA-1253949382-project-member] Registered counter for database nova_cell1
