Jun 08 10:40:59.048508 np0000002291 devstack@g-api.service[98900]: DEBUG glance.api.middleware.version_negotiation [None req-ed7de393-9b36-4ca0-ace0-d51cb6399461 tempest-ServerBootFromVolumeStableRescueTest-1614568374 tempest-ServerBootFromVolumeStableRescueTest-1614568374-project-member] new path /v2/images/1363bd88-4b76-4b75-bbc8-28dbaecc0b76 {{(pid=98900) process_request /opt/stack/glance/glance/api/middleware/version_negotiation.py:70}}
Jun 08 10:40:59.074959 np0000002291 devstack@g-api.service[98900]: [pid: 98900|app: 0|req: 32/75] 127.0.0.1 () {44 vars in 1111 bytes} [Mon Jun 8 10:40:59 2026] GET /v2/images/1363bd88-4b76-4b75-bbc8-28dbaecc0b76 => generated 1360 bytes in 27 msecs (HTTP/1.1 200) 4 headers in 158 bytes (1 switches on core 0)
Jun 08 10:40:59.133507 np0000002291 devstack@g-api.service[98899]: DEBUG glance.api.middleware.version_negotiation [None req-8714ee96-eb67-4548-a4f7-5d4b5b00c8e7 tempest-ServerBootFromVolumeStableRescueTest-1614568374 tempest-ServerBootFromVolumeStableRescueTest-1614568374-project-member] Determining version of request: GET /v2/schemas/image Accept: */* {{(pid=98899) process_request /opt/stack/glance/glance/api/middleware/version_negotiation.py:44}}
Jun 08 10:40:59.133660 np0000002291 devstack@g-api.service[98899]: DEBUG glance.api.middleware.version_negotiation [None req-8714ee96-eb67-4548-a4f7-5d4b5b00c8e7 tempest-ServerBootFromVolumeStableRescueTest-1614568374 tempest-ServerBootFromVolumeStableRescueTest-1614568374-project-member] Using url versioning {{(pid=98899) process_request /opt/stack/glance/glance/api/middleware/version_negotiation.py:57}}
Jun 08 10:40:59.133815 np0000002291 devstack@g-api.service[98899]: DEBUG glance.api.middleware.version_negotiation [None req-8714ee96-eb67-4548-a4f7-5d4b5b00c8e7 tempest-ServerBootFromVolumeStableRescueTest-1614568374 tempest-ServerBootFromVolumeStableRescueTest-1614568374-project-member] Matched version: v2 {{(pid=98899) process_request /opt/stack/glance/glance/api/middleware/version_negotiation.py:69}}
Jun 08 10:40:59.133870 np0000002291 devstack@g-api.service[98899]: DEBUG glance.api.middleware.version_negotiation [None req-8714ee96-eb67-4548-a4f7-5d4b5b00c8e7 tempest-ServerBootFromVolumeStableRescueTest-1614568374 tempest-ServerBootFromVolumeStableRescueTest-1614568374-project-member] new path /v2/schemas/image {{(pid=98899) process_request /opt/stack/glance/glance/api/middleware/version_negotiation.py:70}}
Jun 08 10:40:59.136043 np0000002291 devstack@g-api.service[98899]: [pid: 98899|app: 0|req: 44/76] 127.0.0.1 () {44 vars in 1051 bytes} [Mon Jun 8 10:40:59 2026] GET /v2/schemas/image => generated 6083 bytes in 3 msecs (HTTP/1.1 200) 4 headers in 158 bytes (1 switches on core 0)
Jun 08 10:40:59.513006 np0000002291 devstack@g-api.service[98900]: DEBUG glance.api.middleware.version_negotiation [None req-378ee232-a8ad-4e14-a97c-3157fac66a7e tempest-ServerBootFromVolumeStableRescueTest-1614568374 tempest-ServerBootFromVolumeStableRescueTest-1614568374-project-member] Determining version of request: GET /v2/images/1363bd88-4b76-4b75-bbc8-28dbaecc0b76 Accept: application/json {{(pid=98900) process_request /opt/stack/glance/glance/api/middleware/version_negotiation.py:44}}
Jun 08 10:40:59.513755 np0000002291 devstack@g-api.service[98900]: DEBUG glance.api.middleware.version_negotiation [None req-378ee232-a8ad-4e14-a97c-3157fac66a7e tempest-ServerBootFromVolumeStableRescueTest-1614568374 tempest-ServerBootFromVolumeStableRescueTest-1614568374-project-member] Using url versioning {{(pid=98900) process_request /opt/stack/glance/glance/api/middleware/version_negotiation.py:57}}
Jun 08 10:40:59.513755 np0000002291 devstack@g-api.service[98900]: DEBUG glance.api.middleware.version_negotiation [None req-378ee232-a8ad-4e14-a97c-3157fac66a7e tempest-ServerBootFromVolumeStableRescueTest-1614568374 tempest-ServerBootFromVolumeStableRescueTest-1614568374-project-member] Matched version: v2 {{(pid=98900) process_request /opt/stack/glance/glance/api/middleware/version_negotiation.py:69}}
Jun 08 10:40:59.513904 np0000002291 devstack@g-api.service[98900]: DEBUG glance.api.middleware.version_negotiation [None req-378ee232-a8ad-4e14-a97c-3157fac66a7e tempest-ServerBootFromVolumeStableRescueTest-1614568374 tempest-ServerBootFromVolumeStableRescueTest-1614568374-project-member] new path /v2/images/1363bd88-4b76-4b75-bbc8-28dbaecc0b76 {{(pid=98900) process_request /opt/stack/glance/glance/api/middleware/version_negotiation.py:70}}
Jun 08 10:40:59.526778 np0000002291 devstack@g-api.service[98900]: [pid: 98900|app: 0|req: 33/77] 127.0.0.1 () {40 vars in 834 bytes} [Mon Jun 8 10:40:59 2026] GET /v2/images/1363bd88-4b76-4b75-bbc8-28dbaecc0b76 => generated 1360 bytes in 14 msecs (HTTP/1.1 200) 4 headers in 158 bytes (1 switches on core 0)
Jun 08 10:41:00.540914 np0000002291 devstack@g-api.service[98899]: DEBUG glance.api.middleware.version_negotiation [None req-378ee232-a8ad-4e14-a97c-3157fac66a7e tempest-ServerBootFromVolumeStableRescueTest-1614568374 tempest-ServerBootFromVolumeStableRescueTest-1614568374-project-member] Determining version of request: GET /v2/images/1363bd88-4b76-4b75-bbc8-28dbaecc0b76 Accept: application/json {{(pid=98899) process_request /opt/stack/glance/glance/api/middleware/version_negotiation.py:44}}
Jun 08 10:41:00.541640 np0000002291 devstack@g-api.service[98899]: DEBUG glance.api.middleware.version_negotiation [None req-378ee232-a8ad-4e14-a97c-3157fac66a7e tempest-ServerBootFromVolumeStableRescueTest-1614568374 tempest-ServerBootFromVolumeStableRescueTest-1614568374-project-member] Using url versioning {{(pid=98899) process_request /opt/stack/glance/glance/api/middleware/version_negotiation.py:57}}
Jun 08 10:41:00.541640 np0000002291 devstack@g-api.service[98899]: DEBUG glance.api.middleware.version_negotiation [None req-378ee232-a8ad-4e14-a97c-3157fac66a7e tempest-ServerBootFromVolumeStableRescueTest-1614568374 tempest-ServerBootFromVolumeStableRescueTest-1614568374-project-member] Matched version: v2 {{(pid=98899) process_request /opt/stack/glance/glance/api/middleware/version_negotiation.py:69}}
Jun 08 10:41:00.541640 np0000002291 devstack@g-api.service[98899]: DEBUG glance.api.middleware.version_negotiation [None req-378ee232-a8ad-4e14-a97c-3157fac66a7e tempest-ServerBootFromVolumeStableRescueTest-1614568374 tempest-ServerBootFromVolumeStableRescueTest-1614568374-project-member] new path /v2/images/1363bd88-4b76-4b75-bbc8-28dbaecc0b76 {{(pid=98899) process_request /opt/stack/glance/glance/api/middleware/version_negotiation.py:70}}
Jun 08 10:41:00.555793 np0000002291 devstack@g-api.service[98899]: [pid: 98899|app: 0|req: 45/78] 127.0.0.1 () {40 vars in 834 bytes} [Mon Jun 8 10:41:00 2026] GET /v2/images/1363bd88-4b76-4b75-bbc8-28dbaecc0b76 => generated 1360 bytes in 15 msecs (HTTP/1.1 200) 4 headers in 158 bytes (1 switches on core 0)
Jun 08 10:41:01.568333 np0000002291 devstack@g-api.service[98900]: DEBUG glance.api.middleware.version_negotiation [None req-e0078723-2fe3-4f15-9734-4774af385150 tempest-ServerBootFromVolumeStableRescueTest-1614568374 tempest-ServerBootFromVolumeStableRescueTest-1614568374-project-member] Determining version of request: GET /v2/images/1363bd88-4b76-4b75-bbc8-28dbaecc0b76 Accept: application/json {{(pid=98900) process_request /opt/stack/glance/glance/api/middleware/version_negotiation.py:44}}
Jun 08 10:41:01.568705 np0000002291 devstack@g-api.service[98900]: DEBUG glance.api.middleware.version_negotiation [None req-e0078723-2fe3-4f15-9734-4774af385150 tempest-ServerBootFromVolumeStableRescueTest-1614568374 tempest-ServerBootFromVolumeStableRescueTest-1614568374-project-member] Using url versioning {{(pid=98900) process_request /opt/stack/glance/glance/api/middleware/version_negotiation.py:57}}
Jun 08 10:41:01.568705 np0000002291 devstack@g-api.service[98900]: DEBUG glance.api.middleware.version_negotiation [None req-e0078723-2fe3-4f15-9734-4774af385150 tempest-ServerBootFromVolumeStableRescueTest-1614568374 tempest-ServerBootFromVolumeStableRescueTest-1614568374-project-member] Matched version: v2 {{(pid=98900) process_request /opt/stack/glance/glance/api/middleware/version_negotiation.py:69}}
Jun 08 10:41:01.568892 np0000002291 devstack@g-api.service[98900]: DEBUG glance.api.middleware.version_negotiation [None req-e0078723-2fe3-4f15-9734-4774af385150 tempest-ServerBootFromVolumeStableRescueTest-1614568374 tempest-ServerBootFromVolumeStableRescueTest-1614568374-project-member] new path /v2/images/1363bd88-4b76-4b75-bbc8-28dbaecc0b76 {{(pid=98900) process_request /opt/stack/glance/glance/api/middleware/version_negotiation.py:70}}
Jun 08 10:41:01.593176 np0000002291 devstack@g-api.service[98900]: [pid: 98900|app: 0|req: 34/79] 127.0.0.1 () {40 vars in 834 bytes} [Mon Jun 8 10:41:01 2026] GET /v2/images/1363bd88-4b76-4b75-bbc8-28dbaecc0b76 => generated 1360 bytes in 25 msecs (HTTP/1.1 200) 4 headers in 158 bytes (1 switches on core 0)
Jun 08 10:41:02.027709 np0000002291 devstack@g-api.service[98899]: DEBUG glance.api.middleware.version_negotiation [None req-6f3b4d9b-3357-469d-91b6-fdc0e2c0fb7e tempest-ServerBootFromVolumeStableRescueTest-1614568374 tempest-ServerBootFromVolumeStableRescueTest-1614568374-project-member] Determining version of request: GET /v2/images/1363bd88-4b76-4b75-bbc8-28dbaecc0b76 Accept: */* {{(pid=98899) process_request /opt/stack/glance/glance/api/middleware/version_negotiation.py:44}}
Jun 08 10:41:02.028859 np0000002291 devstack@g-api.service[98899]: DEBUG glance.api.middleware.version_negotiation [None req-6f3b4d9b-3357-469d-91b6-fdc0e2c0fb7e tempest-ServerBootFromVolumeStableRescueTest-1614568374 tempest-ServerBootFromVolumeStableRescueTest-1614568374-project-member] Using url versioning {{(pid=98899) process_request /opt/stack/glance/glance/api/middleware/version_negotiation.py:57}}
Jun 08 10:41:02.029059 np0000002291 devstack@g-api.service[98899]: DEBUG glance.api.middleware.version_negotiation [None req-6f3b4d9b-3357-469d-91b6-fdc0e2c0fb7e tempest-ServerBootFromVolumeStableRescueTest-1614568374 tempest-ServerBootFromVolumeStableRescueTest-1614568374-project-member] Matched version: v2 {{(pid=98899) process_request /opt/stack/glance/glance/api/middleware/version_negotiation.py:69}}
Jun 08 10:41:02.029810 np0000002291 devstack@g-api.service[98899]: DEBUG glance.api.middleware.version_negotiation [None req-6f3b4d9b-3357-469d-91b6-fdc0e2c0fb7e tempest-ServerBootFromVolumeStableRescueTest-1614568374 tempest-ServerBootFromVolumeStableRescueTest-1614568374-project-member] new path /v2/images/1363bd88-4b76-4b75-bbc8-28dbaecc0b76 {{(pid=98899) process_request /opt/stack/glance/glance/api/middleware/version_negotiation.py:70}}
Jun 08 10:41:02.047961 np0000002291 devstack@g-api.service[98899]: [pid: 98899|app: 0|req: 46/80] 127.0.0.1 () {44 vars in 1111 bytes} [Mon Jun 8 10:41:02 2026] GET /v2/images/1363bd88-4b76-4b75-bbc8-28dbaecc0b76 => generated 1360 bytes in 20 msecs (HTTP/1.1 200) 4 headers in 158 bytes (1 switches on core 0)
Jun 08 10:41:02.182336 np0000002291 devstack@g-api.service[98900]: DEBUG glance.api.middleware.version_negotiation [None req-ed503cb7-7a5c-48d7-9406-76e41b4a84e5 tempest-ServerBootFromVolumeStableRescueTest-1614568374 tempest-ServerBootFromVolumeStableRescueTest-1614568374-project-member] Determining version of request: GET /v2/schemas/image Accept: */* {{(pid=98900) process_request /opt/stack/glance/glance/api/middleware/version_negotiation.py:44}}
Jun 08 10:41:02.182709 np0000002291 devstack@g-api.service[98900]: DEBUG glance.api.middleware.version_negotiation [None req-ed503cb7-7a5c-48d7-9406-76e41b4a84e5 tempest-ServerBootFromVolumeStableRescueTest-1614568374 tempest-ServerBootFromVolumeStableRescueTest-1614568374-project-member] Using url versioning {{(pid=98900) process_request /opt/stack/glance/glance/api/middleware/version_negotiation.py:57}}
Jun 08 10:41:02.182709 np0000002291 devstack@g-api.service[98900]: DEBUG glance.api.middleware.version_negotiation [None req-ed503cb7-7a5c-48d7-9406-76e41b4a84e5 tempest-ServerBootFromVolumeStableRescueTest-1614568374 tempest-ServerBootFromVolumeStableRescueTest-1614568374-project-member] Matched version: v2 {{(pid=98900) process_request /opt/stack/glance/glance/api/middleware/version_negotiation.py:69}}
Jun 08 10:41:02.182709 np0000002291 devstack@g-api.service[98900]: DEBUG glance.api.middleware.version_negotiation [None req-ed503cb7-7a5c-48d7-9406-76e41b4a84e5 tempest-ServerBootFromVolumeStableRescueTest-1614568374 tempest-ServerBootFromVolumeStableRescueTest-1614568374-project-member] new path /v2/schemas/image {{(pid=98900) process_request /opt/stack/glance/glance/api/middleware/version_negotiation.py:70}}
Jun 08 10:41:02.192769 np0000002291 devstack@g-api.service[98900]: [pid: 98900|app: 0|req: 35/81] 127.0.0.1 () {44 vars in 1051 bytes} [Mon Jun 8 10:41:02 2026] GET /v2/schemas/image => generated 6083 bytes in 10 msecs (HTTP/1.1 200) 4 headers in 158 bytes (1 switches on core 0)
Jun 08 10:41:02.309002 np0000002291 devstack@g-api.service[98899]: DEBUG glance.api.middleware.version_negotiation [None req-378ee232-a8ad-4e14-a97c-3157fac66a7e tempest-ServerBootFromVolumeStableRescueTest-1614568374 tempest-ServerBootFromVolumeStableRescueTest-1614568374-project-member] Determining version of request: GET /v2/schemas/image Accept: */* {{(pid=98899) process_request /opt/stack/glance/glance/api/middleware/version_negotiation.py:44}}
Jun 08 10:41:02.309002 np0000002291 devstack@g-api.service[98899]: DEBUG glance.api.middleware.version_negotiation [None req-378ee232-a8ad-4e14-a97c-3157fac66a7e tempest-ServerBootFromVolumeStableRescueTest-1614568374 tempest-ServerBootFromVolumeStableRescueTest-1614568374-project-member] Using url versioning {{(pid=98899) process_request /opt/stack/glance/glance/api/middleware/version_negotiation.py:57}}
Jun 08 10:41:02.309002 np0000002291 devstack@g-api.service[98899]: DEBUG glance.api.middleware.version_negotiation [None req-378ee232-a8ad-4e14-a97c-3157fac66a7e tempest-ServerBootFromVolumeStableRescueTest-1614568374 tempest-ServerBootFromVolumeStableRescueTest-1614568374-project-member] Matched version: v2 {{(pid=98899) process_request /opt/stack/glance/glance/api/middleware/version_negotiation.py:69}}
Jun 08 10:41:02.309002 np0000002291 devstack@g-api.service[98899]: DEBUG glance.api.middleware.version_negotiation [None req-378ee232-a8ad-4e14-a97c-3157fac66a7e tempest-ServerBootFromVolumeStableRescueTest-1614568374 tempest-ServerBootFromVolumeStableRescueTest-1614568374-project-member] new path /v2/schemas/image {{(pid=98899) process_request /opt/stack/glance/glance/api/middleware/version_negotiation.py:70}}
Jun 08 10:41:02.315890 np0000002291 devstack@g-api.service[98899]: [pid: 98899|app: 0|req: 47/82] 127.0.0.1 () {44 vars in 1051 bytes} [Mon Jun 8 10:41:02 2026] GET /v2/schemas/image => generated 6083 bytes in 7 msecs (HTTP/1.1 200) 4 headers in 158 bytes (1 switches on core 0)
Jun 08 10:41:02.405325 np0000002291 devstack@g-api.service[98900]: DEBUG glance.api.middleware.version_negotiation [None req-378ee232-a8ad-4e14-a97c-3157fac66a7e tempest-ServerBootFromVolumeStableRescueTest-1614568374 tempest-ServerBootFromVolumeStableRescueTest-1614568374-project-member] Determining version of request: PATCH /v2/images/1363bd88-4b76-4b75-bbc8-28dbaecc0b76 Accept: */* {{(pid=98900) process_request /opt/stack/glance/glance/api/middleware/version_negotiation.py:44}}
Jun 08 10:41:02.405325 np0000002291 devstack@g-api.service[98900]: DEBUG glance.api.middleware.version_negotiation [None req-378ee232-a8ad-4e14-a97c-3157fac66a7e tempest-ServerBootFromVolumeStableRescueTest-1614568374 tempest-ServerBootFromVolumeStableRescueTest-1614568374-project-member] Using url versioning {{(pid=98900) process_request /opt/stack/glance/glance/api/middleware/version_negotiation.py:57}}
Jun 08 10:41:02.409542 np0000002291 devstack@g-api.service[98900]: DEBUG glance.api.middleware.version_negotiation [None req-378ee232-a8ad-4e14-a97c-3157fac66a7e tempest-ServerBootFromVolumeStableRescueTest-1614568374 tempest-ServerBootFromVolumeStableRescueTest-1614568374-project-member] Matched version: v2 {{(pid=98900) process_request /opt/stack/glance/glance/api/middleware/version_negotiation.py:69}}
Jun 08 10:41:02.409542 np0000002291 devstack@g-api.service[98900]: DEBUG glance.api.middleware.version_negotiation [None req-378ee232-a8ad-4e14-a97c-3157fac66a7e tempest-ServerBootFromVolumeStableRescueTest-1614568374 tempest-ServerBootFromVolumeStableRescueTest-1614568374-project-member] new path /v2/images/1363bd88-4b76-4b75-bbc8-28dbaecc0b76 {{(pid=98900) process_request /opt/stack/glance/glance/api/middleware/version_negotiation.py:70}}
Jun 08 10:41:02.605421 np0000002291 devstack@g-api.service[98899]: DEBUG glance.api.middleware.version_negotiation [None req-378ee232-a8ad-4e14-a97c-3157fac66a7e tempest-ServerBootFromVolumeStableRescueTest-1614568374 tempest-ServerBootFromVolumeStableRescueTest-1614568374-project-member] Determining version of request: GET /v2/images/1363bd88-4b76-4b75-bbc8-28dbaecc0b76 Accept: application/json {{(pid=98899) process_request /opt/stack/glance/glance/api/middleware/version_negotiation.py:44}}
Jun 08 10:41:02.605611 np0000002291 devstack@g-api.service[98899]: DEBUG glance.api.middleware.version_negotiation [None req-378ee232-a8ad-4e14-a97c-3157fac66a7e tempest-ServerBootFromVolumeStableRescueTest-1614568374 tempest-ServerBootFromVolumeStableRescueTest-1614568374-project-member] Using url versioning {{(pid=98899) process_request /opt/stack/glance/glance/api/middleware/version_negotiation.py:57}}
Jun 08 10:41:02.605733 np0000002291 devstack@g-api.service[98899]: DEBUG glance.api.middleware.version_negotiation [None req-378ee232-a8ad-4e14-a97c-3157fac66a7e tempest-ServerBootFromVolumeStableRescueTest-1614568374 tempest-ServerBootFromVolumeStableRescueTest-1614568374-project-member] Matched version: v2 {{(pid=98899) process_request /opt/stack/glance/glance/api/middleware/version_negotiation.py:69}}
Jun 08 10:41:02.605825 np0000002291 devstack@g-api.service[98899]: DEBUG glance.api.middleware.version_negotiation [None req-378ee232-a8ad-4e14-a97c-3157fac66a7e tempest-ServerBootFromVolumeStableRescueTest-1614568374 tempest-ServerBootFromVolumeStableRescueTest-1614568374-project-member] new path /v2/images/1363bd88-4b76-4b75-bbc8-28dbaecc0b76 {{(pid=98899) process_request /opt/stack/glance/glance/api/middleware/version_negotiation.py:70}}
Jun 08 10:41:02.650995 np0000002291 devstack@g-api.service[98899]: [pid: 98899|app: 0|req: 48/83] 127.0.0.1 () {40 vars in 834 bytes} [Mon Jun 8 10:41:02 2026] GET /v2/images/1363bd88-4b76-4b75-bbc8-28dbaecc0b76 => generated 1360 bytes in 43 msecs (HTTP/1.1 200) 4 headers in 158 bytes (1 switches on core 0)
Jun 08 10:41:02.667784 np0000002291 devstack@g-api.service[98900]: [pid: 98900|app: 0|req: 36/84] 127.0.0.1 () {46 vars in 1154 bytes} [Mon Jun 8 10:41:02 2026] PATCH /v2/images/1363bd88-4b76-4b75-bbc8-28dbaecc0b76 => generated 1471 bytes in 263 msecs (HTTP/1.1 200) 4 headers in 158 bytes (1 switches on core 0)
Jun 08 10:41:02.768406 np0000002291 devstack@g-api.service[98899]: DEBUG glance.api.middleware.version_negotiation [None req-77fa6e59-df79-4128-9266-7e71c214b59b tempest-ServerBootFromVolumeStableRescueTest-1614568374 tempest-ServerBootFromVolumeStableRescueTest-1614568374-project-member] Determining version of request: GET /v2/images/1363bd88-4b76-4b75-bbc8-28dbaecc0b76 Accept: */* {{(pid=98899) process_request /opt/stack/glance/glance/api/middleware/version_negotiation.py:44}}
Jun 08 10:41:02.770589 np0000002291 devstack@g-api.service[98899]: DEBUG glance.api.middleware.version_negotiation [None req-77fa6e59-df79-4128-9266-7e71c214b59b tempest-ServerBootFromVolumeStableRescueTest-1614568374 tempest-ServerBootFromVolumeStableRescueTest-1614568374-project-member] Using url versioning {{(pid=98899) process_request /opt/stack/glance/glance/api/middleware/version_negotiation.py:57}}
Jun 08 10:41:02.770589 np0000002291 devstack@g-api.service[98899]: DEBUG glance.api.middleware.version_negotiation [None req-77fa6e59-df79-4128-9266-7e71c214b59b tempest-ServerBootFromVolumeStableRescueTest-1614568374 tempest-ServerBootFromVolumeStableRescueTest-1614568374-project-member] Matched version: v2 {{(pid=98899) process_request /opt/stack/glance/glance/api/middleware/version_negotiation.py:69}}
Jun 08 10:41:02.770589 np0000002291 devstack@g-api.service[98899]: DEBUG glance.api.middleware.version_negotiation [None req-77fa6e59-df79-4128-9266-7e71c214b59b tempest-ServerBootFromVolumeStableRescueTest-1614568374 tempest-ServerBootFromVolumeStableRescueTest-1614568374-project-member] new path /v2/images/1363bd88-4b76-4b75-bbc8-28dbaecc0b76 {{(pid=98899) process_request /opt/stack/glance/glance/api/middleware/version_negotiation.py:70}}
Jun 08 10:41:02.829478 np0000002291 devstack@g-api.service[98899]: [pid: 98899|app: 0|req: 49/85] 127.0.0.1 () {44 vars in 1111 bytes} [Mon Jun 8 10:41:02 2026] GET /v2/images/1363bd88-4b76-4b75-bbc8-28dbaecc0b76 => generated 1471 bytes in 59 msecs (HTTP/1.1 200) 4 headers in 158 bytes (1 switches on core 0)
Jun 08 10:41:02.984354 np0000002291 devstack@g-api.service[98900]: DEBUG glance.api.middleware.version_negotiation [None req-378ee232-a8ad-4e14-a97c-3157fac66a7e tempest-ServerBootFromVolumeStableRescueTest-1614568374 tempest-ServerBootFromVolumeStableRescueTest-1614568374-project-member] Determining version of request: PUT /v2/images/1363bd88-4b76-4b75-bbc8-28dbaecc0b76/file Accept: */* {{(pid=98900) process_request /opt/stack/glance/glance/api/middleware/version_negotiation.py:44}}
Jun 08 10:41:02.984662 np0000002291 devstack@g-api.service[98900]: DEBUG glance.api.middleware.version_negotiation [None req-378ee232-a8ad-4e14-a97c-3157fac66a7e tempest-ServerBootFromVolumeStableRescueTest-1614568374 tempest-ServerBootFromVolumeStableRescueTest-1614568374-project-member] Using url versioning {{(pid=98900) process_request /opt/stack/glance/glance/api/middleware/version_negotiation.py:57}}
Jun 08 10:41:02.984890 np0000002291 devstack@g-api.service[98900]: DEBUG glance.api.middleware.version_negotiation [None req-378ee232-a8ad-4e14-a97c-3157fac66a7e tempest-ServerBootFromVolumeStableRescueTest-1614568374 tempest-ServerBootFromVolumeStableRescueTest-1614568374-project-member] Matched version: v2 {{(pid=98900) process_request /opt/stack/glance/glance/api/middleware/version_negotiation.py:69}}
Jun 08 10:41:02.985047 np0000002291 devstack@g-api.service[98900]: DEBUG glance.api.middleware.version_negotiation [None req-378ee232-a8ad-4e14-a97c-3157fac66a7e tempest-ServerBootFromVolumeStableRescueTest-1614568374 tempest-ServerBootFromVolumeStableRescueTest-1614568374-project-member] new path /v2/images/1363bd88-4b76-4b75-bbc8-28dbaecc0b76/file {{(pid=98900) process_request /opt/stack/glance/glance/api/middleware/version_negotiation.py:70}}
Jun 08 10:41:03.662990 np0000002291 devstack@g-api.service[98899]: DEBUG glance.api.middleware.version_negotiation [None req-378ee232-a8ad-4e14-a97c-3157fac66a7e tempest-ServerBootFromVolumeStableRescueTest-1614568374 tempest-ServerBootFromVolumeStableRescueTest-1614568374-project-member] Determining version of request: GET /v2/images/1363bd88-4b76-4b75-bbc8-28dbaecc0b76 Accept: application/json {{(pid=98899) process_request /opt/stack/glance/glance/api/middleware/version_negotiation.py:44}}
Jun 08 10:41:03.664868 np0000002291 devstack@g-api.service[98899]: DEBUG glance.api.middleware.version_negotiation [None req-378ee232-a8ad-4e14-a97c-3157fac66a7e tempest-ServerBootFromVolumeStableRescueTest-1614568374 tempest-ServerBootFromVolumeStableRescueTest-1614568374-project-member] Using url versioning {{(pid=98899) process_request /opt/stack/glance/glance/api/middleware/version_negotiation.py:57}}
Jun 08 10:41:03.665070 np0000002291 devstack@g-api.service[98899]: DEBUG glance.api.middleware.version_negotiation [None req-378ee232-a8ad-4e14-a97c-3157fac66a7e tempest-ServerBootFromVolumeStableRescueTest-1614568374 tempest-ServerBootFromVolumeStableRescueTest-1614568374-project-member] Matched version: v2 {{(pid=98899) process_request /opt/stack/glance/glance/api/middleware/version_negotiation.py:69}}
Jun 08 10:41:03.665265 np0000002291 devstack@g-api.service[98899]: DEBUG glance.api.middleware.version_negotiation [None req-378ee232-a8ad-4e14-a97c-3157fac66a7e tempest-ServerBootFromVolumeStableRescueTest-1614568374 tempest-ServerBootFromVolumeStableRescueTest-1614568374-project-member] new path /v2/images/1363bd88-4b76-4b75-bbc8-28dbaecc0b76 {{(pid=98899) process_request /opt/stack/glance/glance/api/middleware/version_negotiation.py:70}}
Jun 08 10:41:03.685351 np0000002291 devstack@g-api.service[98899]: [pid: 98899|app: 0|req: 50/86] 127.0.0.1 () {40 vars in 834 bytes} [Mon Jun 8 10:41:03 2026] GET /v2/images/1363bd88-4b76-4b75-bbc8-28dbaecc0b76 => generated 1471 bytes in 22 msecs (HTTP/1.1 200) 4 headers in 158 bytes (1 switches on core 0)
Jun 08 10:41:03.954493 np0000002291 devstack@g-api.service[98900]: INFO glance.api.v2.image_data [None req-378ee232-a8ad-4e14-a97c-3157fac66a7e tempest-ServerBootFromVolumeStableRescueTest-1614568374 tempest-ServerBootFromVolumeStableRescueTest-1614568374-project-member] Unable to create trust: no such option collect_timing in group [keystone_authtoken] Use the existing user token.
Jun 08 10:41:04.698945 np0000002291 devstack@g-api.service[98899]: DEBUG glance.api.middleware.version_negotiation [None req-9a85ed01-19d2-4522-b8e7-84e814280155 tempest-ServerBootFromVolumeStableRescueTest-1614568374 tempest-ServerBootFromVolumeStableRescueTest-1614568374-project-member] Determining version of request: GET /v2/images/1363bd88-4b76-4b75-bbc8-28dbaecc0b76 Accept: application/json {{(pid=98899) process_request /opt/stack/glance/glance/api/middleware/version_negotiation.py:44}}
Jun 08 10:41:04.699374 np0000002291 devstack@g-api.service[98899]: DEBUG glance.api.middleware.version_negotiation [None req-9a85ed01-19d2-4522-b8e7-84e814280155 tempest-ServerBootFromVolumeStableRescueTest-1614568374 tempest-ServerBootFromVolumeStableRescueTest-1614568374-project-member] Using url versioning {{(pid=98899) process_request /opt/stack/glance/glance/api/middleware/version_negotiation.py:57}}
Jun 08 10:41:04.699483 np0000002291 devstack@g-api.service[98899]: DEBUG glance.api.middleware.version_negotiation [None req-9a85ed01-19d2-4522-b8e7-84e814280155 tempest-ServerBootFromVolumeStableRescueTest-1614568374 tempest-ServerBootFromVolumeStableRescueTest-1614568374-project-member] Matched version: v2 {{(pid=98899) process_request /opt/stack/glance/glance/api/middleware/version_negotiation.py:69}}
Jun 08 10:41:04.699662 np0000002291 devstack@g-api.service[98899]: DEBUG glance.api.middleware.version_negotiation [None req-9a85ed01-19d2-4522-b8e7-84e814280155 tempest-ServerBootFromVolumeStableRescueTest-1614568374 tempest-ServerBootFromVolumeStableRescueTest-1614568374-project-member] new path /v2/images/1363bd88-4b76-4b75-bbc8-28dbaecc0b76 {{(pid=98899) process_request /opt/stack/glance/glance/api/middleware/version_negotiation.py:70}}
Jun 08 10:41:04.717055 np0000002291 devstack@g-api.service[98899]: [pid: 98899|app: 0|req: 51/87] 127.0.0.1 () {40 vars in 834 bytes} [Mon Jun 8 10:41:04 2026] GET /v2/images/1363bd88-4b76-4b75-bbc8-28dbaecc0b76 => generated 1471 bytes in 20 msecs (HTTP/1.1 200) 4 headers in 158 bytes (1 switches on core 0)
Jun 08 10:41:04.915225 np0000002291 devstack@g-api.service[98900]: DEBUG glance.location [None req-378ee232-a8ad-4e14-a97c-3157fac66a7e tempest-ServerBootFromVolumeStableRescueTest-1614568374 tempest-ServerBootFromVolumeStableRescueTest-1614568374-project-member] Enabling in-flight format inspection for qcow2 {{(pid=98900) set_data /opt/stack/glance/glance/location.py:616}}
Jun 08 10:41:04.915482 np0000002291 devstack@g-api.service[98900]: DEBUG glance_store.backend [None req-378ee232-a8ad-4e14-a97c-3157fac66a7e tempest-ServerBootFromVolumeStableRescueTest-1614568374 tempest-ServerBootFromVolumeStableRescueTest-1614568374-project-member] Attempting to import store swift {{(pid=98900) _load_store /opt/stack/data/venv/lib/python3.12/site-packages/glance_store/backend.py:215}}
Jun 08 10:41:04.917137 np0000002291 devstack@g-api.service[98900]: DEBUG glance_store.capabilities [None req-378ee232-a8ad-4e14-a97c-3157fac66a7e tempest-ServerBootFromVolumeStableRescueTest-1614568374 tempest-ServerBootFromVolumeStableRescueTest-1614568374-project-member] Store glance_store._drivers.swift.store.SingleTenantStore doesn't support updating dynamic storage capabilities. Please overwrite 'update_capabilities' method of the store to implement updating logics if needed. {{(pid=98900) update_capabilities /opt/stack/data/venv/lib/python3.12/site-packages/glance_store/capabilities.py:91}}
Jun 08 10:41:04.917206 np0000002291 devstack@g-api.service[98900]: DEBUG glance_store.driver [None req-378ee232-a8ad-4e14-a97c-3157fac66a7e tempest-ServerBootFromVolumeStableRescueTest-1614568374 tempest-ServerBootFromVolumeStableRescueTest-1614568374-project-member] Late loading location class glance_store._drivers.swift.store.StoreLocation {{(pid=98900) get_store_location_class /opt/stack/data/venv/lib/python3.12/site-packages/glance_store/driver.py:134}}
Jun 08 10:41:04.918268 np0000002291 devstack@g-api.service[98900]: DEBUG glance_store.location [None req-378ee232-a8ad-4e14-a97c-3157fac66a7e tempest-ServerBootFromVolumeStableRescueTest-1614568374 tempest-ServerBootFromVolumeStableRescueTest-1614568374-project-member] Registering scheme swift+https with {'store': , 'location_class': , 'store_entry': 'swift'} {{(pid=98900) register_scheme_map /opt/stack/data/venv/lib/python3.12/site-packages/glance_store/location.py:146}}
Jun 08 10:41:04.918268 np0000002291 devstack@g-api.service[98900]: DEBUG glance_store.location [None req-378ee232-a8ad-4e14-a97c-3157fac66a7e tempest-ServerBootFromVolumeStableRescueTest-1614568374 tempest-ServerBootFromVolumeStableRescueTest-1614568374-project-member] Registering scheme swift+https with {'store': , 'location_class': , 'store_entry': 'swift'} {{(pid=98900) register_scheme_map /opt/stack/data/venv/lib/python3.12/site-packages/glance_store/location.py:146}}
Jun 08 10:41:04.918268 np0000002291 devstack@g-api.service[98900]: DEBUG glance_store.location [None req-378ee232-a8ad-4e14-a97c-3157fac66a7e tempest-ServerBootFromVolumeStableRescueTest-1614568374 tempest-ServerBootFromVolumeStableRescueTest-1614568374-project-member] Registering scheme swift with {'store': , 'location_class': , 'store_entry': 'swift'} {{(pid=98900) register_scheme_map /opt/stack/data/venv/lib/python3.12/site-packages/glance_store/location.py:146}}
Jun 08 10:41:04.918519 np0000002291 devstack@g-api.service[98900]: DEBUG glance_store.location [None req-378ee232-a8ad-4e14-a97c-3157fac66a7e tempest-ServerBootFromVolumeStableRescueTest-1614568374 tempest-ServerBootFromVolumeStableRescueTest-1614568374-project-member] Registering scheme swift+https with {'store': , 'location_class': , 'store_entry': 'swift'} {{(pid=98900) register_scheme_map /opt/stack/data/venv/lib/python3.12/site-packages/glance_store/location.py:146}}
Jun 08 10:41:04.918519 np0000002291 devstack@g-api.service[98900]: DEBUG glance_store.location [None req-378ee232-a8ad-4e14-a97c-3157fac66a7e tempest-ServerBootFromVolumeStableRescueTest-1614568374 tempest-ServerBootFromVolumeStableRescueTest-1614568374-project-member] Registering scheme swift with {'store': , 'location_class': , 'store_entry': 'swift'} {{(pid=98900) register_scheme_map /opt/stack/data/venv/lib/python3.12/site-packages/glance_store/location.py:146}}
Jun 08 10:41:04.918519 np0000002291 devstack@g-api.service[98900]: DEBUG glance_store.location [None req-378ee232-a8ad-4e14-a97c-3157fac66a7e tempest-ServerBootFromVolumeStableRescueTest-1614568374 tempest-ServerBootFromVolumeStableRescueTest-1614568374-project-member] Registering scheme swift+http with {'store': , 'location_class': , 'store_entry': 'swift'} {{(pid=98900) register_scheme_map /opt/stack/data/venv/lib/python3.12/site-packages/glance_store/location.py:146}}
Jun 08 10:41:04.918659 np0000002291 devstack@g-api.service[98900]: DEBUG glance_store.location [None req-378ee232-a8ad-4e14-a97c-3157fac66a7e tempest-ServerBootFromVolumeStableRescueTest-1614568374 tempest-ServerBootFromVolumeStableRescueTest-1614568374-project-member] Registering scheme swift+https with {'store': , 'location_class': , 'store_entry': 'swift'} {{(pid=98900) register_scheme_map /opt/stack/data/venv/lib/python3.12/site-packages/glance_store/location.py:146}}
Jun 08 10:41:04.918659 np0000002291 devstack@g-api.service[98900]: DEBUG glance_store.location [None req-378ee232-a8ad-4e14-a97c-3157fac66a7e tempest-ServerBootFromVolumeStableRescueTest-1614568374 tempest-ServerBootFromVolumeStableRescueTest-1614568374-project-member] Registering scheme swift with {'store': , 'location_class': , 'store_entry': 'swift'} {{(pid=98900) register_scheme_map /opt/stack/data/venv/lib/python3.12/site-packages/glance_store/location.py:146}}
Jun 08 10:41:04.918659 np0000002291 devstack@g-api.service[98900]: DEBUG glance_store.location [None req-378ee232-a8ad-4e14-a97c-3157fac66a7e tempest-ServerBootFromVolumeStableRescueTest-1614568374 tempest-ServerBootFromVolumeStableRescueTest-1614568374-project-member] Registering scheme swift+http with {'store': , 'location_class': , 'store_entry': 'swift'} {{(pid=98900) register_scheme_map /opt/stack/data/venv/lib/python3.12/site-packages/glance_store/location.py:146}}
Jun 08 10:41:04.918736 np0000002291 devstack@g-api.service[98900]: DEBUG glance_store.location [None req-378ee232-a8ad-4e14-a97c-3157fac66a7e tempest-ServerBootFromVolumeStableRescueTest-1614568374 tempest-ServerBootFromVolumeStableRescueTest-1614568374-project-member] Registering scheme swift+config with {'store': , 'location_class': , 'store_entry': 'swift'} {{(pid=98900) register_scheme_map /opt/stack/data/venv/lib/python3.12/site-packages/glance_store/location.py:146}}
Jun 08 10:41:05.446977 np0000002291 devstack@g-api.service[98900]: DEBUG swiftclient [None req-378ee232-a8ad-4e14-a97c-3157fac66a7e tempest-ServerBootFromVolumeStableRescueTest-1614568374 tempest-ServerBootFromVolumeStableRescueTest-1614568374-project-member] REQ: curl -i https://10.4.3.18:8080/v1/AUTH_db17741d27a04b2988f2e9f2d7f424d0/glance -I -H "X-Auth-Token: gAAAAABqJpxAta2P..." {{(pid=98900) http_log /opt/stack/data/venv/lib/python3.12/site-packages/swiftclient/client.py:160}}
Jun 08 10:41:05.447623 np0000002291 devstack@g-api.service[98900]: DEBUG swiftclient [None req-378ee232-a8ad-4e14-a97c-3157fac66a7e tempest-ServerBootFromVolumeStableRescueTest-1614568374 tempest-ServerBootFromVolumeStableRescueTest-1614568374-project-member] RESP STATUS: 204 No Content {{(pid=98900) http_log /opt/stack/data/venv/lib/python3.12/site-packages/swiftclient/client.py:161}}
Jun 08 10:41:05.447623 np0000002291 devstack@g-api.service[98900]: DEBUG swiftclient [None req-378ee232-a8ad-4e14-a97c-3157fac66a7e tempest-ServerBootFromVolumeStableRescueTest-1614568374 tempest-ServerBootFromVolumeStableRescueTest-1614568374-project-member] RESP HEADERS: {'Date': 'Mon, 08 Jun 2026 10:41:05 GMT', 'Server': 'Apache/2.4.58 (Ubuntu)', 'Content-Type': 'text/plain; charset=utf-8', 'X-Container-Object-Count': '5', 'X-Container-Bytes-Used': '86048768', 'X-Timestamp': '1780915073.44388', 'Last-Modified': 'Mon, 08 Jun 2026 10:37:54 GMT', 'Accept-Ranges': 'bytes', 'X-Storage-Policy': 'Policy-0', 'X-Container-Sharding': 'False', 'Vary': 'Accept', 'X-Trans-Id': 'txcb297ea0de394f84bc3c1-006a269c41', 'X-Openstack-Request-Id': 'txcb297ea0de394f84bc3c1-006a269c41', 'Connection': 'close'} {{(pid=98900) http_log /opt/stack/data/venv/lib/python3.12/site-packages/swiftclient/client.py:162}}
Jun 08 10:41:05.447623 np0000002291 devstack@g-api.service[98900]: DEBUG glance_store._drivers.swift.store [None req-378ee232-a8ad-4e14-a97c-3157fac66a7e tempest-ServerBootFromVolumeStableRescueTest-1614568374 tempest-ServerBootFromVolumeStableRescueTest-1614568374-project-member] Adding image object '1363bd88-4b76-4b75-bbc8-28dbaecc0b76' to Swift {{(pid=98900) add /opt/stack/data/venv/lib/python3.12/site-packages/glance_store/_drivers/swift/store.py:970}}
Jun 08 10:41:05.448086 np0000002291 devstack@g-api.service[98900]: DEBUG glance_store._drivers.swift.store [None req-378ee232-a8ad-4e14-a97c-3157fac66a7e tempest-ServerBootFromVolumeStableRescueTest-1614568374 tempest-ServerBootFromVolumeStableRescueTest-1614568374-project-member] Cannot determine image size because it is either not provided in the request or chunked-transfer encoding is used. Adding image as a segmented object to Swift. {{(pid=98900) add /opt/stack/data/venv/lib/python3.12/site-packages/glance_store/_drivers/swift/store.py:994}}
Jun 08 10:41:05.457547 np0000002291 devstack@g-api.service[98900]: DEBUG oslo_utils.imageutils.format_inspector [None req-378ee232-a8ad-4e14-a97c-3157fac66a7e tempest-ServerBootFromVolumeStableRescueTest-1614568374 tempest-ServerBootFromVolumeStableRescueTest-1614568374-project-member] Format inspector for vmdk does not match, excluding from consideration (Signature KDMV not found: b'QFI\xfb') {{(pid=98900) _process_chunk /opt/stack/data/venv/lib/python3.12/site-packages/oslo_utils/imageutils/format_inspector.py:1758}}
Jun 08 10:41:05.459702 np0000002291 devstack@g-api.service[98900]: DEBUG oslo_utils.imageutils.format_inspector [None req-378ee232-a8ad-4e14-a97c-3157fac66a7e tempest-ServerBootFromVolumeStableRescueTest-1614568374 tempest-ServerBootFromVolumeStableRescueTest-1614568374-project-member] Format inspector for vhdx does not match, excluding from consideration (Region signature not found at 30000) {{(pid=98900) _process_chunk /opt/stack/data/venv/lib/python3.12/site-packages/oslo_utils/imageutils/format_inspector.py:1758}}
Jun 08 10:41:05.731512 np0000002291 devstack@g-api.service[98900]: DEBUG swiftclient [None req-378ee232-a8ad-4e14-a97c-3157fac66a7e tempest-ServerBootFromVolumeStableRescueTest-1614568374 tempest-ServerBootFromVolumeStableRescueTest-1614568374-project-member] REQ: curl -i https://10.4.3.18:8080/v1/AUTH_db17741d27a04b2988f2e9f2d7f424d0/glance/1363bd88-4b76-4b75-bbc8-28dbaecc0b76-00001 -X PUT -H "X-Auth-Token: gAAAAABqJpxAta2P..." {{(pid=98900) http_log /opt/stack/data/venv/lib/python3.12/site-packages/swiftclient/client.py:160}}
Jun 08 10:41:05.731645 np0000002291 devstack@g-api.service[98900]: DEBUG swiftclient [None req-378ee232-a8ad-4e14-a97c-3157fac66a7e tempest-ServerBootFromVolumeStableRescueTest-1614568374 tempest-ServerBootFromVolumeStableRescueTest-1614568374-project-member] RESP STATUS: 201 Created {{(pid=98900) http_log /opt/stack/data/venv/lib/python3.12/site-packages/swiftclient/client.py:161}}
Jun 08 10:41:05.731740 np0000002291 devstack@g-api.service[98899]: DEBUG glance.api.middleware.version_negotiation [None req-7aa24a6c-0bfb-4cfd-9151-6a406ee29404 tempest-ServerBootFromVolumeStableRescueTest-1614568374 tempest-ServerBootFromVolumeStableRescueTest-1614568374-project-member] Determining version of request: GET /v2/images/1363bd88-4b76-4b75-bbc8-28dbaecc0b76 Accept: application/json {{(pid=98899) process_request /opt/stack/glance/glance/api/middleware/version_negotiation.py:44}}
Jun 08 10:41:05.732087 np0000002291 devstack@g-api.service[98900]: DEBUG swiftclient [None req-378ee232-a8ad-4e14-a97c-3157fac66a7e tempest-ServerBootFromVolumeStableRescueTest-1614568374 tempest-ServerBootFromVolumeStableRescueTest-1614568374-project-member] RESP HEADERS: {'Date': 'Mon, 08 Jun 2026 10:41:05 GMT', 'Server': 'Apache/2.4.58 (Ubuntu)', 'Content-Type': 'text/html; charset=UTF-8', 'Content-Length': '0', 'Etag': '4fa343ee581d8d2e78533191fd1ac3e1', 'Last-Modified': 'Mon, 08 Jun 2026 10:41:06 GMT', 'X-Trans-Id': 'txb5802ec56ddd4354837e5-006a269c41', 'X-Openstack-Request-Id': 'txb5802ec56ddd4354837e5-006a269c41', 'Connection': 'close'} {{(pid=98900) http_log /opt/stack/data/venv/lib/python3.12/site-packages/swiftclient/client.py:162}}
Jun 08 10:41:05.732225 np0000002291 devstack@g-api.service[98899]: DEBUG glance.api.middleware.version_negotiation [None req-7aa24a6c-0bfb-4cfd-9151-6a406ee29404 tempest-ServerBootFromVolumeStableRescueTest-1614568374 tempest-ServerBootFromVolumeStableRescueTest-1614568374-project-member] Using url versioning {{(pid=98899) process_request /opt/stack/glance/glance/api/middleware/version_negotiation.py:57}}
Jun 08 10:41:05.732264 np0000002291 devstack@g-api.service[98900]: DEBUG glance_store._drivers.swift.store [None req-378ee232-a8ad-4e14-a97c-3157fac66a7e tempest-ServerBootFromVolumeStableRescueTest-1614568374 tempest-ServerBootFromVolumeStableRescueTest-1614568374-project-member] Wrote chunk 1363bd88-4b76-4b75-bbc8-28dbaecc0b76-00001 (1/?) of length 23527424 to Swift returning MD5 of content: 4fa343ee581d8d2e78533191fd1ac3e1 {{(pid=98900) add /opt/stack/data/venv/lib/python3.12/site-packages/glance_store/_drivers/swift/store.py:1059}}
Jun 08 10:41:05.732320 np0000002291 devstack@g-api.service[98899]: DEBUG glance.api.middleware.version_negotiation [None req-7aa24a6c-0bfb-4cfd-9151-6a406ee29404 tempest-ServerBootFromVolumeStableRescueTest-1614568374 tempest-ServerBootFromVolumeStableRescueTest-1614568374-project-member] Matched version: v2 {{(pid=98899) process_request /opt/stack/glance/glance/api/middleware/version_negotiation.py:69}}
Jun 08 10:41:05.732320 np0000002291 devstack@g-api.service[98899]: DEBUG glance.api.middleware.version_negotiation [None req-7aa24a6c-0bfb-4cfd-9151-6a406ee29404 tempest-ServerBootFromVolumeStableRescueTest-1614568374 tempest-ServerBootFromVolumeStableRescueTest-1614568374-project-member] new path /v2/images/1363bd88-4b76-4b75-bbc8-28dbaecc0b76 {{(pid=98899) process_request /opt/stack/glance/glance/api/middleware/version_negotiation.py:70}}
Jun 08 10:41:05.736933 np0000002291 devstack@g-api.service[98900]: DEBUG glance_store._drivers.swift.store [None req-378ee232-a8ad-4e14-a97c-3157fac66a7e tempest-ServerBootFromVolumeStableRescueTest-1614568374 tempest-ServerBootFromVolumeStableRescueTest-1614568374-project-member] Not writing zero-length chunk. {{(pid=98900) add /opt/stack/data/venv/lib/python3.12/site-packages/glance_store/_drivers/swift/store.py:1028}}
Jun 08 10:41:05.749223 np0000002291 devstack@g-api.service[98899]: [pid: 98899|app: 0|req: 52/88] 127.0.0.1 () {40 vars in 834 bytes} [Mon Jun 8 10:41:05 2026] GET /v2/images/1363bd88-4b76-4b75-bbc8-28dbaecc0b76 => generated 1471 bytes in 17 msecs (HTTP/1.1 200) 4 headers in 158 bytes (1 switches on core 0)
Jun 08 10:41:05.766239 np0000002291 devstack@g-api.service[98900]: DEBUG swiftclient [None req-378ee232-a8ad-4e14-a97c-3157fac66a7e tempest-ServerBootFromVolumeStableRescueTest-1614568374 tempest-ServerBootFromVolumeStableRescueTest-1614568374-project-member] REQ: curl -i https://10.4.3.18:8080/v1/AUTH_db17741d27a04b2988f2e9f2d7f424d0/glance/1363bd88-4b76-4b75-bbc8-28dbaecc0b76 -X PUT -H "X-Object-Manifest: glance/1363bd88-4b76-4b75-bbc8-28dbaecc0b76-" -H "X-Auth-Token: gAAAAABqJpxAta2P..." -H "Content-Length: 0" {{(pid=98900) http_log /opt/stack/data/venv/lib/python3.12/site-packages/swiftclient/client.py:160}}
Jun 08 10:41:05.766402 np0000002291 devstack@g-api.service[98900]: DEBUG swiftclient [None req-378ee232-a8ad-4e14-a97c-3157fac66a7e tempest-ServerBootFromVolumeStableRescueTest-1614568374 tempest-ServerBootFromVolumeStableRescueTest-1614568374-project-member] RESP STATUS: 201 Created {{(pid=98900) http_log /opt/stack/data/venv/lib/python3.12/site-packages/swiftclient/client.py:161}}
Jun 08 10:41:05.766636 np0000002291 devstack@g-api.service[98900]: DEBUG swiftclient [None req-378ee232-a8ad-4e14-a97c-3157fac66a7e tempest-ServerBootFromVolumeStableRescueTest-1614568374 tempest-ServerBootFromVolumeStableRescueTest-1614568374-project-member] RESP HEADERS: {'Date': 'Mon, 08 Jun 2026 10:41:05 GMT', 'Server': 'Apache/2.4.58 (Ubuntu)', 'Content-Type': 'text/html; charset=UTF-8', 'Content-Length': '0', 'Etag': 'd41d8cd98f00b204e9800998ecf8427e', 'Last-Modified': 'Mon, 08 Jun 2026 10:41:06 GMT', 'X-Trans-Id': 'tx3bd8c9fe003143aaaa242-006a269c41', 'X-Openstack-Request-Id': 'tx3bd8c9fe003143aaaa242-006a269c41', 'Connection': 'close'} {{(pid=98900) http_log /opt/stack/data/venv/lib/python3.12/site-packages/swiftclient/client.py:162}}
Jun 08 10:41:05.766893 np0000002291 devstack@g-api.service[98900]: INFO glance.location [None req-378ee232-a8ad-4e14-a97c-3157fac66a7e tempest-ServerBootFromVolumeStableRescueTest-1614568374 tempest-ServerBootFromVolumeStableRescueTest-1614568374-project-member] Image format matched and virtual size computed: 1073741824
Jun 08 10:41:05.812173 np0000002291 devstack@g-api.service[98900]: DEBUG glance_store.backend [None req-378ee232-a8ad-4e14-a97c-3157fac66a7e tempest-ServerBootFromVolumeStableRescueTest-1614568374 tempest-ServerBootFromVolumeStableRescueTest-1614568374-project-member] Attempting to import store swift {{(pid=98900) _load_store /opt/stack/data/venv/lib/python3.12/site-packages/glance_store/backend.py:215}}
Jun 08 10:41:05.814102 np0000002291 devstack@g-api.service[98900]: DEBUG glance_store.capabilities [None req-378ee232-a8ad-4e14-a97c-3157fac66a7e tempest-ServerBootFromVolumeStableRescueTest-1614568374 tempest-ServerBootFromVolumeStableRescueTest-1614568374-project-member] Store glance_store._drivers.swift.store.SingleTenantStore doesn't support updating dynamic storage capabilities. Please overwrite 'update_capabilities' method of the store to implement updating logics if needed. {{(pid=98900) update_capabilities /opt/stack/data/venv/lib/python3.12/site-packages/glance_store/capabilities.py:91}}
Jun 08 10:41:05.814102 np0000002291 devstack@g-api.service[98900]: DEBUG glance_store.driver [None req-378ee232-a8ad-4e14-a97c-3157fac66a7e tempest-ServerBootFromVolumeStableRescueTest-1614568374 tempest-ServerBootFromVolumeStableRescueTest-1614568374-project-member] Late loading location class glance_store._drivers.swift.store.StoreLocation {{(pid=98900) get_store_location_class /opt/stack/data/venv/lib/python3.12/site-packages/glance_store/driver.py:134}}
Jun 08 10:41:05.814102 np0000002291 devstack@g-api.service[98900]: DEBUG glance_store.location [None req-378ee232-a8ad-4e14-a97c-3157fac66a7e tempest-ServerBootFromVolumeStableRescueTest-1614568374 tempest-ServerBootFromVolumeStableRescueTest-1614568374-project-member] Registering scheme swift+https with {'store': , 'location_class': , 'store_entry': 'swift'} {{(pid=98900) register_scheme_map /opt/stack/data/venv/lib/python3.12/site-packages/glance_store/location.py:146}}
Jun 08 10:41:05.814406 np0000002291 devstack@g-api.service[98900]: DEBUG glance_store.location [None req-378ee232-a8ad-4e14-a97c-3157fac66a7e tempest-ServerBootFromVolumeStableRescueTest-1614568374 tempest-ServerBootFromVolumeStableRescueTest-1614568374-project-member] Registering scheme swift+https with {'store': , 'location_class': , 'store_entry': 'swift'} {{(pid=98900) register_scheme_map /opt/stack/data/venv/lib/python3.12/site-packages/glance_store/location.py:146}}
Jun 08 10:41:05.814406 np0000002291 devstack@g-api.service[98900]: DEBUG glance_store.location [None req-378ee232-a8ad-4e14-a97c-3157fac66a7e tempest-ServerBootFromVolumeStableRescueTest-1614568374 tempest-ServerBootFromVolumeStableRescueTest-1614568374-project-member] Registering scheme swift with {'store': , 'location_class': , 'store_entry': 'swift'} {{(pid=98900) register_scheme_map /opt/stack/data/venv/lib/python3.12/site-packages/glance_store/location.py:146}}
Jun 08 10:41:05.814406 np0000002291 devstack@g-api.service[98900]: DEBUG glance_store.location [None req-378ee232-a8ad-4e14-a97c-3157fac66a7e tempest-ServerBootFromVolumeStableRescueTest-1614568374 tempest-ServerBootFromVolumeStableRescueTest-1614568374-project-member] Registering scheme swift+https with {'store': , 'location_class': , 'store_entry': 'swift'} {{(pid=98900) register_scheme_map /opt/stack/data/venv/lib/python3.12/site-packages/glance_store/location.py:146}}
Jun 08 10:41:05.814668 np0000002291 devstack@g-api.service[98900]: DEBUG glance_store.location [None req-378ee232-a8ad-4e14-a97c-3157fac66a7e tempest-ServerBootFromVolumeStableRescueTest-1614568374 tempest-ServerBootFromVolumeStableRescueTest-1614568374-project-member] Registering scheme swift with {'store': , 'location_class': , 'store_entry': 'swift'} {{(pid=98900) register_scheme_map /opt/stack/data/venv/lib/python3.12/site-packages/glance_store/location.py:146}}
Jun 08 10:41:05.814668 np0000002291 devstack@g-api.service[98900]: DEBUG glance_store.location [None req-378ee232-a8ad-4e14-a97c-3157fac66a7e tempest-ServerBootFromVolumeStableRescueTest-1614568374 tempest-ServerBootFromVolumeStableRescueTest-1614568374-project-member] Registering scheme swift+http with {'store': , 'location_class': , 'store_entry': 'swift'} {{(pid=98900) register_scheme_map /opt/stack/data/venv/lib/python3.12/site-packages/glance_store/location.py:146}}
Jun 08 10:41:05.814668 np0000002291 devstack@g-api.service[98900]: DEBUG glance_store.location [None req-378ee232-a8ad-4e14-a97c-3157fac66a7e tempest-ServerBootFromVolumeStableRescueTest-1614568374 tempest-ServerBootFromVolumeStableRescueTest-1614568374-project-member] Registering scheme swift+https with {'store': , 'location_class': , 'store_entry': 'swift'} {{(pid=98900) register_scheme_map /opt/stack/data/venv/lib/python3.12/site-packages/glance_store/location.py:146}}
Jun 08 10:41:05.815177 np0000002291 devstack@g-api.service[98900]: DEBUG glance_store.location [None req-378ee232-a8ad-4e14-a97c-3157fac66a7e tempest-ServerBootFromVolumeStableRescueTest-1614568374 tempest-ServerBootFromVolumeStableRescueTest-1614568374-project-member] Registering scheme swift with {'store': , 'location_class': , 'store_entry': 'swift'} {{(pid=98900) register_scheme_map /opt/stack/data/venv/lib/python3.12/site-packages/glance_store/location.py:146}}
