Jul 27 04:12:36.700594 np0000005867 devstack@g-api.service[99865]: DEBUG glance_store.location [-] Registering scheme filesystem with {'store': , 'location_class': , 'store_entry': 'file'} {{(pid=99865) register_scheme_map /opt/stack/data/venv/lib/python3.12/site-packages/glance_store/location.py:146}}
Jul 27 04:12:36.700594 np0000005867 devstack@g-api.service[99865]: DEBUG glance_store.backend [-] Attempting to import store swift {{(pid=99865) _load_store /opt/stack/data/venv/lib/python3.12/site-packages/glance_store/backend.py:215}}
Jul 27 04:12:36.700594 np0000005867 devstack@g-api.service[99865]: WARNING oslo_config.cfg [-] Deprecated: Option "default_store" from group "glance_store" is deprecated for removal (
Jul 27 04:12:36.700594 np0000005867 devstack@g-api.service[99865]: This option is deprecated against new config option
Jul 27 04:12:36.701075 np0000005867 devstack@g-api.service[99865]: ``default_backend`` which acts similar to ``default_store`` config
Jul 27 04:12:36.701075 np0000005867 devstack@g-api.service[99865]: option.
Jul 27 04:12:36.701075 np0000005867 devstack@g-api.service[99865]: This option is scheduled for removal in the U development
Jul 27 04:12:36.701075 np0000005867 devstack@g-api.service[99865]: cycle.
Jul 27 04:12:36.701075 np0000005867 devstack@g-api.service[99865]: ). Its value may be silently ignored in the future.
Jul 27 04:12:36.701075 np0000005867 devstack@g-api.service[99865]: DEBUG glance_store.capabilities [-] Store glance_store._drivers.swift.store.SingleTenantStore doesn't support updating dynamic storage capabilities. Please overwrite 'update_capabilities' method of the store to implement updating logics if needed. {{(pid=99865) update_capabilities /opt/stack/data/venv/lib/python3.12/site-packages/glance_store/capabilities.py:91}}
Jul 27 04:12:36.701075 np0000005867 devstack@g-api.service[99865]: DEBUG glance_store.backend [-] Registering store swift with schemes ('swift+https', 'swift', 'swift+http', 'swift+config') {{(pid=99865) create_stores /opt/stack/data/venv/lib/python3.12/site-packages/glance_store/backend.py:261}}
Jul 27 04:12:36.701075 np0000005867 devstack@g-api.service[99865]: DEBUG glance_store.driver [-] Late loading location class glance_store._drivers.swift.store.StoreLocation {{(pid=99865) get_store_location_class /opt/stack/data/venv/lib/python3.12/site-packages/glance_store/driver.py:134}}
Jul 27 04:12:36.701075 np0000005867 devstack@g-api.service[99865]: DEBUG glance_store.location [-] Registering scheme swift+https with {'store': , 'location_class': , 'store_entry': 'swift'} {{(pid=99865) register_scheme_map /opt/stack/data/venv/lib/python3.12/site-packages/glance_store/location.py:146}}
Jul 27 04:12:36.701075 np0000005867 devstack@g-api.service[99865]: DEBUG glance_store.location [-] Registering scheme swift with {'store': , 'location_class': , 'store_entry': 'swift'} {{(pid=99865) register_scheme_map /opt/stack/data/venv/lib/python3.12/site-packages/glance_store/location.py:146}}
Jul 27 04:12:36.701409 np0000005867 devstack@g-api.service[99865]: DEBUG glance_store.location [-] Registering scheme swift+http with {'store': , 'location_class': , 'store_entry': 'swift'} {{(pid=99865) register_scheme_map /opt/stack/data/venv/lib/python3.12/site-packages/glance_store/location.py:146}}
Jul 27 04:12:36.701409 np0000005867 devstack@g-api.service[99865]: DEBUG glance_store.location [-] Registering scheme swift+config with {'store': , 'location_class': , 'store_entry': 'swift'} {{(pid=99865) register_scheme_map /opt/stack/data/venv/lib/python3.12/site-packages/glance_store/location.py:146}}
Jul 27 04:12:36.701409 np0000005867 devstack@g-api.service[99865]: DEBUG glance_store.backend [-] Attempting to import store swift {{(pid=99865) _load_store /opt/stack/data/venv/lib/python3.12/site-packages/glance_store/backend.py:215}}
Jul 27 04:12:36.701409 np0000005867 devstack@g-api.service[99865]: DEBUG glance_store.capabilities [-] Store glance_store._drivers.swift.store.SingleTenantStore doesn't support updating dynamic storage capabilities. Please overwrite 'update_capabilities' method of the store to implement updating logics if needed. {{(pid=99865) update_capabilities /opt/stack/data/venv/lib/python3.12/site-packages/glance_store/capabilities.py:91}}
Jul 27 04:12:36.701409 np0000005867 devstack@g-api.service[99865]: DEBUG glance_store.driver [-] Late loading location class glance_store._drivers.swift.store.StoreLocation {{(pid=99865) get_store_location_class /opt/stack/data/venv/lib/python3.12/site-packages/glance_store/driver.py:134}}
Jul 27 04:12:36.701592 np0000005867 devstack@g-api.service[99865]: DEBUG glance_store.location [-] Registering scheme swift+https with {'store': , 'location_class': , 'store_entry': 'swift'} {{(pid=99865) register_scheme_map /opt/stack/data/venv/lib/python3.12/site-packages/glance_store/location.py:146}}
Jul 27 04:12:36.701592 np0000005867 devstack@g-api.service[99865]: DEBUG glance_store.location [-] Registering scheme swift+https with {'store': , 'location_class': , 'store_entry': 'swift'} {{(pid=99865) register_scheme_map /opt/stack/data/venv/lib/python3.12/site-packages/glance_store/location.py:146}}
Jul 27 04:12:36.701592 np0000005867 devstack@g-api.service[99865]: DEBUG glance_store.location [-] Registering scheme swift with {'store': , 'location_class': , 'store_entry': 'swift'} {{(pid=99865) register_scheme_map /opt/stack/data/venv/lib/python3.12/site-packages/glance_store/location.py:146}}
Jul 27 04:12:36.701592 np0000005867 devstack@g-api.service[99865]: DEBUG glance_store.location [-] Registering scheme swift+https with {'store': , 'location_class': , 'store_entry': 'swift'} {{(pid=99865) register_scheme_map /opt/stack/data/venv/lib/python3.12/site-packages/glance_store/location.py:146}}
Jul 27 04:12:36.701592 np0000005867 devstack@g-api.service[99865]: DEBUG glance_store.location [-] Registering scheme swift with {'store': , 'location_class': , 'store_entry': 'swift'} {{(pid=99865) register_scheme_map /opt/stack/data/venv/lib/python3.12/site-packages/glance_store/location.py:146}}
Jul 27 04:12:36.702256 np0000005867 devstack@g-api.service[99865]: DEBUG glance_store.location [-] Registering scheme swift+http with {'store': , 'location_class': , 'store_entry': 'swift'} {{(pid=99865) register_scheme_map /opt/stack/data/venv/lib/python3.12/site-packages/glance_store/location.py:146}}
Jul 27 04:12:36.702256 np0000005867 devstack@g-api.service[99865]: DEBUG glance_store.location [-] Registering scheme swift+https with {'store': , 'location_class': , 'store_entry': 'swift'} {{(pid=99865) register_scheme_map /opt/stack/data/venv/lib/python3.12/site-packages/glance_store/location.py:146}}
Jul 27 04:12:36.702256 np0000005867 devstack@g-api.service[99865]: DEBUG glance_store.location [-] Registering scheme swift with {'store': , 'location_class': , 'store_entry': 'swift'} {{(pid=99865) register_scheme_map /opt/stack/data/venv/lib/python3.12/site-packages/glance_store/location.py:146}}
Jul 27 04:12:36.702256 np0000005867 devstack@g-api.service[99865]: DEBUG glance_store.location [-] Registering scheme swift+http with {'store': , 'location_class': , 'store_entry': 'swift'} {{(pid=99865) register_scheme_map /opt/stack/data/venv/lib/python3.12/site-packages/glance_store/location.py:146}}
Jul 27 04:12:36.702256 np0000005867 devstack@g-api.service[99865]: DEBUG glance_store.location [-] Registering scheme swift+config with {'store': , 'location_class': , 'store_entry': 'swift'} {{(pid=99865) register_scheme_map /opt/stack/data/venv/lib/python3.12/site-packages/glance_store/location.py:146}}
Jul 27 04:12:36.702647 np0000005867 devstack@g-api.service[99865]: DEBUG glance.sqlite_migration [-] SQLite caching database not located, skipping migration {{(pid=99865) get_db_path /opt/stack/glance/glance/sqlite_migration.py:68}}
Jul 27 04:12:36.702647 np0000005867 devstack@g-api.service[99865]: WARNING glance.common.wsgi_app [-] Import methods are enabled but staging directory /tmp/staging/ does not exist; Imports will fail!
Jul 27 04:12:36.831563 np0000005867 devstack@g-api.service[99864]: DEBUG glance.common.config [None req-514b6746-77f1-4e82-91d4-5e3daba094cb None None] Loading glance-api-keystone+cachemanagement from /etc/glance/glance-api-paste.ini {{(pid=99864) load_paste_app /opt/stack/glance/glance/common/config.py:765}}
Jul 27 04:12:36.831808 np0000005867 devstack@g-api.service[99863]: DEBUG glance.common.config [None req-1fd2c1d2-df29-48d0-8b49-b1e06669e9f8 None None] Loading glance-api-keystone+cachemanagement from /etc/glance/glance-api-paste.ini {{(pid=99863) load_paste_app /opt/stack/glance/glance/common/config.py:765}}
Jul 27 04:12:36.876263 np0000005867 devstack@g-api.service[99865]: DEBUG glance.common.config [None req-71c456d4-f955-49f5-a485-b99f9b98cb5f None None] Loading glance-api-keystone+cachemanagement from /etc/glance/glance-api-paste.ini {{(pid=99865) load_paste_app /opt/stack/glance/glance/common/config.py:765}}
Jul 27 04:12:37.470521 np0000005867 devstack@g-api.service[99864]: INFO glance.image_cache [None req-514b6746-77f1-4e82-91d4-5e3daba094cb None None] Image cache loaded driver 'centralized_db'.
Jul 27 04:12:37.471710 np0000005867 devstack@g-api.service[99865]: INFO glance.image_cache [None req-71c456d4-f955-49f5-a485-b99f9b98cb5f None None] Image cache loaded driver 'centralized_db'.
Jul 27 04:12:37.478340 np0000005867 devstack@g-api.service[99863]: INFO glance.image_cache [None req-1fd2c1d2-df29-48d0-8b49-b1e06669e9f8 None None] Image cache loaded driver 'centralized_db'.
Jul 27 04:12:37.517154 np0000005867 devstack@g-api.service[99865]: INFO dbcounter [None req-71c456d4-f955-49f5-a485-b99f9b98cb5f None None] Registered counter for database glance
Jul 27 04:12:37.521568 np0000005867 devstack@g-api.service[99863]: INFO dbcounter [None req-1fd2c1d2-df29-48d0-8b49-b1e06669e9f8 None None] Registered counter for database glance
Jul 27 04:12:37.523831 np0000005867 devstack@g-api.service[99864]: INFO dbcounter [None req-514b6746-77f1-4e82-91d4-5e3daba094cb None None] Registered counter for database glance
Jul 27 04:12:37.553927 np0000005867 devstack@g-api.service[99865]: DEBUG oslo_db.sqlalchemy.engines [None req-71c456d4-f955-49f5-a485-b99f9b98cb5f None None] MySQL server mode set to STRICT_TRANS_TABLES,STRICT_ALL_TABLES,NO_ZERO_IN_DATE,NO_ZERO_DATE,ERROR_FOR_DIVISION_BY_ZERO,TRADITIONAL,NO_ENGINE_SUBSTITUTION {{(pid=99865) _check_effective_sql_mode /opt/stack/data/venv/lib/python3.12/site-packages/oslo_db/sqlalchemy/engines.py:325}}
Jul 27 04:12:37.558793 np0000005867 devstack@g-api.service[99863]: DEBUG oslo_db.sqlalchemy.engines [None req-1fd2c1d2-df29-48d0-8b49-b1e06669e9f8 None None] MySQL server mode set to STRICT_TRANS_TABLES,STRICT_ALL_TABLES,NO_ZERO_IN_DATE,NO_ZERO_DATE,ERROR_FOR_DIVISION_BY_ZERO,TRADITIONAL,NO_ENGINE_SUBSTITUTION {{(pid=99863) _check_effective_sql_mode /opt/stack/data/venv/lib/python3.12/site-packages/oslo_db/sqlalchemy/engines.py:325}}
Jul 27 04:12:37.560713 np0000005867 devstack@g-api.service[99864]: DEBUG oslo_db.sqlalchemy.engines [None req-514b6746-77f1-4e82-91d4-5e3daba094cb None None] MySQL server mode set to STRICT_TRANS_TABLES,STRICT_ALL_TABLES,NO_ZERO_IN_DATE,NO_ZERO_DATE,ERROR_FOR_DIVISION_BY_ZERO,TRADITIONAL,NO_ENGINE_SUBSTITUTION {{(pid=99864) _check_effective_sql_mode /opt/stack/data/venv/lib/python3.12/site-packages/oslo_db/sqlalchemy/engines.py:325}}
Jul 27 04:12:37.575795 np0000005867 devstack@g-api.service[99865]: DEBUG dbcounter [-] [99865] Writer thread running {{(pid=99865) stat_writer /opt/stack/data/venv/lib/python3.12/site-packages/dbcounter.py:102}}
Jul 27 04:12:37.579804 np0000005867 devstack@g-api.service[99863]: DEBUG dbcounter [-] [99863] Writer thread running {{(pid=99863) stat_writer /opt/stack/data/venv/lib/python3.12/site-packages/dbcounter.py:102}}
Jul 27 04:12:37.581584 np0000005867 devstack@g-api.service[99864]: DEBUG dbcounter [-] [99864] Writer thread running {{(pid=99864) stat_writer /opt/stack/data/venv/lib/python3.12/site-packages/dbcounter.py:102}}
Jul 27 04:12:37.584206 np0000005867 devstack@g-api.service[99863]: DEBUG glance.image_cache.drivers.centralized_db [None req-1fd2c1d2-df29-48d0-8b49-b1e06669e9f8 None None] Node reference is already recorded, ignoring it {{(pid=99863) configure /opt/stack/glance/glance/image_cache/drivers/centralized_db.py:71}}
Jul 27 04:12:37.586200 np0000005867 devstack@g-api.service[99864]: DEBUG glance.image_cache.drivers.centralized_db [None req-514b6746-77f1-4e82-91d4-5e3daba094cb None None] Node reference is already recorded, ignoring it {{(pid=99864) configure /opt/stack/glance/glance/image_cache/drivers/centralized_db.py:71}}
Jul 27 04:12:37.588678 np0000005867 devstack@g-api.service[99865]: INFO glance.image_cache [None req-71c456d4-f955-49f5-a485-b99f9b98cb5f None None] Image cache loaded driver 'centralized_db'.
Jul 27 04:12:37.592299 np0000005867 devstack@g-api.service[99864]: INFO glance.image_cache [None req-514b6746-77f1-4e82-91d4-5e3daba094cb None None] Image cache loaded driver 'centralized_db'.
Jul 27 04:12:37.684210 np0000005867 devstack@g-api.service[99863]: INFO glance.image_cache [None req-1fd2c1d2-df29-48d0-8b49-b1e06669e9f8 None None] Image cache loaded driver 'centralized_db'.
Jul 27 04:12:37.689635 np0000005867 devstack@g-api.service[99864]: DEBUG glance.image_cache.drivers.centralized_db [None req-514b6746-77f1-4e82-91d4-5e3daba094cb None None] Node reference is already recorded, ignoring it {{(pid=99864) configure /opt/stack/glance/glance/image_cache/drivers/centralized_db.py:71}}
Jul 27 04:12:37.689773 np0000005867 devstack@g-api.service[99865]: DEBUG glance.image_cache.drivers.centralized_db [None req-71c456d4-f955-49f5-a485-b99f9b98cb5f None None] Node reference is already recorded, ignoring it {{(pid=99865) configure /opt/stack/glance/glance/image_cache/drivers/centralized_db.py:71}}
Jul 27 04:12:37.693416 np0000005867 devstack@g-api.service[99863]: DEBUG glance.image_cache.drivers.centralized_db [None req-1fd2c1d2-df29-48d0-8b49-b1e06669e9f8 None None] Node reference is already recorded, ignoring it {{(pid=99863) configure /opt/stack/glance/glance/image_cache/drivers/centralized_db.py:71}}
Jul 27 04:12:37.694353 np0000005867 devstack@g-api.service[99864]: DEBUG glance.api.v2.cached_images [None req-514b6746-77f1-4e82-91d4-5e3daba094cb None None] Started cache worker thread {{(pid=99864) __init__ /opt/stack/glance/glance/api/v2/cached_images.py:71}}
Jul 27 04:12:37.695075 np0000005867 devstack@g-api.service[99864]: INFO glance.image_cache [None req-514b6746-77f1-4e82-91d4-5e3daba094cb None None] Image cache loaded driver 'centralized_db'.
Jul 27 04:12:37.696464 np0000005867 devstack@g-api.service[99865]: DEBUG glance.api.v2.cached_images [None req-71c456d4-f955-49f5-a485-b99f9b98cb5f None None] Started cache worker thread {{(pid=99865) __init__ /opt/stack/glance/glance/api/v2/cached_images.py:71}}
Jul 27 04:12:37.697261 np0000005867 devstack@g-api.service[99865]: INFO glance.image_cache [None req-71c456d4-f955-49f5-a485-b99f9b98cb5f None None] Image cache loaded driver 'centralized_db'.
Jul 27 04:12:37.698330 np0000005867 devstack@g-api.service[99863]: DEBUG glance.api.v2.cached_images [None req-1fd2c1d2-df29-48d0-8b49-b1e06669e9f8 None None] Started cache worker thread {{(pid=99863) __init__ /opt/stack/glance/glance/api/v2/cached_images.py:71}}
Jul 27 04:12:37.699078 np0000005867 devstack@g-api.service[99863]: INFO glance.image_cache [None req-1fd2c1d2-df29-48d0-8b49-b1e06669e9f8 None None] Image cache loaded driver 'centralized_db'.
Jul 27 04:12:37.702765 np0000005867 devstack@g-api.service[99864]: DEBUG glance.image_cache.drivers.centralized_db [None req-514b6746-77f1-4e82-91d4-5e3daba094cb None None] Node reference is already recorded, ignoring it {{(pid=99864) configure /opt/stack/glance/glance/image_cache/drivers/centralized_db.py:71}}
Jul 27 04:12:37.707295 np0000005867 devstack@g-api.service[99864]: INFO glance.api.middleware.cache_manage [None req-514b6746-77f1-4e82-91d4-5e3daba094cb None None] Initialized image cache management middleware
Jul 27 04:12:37.707458 np0000005867 devstack@g-api.service[99864]: INFO glance.image_cache [None req-514b6746-77f1-4e82-91d4-5e3daba094cb None None] Image cache loaded driver 'centralized_db'.
Jul 27 04:12:37.708277 np0000005867 devstack@g-api.service[99863]: DEBUG glance.image_cache.drivers.centralized_db [None req-1fd2c1d2-df29-48d0-8b49-b1e06669e9f8 None None] Node reference is already recorded, ignoring it {{(pid=99863) configure /opt/stack/glance/glance/image_cache/drivers/centralized_db.py:71}}
Jul 27 04:12:37.708342 np0000005867 devstack@g-api.service[99865]: DEBUG glance.image_cache.drivers.centralized_db [None req-71c456d4-f955-49f5-a485-b99f9b98cb5f None None] Node reference is already recorded, ignoring it {{(pid=99865) configure /opt/stack/glance/glance/image_cache/drivers/centralized_db.py:71}}
Jul 27 04:12:37.712638 np0000005867 devstack@g-api.service[99863]: INFO glance.api.middleware.cache_manage [None req-1fd2c1d2-df29-48d0-8b49-b1e06669e9f8 None None] Initialized image cache management middleware
Jul 27 04:12:37.715837 np0000005867 devstack@g-api.service[99863]: INFO glance.image_cache [None req-1fd2c1d2-df29-48d0-8b49-b1e06669e9f8 None None] Image cache loaded driver 'centralized_db'.
Jul 27 04:12:37.716284 np0000005867 devstack@g-api.service[99865]: INFO glance.api.middleware.cache_manage [None req-71c456d4-f955-49f5-a485-b99f9b98cb5f None None] Initialized image cache management middleware
Jul 27 04:12:37.716284 np0000005867 devstack@g-api.service[99865]: INFO glance.image_cache [None req-71c456d4-f955-49f5-a485-b99f9b98cb5f None None] Image cache loaded driver 'centralized_db'.
Jul 27 04:12:37.717811 np0000005867 devstack@g-api.service[99864]: DEBUG glance.image_cache.drivers.centralized_db [None req-514b6746-77f1-4e82-91d4-5e3daba094cb None None] Node reference is already recorded, ignoring it {{(pid=99864) configure /opt/stack/glance/glance/image_cache/drivers/centralized_db.py:71}}
Jul 27 04:12:37.722115 np0000005867 devstack@g-api.service[99864]: INFO glance.api.middleware.cache [None req-514b6746-77f1-4e82-91d4-5e3daba094cb None None] Initialized image cache middleware
Jul 27 04:12:37.724589 np0000005867 devstack@g-api.service[99865]: DEBUG glance.image_cache.drivers.centralized_db [None req-71c456d4-f955-49f5-a485-b99f9b98cb5f None None] Node reference is already recorded, ignoring it {{(pid=99865) configure /opt/stack/glance/glance/image_cache/drivers/centralized_db.py:71}}
Jul 27 04:12:37.724650 np0000005867 devstack@g-api.service[99863]: DEBUG glance.image_cache.drivers.centralized_db [None req-1fd2c1d2-df29-48d0-8b49-b1e06669e9f8 None None] Node reference is already recorded, ignoring it {{(pid=99863) configure /opt/stack/glance/glance/image_cache/drivers/centralized_db.py:71}}
Jul 27 04:12:37.729711 np0000005867 devstack@g-api.service[99865]: INFO glance.api.middleware.cache [None req-71c456d4-f955-49f5-a485-b99f9b98cb5f None None] Initialized image cache middleware
Jul 27 04:12:37.730114 np0000005867 devstack@g-api.service[99863]: INFO glance.api.middleware.cache [None req-1fd2c1d2-df29-48d0-8b49-b1e06669e9f8 None None] Initialized image cache middleware
Jul 27 04:12:37.732008 np0000005867 devstack@g-api.service[99864]: DEBUG glance.common.config [None req-514b6746-77f1-4e82-91d4-5e3daba094cb None None] ******************************************************************************** {{(pid=99864) log_opt_values /opt/stack/data/venv/lib/python3.12/site-packages/oslo_config/cfg.py:3226}}
Jul 27 04:12:37.732108 np0000005867 devstack@g-api.service[99864]: DEBUG glance.common.config [None req-514b6746-77f1-4e82-91d4-5e3daba094cb None None] Configuration options gathered from: {{(pid=99864) log_opt_values /opt/stack/data/venv/lib/python3.12/site-packages/oslo_config/cfg.py:3227}}
Jul 27 04:12:37.732348 np0000005867 devstack@g-api.service[99864]: DEBUG glance.common.config [None req-514b6746-77f1-4e82-91d4-5e3daba094cb None None] command line args: [] {{(pid=99864) log_opt_values /opt/stack/data/venv/lib/python3.12/site-packages/oslo_config/cfg.py:3228}}
Jul 27 04:12:37.732467 np0000005867 devstack@g-api.service[99864]: DEBUG glance.common.config [None req-514b6746-77f1-4e82-91d4-5e3daba094cb None None] config files: ['/etc/glance/glance-image-import.conf', '/etc/glance/glance-api.conf'] {{(pid=99864) log_opt_values /opt/stack/data/venv/lib/python3.12/site-packages/oslo_config/cfg.py:3229}}
Jul 27 04:12:37.732532 np0000005867 devstack@g-api.service[99864]: DEBUG glance.common.config [None req-514b6746-77f1-4e82-91d4-5e3daba094cb None None] ================================================================================ {{(pid=99864) log_opt_values /opt/stack/data/venv/lib/python3.12/site-packages/oslo_config/cfg.py:3234}}
Jul 27 04:12:37.732747 np0000005867 devstack@g-api.service[99864]: DEBUG glance.common.config [None req-514b6746-77f1-4e82-91d4-5e3daba094cb None None] allow_anonymous_access = False {{(pid=99864) log_opt_values /opt/stack/data/venv/lib/python3.12/site-packages/oslo_config/cfg.py:3242}}
Jul 27 04:12:37.732845 np0000005867 devstack@g-api.service[99864]: DEBUG glance.common.config [None req-514b6746-77f1-4e82-91d4-5e3daba094cb None None] api_limit_max = 1000 {{(pid=99864) log_opt_values /opt/stack/data/venv/lib/python3.12/site-packages/oslo_config/cfg.py:3242}}
Jul 27 04:12:37.732941 np0000005867 devstack@g-api.service[99864]: DEBUG glance.common.config [None req-514b6746-77f1-4e82-91d4-5e3daba094cb None None] config_dir = [] {{(pid=99864) log_opt_values /opt/stack/data/venv/lib/python3.12/site-packages/oslo_config/cfg.py:3242}}
Jul 27 04:12:37.733066 np0000005867 devstack@g-api.service[99864]: DEBUG glance.common.config [None req-514b6746-77f1-4e82-91d4-5e3daba094cb None None] config_file = ['/etc/glance/glance-image-import.conf', '/etc/glance/glance-api.conf'] {{(pid=99864) log_opt_values /opt/stack/data/venv/lib/python3.12/site-packages/oslo_config/cfg.py:3242}}
Jul 27 04:12:37.733130 np0000005867 devstack@g-api.service[99864]: DEBUG glance.common.config [None req-514b6746-77f1-4e82-91d4-5e3daba094cb None None] config_source = [] {{(pid=99864) log_opt_values /opt/stack/data/venv/lib/python3.12/site-packages/oslo_config/cfg.py:3242}}
Jul 27 04:12:37.733228 np0000005867 devstack@g-api.service[99864]: DEBUG glance.common.config [None req-514b6746-77f1-4e82-91d4-5e3daba094cb None None] control_exchange = glance {{(pid=99864) log_opt_values /opt/stack/data/venv/lib/python3.12/site-packages/oslo_config/cfg.py:3242}}
Jul 27 04:12:37.733306 np0000005867 devstack@g-api.service[99864]: DEBUG glance.common.config [None req-514b6746-77f1-4e82-91d4-5e3daba094cb None None] debug = True {{(pid=99864) log_opt_values /opt/stack/data/venv/lib/python3.12/site-packages/oslo_config/cfg.py:3242}}
Jul 27 04:12:37.733499 np0000005867 devstack@g-api.service[99864]: DEBUG glance.common.config [None req-514b6746-77f1-4e82-91d4-5e3daba094cb None None] default_log_levels = ['amqp=WARN', 'boto=WARN', 'sqlalchemy=WARN', 'suds=INFO', 'oslo.messaging=INFO', 'oslo_messaging=INFO', 'iso8601=WARN', 'requests.packages.urllib3.connectionpool=WARN', 'urllib3.connectionpool=WARN', 'websocket=WARN', 'requests.packages.urllib3.util.retry=WARN', 'urllib3.util.retry=WARN', 'keystonemiddleware=WARN', 'routes.middleware=WARN', 'stevedore=WARN', 'taskflow=WARN', 'keystoneauth=WARN', 'oslo.cache=INFO', 'oslo_policy=INFO', 'dogpile.core.dogpile=INFO'] {{(pid=99864) log_opt_values /opt/stack/data/venv/lib/python3.12/site-packages/oslo_config/cfg.py:3242}}
Jul 27 04:12:37.733594 np0000005867 devstack@g-api.service[99864]: DEBUG glance.common.config [None req-514b6746-77f1-4e82-91d4-5e3daba094cb None None] default_publisher_id = image.localhost {{(pid=99864) log_opt_values /opt/stack/data/venv/lib/python3.12/site-packages/oslo_config/cfg.py:3242}}
Jul 27 04:12:37.733679 np0000005867 devstack@g-api.service[99864]: DEBUG glance.common.config [None req-514b6746-77f1-4e82-91d4-5e3daba094cb None None] delayed_delete = False {{(pid=99864) log_opt_values /opt/stack/data/venv/lib/python3.12/site-packages/oslo_config/cfg.py:3242}}
Jul 27 04:12:37.733767 np0000005867 devstack@g-api.service[99864]: DEBUG glance.common.config [None req-514b6746-77f1-4e82-91d4-5e3daba094cb None None] digest_algorithm = sha256 {{(pid=99864) log_opt_values /opt/stack/data/venv/lib/python3.12/site-packages/oslo_config/cfg.py:3242}}
Jul 27 04:12:37.733854 np0000005867 devstack@g-api.service[99864]: DEBUG glance.common.config [None req-514b6746-77f1-4e82-91d4-5e3daba094cb None None] disabled_notifications = [] {{(pid=99864) log_opt_values /opt/stack/data/venv/lib/python3.12/site-packages/oslo_config/cfg.py:3242}}
Jul 27 04:12:37.733938 np0000005867 devstack@g-api.service[99864]: DEBUG glance.common.config [None req-514b6746-77f1-4e82-91d4-5e3daba094cb None None] do_secure_hash = True {{(pid=99864) log_opt_values /opt/stack/data/venv/lib/python3.12/site-packages/oslo_config/cfg.py:3242}}
Jul 27 04:12:37.734077 np0000005867 devstack@g-api.service[99864]: DEBUG glance.common.config [None req-514b6746-77f1-4e82-91d4-5e3daba094cb None None] enabled_backends = None {{(pid=99864) log_opt_values /opt/stack/data/venv/lib/python3.12/site-packages/oslo_config/cfg.py:3242}}
Jul 27 04:12:37.734176 np0000005867 devstack@g-api.service[99864]: DEBUG glance.common.config [None req-514b6746-77f1-4e82-91d4-5e3daba094cb None None] enabled_import_methods = ['glance-direct', 'web-download', 'copy-image'] {{(pid=99864) log_opt_values /opt/stack/data/venv/lib/python3.12/site-packages/oslo_config/cfg.py:3242}}
Jul 27 04:12:37.734267 np0000005867 devstack@g-api.service[99864]: DEBUG glance.common.config [None req-514b6746-77f1-4e82-91d4-5e3daba094cb None None] fatal_deprecations = False {{(pid=99864) log_opt_values /opt/stack/data/venv/lib/python3.12/site-packages/oslo_config/cfg.py:3242}}
Jul 27 04:12:37.734375 np0000005867 devstack@g-api.service[99864]: DEBUG glance.common.config [None req-514b6746-77f1-4e82-91d4-5e3daba094cb None None] hashing_algorithm = sha512 {{(pid=99864) log_opt_values /opt/stack/data/venv/lib/python3.12/site-packages/oslo_config/cfg.py:3242}}
Jul 27 04:12:37.734467 np0000005867 devstack@g-api.service[99864]: DEBUG glance.common.config [None req-514b6746-77f1-4e82-91d4-5e3daba094cb None None] http_retries = 3 {{(pid=99864) log_opt_values /opt/stack/data/venv/lib/python3.12/site-packages/oslo_config/cfg.py:3242}}
Jul 27 04:12:37.734560 np0000005867 devstack@g-api.service[99864]: DEBUG glance.common.config [None req-514b6746-77f1-4e82-91d4-5e3daba094cb None None] image_cache_dir = /opt/stack/data/glance/cache/ {{(pid=99864) log_opt_values /opt/stack/data/venv/lib/python3.12/site-packages/oslo_config/cfg.py:3242}}
Jul 27 04:12:37.734652 np0000005867 devstack@g-api.service[99864]: DEBUG glance.common.config [None req-514b6746-77f1-4e82-91d4-5e3daba094cb None None] image_cache_driver = centralized_db {{(pid=99864) log_opt_values /opt/stack/data/venv/lib/python3.12/site-packages/oslo_config/cfg.py:3242}}
Jul 27 04:12:37.734741 np0000005867 devstack@g-api.service[99864]: DEBUG glance.common.config [None req-514b6746-77f1-4e82-91d4-5e3daba094cb None None] image_cache_max_size = 10737418240 {{(pid=99864) log_opt_values /opt/stack/data/venv/lib/python3.12/site-packages/oslo_config/cfg.py:3242}}
Jul 27 04:12:37.734832 np0000005867 devstack@g-api.service[99864]: DEBUG glance.common.config [None req-514b6746-77f1-4e82-91d4-5e3daba094cb None None] image_cache_sqlite_db = cache.db {{(pid=99864) log_opt_values /opt/stack/data/venv/lib/python3.12/site-packages/oslo_config/cfg.py:3242}}
Jul 27 04:12:37.734919 np0000005867 devstack@g-api.service[99864]: DEBUG glance.common.config [None req-514b6746-77f1-4e82-91d4-5e3daba094cb None None] image_cache_stall_time = 86400 {{(pid=99864) log_opt_values /opt/stack/data/venv/lib/python3.12/site-packages/oslo_config/cfg.py:3242}}
Jul 27 04:12:37.735045 np0000005867 devstack@g-api.service[99864]: DEBUG glance.common.config [None req-514b6746-77f1-4e82-91d4-5e3daba094cb None None] image_location_quota = 10 {{(pid=99864) log_opt_values /opt/stack/data/venv/lib/python3.12/site-packages/oslo_config/cfg.py:3242}}
Jul 27 04:12:37.735136 np0000005867 devstack@g-api.service[99864]: DEBUG glance.common.config [None req-514b6746-77f1-4e82-91d4-5e3daba094cb None None] image_member_quota = 128 {{(pid=99864) log_opt_values /opt/stack/data/venv/lib/python3.12/site-packages/oslo_config/cfg.py:3242}}
Jul 27 04:12:37.735191 np0000005867 devstack@g-api.service[99864]: DEBUG glance.common.config [None req-514b6746-77f1-4e82-91d4-5e3daba094cb None None] image_property_quota = 128 {{(pid=99864) log_opt_values /opt/stack/data/venv/lib/python3.12/site-packages/oslo_config/cfg.py:3242}}
Jul 27 04:12:37.735282 np0000005867 devstack@g-api.service[99864]: DEBUG glance.common.config [None req-514b6746-77f1-4e82-91d4-5e3daba094cb None None] image_size_cap = 1099511627776 {{(pid=99864) log_opt_values /opt/stack/data/venv/lib/python3.12/site-packages/oslo_config/cfg.py:3242}}
Jul 27 04:12:37.735371 np0000005867 devstack@g-api.service[99864]: DEBUG glance.common.config [None req-514b6746-77f1-4e82-91d4-5e3daba094cb None None] image_tag_quota = 128 {{(pid=99864) log_opt_values /opt/stack/data/venv/lib/python3.12/site-packages/oslo_config/cfg.py:3242}}
Jul 27 04:12:37.735486 np0000005867 devstack@g-api.service[99864]: DEBUG glance.common.config [None req-514b6746-77f1-4e82-91d4-5e3daba094cb None None] instance_format = [instance: %(uuid)s] {{(pid=99864) log_opt_values /opt/stack/data/venv/lib/python3.12/site-packages/oslo_config/cfg.py:3242}}
Jul 27 04:12:37.735583 np0000005867 devstack@g-api.service[99864]: DEBUG glance.common.config [None req-514b6746-77f1-4e82-91d4-5e3daba094cb None None] instance_uuid_format = [instance: %(uuid)s] {{(pid=99864) log_opt_values /opt/stack/data/venv/lib/python3.12/site-packages/oslo_config/cfg.py:3242}}
Jul 27 04:12:37.735670 np0000005867 devstack@g-api.service[99864]: DEBUG glance.common.config [None req-514b6746-77f1-4e82-91d4-5e3daba094cb None None] limit_param_default = 25 {{(pid=99864) log_opt_values /opt/stack/data/venv/lib/python3.12/site-packages/oslo_config/cfg.py:3242}}
Jul 27 04:12:37.735764 np0000005867 devstack@g-api.service[99864]: DEBUG glance.common.config [None req-514b6746-77f1-4e82-91d4-5e3daba094cb None None] log_color = False {{(pid=99864) log_opt_values /opt/stack/data/venv/lib/python3.12/site-packages/oslo_config/cfg.py:3242}}
Jul 27 04:12:37.735857 np0000005867 devstack@g-api.service[99864]: DEBUG glance.common.config [None req-514b6746-77f1-4e82-91d4-5e3daba094cb None None] log_config_append = None {{(pid=99864) log_opt_values /opt/stack/data/venv/lib/python3.12/site-packages/oslo_config/cfg.py:3242}}
Jul 27 04:12:37.735960 np0000005867 devstack@g-api.service[99864]: DEBUG glance.common.config [None req-514b6746-77f1-4e82-91d4-5e3daba094cb None None] log_date_format = %Y-%m-%d %H:%M:%S {{(pid=99864) log_opt_values /opt/stack/data/venv/lib/python3.12/site-packages/oslo_config/cfg.py:3242}}
Jul 27 04:12:37.736079 np0000005867 devstack@g-api.service[99864]: DEBUG glance.common.config [None req-514b6746-77f1-4e82-91d4-5e3daba094cb None None] log_dir = None {{(pid=99864) log_opt_values /opt/stack/data/venv/lib/python3.12/site-packages/oslo_config/cfg.py:3242}}
Jul 27 04:12:37.736180 np0000005867 devstack@g-api.service[99864]: DEBUG glance.common.config [None req-514b6746-77f1-4e82-91d4-5e3daba094cb None None] log_file = None {{(pid=99864) log_opt_values /opt/stack/data/venv/lib/python3.12/site-packages/oslo_config/cfg.py:3242}}
Jul 27 04:12:37.736274 np0000005867 devstack@g-api.service[99864]: DEBUG glance.common.config [None req-514b6746-77f1-4e82-91d4-5e3daba094cb None None] log_rotate_interval = 1 {{(pid=99864) log_opt_values /opt/stack/data/venv/lib/python3.12/site-packages/oslo_config/cfg.py:3242}}
Jul 27 04:12:37.736371 np0000005867 devstack@g-api.service[99864]: DEBUG glance.common.config [None req-514b6746-77f1-4e82-91d4-5e3daba094cb None None] log_rotate_interval_type = days {{(pid=99864) log_opt_values /opt/stack/data/venv/lib/python3.12/site-packages/oslo_config/cfg.py:3242}}
Jul 27 04:12:37.736465 np0000005867 devstack@g-api.service[99864]: DEBUG glance.common.config [None req-514b6746-77f1-4e82-91d4-5e3daba094cb None None] log_rotation_type = none {{(pid=99864) log_opt_values /opt/stack/data/venv/lib/python3.12/site-packages/oslo_config/cfg.py:3242}}
Jul 27 04:12:37.736544 np0000005867 devstack@g-api.service[99864]: DEBUG glance.common.config [None req-514b6746-77f1-4e82-91d4-5e3daba094cb None None] logging_context_format_string = %(color)s%(levelname)s %(name)s [%(global_request_id)s %(request_id)s %(project_name)s %(user_name)s%(color)s] %(instance)s%(color)s%(message)s {{(pid=99864) log_opt_values /opt/stack/data/venv/lib/python3.12/site-packages/oslo_config/cfg.py:3242}}
Jul 27 04:12:37.736592 np0000005867 devstack@g-api.service[99864]: DEBUG glance.common.config [None req-514b6746-77f1-4e82-91d4-5e3daba094cb None None] logging_debug_format_suffix = {{(pid=%(process)d) %(funcName)s %(pathname)s:%(lineno)d}} {{(pid=99864) log_opt_values /opt/stack/data/venv/lib/python3.12/site-packages/oslo_config/cfg.py:3242}}
Jul 27 04:12:37.736684 np0000005867 devstack@g-api.service[99864]: DEBUG glance.common.config [None req-514b6746-77f1-4e82-91d4-5e3daba094cb None None] logging_default_format_string = %(color)s%(levelname)s %(name)s [-%(color)s] %(instance)s%(color)s%(message)s {{(pid=99864) log_opt_values /opt/stack/data/venv/lib/python3.12/site-packages/oslo_config/cfg.py:3242}}
Jul 27 04:12:37.736774 np0000005867 devstack@g-api.service[99864]: DEBUG glance.common.config [None req-514b6746-77f1-4e82-91d4-5e3daba094cb None None] logging_exception_prefix = ERROR %(name)s %(instance)s {{(pid=99864) log_opt_values /opt/stack/data/venv/lib/python3.12/site-packages/oslo_config/cfg.py:3242}}
Jul 27 04:12:37.736842 np0000005867 devstack@g-api.service[99864]: DEBUG glance.common.config [None req-514b6746-77f1-4e82-91d4-5e3daba094cb None None] logging_user_identity_format = %(user)s %(project)s %(domain)s %(system_scope)s %(user_domain)s %(project_domain)s {{(pid=99864) log_opt_values /opt/stack/data/venv/lib/python3.12/site-packages/oslo_config/cfg.py:3242}}
Jul 27 04:12:37.736926 np0000005867 devstack@g-api.service[99864]: DEBUG glance.common.config [None req-514b6746-77f1-4e82-91d4-5e3daba094cb None None] max_logfile_count = 30 {{(pid=99864) log_opt_values /opt/stack/data/venv/lib/python3.12/site-packages/oslo_config/cfg.py:3242}}
Jul 27 04:12:37.737052 np0000005867 devstack@g-api.service[99864]: DEBUG glance.common.config [None req-514b6746-77f1-4e82-91d4-5e3daba094cb None None] max_logfile_size_mb = 200 {{(pid=99864) log_opt_values /opt/stack/data/venv/lib/python3.12/site-packages/oslo_config/cfg.py:3242}}
Jul 27 04:12:37.737130 np0000005867 devstack@g-api.service[99864]: DEBUG glance.common.config [None req-514b6746-77f1-4e82-91d4-5e3daba094cb None None] max_request_id_length = 64 {{(pid=99864) log_opt_values /opt/stack/data/venv/lib/python3.12/site-packages/oslo_config/cfg.py:3242}}
Jul 27 04:12:37.737201 np0000005867 devstack@g-api.service[99864]: DEBUG glance.common.config [None req-514b6746-77f1-4e82-91d4-5e3daba094cb None None] metadata_encryption_key = **** {{(pid=99864) log_opt_values /opt/stack/data/venv/lib/python3.12/site-packages/oslo_config/cfg.py:3242}}
Jul 27 04:12:37.737307 np0000005867 devstack@g-api.service[99864]: DEBUG glance.common.config [None req-514b6746-77f1-4e82-91d4-5e3daba094cb None None] node_staging_uri = file:///tmp/staging/ {{(pid=99864) log_opt_values /opt/stack/data/venv/lib/python3.12/site-packages/oslo_config/cfg.py:3242}}
Jul 27 04:12:37.737395 np0000005867 devstack@g-api.service[99864]: DEBUG glance.common.config [None req-514b6746-77f1-4e82-91d4-5e3daba094cb None None] property_protection_file = None {{(pid=99864) log_opt_values /opt/stack/data/venv/lib/python3.12/site-packages/oslo_config/cfg.py:3242}}
Jul 27 04:12:37.737498 np0000005867 devstack@g-api.service[99864]: DEBUG glance.common.config [None req-514b6746-77f1-4e82-91d4-5e3daba094cb None None] property_protection_rule_format = roles {{(pid=99864) log_opt_values /opt/stack/data/venv/lib/python3.12/site-packages/oslo_config/cfg.py:3242}}
Jul 27 04:12:37.737590 np0000005867 devstack@g-api.service[99864]: DEBUG glance.common.config [None req-514b6746-77f1-4e82-91d4-5e3daba094cb None None] public_endpoint = https://10.4.3.53/image {{(pid=99864) log_opt_values /opt/stack/data/venv/lib/python3.12/site-packages/oslo_config/cfg.py:3242}}
Jul 27 04:12:37.737780 np0000005867 devstack@g-api.service[99864]: DEBUG glance.common.config [None req-514b6746-77f1-4e82-91d4-5e3daba094cb None None] publish_errors = False {{(pid=99864) log_opt_values /opt/stack/data/venv/lib/python3.12/site-packages/oslo_config/cfg.py:3242}}
Jul 27 04:12:37.737862 np0000005867 devstack@g-api.service[99864]: DEBUG glance.common.config [None req-514b6746-77f1-4e82-91d4-5e3daba094cb None None] pydev_worker_debug_host = None {{(pid=99864) log_opt_values /opt/stack/data/venv/lib/python3.12/site-packages/oslo_config/cfg.py:3242}}
Jul 27 04:12:37.737965 np0000005867 devstack@g-api.service[99864]: DEBUG glance.common.config [None req-514b6746-77f1-4e82-91d4-5e3daba094cb None None] pydev_worker_debug_port = 5678 {{(pid=99864) log_opt_values /opt/stack/data/venv/lib/python3.12/site-packages/oslo_config/cfg.py:3242}}
Jul 27 04:12:37.738076 np0000005867 devstack@g-api.service[99864]: DEBUG glance.common.config [None req-514b6746-77f1-4e82-91d4-5e3daba094cb None None] rate_limit_burst = 0 {{(pid=99864) log_opt_values /opt/stack/data/venv/lib/python3.12/site-packages/oslo_config/cfg.py:3242}}
Jul 27 04:12:37.738163 np0000005867 devstack@g-api.service[99864]: DEBUG glance.common.config [None req-514b6746-77f1-4e82-91d4-5e3daba094cb None None] rate_limit_except_level = CRITICAL {{(pid=99864) log_opt_values /opt/stack/data/venv/lib/python3.12/site-packages/oslo_config/cfg.py:3242}}
Jul 27 04:12:37.738256 np0000005867 devstack@g-api.service[99864]: DEBUG glance.common.config [None req-514b6746-77f1-4e82-91d4-5e3daba094cb None None] rate_limit_interval = 0 {{(pid=99864) log_opt_values /opt/stack/data/venv/lib/python3.12/site-packages/oslo_config/cfg.py:3242}}
Jul 27 04:12:37.738355 np0000005867 devstack@g-api.service[99864]: DEBUG glance.common.config [None req-514b6746-77f1-4e82-91d4-5e3daba094cb None None] scrub_pool_size = 1 {{(pid=99864) log_opt_values /opt/stack/data/venv/lib/python3.12/site-packages/oslo_config/cfg.py:3242}}
Jul 27 04:12:37.738441 np0000005867 devstack@g-api.service[99864]: DEBUG glance.common.config [None req-514b6746-77f1-4e82-91d4-5e3daba094cb None None] scrub_time = 0 {{(pid=99864) log_opt_values /opt/stack/data/venv/lib/python3.12/site-packages/oslo_config/cfg.py:3242}}
Jul 27 04:12:37.738525 np0000005867 devstack@g-api.service[99864]: DEBUG glance.common.config [None req-514b6746-77f1-4e82-91d4-5e3daba094cb None None] shell_completion = None {{(pid=99864) log_opt_values /opt/stack/data/venv/lib/python3.12/site-packages/oslo_config/cfg.py:3242}}
Jul 27 04:12:37.738619 np0000005867 devstack@g-api.service[99864]: DEBUG glance.common.config [None req-514b6746-77f1-4e82-91d4-5e3daba094cb None None] show_image_direct_url = False {{(pid=99864) log_opt_values /opt/stack/data/venv/lib/python3.12/site-packages/oslo_config/cfg.py:3242}}
Jul 27 04:12:37.738827 np0000005867 devstack@g-api.service[99864]: WARNING oslo_config.cfg [None req-514b6746-77f1-4e82-91d4-5e3daba094cb None None] Deprecated: Option "show_multiple_locations" from group "DEFAULT" is deprecated for removal (Use of this option, deprecated since Newton, is a security risk and will be removed once we figure out a way to satisfy those use cases that currently require it. An earlier announcement that the same functionality can be achieved with greater granularity by using policies is incorrect. You cannot work around this option via policy configuration at the present time, though that is the direction we believe the fix will take. Please keep an eye on the Glance release notes to stay up to date on progress in addressing this issue.). Its value may be silently ignored in the future.
Jul 27 04:12:37.738921 np0000005867 devstack@g-api.service[99864]: DEBUG glance.common.config [None req-514b6746-77f1-4e82-91d4-5e3daba094cb None None] show_multiple_locations = False {{(pid=99864) log_opt_values /opt/stack/data/venv/lib/python3.12/site-packages/oslo_config/cfg.py:3242}}
Jul 27 04:12:37.739046 np0000005867 devstack@g-api.service[99864]: DEBUG glance.common.config [None req-514b6746-77f1-4e82-91d4-5e3daba094cb None None] syslog_log_facility = LOG_USER {{(pid=99864) log_opt_values /opt/stack/data/venv/lib/python3.12/site-packages/oslo_config/cfg.py:3242}}
Jul 27 04:12:37.739137 np0000005867 devstack@g-api.service[99864]: DEBUG glance.common.config [None req-514b6746-77f1-4e82-91d4-5e3daba094cb None None] transport_url = **** {{(pid=99864) log_opt_values /opt/stack/data/venv/lib/python3.12/site-packages/oslo_config/cfg.py:3242}}
Jul 27 04:12:37.739225 np0000005867 devstack@g-api.service[99864]: DEBUG glance.common.config [None req-514b6746-77f1-4e82-91d4-5e3daba094cb None None] use_journal = False {{(pid=99864) log_opt_values /opt/stack/data/venv/lib/python3.12/site-packages/oslo_config/cfg.py:3242}}
Jul 27 04:12:37.739329 np0000005867 devstack@g-api.service[99864]: DEBUG glance.common.config [None req-514b6746-77f1-4e82-91d4-5e3daba094cb None None] use_json = False {{(pid=99864) log_opt_values /opt/stack/data/venv/lib/python3.12/site-packages/oslo_config/cfg.py:3242}}
Jul 27 04:12:37.739423 np0000005867 devstack@g-api.service[99864]: DEBUG glance.common.config [None req-514b6746-77f1-4e82-91d4-5e3daba094cb None None] use_keystone_limits = True {{(pid=99864) log_opt_values /opt/stack/data/venv/lib/python3.12/site-packages/oslo_config/cfg.py:3242}}
Jul 27 04:12:37.739530 np0000005867 devstack@g-api.service[99864]: DEBUG glance.common.config [None req-514b6746-77f1-4e82-91d4-5e3daba094cb None None] use_stderr = False {{(pid=99864) log_opt_values /opt/stack/data/venv/lib/python3.12/site-packages/oslo_config/cfg.py:3242}}
Jul 27 04:12:37.739635 np0000005867 devstack@g-api.service[99864]: DEBUG glance.common.config [None req-514b6746-77f1-4e82-91d4-5e3daba094cb None None] use_syslog = False {{(pid=99864) log_opt_values /opt/stack/data/venv/lib/python3.12/site-packages/oslo_config/cfg.py:3242}}
Jul 27 04:12:37.739730 np0000005867 devstack@g-api.service[99864]: DEBUG glance.common.config [None req-514b6746-77f1-4e82-91d4-5e3daba094cb None None] user_storage_quota = 0 {{(pid=99864) log_opt_values /opt/stack/data/venv/lib/python3.12/site-packages/oslo_config/cfg.py:3242}}
Jul 27 04:12:37.739822 np0000005867 devstack@g-api.service[99864]: DEBUG glance.common.config [None req-514b6746-77f1-4e82-91d4-5e3daba094cb None None] worker_self_reference_url = http://127.0.0.1:60999 {{(pid=99864) log_opt_values /opt/stack/data/venv/lib/python3.12/site-packages/oslo_config/cfg.py:3242}}
Jul 27 04:12:37.739923 np0000005867 devstack@g-api.service[99864]: DEBUG glance.common.config [None req-514b6746-77f1-4e82-91d4-5e3daba094cb None None] oslo_concurrency.disable_process_locking = False {{(pid=99864) log_opt_values /opt/stack/data/venv/lib/python3.12/site-packages/oslo_config/cfg.py:3253}}
Jul 27 04:12:37.740057 np0000005867 devstack@g-api.service[99864]: DEBUG glance.common.config [None req-514b6746-77f1-4e82-91d4-5e3daba094cb None None] oslo_concurrency.lock_path = /opt/stack/data/glance/locks {{(pid=99864) log_opt_values /opt/stack/data/venv/lib/python3.12/site-packages/oslo_config/cfg.py:3253}}
Jul 27 04:12:37.740156 np0000005867 devstack@g-api.service[99864]: DEBUG glance.common.config [None req-514b6746-77f1-4e82-91d4-5e3daba094cb None None] oslo_middleware.enable_proxy_headers_parsing = False {{(pid=99864) log_opt_values /opt/stack/data/venv/lib/python3.12/site-packages/oslo_config/cfg.py:3253}}
Jul 27 04:12:37.740249 np0000005867 devstack@g-api.service[99864]: DEBUG glance.common.config [None req-514b6746-77f1-4e82-91d4-5e3daba094cb None None] oslo_middleware.http_basic_auth_user_file = /etc/htpasswd {{(pid=99864) log_opt_values /opt/stack/data/venv/lib/python3.12/site-packages/oslo_config/cfg.py:3253}}
Jul 27 04:12:37.740356 np0000005867 devstack@g-api.service[99864]: DEBUG glance.common.config [None req-514b6746-77f1-4e82-91d4-5e3daba094cb None None] paste_deploy.config_file = None {{(pid=99864) log_opt_values /opt/stack/data/venv/lib/python3.12/site-packages/oslo_config/cfg.py:3253}}
Jul 27 04:12:37.740451 np0000005867 devstack@g-api.service[99864]: DEBUG glance.common.config [None req-514b6746-77f1-4e82-91d4-5e3daba094cb None None] paste_deploy.flavor = keystone+cachemanagement {{(pid=99864) log_opt_values /opt/stack/data/venv/lib/python3.12/site-packages/oslo_config/cfg.py:3253}}
Jul 27 04:12:37.740574 np0000005867 devstack@g-api.service[99864]: DEBUG glance.common.config [None req-514b6746-77f1-4e82-91d4-5e3daba094cb None None] image_format.container_formats = ['ami', 'ari', 'aki', 'bare', 'ovf', 'ova', 'docker', 'compressed'] {{(pid=99864) log_opt_values /opt/stack/data/venv/lib/python3.12/site-packages/oslo_config/cfg.py:3253}}
Jul 27 04:12:37.740698 np0000005867 devstack@g-api.service[99864]: DEBUG glance.common.config [None req-514b6746-77f1-4e82-91d4-5e3daba094cb None None] image_format.disk_formats = ['ami', 'ari', 'aki', 'vhd', 'vhdx', 'vmdk', 'raw', 'qcow2', 'vdi', 'iso', 'ploop'] {{(pid=99864) log_opt_values /opt/stack/data/venv/lib/python3.12/site-packages/oslo_config/cfg.py:3253}}
Jul 27 04:12:37.740791 np0000005867 devstack@g-api.service[99864]: DEBUG glance.common.config [None req-514b6746-77f1-4e82-91d4-5e3daba094cb None None] image_format.gpt_safety_checks_nonfatal = [] {{(pid=99864) log_opt_values /opt/stack/data/venv/lib/python3.12/site-packages/oslo_config/cfg.py:3253}}
Jul 27 04:12:37.740883 np0000005867 devstack@g-api.service[99864]: DEBUG glance.common.config [None req-514b6746-77f1-4e82-91d4-5e3daba094cb None None] image_format.require_image_format_match = True {{(pid=99864) log_opt_values /opt/stack/data/venv/lib/python3.12/site-packages/oslo_config/cfg.py:3253}}
Jul 27 04:12:37.741016 np0000005867 devstack@g-api.service[99864]: DEBUG glance.common.config [None req-514b6746-77f1-4e82-91d4-5e3daba094cb None None] image_format.vmdk_allowed_types = ['streamOptimized', 'monolithicSparse'] {{(pid=99864) log_opt_values /opt/stack/data/venv/lib/python3.12/site-packages/oslo_config/cfg.py:3253}}
Jul 27 04:12:37.741124 np0000005867 devstack@g-api.service[99864]: DEBUG glance.common.config [None req-514b6746-77f1-4e82-91d4-5e3daba094cb None None] task.task_executor = taskflow {{(pid=99864) log_opt_values /opt/stack/data/venv/lib/python3.12/site-packages/oslo_config/cfg.py:3253}}
Jul 27 04:12:37.741216 np0000005867 devstack@g-api.service[99864]: DEBUG glance.common.config [None req-514b6746-77f1-4e82-91d4-5e3daba094cb None None] task.task_time_to_live = 48 {{(pid=99864) log_opt_values /opt/stack/data/venv/lib/python3.12/site-packages/oslo_config/cfg.py:3253}}
Jul 27 04:12:37.741305 np0000005867 devstack@g-api.service[99864]: DEBUG glance.common.config [None req-514b6746-77f1-4e82-91d4-5e3daba094cb None None] task.work_dir = None {{(pid=99864) log_opt_values /opt/stack/data/venv/lib/python3.12/site-packages/oslo_config/cfg.py:3253}}
Jul 27 04:12:37.741357 np0000005867 devstack@g-api.service[99863]: DEBUG glance.common.config [None req-1fd2c1d2-df29-48d0-8b49-b1e06669e9f8 None None] ******************************************************************************** {{(pid=99863) log_opt_values /opt/stack/data/venv/lib/python3.12/site-packages/oslo_config/cfg.py:3226}}
Jul 27 04:12:37.741441 np0000005867 devstack@g-api.service[99864]: DEBUG glance.common.config [None req-514b6746-77f1-4e82-91d4-5e3daba094cb None None] wsgi.python_interpreter = /opt/stack/data/venv/bin/python3 {{(pid=99864) log_opt_values /opt/stack/data/venv/lib/python3.12/site-packages/oslo_config/cfg.py:3253}}
Jul 27 04:12:37.741520 np0000005867 devstack@g-api.service[99863]: DEBUG glance.common.config [None req-1fd2c1d2-df29-48d0-8b49-b1e06669e9f8 None None] Configuration options gathered from: {{(pid=99863) log_opt_values /opt/stack/data/venv/lib/python3.12/site-packages/oslo_config/cfg.py:3227}}
Jul 27 04:12:37.741590 np0000005867 devstack@g-api.service[99864]: DEBUG glance.common.config [None req-514b6746-77f1-4e82-91d4-5e3daba094cb None None] wsgi.task_pool_threads = 16 {{(pid=99864) log_opt_values /opt/stack/data/venv/lib/python3.12/site-packages/oslo_config/cfg.py:3253}}
Jul 27 04:12:37.741590 np0000005867 devstack@g-api.service[99864]: DEBUG glance.common.config [None req-514b6746-77f1-4e82-91d4-5e3daba094cb None None] import_filtering_opts.allowed_hosts = [] {{(pid=99864) log_opt_values /opt/stack/data/venv/lib/python3.12/site-packages/oslo_config/cfg.py:3253}}
Jul 27 04:12:37.741673 np0000005867 devstack@g-api.service[99864]: DEBUG glance.common.config [None req-514b6746-77f1-4e82-91d4-5e3daba094cb None None] import_filtering_opts.allowed_ports = [80, 443] {{(pid=99864) log_opt_values /opt/stack/data/venv/lib/python3.12/site-packages/oslo_config/cfg.py:3253}}
Jul 27 04:12:37.741720 np0000005867 devstack@g-api.service[99863]: DEBUG glance.common.config [None req-1fd2c1d2-df29-48d0-8b49-b1e06669e9f8 None None] command line args: [] {{(pid=99863) log_opt_values /opt/stack/data/venv/lib/python3.12/site-packages/oslo_config/cfg.py:3228}}
Jul 27 04:12:37.741767 np0000005867 devstack@g-api.service[99864]: DEBUG glance.common.config [None req-514b6746-77f1-4e82-91d4-5e3daba094cb None None] import_filtering_opts.allowed_schemes = ['http', 'https'] {{(pid=99864) log_opt_values /opt/stack/data/venv/lib/python3.12/site-packages/oslo_config/cfg.py:3253}}
