Jul 27 04:12:14.194940 np0000005867 nova-scheduler[93512]: DEBUG cotyledon.oslo_config_glue [-] oslo_messaging_rabbit.rabbit_qos_prefetch_count = 0 {{(pid=93512) log_opt_values /opt/stack/data/venv/lib/python3.12/site-packages/oslo_config/cfg.py:3253}}
Jul 27 04:12:14.194940 np0000005867 nova-scheduler[93512]: DEBUG cotyledon.oslo_config_glue [-] oslo_messaging_rabbit.rabbit_quorum_delivery_limit = 0 {{(pid=93512) log_opt_values /opt/stack/data/venv/lib/python3.12/site-packages/oslo_config/cfg.py:3253}}
Jul 27 04:12:14.194940 np0000005867 nova-scheduler[93512]: DEBUG cotyledon.oslo_config_glue [-] oslo_messaging_rabbit.rabbit_quorum_max_memory_bytes = 0 {{(pid=93512) log_opt_values /opt/stack/data/venv/lib/python3.12/site-packages/oslo_config/cfg.py:3253}}
Jul 27 04:12:14.194940 np0000005867 nova-scheduler[93512]: DEBUG cotyledon.oslo_config_glue [-] oslo_messaging_rabbit.rabbit_quorum_max_memory_length = 0 {{(pid=93512) log_opt_values /opt/stack/data/venv/lib/python3.12/site-packages/oslo_config/cfg.py:3253}}
Jul 27 04:12:14.194940 np0000005867 nova-scheduler[93512]: DEBUG cotyledon.oslo_config_glue [-] oslo_messaging_rabbit.rabbit_quorum_queue = False {{(pid=93512) log_opt_values /opt/stack/data/venv/lib/python3.12/site-packages/oslo_config/cfg.py:3253}}
Jul 27 04:12:14.195178 np0000005867 nova-scheduler[93512]: DEBUG cotyledon.oslo_config_glue [-] oslo_messaging_rabbit.rabbit_retry_backoff = 2 {{(pid=93512) log_opt_values /opt/stack/data/venv/lib/python3.12/site-packages/oslo_config/cfg.py:3253}}
Jul 27 04:12:14.195178 np0000005867 nova-scheduler[93512]: DEBUG cotyledon.oslo_config_glue [-] oslo_messaging_rabbit.rabbit_retry_interval = 1 {{(pid=93512) log_opt_values /opt/stack/data/venv/lib/python3.12/site-packages/oslo_config/cfg.py:3253}}
Jul 27 04:12:14.195178 np0000005867 nova-scheduler[93512]: DEBUG cotyledon.oslo_config_glue [-] oslo_messaging_rabbit.rabbit_stream_fanout = False {{(pid=93512) log_opt_values /opt/stack/data/venv/lib/python3.12/site-packages/oslo_config/cfg.py:3253}}
Jul 27 04:12:14.195178 np0000005867 nova-scheduler[93512]: DEBUG cotyledon.oslo_config_glue [-] oslo_messaging_rabbit.rabbit_transient_queues_ttl = 1800 {{(pid=93512) log_opt_values /opt/stack/data/venv/lib/python3.12/site-packages/oslo_config/cfg.py:3253}}
Jul 27 04:12:14.195178 np0000005867 nova-scheduler[93512]: DEBUG cotyledon.oslo_config_glue [-] oslo_messaging_rabbit.rabbit_transient_quorum_queue = False {{(pid=93512) log_opt_values /opt/stack/data/venv/lib/python3.12/site-packages/oslo_config/cfg.py:3253}}
Jul 27 04:12:14.195178 np0000005867 nova-scheduler[93512]: DEBUG cotyledon.oslo_config_glue [-] oslo_messaging_rabbit.rpc_conn_pool_size = 30 {{(pid=93512) log_opt_values /opt/stack/data/venv/lib/python3.12/site-packages/oslo_config/cfg.py:3253}}
Jul 27 04:12:14.195178 np0000005867 nova-scheduler[93512]: DEBUG cotyledon.oslo_config_glue [-] oslo_messaging_rabbit.ssl = False {{(pid=93512) log_opt_values /opt/stack/data/venv/lib/python3.12/site-packages/oslo_config/cfg.py:3253}}
Jul 27 04:12:14.195178 np0000005867 nova-scheduler[93512]: DEBUG cotyledon.oslo_config_glue [-] oslo_messaging_rabbit.ssl_ca_file = {{(pid=93512) log_opt_values /opt/stack/data/venv/lib/python3.12/site-packages/oslo_config/cfg.py:3253}}
Jul 27 04:12:14.195178 np0000005867 nova-scheduler[93512]: DEBUG cotyledon.oslo_config_glue [-] oslo_messaging_rabbit.ssl_cert_file = {{(pid=93512) log_opt_values /opt/stack/data/venv/lib/python3.12/site-packages/oslo_config/cfg.py:3253}}
Jul 27 04:12:14.195349 np0000005867 nova-scheduler[93512]: DEBUG cotyledon.oslo_config_glue [-] oslo_messaging_rabbit.ssl_enforce_fips_mode = False {{(pid=93512) log_opt_values /opt/stack/data/venv/lib/python3.12/site-packages/oslo_config/cfg.py:3253}}
Jul 27 04:12:14.195349 np0000005867 nova-scheduler[93512]: DEBUG cotyledon.oslo_config_glue [-] oslo_messaging_rabbit.ssl_enforce_hostname_verification = True {{(pid=93512) log_opt_values /opt/stack/data/venv/lib/python3.12/site-packages/oslo_config/cfg.py:3253}}
Jul 27 04:12:14.195349 np0000005867 nova-scheduler[93512]: DEBUG cotyledon.oslo_config_glue [-] oslo_messaging_rabbit.ssl_key_file = {{(pid=93512) log_opt_values /opt/stack/data/venv/lib/python3.12/site-packages/oslo_config/cfg.py:3253}}
Jul 27 04:12:14.195349 np0000005867 nova-scheduler[93512]: DEBUG cotyledon.oslo_config_glue [-] oslo_messaging_rabbit.ssl_version = {{(pid=93512) log_opt_values /opt/stack/data/venv/lib/python3.12/site-packages/oslo_config/cfg.py:3253}}
Jul 27 04:12:14.195349 np0000005867 nova-scheduler[93512]: DEBUG cotyledon.oslo_config_glue [-] oslo_messaging_rabbit.use_queue_manager = False {{(pid=93512) log_opt_values /opt/stack/data/venv/lib/python3.12/site-packages/oslo_config/cfg.py:3253}}
Jul 27 04:12:14.195349 np0000005867 nova-scheduler[93512]: DEBUG cotyledon.oslo_config_glue [-] oslo_messaging_notifications.driver = ['messagingv2'] {{(pid=93512) log_opt_values /opt/stack/data/venv/lib/python3.12/site-packages/oslo_config/cfg.py:3253}}
Jul 27 04:12:14.195349 np0000005867 nova-scheduler[93512]: DEBUG cotyledon.oslo_config_glue [-] oslo_messaging_notifications.retry = -1 {{(pid=93512) log_opt_values /opt/stack/data/venv/lib/python3.12/site-packages/oslo_config/cfg.py:3253}}
Jul 27 04:12:14.195349 np0000005867 nova-scheduler[93512]: DEBUG cotyledon.oslo_config_glue [-] oslo_messaging_notifications.topics = ['notifications'] {{(pid=93512) log_opt_values /opt/stack/data/venv/lib/python3.12/site-packages/oslo_config/cfg.py:3253}}
Jul 27 04:12:14.195349 np0000005867 nova-scheduler[93512]: DEBUG cotyledon.oslo_config_glue [-] oslo_messaging_notifications.transport_url = **** {{(pid=93512) log_opt_values /opt/stack/data/venv/lib/python3.12/site-packages/oslo_config/cfg.py:3253}}
Jul 27 04:12:14.195534 np0000005867 nova-scheduler[93512]: DEBUG cotyledon.oslo_config_glue [-] oslo_limit.auth_section = None {{(pid=93512) log_opt_values /opt/stack/data/venv/lib/python3.12/site-packages/oslo_config/cfg.py:3253}}
Jul 27 04:12:14.195534 np0000005867 nova-scheduler[93512]: DEBUG cotyledon.oslo_config_glue [-] oslo_limit.auth_type = None {{(pid=93512) log_opt_values /opt/stack/data/venv/lib/python3.12/site-packages/oslo_config/cfg.py:3253}}
Jul 27 04:12:14.195534 np0000005867 nova-scheduler[93512]: DEBUG cotyledon.oslo_config_glue [-] oslo_limit.cafile = None {{(pid=93512) log_opt_values /opt/stack/data/venv/lib/python3.12/site-packages/oslo_config/cfg.py:3253}}
Jul 27 04:12:14.195534 np0000005867 nova-scheduler[93512]: DEBUG cotyledon.oslo_config_glue [-] oslo_limit.certfile = None {{(pid=93512) log_opt_values /opt/stack/data/venv/lib/python3.12/site-packages/oslo_config/cfg.py:3253}}
Jul 27 04:12:14.195534 np0000005867 nova-scheduler[93512]: DEBUG cotyledon.oslo_config_glue [-] oslo_limit.collect_timing = False {{(pid=93512) log_opt_values /opt/stack/data/venv/lib/python3.12/site-packages/oslo_config/cfg.py:3253}}
Jul 27 04:12:14.195534 np0000005867 nova-scheduler[93512]: DEBUG cotyledon.oslo_config_glue [-] oslo_limit.connect_retries = None {{(pid=93512) log_opt_values /opt/stack/data/venv/lib/python3.12/site-packages/oslo_config/cfg.py:3253}}
Jul 27 04:12:14.195534 np0000005867 nova-scheduler[93512]: DEBUG cotyledon.oslo_config_glue [-] oslo_limit.connect_retry_delay = None {{(pid=93512) log_opt_values /opt/stack/data/venv/lib/python3.12/site-packages/oslo_config/cfg.py:3253}}
Jul 27 04:12:14.195534 np0000005867 nova-scheduler[93512]: DEBUG cotyledon.oslo_config_glue [-] oslo_limit.endpoint_id = None {{(pid=93512) log_opt_values /opt/stack/data/venv/lib/python3.12/site-packages/oslo_config/cfg.py:3253}}
Jul 27 04:12:14.195534 np0000005867 nova-scheduler[93512]: DEBUG cotyledon.oslo_config_glue [-] oslo_limit.endpoint_interface = public {{(pid=93512) log_opt_values /opt/stack/data/venv/lib/python3.12/site-packages/oslo_config/cfg.py:3253}}
Jul 27 04:12:14.195717 np0000005867 nova-scheduler[93512]: DEBUG cotyledon.oslo_config_glue [-] oslo_limit.endpoint_override = None {{(pid=93512) log_opt_values /opt/stack/data/venv/lib/python3.12/site-packages/oslo_config/cfg.py:3253}}
Jul 27 04:12:14.195717 np0000005867 nova-scheduler[93512]: DEBUG cotyledon.oslo_config_glue [-] oslo_limit.endpoint_region_name = None {{(pid=93512) log_opt_values /opt/stack/data/venv/lib/python3.12/site-packages/oslo_config/cfg.py:3253}}
Jul 27 04:12:14.195717 np0000005867 nova-scheduler[93512]: DEBUG cotyledon.oslo_config_glue [-] oslo_limit.endpoint_service_name = None {{(pid=93512) log_opt_values /opt/stack/data/venv/lib/python3.12/site-packages/oslo_config/cfg.py:3253}}
Jul 27 04:12:14.195717 np0000005867 nova-scheduler[93512]: DEBUG cotyledon.oslo_config_glue [-] oslo_limit.endpoint_service_type = None {{(pid=93512) log_opt_values /opt/stack/data/venv/lib/python3.12/site-packages/oslo_config/cfg.py:3253}}
Jul 27 04:12:14.195717 np0000005867 nova-scheduler[93512]: DEBUG cotyledon.oslo_config_glue [-] oslo_limit.insecure = False {{(pid=93512) log_opt_values /opt/stack/data/venv/lib/python3.12/site-packages/oslo_config/cfg.py:3253}}
Jul 27 04:12:14.195717 np0000005867 nova-scheduler[93512]: DEBUG cotyledon.oslo_config_glue [-] oslo_limit.keyfile = None {{(pid=93512) log_opt_values /opt/stack/data/venv/lib/python3.12/site-packages/oslo_config/cfg.py:3253}}
Jul 27 04:12:14.195717 np0000005867 nova-scheduler[93512]: DEBUG cotyledon.oslo_config_glue [-] oslo_limit.max_version = None {{(pid=93512) log_opt_values /opt/stack/data/venv/lib/python3.12/site-packages/oslo_config/cfg.py:3253}}
Jul 27 04:12:14.195717 np0000005867 nova-scheduler[93512]: DEBUG cotyledon.oslo_config_glue [-] oslo_limit.min_version = None {{(pid=93512) log_opt_values /opt/stack/data/venv/lib/python3.12/site-packages/oslo_config/cfg.py:3253}}
Jul 27 04:12:14.195717 np0000005867 nova-scheduler[93512]: DEBUG cotyledon.oslo_config_glue [-] oslo_limit.region_name = None {{(pid=93512) log_opt_values /opt/stack/data/venv/lib/python3.12/site-packages/oslo_config/cfg.py:3253}}
Jul 27 04:12:14.195882 np0000005867 nova-scheduler[93512]: DEBUG cotyledon.oslo_config_glue [-] oslo_limit.retriable_status_codes = None {{(pid=93512) log_opt_values /opt/stack/data/venv/lib/python3.12/site-packages/oslo_config/cfg.py:3253}}
Jul 27 04:12:14.195882 np0000005867 nova-scheduler[93512]: DEBUG cotyledon.oslo_config_glue [-] oslo_limit.service_name = None {{(pid=93512) log_opt_values /opt/stack/data/venv/lib/python3.12/site-packages/oslo_config/cfg.py:3253}}
Jul 27 04:12:14.195882 np0000005867 nova-scheduler[93512]: DEBUG cotyledon.oslo_config_glue [-] oslo_limit.service_type = None {{(pid=93512) log_opt_values /opt/stack/data/venv/lib/python3.12/site-packages/oslo_config/cfg.py:3253}}
Jul 27 04:12:14.195882 np0000005867 nova-scheduler[93512]: DEBUG cotyledon.oslo_config_glue [-] oslo_limit.split_loggers = False {{(pid=93512) log_opt_values /opt/stack/data/venv/lib/python3.12/site-packages/oslo_config/cfg.py:3253}}
Jul 27 04:12:14.195882 np0000005867 nova-scheduler[93512]: DEBUG cotyledon.oslo_config_glue [-] oslo_limit.status_code_retries = None {{(pid=93512) log_opt_values /opt/stack/data/venv/lib/python3.12/site-packages/oslo_config/cfg.py:3253}}
Jul 27 04:12:14.195882 np0000005867 nova-scheduler[93512]: DEBUG cotyledon.oslo_config_glue [-] oslo_limit.status_code_retry_delay = None {{(pid=93512) log_opt_values /opt/stack/data/venv/lib/python3.12/site-packages/oslo_config/cfg.py:3253}}
Jul 27 04:12:14.195882 np0000005867 nova-scheduler[93512]: DEBUG cotyledon.oslo_config_glue [-] oslo_limit.timeout = None {{(pid=93512) log_opt_values /opt/stack/data/venv/lib/python3.12/site-packages/oslo_config/cfg.py:3253}}
Jul 27 04:12:14.195882 np0000005867 nova-scheduler[93512]: DEBUG cotyledon.oslo_config_glue [-] oslo_limit.valid_interfaces = None {{(pid=93512) log_opt_values /opt/stack/data/venv/lib/python3.12/site-packages/oslo_config/cfg.py:3253}}
Jul 27 04:12:14.195882 np0000005867 nova-scheduler[93512]: DEBUG cotyledon.oslo_config_glue [-] oslo_limit.version = None {{(pid=93512) log_opt_values /opt/stack/data/venv/lib/python3.12/site-packages/oslo_config/cfg.py:3253}}
Jul 27 04:12:14.196121 np0000005867 nova-scheduler[93512]: DEBUG cotyledon.oslo_config_glue [-] oslo_reports.file_event_handler = None {{(pid=93512) log_opt_values /opt/stack/data/venv/lib/python3.12/site-packages/oslo_config/cfg.py:3253}}
Jul 27 04:12:14.196121 np0000005867 nova-scheduler[93512]: DEBUG cotyledon.oslo_config_glue [-] oslo_reports.file_event_handler_interval = 1 {{(pid=93512) log_opt_values /opt/stack/data/venv/lib/python3.12/site-packages/oslo_config/cfg.py:3253}}
Jul 27 04:12:14.196121 np0000005867 nova-scheduler[93512]: DEBUG cotyledon.oslo_config_glue [-] oslo_reports.log_dir = None {{(pid=93512) log_opt_values /opt/stack/data/venv/lib/python3.12/site-packages/oslo_config/cfg.py:3253}}
Jul 27 04:12:14.196121 np0000005867 nova-scheduler[93512]: DEBUG cotyledon.oslo_config_glue [-] ******************************************************************************** {{(pid=93512) log_opt_values /opt/stack/data/venv/lib/python3.12/site-packages/oslo_config/cfg.py:3260}}
Jul 27 04:12:14.196121 np0000005867 nova-scheduler[93512]: DEBUG cotyledon._service_worker [-] Run service ServiceWrapper(1) [93512] {{(pid=93512) wait_forever /opt/stack/data/venv/lib/python3.12/site-packages/cotyledon/_service_worker.py:218}}
Jul 27 04:12:14.196121 np0000005867 nova-scheduler[93512]: INFO nova.service [-] Starting scheduler node (version 33.1.0)
Jul 27 04:12:14.196121 np0000005867 nova-scheduler[93512]: INFO dbcounter [None req-15df37bb-f86e-48c0-b9cc-5e7ae5f95858 None None] Registered counter for database nova_cell0
Jul 27 04:12:14.196260 np0000005867 nova-scheduler[93506]: DEBUG oslo_db.sqlalchemy.engines [None req-a8dbccfd-71d5-47ea-96c6-4fc6fdae0070 None None] MySQL server mode set to STRICT_TRANS_TABLES,STRICT_ALL_TABLES,NO_ZERO_IN_DATE,NO_ZERO_DATE,ERROR_FOR_DIVISION_BY_ZERO,TRADITIONAL,NO_ENGINE_SUBSTITUTION {{(pid=93506) _check_effective_sql_mode /opt/stack/data/venv/lib/python3.12/site-packages/oslo_db/sqlalchemy/engines.py:325}}
Jul 27 04:12:14.196260 np0000005867 nova-scheduler[93506]: DEBUG dbcounter [-] [93506] Writer thread running {{(pid=93506) stat_writer /opt/stack/data/venv/lib/python3.12/site-packages/dbcounter.py:102}}
Jul 27 04:12:14.196310 np0000005867 nova-scheduler[93514]: DEBUG oslo_db.sqlalchemy.engines [None req-1ed129f0-0e82-45f4-bd7a-c10b206704ae None None] MySQL server mode set to STRICT_TRANS_TABLES,STRICT_ALL_TABLES,NO_ZERO_IN_DATE,NO_ZERO_DATE,ERROR_FOR_DIVISION_BY_ZERO,TRADITIONAL,NO_ENGINE_SUBSTITUTION {{(pid=93514) _check_effective_sql_mode /opt/stack/data/venv/lib/python3.12/site-packages/oslo_db/sqlalchemy/engines.py:325}}
Jul 27 04:12:14.197246 np0000005867 nova-scheduler[93512]: DEBUG oslo_db.sqlalchemy.engines [None req-15df37bb-f86e-48c0-b9cc-5e7ae5f95858 None None] MySQL server mode set to STRICT_TRANS_TABLES,STRICT_ALL_TABLES,NO_ZERO_IN_DATE,NO_ZERO_DATE,ERROR_FOR_DIVISION_BY_ZERO,TRADITIONAL,NO_ENGINE_SUBSTITUTION {{(pid=93512) _check_effective_sql_mode /opt/stack/data/venv/lib/python3.12/site-packages/oslo_db/sqlalchemy/engines.py:325}}
Jul 27 04:12:14.199399 np0000005867 nova-scheduler[93514]: DEBUG dbcounter [-] [93514] Writer thread running {{(pid=93514) stat_writer /opt/stack/data/venv/lib/python3.12/site-packages/dbcounter.py:102}}
Jul 27 04:12:14.202131 np0000005867 nova-scheduler[93506]: DEBUG nova.service [None req-a8dbccfd-71d5-47ea-96c6-4fc6fdae0070 None None] Creating RPC server for service: nova-scheduler on topic: scheduler {{(pid=93506) start /opt/stack/nova/nova/service.py:196}}
Jul 27 04:12:14.206872 np0000005867 nova-scheduler[93512]: DEBUG dbcounter [-] [93512] Writer thread running {{(pid=93512) stat_writer /opt/stack/data/venv/lib/python3.12/site-packages/dbcounter.py:102}}
Jul 27 04:12:14.210119 np0000005867 nova-scheduler[93512]: DEBUG nova.service [None req-15df37bb-f86e-48c0-b9cc-5e7ae5f95858 None None] Creating RPC server for service: nova-scheduler on topic: scheduler {{(pid=93512) start /opt/stack/nova/nova/service.py:196}}
Jul 27 04:12:14.215112 np0000005867 nova-scheduler[93514]: DEBUG nova.service [None req-1ed129f0-0e82-45f4-bd7a-c10b206704ae None None] Creating RPC server for service: nova-scheduler on topic: scheduler {{(pid=93514) start /opt/stack/nova/nova/service.py:196}}
Jul 27 04:12:14.230941 np0000005867 nova-scheduler[93512]: DEBUG nova.service [None req-15df37bb-f86e-48c0-b9cc-5e7ae5f95858 None None] Join ServiceGroup membership for this service scheduler {{(pid=93512) start /opt/stack/nova/nova/service.py:222}}
Jul 27 04:12:14.231302 np0000005867 nova-scheduler[93512]: DEBUG nova.servicegroup.drivers.db [None req-15df37bb-f86e-48c0-b9cc-5e7ae5f95858 None None] DB_Driver: join new ServiceGroup member np0000005867 to the scheduler group, service = {{(pid=93512) join /opt/stack/nova/nova/servicegroup/drivers/db.py:44}}
Jul 27 04:12:14.232599 np0000005867 nova-scheduler[93514]: DEBUG nova.service [None req-1ed129f0-0e82-45f4-bd7a-c10b206704ae None None] Join ServiceGroup membership for this service scheduler {{(pid=93514) start /opt/stack/nova/nova/service.py:222}}
Jul 27 04:12:14.233205 np0000005867 nova-scheduler[93514]: DEBUG nova.servicegroup.drivers.db [None req-1ed129f0-0e82-45f4-bd7a-c10b206704ae None None] DB_Driver: join new ServiceGroup member np0000005867 to the scheduler group, service = {{(pid=93514) join /opt/stack/nova/nova/servicegroup/drivers/db.py:44}}
Jul 27 04:12:14.233272 np0000005867 nova-scheduler[93506]: DEBUG nova.service [None req-a8dbccfd-71d5-47ea-96c6-4fc6fdae0070 None None] Join ServiceGroup membership for this service scheduler {{(pid=93506) start /opt/stack/nova/nova/service.py:222}}
Jul 27 04:12:14.233762 np0000005867 nova-scheduler[93506]: DEBUG nova.servicegroup.drivers.db [None req-a8dbccfd-71d5-47ea-96c6-4fc6fdae0070 None None] DB_Driver: join new ServiceGroup member np0000005867 to the scheduler group, service = {{(pid=93506) join /opt/stack/nova/nova/servicegroup/drivers/db.py:44}}
Jul 27 04:12:19.252179 np0000005867 nova-scheduler[93514]: DEBUG oslo.service.backend._threading.loopingcall [-] Fixed interval looping call 'nova.servicegroup.drivers.db.DbDriver._report_state' sleeping for 119.98 seconds {{(pid=93514) _run_loop /opt/stack/data/venv/lib/python3.12/site-packages/oslo_service/backend/_threading/loopingcall.py:125}}
Jul 27 04:12:19.256684 np0000005867 nova-scheduler[93512]: DEBUG oslo.service.backend._threading.loopingcall [-] Fixed interval looping call 'nova.servicegroup.drivers.db.DbDriver._report_state' sleeping for 119.98 seconds {{(pid=93512) _run_loop /opt/stack/data/venv/lib/python3.12/site-packages/oslo_service/backend/_threading/loopingcall.py:125}}
Jul 27 04:12:19.259377 np0000005867 nova-scheduler[93506]: DEBUG oslo.service.backend._threading.loopingcall [-] Fixed interval looping call 'nova.servicegroup.drivers.db.DbDriver._report_state' sleeping for 119.98 seconds {{(pid=93506) _run_loop /opt/stack/data/venv/lib/python3.12/site-packages/oslo_service/backend/_threading/loopingcall.py:125}}
Jul 27 04:12:22.824271 np0000005867 nova-scheduler[92302]: DEBUG dbcounter [-] [92302] Writing DB stats nova_api:SELECT=3 {{(pid=92302) stat_writer /opt/stack/data/venv/lib/python3.12/site-packages/dbcounter.py:115}}
Jul 27 04:12:22.935234 np0000005867 nova-scheduler[92302]: DEBUG dbcounter [-] [92302] Writing DB stats nova_cell0:SELECT=1 {{(pid=92302) stat_writer /opt/stack/data/venv/lib/python3.12/site-packages/dbcounter.py:115}}
Jul 27 04:12:22.939823 np0000005867 nova-scheduler[92302]: DEBUG dbcounter [-] [92302] Writing DB stats nova_cell1:SELECT=1 {{(pid=92302) stat_writer /opt/stack/data/venv/lib/python3.12/site-packages/dbcounter.py:115}}
Jul 27 04:12:29.235212 np0000005867 nova-scheduler[93514]: DEBUG oslo.service.backend._threading.loopingcall [None req-30f3760d-4f59-4685-a554-58e8a1191850 None None] Dynamic interval looping call 'nova.service.Service.periodic_tasks' sleeping for 60.00 seconds {{(pid=93514) _run_loop /opt/stack/data/venv/lib/python3.12/site-packages/oslo_service/backend/_threading/loopingcall.py:125}}
Jul 27 04:12:29.243117 np0000005867 nova-scheduler[93514]: DEBUG dbcounter [-] [93514] Writing DB stats nova_cell0:SELECT=4,nova_cell0:INSERT=1,nova_cell0:UPDATE=1 {{(pid=93514) stat_writer /opt/stack/data/venv/lib/python3.12/site-packages/dbcounter.py:115}}
Jul 27 04:12:29.247690 np0000005867 nova-scheduler[93512]: DEBUG dbcounter [-] [93512] Writing DB stats nova_cell0:SELECT=3,nova_cell0:UPDATE=1 {{(pid=93512) stat_writer /opt/stack/data/venv/lib/python3.12/site-packages/dbcounter.py:115}}
Jul 27 04:12:29.252281 np0000005867 nova-scheduler[93506]: DEBUG dbcounter [-] [93506] Writing DB stats nova_cell0:SELECT=4,nova_cell0:INSERT=1,nova_cell0:UPDATE=1 {{(pid=93506) stat_writer /opt/stack/data/venv/lib/python3.12/site-packages/dbcounter.py:115}}
Jul 27 04:12:49.234074 np0000005867 nova-scheduler[93512]: DEBUG oslo.service.backend._threading.loopingcall [None req-922f07b4-7606-451d-9d6e-bb9321fb6886 None None] Dynamic interval looping call 'nova.service.Service.periodic_tasks' sleeping for 60.00 seconds {{(pid=93512) _run_loop /opt/stack/data/venv/lib/python3.12/site-packages/oslo_service/backend/_threading/loopingcall.py:125}}
Jul 27 04:12:55.236453 np0000005867 nova-scheduler[93506]: DEBUG oslo.service.backend._threading.loopingcall [None req-6f5c9a02-27e9-446e-b601-86715ad63bb0 None None] Dynamic interval looping call 'nova.service.Service.periodic_tasks' sleeping for 60.00 seconds {{(pid=93506) _run_loop /opt/stack/data/venv/lib/python3.12/site-packages/oslo_service/backend/_threading/loopingcall.py:125}}
Jul 27 04:13:29.235715 np0000005867 nova-scheduler[93514]: DEBUG oslo.service.backend._threading.loopingcall [None req-30f3760d-4f59-4685-a554-58e8a1191850 None None] Dynamic interval looping call 'nova.service.Service.periodic_tasks' sleeping for 60.00 seconds {{(pid=93514) _run_loop /opt/stack/data/venv/lib/python3.12/site-packages/oslo_service/backend/_threading/loopingcall.py:125}}
Jul 27 04:13:49.234563 np0000005867 nova-scheduler[93512]: DEBUG oslo.service.backend._threading.loopingcall [None req-922f07b4-7606-451d-9d6e-bb9321fb6886 None None] Dynamic interval looping call 'nova.service.Service.periodic_tasks' sleeping for 60.00 seconds {{(pid=93512) _run_loop /opt/stack/data/venv/lib/python3.12/site-packages/oslo_service/backend/_threading/loopingcall.py:125}}
Jul 27 04:13:55.236846 np0000005867 nova-scheduler[93506]: DEBUG oslo.service.backend._threading.loopingcall [None req-6f5c9a02-27e9-446e-b601-86715ad63bb0 None None] Dynamic interval looping call 'nova.service.Service.periodic_tasks' sleeping for 60.00 seconds {{(pid=93506) _run_loop /opt/stack/data/venv/lib/python3.12/site-packages/oslo_service/backend/_threading/loopingcall.py:125}}
Jul 27 04:14:19.245216 np0000005867 nova-scheduler[93514]: DEBUG oslo.service.backend._threading.loopingcall [-] Fixed interval looping call 'nova.servicegroup.drivers.db.DbDriver._report_state' sleeping for 119.99 seconds {{(pid=93514) _run_loop /opt/stack/data/venv/lib/python3.12/site-packages/oslo_service/backend/_threading/loopingcall.py:125}}
Jul 27 04:14:19.245870 np0000005867 nova-scheduler[93512]: DEBUG oslo.service.backend._threading.loopingcall [-] Fixed interval looping call 'nova.servicegroup.drivers.db.DbDriver._report_state' sleeping for 119.99 seconds {{(pid=93512) _run_loop /opt/stack/data/venv/lib/python3.12/site-packages/oslo_service/backend/_threading/loopingcall.py:125}}
Jul 27 04:14:19.246291 np0000005867 nova-scheduler[93506]: DEBUG oslo.service.backend._threading.loopingcall [-] Fixed interval looping call 'nova.servicegroup.drivers.db.DbDriver._report_state' sleeping for 119.99 seconds {{(pid=93506) _run_loop /opt/stack/data/venv/lib/python3.12/site-packages/oslo_service/backend/_threading/loopingcall.py:125}}
Jul 27 04:14:29.236140 np0000005867 nova-scheduler[93514]: DEBUG oslo.service.backend._threading.loopingcall [None req-30f3760d-4f59-4685-a554-58e8a1191850 None None] Dynamic interval looping call 'nova.service.Service.periodic_tasks' sleeping for 60.00 seconds {{(pid=93514) _run_loop /opt/stack/data/venv/lib/python3.12/site-packages/oslo_service/backend/_threading/loopingcall.py:125}}
Jul 27 04:14:29.238349 np0000005867 nova-scheduler[93514]: DEBUG dbcounter [-] [93514] Writing DB stats nova_cell0:SELECT=1,nova_cell0:UPDATE=1 {{(pid=93514) stat_writer /opt/stack/data/venv/lib/python3.12/site-packages/dbcounter.py:115}}
Jul 27 04:14:29.241782 np0000005867 nova-scheduler[93512]: DEBUG dbcounter [-] [93512] Writing DB stats nova_cell0:SELECT=1,nova_cell0:UPDATE=1 {{(pid=93512) stat_writer /opt/stack/data/venv/lib/python3.12/site-packages/dbcounter.py:115}}
Jul 27 04:14:29.242173 np0000005867 nova-scheduler[93506]: DEBUG dbcounter [-] [93506] Writing DB stats nova_cell0:SELECT=1,nova_cell0:UPDATE=1 {{(pid=93506) stat_writer /opt/stack/data/venv/lib/python3.12/site-packages/dbcounter.py:115}}
Jul 27 04:14:49.235204 np0000005867 nova-scheduler[93512]: DEBUG oslo.service.backend._threading.loopingcall [None req-922f07b4-7606-451d-9d6e-bb9321fb6886 None None] Dynamic interval looping call 'nova.service.Service.periodic_tasks' sleeping for 60.00 seconds {{(pid=93512) _run_loop /opt/stack/data/venv/lib/python3.12/site-packages/oslo_service/backend/_threading/loopingcall.py:125}}
Jul 27 04:14:54.659296 np0000005867 nova-scheduler[93512]: DEBUG nova.scheduler.manager [None req-84968e3e-3c1c-40f4-ba16-63919dffb664 tempest-ServerStableDeviceRescueTest-725367397 tempest-ServerStableDeviceRescueTest-725367397-project-member] Starting to schedule for instances: ['b8344b9c-939a-4029-a568-18034715c918'] {{(pid=93512) select_destinations /opt/stack/nova/nova/scheduler/manager.py:209}}
Jul 27 04:14:54.659793 np0000005867 nova-scheduler[93512]: DEBUG nova.scheduler.request_filter [None req-84968e3e-3c1c-40f4-ba16-63919dffb664 tempest-ServerStableDeviceRescueTest-725367397 tempest-ServerStableDeviceRescueTest-725367397-project-member] compute_status_filter request filter added forbidden trait COMPUTE_STATUS_DISABLED {{(pid=93512) compute_status_filter /opt/stack/nova/nova/scheduler/request_filter.py:253}}
Jul 27 04:14:54.659918 np0000005867 nova-scheduler[93512]: DEBUG nova.scheduler.request_filter [None req-84968e3e-3c1c-40f4-ba16-63919dffb664 tempest-ServerStableDeviceRescueTest-725367397 tempest-ServerStableDeviceRescueTest-725367397-project-member] Request filter 'compute_status_filter' took 0.0 seconds {{(pid=93512) wrapper /opt/stack/nova/nova/scheduler/request_filter.py:46}}
Jul 27 04:14:54.660172 np0000005867 nova-scheduler[93512]: DEBUG nova.scheduler.request_filter [None req-84968e3e-3c1c-40f4-ba16-63919dffb664 tempest-ServerStableDeviceRescueTest-725367397 tempest-ServerStableDeviceRescueTest-725367397-project-member] Request filter 'accelerators_filter' took 0.0 seconds {{(pid=93512) wrapper /opt/stack/nova/nova/scheduler/request_filter.py:46}}
Jul 27 04:14:54.660376 np0000005867 nova-scheduler[93512]: DEBUG nova.scheduler.request_filter [None req-84968e3e-3c1c-40f4-ba16-63919dffb664 tempest-ServerStableDeviceRescueTest-725367397 tempest-ServerStableDeviceRescueTest-725367397-project-member] Request filter 'packed_virtqueue_filter' took 0.0 seconds {{(pid=93512) wrapper /opt/stack/nova/nova/scheduler/request_filter.py:46}}
Jul 27 04:14:54.660672 np0000005867 nova-scheduler[93512]: DEBUG nova.scheduler.request_filter [None req-84968e3e-3c1c-40f4-ba16-63919dffb664 tempest-ServerStableDeviceRescueTest-725367397 tempest-ServerStableDeviceRescueTest-725367397-project-member] Request filter 'remote_managed_ports_filter' took 0.0 seconds {{(pid=93512) wrapper /opt/stack/nova/nova/scheduler/request_filter.py:46}}
Jul 27 04:14:54.661119 np0000005867 nova-scheduler[93512]: DEBUG nova.scheduler.request_filter [None req-84968e3e-3c1c-40f4-ba16-63919dffb664 tempest-ServerStableDeviceRescueTest-725367397 tempest-ServerStableDeviceRescueTest-725367397-project-member] ephemeral_encryption_filter skipped {{(pid=93512) ephemeral_encryption_filter /opt/stack/nova/nova/scheduler/request_filter.py:426}}
Jul 27 04:14:54.661358 np0000005867 nova-scheduler[93512]: DEBUG nova.scheduler.request_filter [None req-84968e3e-3c1c-40f4-ba16-63919dffb664 tempest-ServerStableDeviceRescueTest-725367397 tempest-ServerStableDeviceRescueTest-725367397-project-member] virtio_sound_filter skipped {{(pid=93512) virtio_sound_filter /opt/stack/nova/nova/scheduler/request_filter.py:460}}
Jul 27 04:14:54.661504 np0000005867 nova-scheduler[93512]: DEBUG nova.scheduler.request_filter [None req-84968e3e-3c1c-40f4-ba16-63919dffb664 tempest-ServerStableDeviceRescueTest-725367397 tempest-ServerStableDeviceRescueTest-725367397-project-member] tpm_secret_security_filter skipped {{(pid=93512) tpm_secret_security_filter /opt/stack/nova/nova/scheduler/request_filter.py:477}}
Jul 27 04:14:55.240385 np0000005867 nova-scheduler[93506]: DEBUG oslo.service.backend._threading.loopingcall [None req-6f5c9a02-27e9-446e-b601-86715ad63bb0 None None] Dynamic interval looping call 'nova.service.Service.periodic_tasks' sleeping for 60.00 seconds {{(pid=93506) _run_loop /opt/stack/data/venv/lib/python3.12/site-packages/oslo_service/backend/_threading/loopingcall.py:125}}
Jul 27 04:14:55.354871 np0000005867 nova-scheduler[93512]: INFO nova.utils [None req-84968e3e-3c1c-40f4-ba16-63919dffb664 tempest-ServerStableDeviceRescueTest-725367397 tempest-ServerStableDeviceRescueTest-725367397-project-member] The cell worker thread pool ForkProcess-2.cell_worker is initialized
Jul 27 04:14:55.356085 np0000005867 nova-scheduler[93512]: DEBUG oslo_concurrency.lockutils [None req-84968e3e-3c1c-40f4-ba16-63919dffb664 tempest-ServerStableDeviceRescueTest-725367397 tempest-ServerStableDeviceRescueTest-725367397-project-member] Acquiring lock "1e8951be-9da0-4cc2-b6fe-3d66c4fe4df3" by "nova.context.set_target_cell..get_or_set_cached_cell_and_set_connections" {{(pid=93512) inner /opt/stack/data/venv/lib/python3.12/site-packages/oslo_concurrency/lockutils.py:512}}
Jul 27 04:14:55.356085 np0000005867 nova-scheduler[93512]: DEBUG oslo_concurrency.lockutils [None req-84968e3e-3c1c-40f4-ba16-63919dffb664 tempest-ServerStableDeviceRescueTest-725367397 tempest-ServerStableDeviceRescueTest-725367397-project-member] Lock "1e8951be-9da0-4cc2-b6fe-3d66c4fe4df3" acquired by "nova.context.set_target_cell..get_or_set_cached_cell_and_set_connections" :: waited 0.000s {{(pid=93512) inner /opt/stack/data/venv/lib/python3.12/site-packages/oslo_concurrency/lockutils.py:525}}
Jul 27 04:14:55.356581 np0000005867 nova-scheduler[93512]: DEBUG oslo_concurrency.lockutils [None req-84968e3e-3c1c-40f4-ba16-63919dffb664 tempest-ServerStableDeviceRescueTest-725367397 tempest-ServerStableDeviceRescueTest-725367397-project-member] Lock "1e8951be-9da0-4cc2-b6fe-3d66c4fe4df3" "released" by "nova.context.set_target_cell..get_or_set_cached_cell_and_set_connections" :: held 0.001s {{(pid=93512) inner /opt/stack/data/venv/lib/python3.12/site-packages/oslo_concurrency/lockutils.py:544}}
Jul 27 04:14:55.359484 np0000005867 nova-scheduler[93512]: INFO dbcounter [None req-84968e3e-3c1c-40f4-ba16-63919dffb664 tempest-ServerStableDeviceRescueTest-725367397 tempest-ServerStableDeviceRescueTest-725367397-project-member] Registered counter for database nova_cell1
Jul 27 04:14:55.413225 np0000005867 nova-scheduler[93512]: DEBUG oslo_db.sqlalchemy.engines [None req-84968e3e-3c1c-40f4-ba16-63919dffb664 tempest-ServerStableDeviceRescueTest-725367397 tempest-ServerStableDeviceRescueTest-725367397-project-member] MySQL server mode set to STRICT_TRANS_TABLES,STRICT_ALL_TABLES,NO_ZERO_IN_DATE,NO_ZERO_DATE,ERROR_FOR_DIVISION_BY_ZERO,TRADITIONAL,NO_ENGINE_SUBSTITUTION {{(pid=93512) _check_effective_sql_mode /opt/stack/data/venv/lib/python3.12/site-packages/oslo_db/sqlalchemy/engines.py:325}}
Jul 27 04:14:55.420345 np0000005867 nova-scheduler[93512]: DEBUG dbcounter [-] [93512] Writer thread running {{(pid=93512) stat_writer /opt/stack/data/venv/lib/python3.12/site-packages/dbcounter.py:102}}
Jul 27 04:14:55.489647 np0000005867 nova-scheduler[93512]: DEBUG oslo_db.sqlalchemy.engines [None req-84968e3e-3c1c-40f4-ba16-63919dffb664 tempest-ServerStableDeviceRescueTest-725367397 tempest-ServerStableDeviceRescueTest-725367397-project-member] Parent process 92302 forked (93512) with an open database connection, which is being discarded and recreated. {{(pid=93512) checkout /opt/stack/data/venv/lib/python3.12/site-packages/oslo_db/sqlalchemy/engines.py:402}}
Jul 27 04:14:55.525173 np0000005867 nova-scheduler[93512]: DEBUG dbcounter [-] [93512] Writer thread running {{(pid=93512) stat_writer /opt/stack/data/venv/lib/python3.12/site-packages/dbcounter.py:102}}
Jul 27 04:14:55.549742 np0000005867 nova-scheduler[93512]: DEBUG oslo_concurrency.lockutils [None req-84968e3e-3c1c-40f4-ba16-63919dffb664 tempest-ServerStableDeviceRescueTest-725367397 tempest-ServerStableDeviceRescueTest-725367397-project-member] Acquiring lock "1e8951be-9da0-4cc2-b6fe-3d66c4fe4df3" by "nova.context.set_target_cell..get_or_set_cached_cell_and_set_connections" {{(pid=93512) inner /opt/stack/data/venv/lib/python3.12/site-packages/oslo_concurrency/lockutils.py:512}}
Jul 27 04:14:55.549742 np0000005867 nova-scheduler[93512]: DEBUG oslo_concurrency.lockutils [None req-84968e3e-3c1c-40f4-ba16-63919dffb664 tempest-ServerStableDeviceRescueTest-725367397 tempest-ServerStableDeviceRescueTest-725367397-project-member] Lock "1e8951be-9da0-4cc2-b6fe-3d66c4fe4df3" acquired by "nova.context.set_target_cell..get_or_set_cached_cell_and_set_connections" :: waited 0.000s {{(pid=93512) inner /opt/stack/data/venv/lib/python3.12/site-packages/oslo_concurrency/lockutils.py:525}}
Jul 27 04:14:55.549742 np0000005867 nova-scheduler[93512]: DEBUG oslo_concurrency.lockutils [None req-84968e3e-3c1c-40f4-ba16-63919dffb664 tempest-ServerStableDeviceRescueTest-725367397 tempest-ServerStableDeviceRescueTest-725367397-project-member] Lock "1e8951be-9da0-4cc2-b6fe-3d66c4fe4df3" "released" by "nova.context.set_target_cell..get_or_set_cached_cell_and_set_connections" :: held 0.000s {{(pid=93512) inner /opt/stack/data/venv/lib/python3.12/site-packages/oslo_concurrency/lockutils.py:544}}
Jul 27 04:14:55.551200 np0000005867 nova-scheduler[93512]: DEBUG oslo_concurrency.lockutils [None req-84968e3e-3c1c-40f4-ba16-63919dffb664 tempest-ServerStableDeviceRescueTest-725367397 tempest-ServerStableDeviceRescueTest-725367397-project-member] Acquiring lock "np0000005867-np0000005867" by "nova.scheduler.host_manager.HostState.update.._locked_update" {{(pid=93512) inner /opt/stack/data/venv/lib/python3.12/site-packages/oslo_concurrency/lockutils.py:512}}
Jul 27 04:14:55.552081 np0000005867 nova-scheduler[93512]: DEBUG oslo_concurrency.lockutils [None req-84968e3e-3c1c-40f4-ba16-63919dffb664 tempest-ServerStableDeviceRescueTest-725367397 tempest-ServerStableDeviceRescueTest-725367397-project-member] Lock "np0000005867-np0000005867" acquired by "nova.scheduler.host_manager.HostState.update.._locked_update" :: waited 0.000s {{(pid=93512) inner /opt/stack/data/venv/lib/python3.12/site-packages/oslo_concurrency/lockutils.py:525}}
Jul 27 04:14:55.552299 np0000005867 nova-scheduler[93512]: DEBUG nova.scheduler.host_manager [None req-84968e3e-3c1c-40f4-ba16-63919dffb664 tempest-ServerStableDeviceRescueTest-725367397 tempest-ServerStableDeviceRescueTest-725367397-project-member] Update host state from compute node: ComputeNode(cpu_allocation_ratio=4.0,cpu_info='{"arch": "x86_64", "model": "EPYC-Milan", "vendor": "AMD", "topology": {"cells": 1, "sockets": 16, "cores": 1, "threads": 1}, "maxphysaddr": {"mode": "emulate", "bits": 40}, "features": ["perfctr_core", "sse4.1", "xsavec", "mtrr", "pdpe1gb", "vaes", "fxsr_opt", "vme", "msr", "xsaveopt", "sse4a", "pge", "fxsr", "rdrand", "invpcid", "smap", "bmi2", "null-sel-clr-base", "vmcb-clean", "erms", "sse2", "cx16", "stibp", "svm", "pat", "npt", "no-nested-data-bp", "osvw", "fma", "adx", "fsrm", "stibp-always-on", "xsaveerptr", "x2apic", "nx", "mce", "apic", "rdseed", "aes", "syscall", "3dnowprefetch", "pschange-mc-no", "arat", "popcnt", "cmp_legacy", "ssse3", "ssbd", "sha-ni", "sse4.2", "arch-capabilities", "mca", "misalignsse", "pfthreshold", "clzero", "umip", "pclmuldq", "f16c", "amd-stibp", "pcid", "sep", "cmov", "rdtscp", "gds-no", "clflush", "cr8legacy", "fpu", "clflushopt", "lbrv", "vpclmulqdq", "mds-no", "svme-addr-chk", "fsgsbase", "skip-l1dfl-vmentry", "pse", "v-vmsave-vmload", "clwb", "cx8", "pae", "pse36", "spec-ctrl", "pause-filter", "tsc-scale", "de", "lahf_lm", "xgetbv1", "lfence-always-serializing", "tsc_adjust", "flushbyasid", "amd-ssbd", "xsaves", "sse", "tsc", "ibrs", "xsave", "virt-ssbd", "abm", "rdctl-no", "smep", "tsc-deadline", "avx", "amd-psfd", "avx2", "nrip-save", "pku", "hypervisor", "ibpb", "lm", "movbe", "wbnoinvd", "topoext", "vgif", "rdpid", "mmx", "pni", "bmi1", "mmxext"]}',created_at=2026-07-27T04:12:36Z,current_workload=0,deleted=False,deleted_at=None,disk_allocation_ratio=1.0,disk_available_least=73,free_disk_gb=95,free_ram_mb=62765,host='np0000005867',host_ip=10.4.3.53,hypervisor_hostname='np0000005867',hypervisor_type='QEMU',hypervisor_version=8002002,id=1,local_gb=95,local_gb_used=0,mapped=1,memory_mb=63277,memory_mb_used=512,metrics='[]',numa_topology='{"nova_object.name": "NUMATopology", "nova_object.namespace": "nova", "nova_object.version": "1.2", "nova_object.data": {"cells": [{"nova_object.name": "NUMACell", "nova_object.namespace": "nova", "nova_object.version": "1.5", "nova_object.data": {"id": 0, "cpuset": [0, 1, 2, 3, 4, 5, 6, 7, 8, 9, 10, 11, 12, 13, 14, 15], "pcpuset": [0, 1, 2, 3, 4, 5, 6, 7, 8, 9, 10, 11, 12, 13, 14, 15], "memory": 63277, "cpu_usage": 0, "memory_usage": 0, "pinned_cpus": [], "siblings": [[6], [12], [2], [15], [5], [11], [8], [14], [4], [1], [7], [10], [0], [13], [3], [9]], "mempages": [{"nova_object.name": "NUMAPagesTopology", "nova_object.namespace": "nova", "nova_object.version": "1.1", "nova_object.data": {"size_kb": 4, "total": 16177929, "used": 0, "reserved": 0}, "nova_object.changes": ["reserved", "size_kb", "total", "used"]}, {"nova_object.name": "NUMAPagesTopology", "nova_object.namespace": "nova", "nova_object.version": "1.1", "nova_object.data": {"size_kb": 2048, "total": 41, "used": 0, "reserved": 0}, "nova_object.changes": ["reserved", "size_kb", "total", "used"]}, {"nova_object.name": "NUMAPagesTopology", "nova_object.namespace": "nova", "nova_object.version": "1.1", "nova_object.data": {"size_kb": 1048576, "total": 0, "used": 0, "reserved": 0}, "nova_object.changes": ["reserved", "size_kb", "total", "used"]}], "network_metadata": {"nova_object.name": "NetworkMetadata", "nova_object.namespace": "nova", "nova_object.version": "1.0", "nova_object.data": {"physnets": [], "tunneled": false}, "nova_object.changes": ["tunneled", "physnets"]}, "socket": null}, "nova_object.changes": ["pcpuset", "id", "socket", "pinned_cpus", "siblings", "cpuset", "mempages", "cpu_usage", "memory", "network_metadata", "memory_usage"]}]}, "nova_object.changes": ["cells"]}',pci_device_pools=PciDevicePoolList,ram_allocation_ratio=1.0,running_vms=0,service_id=4,stats={failed_builds='0',uptime=' 04:14:23 up 14 min, 2 users, load average: 1.89, 1.69, 0.97
Jul 27 04:14:55.552299 np0000005867 nova-scheduler[93512]: '},supported_hv_specs=[HVSpec,HVSpec,HVSpec,HVSpec,HVSpec,HVSpec,HVSpec,HVSpec,HVSpec,HVSpec,HVSpec,HVSpec,HVSpec,HVSpec,HVSpec,HVSpec,HVSpec,HVSpec,HVSpec,HVSpec,HVSpec,HVSpec,HVSpec,HVSpec,HVSpec],updated_at=2026-07-27T04:14:24Z,uuid=63d39f9a-d059-4d5b-910a-a6a7afdc0133,vcpus=16,vcpus_used=0) {{(pid=93512) _locked_update /opt/stack/nova/nova/scheduler/host_manager.py:168}}
Jul 27 04:14:55.553081 np0000005867 nova-scheduler[93512]: DEBUG nova.scheduler.host_manager [None req-84968e3e-3c1c-40f4-ba16-63919dffb664 tempest-ServerStableDeviceRescueTest-725367397 tempest-ServerStableDeviceRescueTest-725367397-project-member] Update host state with aggregates: [] {{(pid=93512) _locked_update /opt/stack/nova/nova/scheduler/host_manager.py:171}}
Jul 27 04:14:55.553286 np0000005867 nova-scheduler[93512]: DEBUG nova.scheduler.host_manager [None req-84968e3e-3c1c-40f4-ba16-63919dffb664 tempest-ServerStableDeviceRescueTest-725367397 tempest-ServerStableDeviceRescueTest-725367397-project-member] Update host state with service dict: {'id': 4, 'uuid': 'b3432665-79f1-400b-8410-e290cac344be', 'host': 'np0000005867', 'binary': 'nova-compute', 'topic': 'compute', 'report_count': 2, 'disabled': False, 'disabled_reason': None, 'last_seen_up': datetime.datetime(2026, 7, 27, 4, 14, 43, tzinfo=datetime.timezone.utc), 'forced_down': False, 'version': 72, 'created_at': datetime.datetime(2026, 7, 27, 4, 12, 36, tzinfo=datetime.timezone.utc), 'updated_at': datetime.datetime(2026, 7, 27, 4, 14, 43, tzinfo=datetime.timezone.utc), 'deleted_at': None, 'deleted': False} {{(pid=93512) _locked_update /opt/stack/nova/nova/scheduler/host_manager.py:174}}
Jul 27 04:14:55.553427 np0000005867 nova-scheduler[93512]: DEBUG nova.scheduler.host_manager [None req-84968e3e-3c1c-40f4-ba16-63919dffb664 tempest-ServerStableDeviceRescueTest-725367397 tempest-ServerStableDeviceRescueTest-725367397-project-member] Update host state with instances: [] {{(pid=93512) _locked_update /opt/stack/nova/nova/scheduler/host_manager.py:177}}
Jul 27 04:14:55.553470 np0000005867 nova-scheduler[93512]: DEBUG oslo_concurrency.lockutils [None req-84968e3e-3c1c-40f4-ba16-63919dffb664 tempest-ServerStableDeviceRescueTest-725367397 tempest-ServerStableDeviceRescueTest-725367397-project-member] Lock "np0000005867-np0000005867" "released" by "nova.scheduler.host_manager.HostState.update.._locked_update" :: held 0.002s {{(pid=93512) inner /opt/stack/data/venv/lib/python3.12/site-packages/oslo_concurrency/lockutils.py:544}}
Jul 27 04:14:55.554117 np0000005867 nova-scheduler[93512]: DEBUG nova.filters [None req-84968e3e-3c1c-40f4-ba16-63919dffb664 tempest-ServerStableDeviceRescueTest-725367397 tempest-ServerStableDeviceRescueTest-725367397-project-member] Starting with 1 host(s) {{(pid=93512) get_filtered_objects /opt/stack/nova/nova/filters.py:70}}
Jul 27 04:14:55.554356 np0000005867 nova-scheduler[93512]: DEBUG nova.filters [None req-84968e3e-3c1c-40f4-ba16-63919dffb664 tempest-ServerStableDeviceRescueTest-725367397 tempest-ServerStableDeviceRescueTest-725367397-project-member] Filter ComputeFilter returned 1 host(s) {{(pid=93512) get_filtered_objects /opt/stack/nova/nova/filters.py:102}}
Jul 27 04:14:55.554545 np0000005867 nova-scheduler[93512]: DEBUG nova.filters [None req-84968e3e-3c1c-40f4-ba16-63919dffb664 tempest-ServerStableDeviceRescueTest-725367397 tempest-ServerStableDeviceRescueTest-725367397-project-member] Filter ComputeCapabilitiesFilter returned 1 host(s) {{(pid=93512) get_filtered_objects /opt/stack/nova/nova/filters.py:102}}
Jul 27 04:14:55.554763 np0000005867 nova-scheduler[93512]: DEBUG nova.filters [None req-84968e3e-3c1c-40f4-ba16-63919dffb664 tempest-ServerStableDeviceRescueTest-725367397 tempest-ServerStableDeviceRescueTest-725367397-project-member] Filter ImagePropertiesFilter returned 1 host(s) {{(pid=93512) get_filtered_objects /opt/stack/nova/nova/filters.py:102}}
Jul 27 04:14:55.554899 np0000005867 nova-scheduler[93512]: DEBUG nova.filters [None req-84968e3e-3c1c-40f4-ba16-63919dffb664 tempest-ServerStableDeviceRescueTest-725367397 tempest-ServerStableDeviceRescueTest-725367397-project-member] Filter ServerGroupAntiAffinityFilter returned 1 host(s) {{(pid=93512) get_filtered_objects /opt/stack/nova/nova/filters.py:102}}
Jul 27 04:14:55.555079 np0000005867 nova-scheduler[93512]: DEBUG nova.filters [None req-84968e3e-3c1c-40f4-ba16-63919dffb664 tempest-ServerStableDeviceRescueTest-725367397 tempest-ServerStableDeviceRescueTest-725367397-project-member] Filter ServerGroupAffinityFilter returned 1 host(s) {{(pid=93512) get_filtered_objects /opt/stack/nova/nova/filters.py:102}}
Jul 27 04:14:55.556239 np0000005867 nova-scheduler[93512]: DEBUG nova.filters [None req-84968e3e-3c1c-40f4-ba16-63919dffb664 tempest-ServerStableDeviceRescueTest-725367397 tempest-ServerStableDeviceRescueTest-725367397-project-member] Filter SameHostFilter returned 1 host(s) {{(pid=93512) get_filtered_objects /opt/stack/nova/nova/filters.py:102}}
Jul 27 04:14:55.556239 np0000005867 nova-scheduler[93512]: DEBUG nova.filters [None req-84968e3e-3c1c-40f4-ba16-63919dffb664 tempest-ServerStableDeviceRescueTest-725367397 tempest-ServerStableDeviceRescueTest-725367397-project-member] Filter DifferentHostFilter returned 1 host(s) {{(pid=93512) get_filtered_objects /opt/stack/nova/nova/filters.py:102}}
Jul 27 04:14:55.556239 np0000005867 nova-scheduler[93512]: DEBUG nova.scheduler.manager [None req-84968e3e-3c1c-40f4-ba16-63919dffb664 tempest-ServerStableDeviceRescueTest-725367397 tempest-ServerStableDeviceRescueTest-725367397-project-member] Filtered [(np0000005867, np0000005867) ram: 62765MB disk: 74752MB io_ops: 0 instances: 0, allocation_candidates: 1] {{(pid=93512) _get_sorted_hosts /opt/stack/nova/nova/scheduler/manager.py:742}}
Jul 27 04:14:55.556239 np0000005867 nova-scheduler[93512]: DEBUG nova.scheduler.manager [None req-84968e3e-3c1c-40f4-ba16-63919dffb664 tempest-ServerStableDeviceRescueTest-725367397 tempest-ServerStableDeviceRescueTest-725367397-project-member] Weighed [WeighedHost [host: (np0000005867, np0000005867) ram: 62765MB disk: 74752MB io_ops: 0 instances: 0, allocation_candidates: 1, weight: 0.0]] {{(pid=93512) _get_sorted_hosts /opt/stack/nova/nova/scheduler/manager.py:764}}
Jul 27 04:14:55.556239 np0000005867 nova-scheduler[93512]: DEBUG nova.scheduler.utils [None req-84968e3e-3c1c-40f4-ba16-63919dffb664 tempest-ServerStableDeviceRescueTest-725367397 tempest-ServerStableDeviceRescueTest-725367397-project-member] Attempting to claim resources in the placement API for instance b8344b9c-939a-4029-a568-18034715c918 {{(pid=93512) claim_resources /opt/stack/nova/nova/scheduler/utils.py:1345}}
Jul 27 04:14:55.768339 np0000005867 nova-scheduler[93512]: DEBUG nova.scheduler.manager [None req-84968e3e-3c1c-40f4-ba16-63919dffb664 tempest-ServerStableDeviceRescueTest-725367397 tempest-ServerStableDeviceRescueTest-725367397-project-member] [instance: b8344b9c-939a-4029-a568-18034715c918] Selected host: (np0000005867, np0000005867) ram: 62765MB disk: 74752MB io_ops: 0 instances: 0, allocation_candidates: 1 {{(pid=93512) _consume_selected_host /opt/stack/nova/nova/scheduler/manager.py:624}}
Jul 27 04:14:55.768339 np0000005867 nova-scheduler[93512]: DEBUG oslo_concurrency.lockutils [None req-84968e3e-3c1c-40f4-ba16-63919dffb664 tempest-ServerStableDeviceRescueTest-725367397 tempest-ServerStableDeviceRescueTest-725367397-project-member] Acquiring lock "np0000005867-np0000005867" by "nova.scheduler.host_manager.HostState.consume_from_request.._locked" {{(pid=93512) inner /opt/stack/data/venv/lib/python3.12/site-packages/oslo_concurrency/lockutils.py:512}}
Jul 27 04:14:55.768339 np0000005867 nova-scheduler[93512]: DEBUG oslo_concurrency.lockutils [None req-84968e3e-3c1c-40f4-ba16-63919dffb664 tempest-ServerStableDeviceRescueTest-725367397 tempest-ServerStableDeviceRescueTest-725367397-project-member] Lock "np0000005867-np0000005867" acquired by "nova.scheduler.host_manager.HostState.consume_from_request.._locked" :: waited 0.000s {{(pid=93512) inner /opt/stack/data/venv/lib/python3.12/site-packages/oslo_concurrency/lockutils.py:525}}
Jul 27 04:14:55.768339 np0000005867 nova-scheduler[93512]: DEBUG oslo_concurrency.lockutils [None req-84968e3e-3c1c-40f4-ba16-63919dffb664 tempest-ServerStableDeviceRescueTest-725367397 tempest-ServerStableDeviceRescueTest-725367397-project-member] Lock "np0000005867-np0000005867" "released" by "nova.scheduler.host_manager.HostState.consume_from_request.._locked" :: held 0.000s {{(pid=93512) inner /opt/stack/data/venv/lib/python3.12/site-packages/oslo_concurrency/lockutils.py:544}}
Jul 27 04:15:05.528978 np0000005867 nova-scheduler[93512]: DEBUG dbcounter [-] [93512] Writing DB stats nova_api:SELECT=1 {{(pid=93512) stat_writer /opt/stack/data/venv/lib/python3.12/site-packages/dbcounter.py:115}}
Jul 27 04:15:05.549481 np0000005867 nova-scheduler[93512]: DEBUG dbcounter [-] [93512] Writing DB stats nova_cell1:SELECT=3 {{(pid=93512) stat_writer /opt/stack/data/venv/lib/python3.12/site-packages/dbcounter.py:115}}
Jul 27 04:15:05.705034 np0000005867 nova-scheduler[93514]: DEBUG nova.scheduler.manager [None req-58dbf987-96fb-46cc-ab71-370d6d3dd9b7 tempest-VolumesAdminNegativeTest-2116492441 tempest-VolumesAdminNegativeTest-2116492441-project-member] Starting to schedule for instances: ['9748ec84-40b2-4f18-861d-234be113ddd1'] {{(pid=93514) select_destinations /opt/stack/nova/nova/scheduler/manager.py:209}}
Jul 27 04:15:05.706371 np0000005867 nova-scheduler[93514]: DEBUG nova.scheduler.request_filter [None req-58dbf987-96fb-46cc-ab71-370d6d3dd9b7 tempest-VolumesAdminNegativeTest-2116492441 tempest-VolumesAdminNegativeTest-2116492441-project-member] compute_status_filter request filter added forbidden trait COMPUTE_STATUS_DISABLED {{(pid=93514) compute_status_filter /opt/stack/nova/nova/scheduler/request_filter.py:253}}
Jul 27 04:15:05.706655 np0000005867 nova-scheduler[93514]: DEBUG nova.scheduler.request_filter [None req-58dbf987-96fb-46cc-ab71-370d6d3dd9b7 tempest-VolumesAdminNegativeTest-2116492441 tempest-VolumesAdminNegativeTest-2116492441-project-member] Request filter 'compute_status_filter' took 0.0 seconds {{(pid=93514) wrapper /opt/stack/nova/nova/scheduler/request_filter.py:46}}
Jul 27 04:15:05.707087 np0000005867 nova-scheduler[93514]: DEBUG nova.scheduler.request_filter [None req-58dbf987-96fb-46cc-ab71-370d6d3dd9b7 tempest-VolumesAdminNegativeTest-2116492441 tempest-VolumesAdminNegativeTest-2116492441-project-member] Request filter 'accelerators_filter' took 0.0 seconds {{(pid=93514) wrapper /opt/stack/nova/nova/scheduler/request_filter.py:46}}
